Results for 7.0.1 20170203 (experimental) [trunk revision 245147] (GCC) testsuite on i386-pc-solaris2.11
Rainer Orth
ro@CeBiTec.Uni-Bielefeld.DE
Fri Feb 3 17:13:00 GMT 2017
LAST_UPDATED: Fri Feb 3 10:22:45 UTC 2017 (revision 245147)
=== acats tests ===
=== acats Summary ===
# of expected passes 2320
# of unexpected failures 0
Native configuration is i386-pc-solaris2.11
=== g++ tests ===
Running target unix
=== g++ Summary for unix ===
# of expected passes 103760
# of expected failures 388
# of unsupported tests 3870
Running target unix/-m64
=== g++ Summary for unix/-m64 ===
# of expected passes 105083
# of expected failures 388
# of unsupported tests 4114
=== g++ Summary ===
# of expected passes 208843
# of expected failures 776
# of unsupported tests 7984
/var/gcc/regression/trunk/11-gcc-gas/build/gcc/testsuite/g++/../../xg++ version 7.0.1 20170203 (experimental) [trunk revision 245147] (GCC)
=== gcc tests ===
Running target unix
XPASS: gcc.dg/pr78768.c -Wformat-overflow (test for warnings, line 11)
FAIL: gcc.dg/visibility-22.c execution test
FAIL: gcc.dg/simulate-thread/atomic-load-longlong.c -O2 -g thread simulation test
=== gcc Summary for unix ===
# of expected passes 115569
# of unexpected failures 2
# of unexpected successes 1
# of expected failures 379
# of unsupported tests 2029
Running target unix/-m64
XPASS: gcc.dg/pr78768.c -Wformat-overflow (test for warnings, line 11)
FAIL: gcc.dg/visibility-22.c execution test
=== gcc Summary for unix/-m64 ===
# of expected passes 117067
# of unexpected failures 1
# of unexpected successes 1
# of expected failures 372
# of unsupported tests 2032
=== gcc Summary ===
# of expected passes 232636
# of unexpected failures 3
# of unexpected successes 2
# of expected failures 751
# of unsupported tests 4061
/var/gcc/regression/trunk/11-gcc-gas/build/gcc/xgcc version 7.0.1 20170203 (experimental) [trunk revision 245147] (GCC)
=== gfortran tests ===
Running target unix
=== gfortran Summary for unix ===
# of expected passes 44365
# of expected failures 88
# of unsupported tests 182
Running target unix/-m64
=== gfortran Summary for unix/-m64 ===
# of expected passes 44582
# of expected failures 88
# of unsupported tests 79
=== gfortran Summary ===
# of expected passes 88947
# of expected failures 176
# of unsupported tests 261
/var/gcc/regression/trunk/11-gcc-gas/build/gcc/testsuite/gfortran/../../gfortran version 7.0.1 20170203 (experimental) [trunk revision 245147] (GCC)
=== gnat tests ===
Running target unix
=== gnat Summary for unix ===
# of expected passes 2563
# of expected failures 24
# of unsupported tests 7
Running target unix/-m64
=== gnat Summary for unix/-m64 ===
# of expected passes 2563
# of expected failures 24
# of unsupported tests 7
=== gnat Summary ===
# of expected passes 5126
# of expected failures 48
# of unsupported tests 14
/var/gcc/regression/trunk/11-gcc-gas/build/gcc/gnatmake version 7.0.1 20170203 (experimental) [trunk revision 245147]
=== go tests ===
Running target unix
=== go Summary for unix ===
# of expected passes 7365
# of expected failures 1
# of untested testcases 10
# of unsupported tests 2
Running target unix/-m64
=== go Summary for unix/-m64 ===
# of expected passes 7246
# of expected failures 1
# of untested testcases 10
# of unsupported tests 1
=== go Summary ===
# of expected passes 14611
# of expected failures 2
# of untested testcases 20
# of unsupported tests 3
=== obj-c++ tests ===
Running target unix
=== obj-c++ Summary for unix ===
# of expected passes 1459
# of expected failures 2
# of unsupported tests 77
Running target unix/-m64
=== obj-c++ Summary for unix/-m64 ===
# of expected passes 1451
# of expected failures 10
# of unsupported tests 77
=== obj-c++ Summary ===
# of expected passes 2910
# of expected failures 12
# of unsupported tests 154
/var/gcc/regression/trunk/11-gcc-gas/build/gcc/testsuite/obj-c++/../../xg++ version 7.0.1 20170203 (experimental) [trunk revision 245147] (GCC)
=== objc tests ===
Running target unix
=== objc Summary for unix ===
# of expected passes 2797
# of expected failures 6
# of unsupported tests 68
Running target unix/-m64
=== objc Summary for unix/-m64 ===
# of expected passes 2797
# of expected failures 6
# of unsupported tests 68
=== objc Summary ===
# of expected passes 5594
# of expected failures 12
# of unsupported tests 136
/var/gcc/regression/trunk/11-gcc-gas/build/gcc/xgcc version 7.0.1 20170203 (experimental) [trunk revision 245147] (GCC)
=== libatomic tests ===
Running target unix
=== libatomic Summary for unix ===
# of expected passes 44
# of unsupported tests 5
Running target unix/-m64
=== libatomic Summary for unix/-m64 ===
# of expected passes 54
=== libatomic Summary ===
# of expected passes 98
# of unsupported tests 5
=== libffi tests ===
Running target unix
=== libffi Summary for unix ===
# of expected passes 2799
Running target unix/-m64
=== libffi Summary for unix/-m64 ===
# of expected passes 2214
=== libffi Summary ===
# of expected passes 5013
=== libgo tests ===
Running target unix
FAIL: go/build
=== libgo Summary for unix ===
# of expected passes 145
# of unexpected failures 1
Running target unix/-m64
FAIL: go/build
FAIL: runtime/pprof
=== libgo Summary for unix/-m64 ===
# of expected passes 144
# of unexpected failures 2
=== libgo Summary ===
# of expected passes 289
# of unexpected failures 3
/var/gcc/regression/trunk/11-gcc-gas/build/./gcc/gccgo version 7.0.1 20170203 (experimental) [trunk revision 245147] (GCC)
=== libgomp tests ===
Running target unix
=== libgomp Summary for unix ===
# of expected passes 5142
# of unsupported tests 334
Running target unix/-m64
FAIL: libgomp.c/atomic-2.c (test for excess errors)
WARNING: libgomp.c/atomic-2.c compilation failed to produce executable
FAIL: libgomp.c/atomic-5.c (test for excess errors)
WARNING: libgomp.c/atomic-5.c compilation failed to produce executable
=== libgomp Summary for unix/-m64 ===
# of expected passes 5138
# of unexpected failures 2
# of unsupported tests 334
=== libgomp Summary ===
# of expected passes 10280
# of unexpected failures 2
# of unsupported tests 668
=== libitm tests ===
Running target unix
=== libitm Summary for unix ===
# of expected passes 42
# of expected failures 3
# of unsupported tests 1
Running target unix/-m64
=== libitm Summary for unix/-m64 ===
# of expected passes 42
# of expected failures 3
# of unsupported tests 1
=== libitm Summary ===
# of expected passes 84
# of expected failures 6
# of unsupported tests 2
=== libstdc++ tests ===
Running target unix
FAIL: experimental/memory_resource/resource_adaptor.cc execution test
=== libstdc++ Summary for unix ===
# of expected passes 10752
# of unexpected failures 1
# of expected failures 66
# of unsupported tests 622
Running target unix/-m64
=== libstdc++ Summary for unix/-m64 ===
# of expected passes 10745
# of expected failures 66
# of unsupported tests 626
=== libstdc++ Summary ===
# of expected passes 21497
# of unexpected failures 1
# of expected failures 132
# of unsupported tests 1248
Compiler version: 7.0.1 20170203 (experimental) [trunk revision 245147] (GCC)
Platform: i386-pc-solaris2.11
configure flags: --prefix=/vol/gcc --target=i386-pc-solaris2.11 --enable-objc-gc --with-target-bdw-gc-include=/vol/gcc/include --with-target-bdw-gc-lib=/vol/gcc/lib,amd64=/vol/gcc/lib/amd64 --enable-libmudflap --with-as=/vol/gcc/bin/gas-2.27 --with-gnu-as --with-gmp-include=/vol/gcc/include --with-gmp-lib=/vol/gcc/lib --with-mpfr-include=/vol/gcc/include --with-mpfr-lib=/vol/gcc/lib --with-mpc-include=/vol/gcc/include --with-mpc-lib=/vol/gcc/lib --enable-languages=all,ada,obj-c++,go --with-isl-include=/vol/gcc/include --with-isl-lib=/vol/gcc/lib --build=i386-pc-solaris2.11 --host=i386-pc-solaris2.11
BOOT_CFLAGS=-g -O2
More information about the Gcc-testresults
mailing list