Results for 8.0.0 20171226 (experimental) (GCC) testsuite on arm-none-linux-gnueabi
CodeSourcery Automatic Testing System
gcc@codesourcery.com
Fri Dec 29 04:32:00 GMT 2017
LAST_UPDATED: Tue Dec 26 08:07:24 UTC 2017 (/trunk revision 256000)
Target is arm-none-linux-gnueabi
Host is x86_64-pc-linux-gnu
=== g++ tests ===
Running target qemu-wheezy
FAIL: g++.dg/ipa/devirt-22.C -std=gnu++98 scan-ipa-dump-times cp "Discovered a virtual call to a known target" 1 (found 2 times)
FAIL: g++.dg/ipa/devirt-22.C -std=gnu++11 scan-ipa-dump-times cp "Discovered a virtual call to a known target" 1 (found 2 times)
FAIL: g++.dg/ipa/devirt-22.C -std=gnu++14 scan-ipa-dump-times cp "Discovered a virtual call to a known target" 1 (found 2 times)
FAIL: g++.dg/template/nontype10.C -std=c++98 (test for excess errors)
FAIL: g++.dg/template/nontype10.C -std=c++11 (test for excess errors)
FAIL: g++.dg/template/nontype10.C -std=c++14 (test for excess errors)
XPASS: c-c++-common/Warray-bounds-3.c -std=gnu++98 strcpy (test for warnings, line 362)
XPASS: c-c++-common/Warray-bounds-3.c -std=gnu++11 strcpy (test for warnings, line 362)
XPASS: c-c++-common/Warray-bounds-3.c -std=gnu++14 strcpy (test for warnings, line 362)
FAIL: c-c++-common/Warray-bounds-4.c -std=gnu++98 (test for warnings, line 67)
FAIL: c-c++-common/Warray-bounds-4.c -std=gnu++11 (test for warnings, line 67)
FAIL: c-c++-common/Warray-bounds-4.c -std=gnu++14 (test for warnings, line 67)
FAIL: c-c++-common/Wrestrict.c -std=gnu++98 (test for excess errors)
FAIL: c-c++-common/Wrestrict.c -std=gnu++11 (test for excess errors)
FAIL: c-c++-common/Wrestrict.c -std=gnu++14 (test for excess errors)
FAIL: g++.dg/lto/pr65276 cp_lto_pr65276_0.o-cp_lto_pr65276_1.o link, -flto -O0 -std=c++11
UNRESOLVED: g++.dg/lto/pr65276 cp_lto_pr65276_0.o-cp_lto_pr65276_1.o execute -flto -O0 -std=c++11
FAIL: c-c++-common/ubsan/ptr-overflow-sanitization-1.c -O0 scan-tree-dump-times optimized "__ubsan_handle_pointer_overflow" 17 (found 14 times)
FAIL: c-c++-common/ubsan/ptr-overflow-sanitization-1.c -O1 scan-tree-dump-times optimized "__ubsan_handle_pointer_overflow" 17 (found 14 times)
FAIL: c-c++-common/ubsan/ptr-overflow-sanitization-1.c -O2 scan-tree-dump-times optimized "__ubsan_handle_pointer_overflow" 17 (found 14 times)
FAIL: c-c++-common/ubsan/ptr-overflow-sanitization-1.c -O3 -g scan-tree-dump-times optimized "__ubsan_handle_pointer_overflow" 17 (found 14 times)
FAIL: c-c++-common/ubsan/ptr-overflow-sanitization-1.c -Os scan-tree-dump-times optimized "__ubsan_handle_pointer_overflow" 17 (found 14 times)
=== g++ Summary ===
# of expected passes 114747
# of unexpected failures 18
# of unexpected successes 3
# of expected failures 473
# of unresolved testcases 1
# of unsupported tests 5345
/scratch/gcc/nightly-2017-12-27-mainline/arm-none-linux-gnueabi/obj/test-mainline-0-arm-none-linux-gnueabi/host-x86_64-linux-gnu/fsf-mainline/bin/arm-none-linux-gnueabi-g++ version 8.0.0 20171226 (experimental) (GCC)
=== Summary adjusted for local xfails ===
# of unexpected failures 18
# of expected passes 114747
# of unexpected successes 3
# of expected failures 473
# of unresolved testcases 1
# of unsupported tests 5345
Host is x86_64-pc-linux-gnu
=== gcc tests ===
Running target qemu-wheezy
XPASS: gcc.dg/pr78768.c -Wformat-overflow (test for warnings, line 12)
FAIL: gcc.dg/pr80218.c scan-rtl-dump-not ira "Invalid sum"
XPASS: c-c++-common/Warray-bounds-3.c -Wc++-compat strcpy (test for warnings, line 362)
FAIL: c-c++-common/Warray-bounds-4.c -Wc++-compat (test for warnings, line 67)
FAIL: c-c++-common/Wrestrict.c -Wc++-compat (test for excess errors)
FAIL: gcc.dg/ipa/inline-1.c scan-ipa-dump inline "op2 change 9.990000. of time"
FAIL: gcc.dg/ipa/inline-1.c scan-ipa-dump inline "op3 change 9.990000. of time"
FAIL: gcc.dg/ipa/inline-1.c scan-ipa-dump inline "op4 change 9.990000. of time"
FAIL: gcc.dg/ipa/inline-1.c scan-ipa-dump inline "op5 change 9.990000. of time"
FAIL: gcc.dg/tree-ssa/ssa-dom-cse-2.c scan-tree-dump optimized "return 28;"
FAIL: c-c++-common/ubsan/ptr-overflow-sanitization-1.c -O0 scan-tree-dump-times optimized "__ubsan_handle_pointer_overflow" 17 (found 14 times)
FAIL: c-c++-common/ubsan/ptr-overflow-sanitization-1.c -O1 scan-tree-dump-times optimized "__ubsan_handle_pointer_overflow" 17 (found 14 times)
FAIL: c-c++-common/ubsan/ptr-overflow-sanitization-1.c -O2 scan-tree-dump-times optimized "__ubsan_handle_pointer_overflow" 17 (found 14 times)
FAIL: c-c++-common/ubsan/ptr-overflow-sanitization-1.c -O3 -g scan-tree-dump-times optimized "__ubsan_handle_pointer_overflow" 17 (found 14 times)
FAIL: c-c++-common/ubsan/ptr-overflow-sanitization-1.c -Os scan-tree-dump-times optimized "__ubsan_handle_pointer_overflow" 17 (found 14 times)
FAIL: gcc.dg/vect/pr79920.c execution test
FAIL: gcc.dg/vect/pr80631-1.c execution test
FAIL: gcc.dg/vect/pr80631-2.c execution test
FAIL: gcc.dg/vect/pr81633.c execution test
FAIL: gcc.dg/vect/pr81815.c execution test
XPASS: gcc.dg/vect/vect-cond-1.c scan-tree-dump-times vect "OUTER LOOP VECTORIZED" 1
XPASS: gcc.dg/vect/vect-cond-3.c scan-tree-dump-times vect "OUTER LOOP VECTORIZED" 1
XPASS: gcc.dg/vect/vect-cond-4.c scan-tree-dump-times vect "OUTER LOOP VECTORIZED" 1
FAIL: gcc.dg/vect/vect-tail-nomask-1.c execution test
FAIL: gcc.dg/vect/pr79920.c -flto -ffat-lto-objects execution test
FAIL: gcc.dg/vect/pr80631-1.c -flto -ffat-lto-objects execution test
FAIL: gcc.dg/vect/pr80631-2.c -flto -ffat-lto-objects execution test
FAIL: gcc.dg/vect/pr81633.c -flto -ffat-lto-objects execution test
FAIL: gcc.dg/vect/pr81815.c -flto -ffat-lto-objects execution test
XPASS: gcc.dg/vect/vect-cond-1.c -flto -ffat-lto-objects scan-tree-dump-times vect "OUTER LOOP VECTORIZED" 1
XPASS: gcc.dg/vect/vect-cond-3.c -flto -ffat-lto-objects scan-tree-dump-times vect "OUTER LOOP VECTORIZED" 1
XPASS: gcc.dg/vect/vect-cond-4.c -flto -ffat-lto-objects scan-tree-dump-times vect "OUTER LOOP VECTORIZED" 1
FAIL: gcc.dg/vect/vect-tail-nomask-1.c -flto -ffat-lto-objects execution test
FAIL: gcc.target/arm/armv8_2-fp16-move-1.c scan-assembler-times vld1\\\\.16\\\\t{d[0-9]+\\\\[[0-9]+\\\\]}, \\\\[r[0-9]+\\\\] 2 (found 0 times)
FAIL: gcc.target/arm/armv8_2-fp16-move-1.c scan-assembler-times vst1\\\\.16\\\\t{d[0-9]+\\\\[[0-9]+\\\\]}, \\\\[r[0-9]+\\\\] 2 (found 0 times)
FAIL: gcc.target/arm/armv8_2-fp16-move-1.c scan-assembler-times ldrh\\\\tr[0-9]+ 2 (found 4 times)
FAIL: gcc.target/arm/armv8_2-fp16-move-1.c scan-assembler-times strh\\\\tr[0-9]+ 2 (found 4 times)
FAIL: gcc.target/arm/armv8_2-fp16-move-1.c scan-assembler-times vmov\\\\.f16\\\\ts[0-9]+, r[0-9]+ 2 (found 38 times)
FAIL: gcc.target/arm/armv8_2-fp16-scalar-2.c scan-assembler-times vmov.f16\\\\ts[0-9]+, #1\\\\.0e\\\\+0 4 (found 2 times)
FAIL: gcc.target/arm/memcpy-aligned-1.c scan-assembler-times str\\t 1 (found 2 times)
FAIL: gcc.target/arm/memcpy-aligned-1.c scan-assembler-not ldr\\t
FAIL: gcc.target/arm/pr42575.c scan-assembler-not mov
FAIL: gcc.target/arm/pr45701-1.c scan-assembler push\\t{r3
FAIL: gcc.target/arm/pragma_fpu_attribute.c (test for excess errors)
UNRESOLVED: gcc.target/arm/pragma_fpu_attribute.c scan-assembler-times \\\\.fpu\\\\s+crypto-neon-fp-armv8 1
UNRESOLVED: gcc.target/arm/pragma_fpu_attribute.c scan-assembler-times \\\\.fpu\\\\s+vfpv3-d16 1
FAIL: gcc.target/arm/pragma_fpu_attribute_2.c (test for excess errors)
UNRESOLVED: gcc.target/arm/pragma_fpu_attribute_2.c scan-assembler-times \\\\.fpu\\\\s+crypto-neon-fp-armv8 1
UNRESOLVED: gcc.target/arm/pragma_fpu_attribute_2.c scan-assembler-times \\\\.fpu\\\\s+vfpv3-d16 1
FAIL: gcc.target/arm/reg_equal_test.c scan-rtl-dump expand "expr_list:REG_EQUAL \\\\(const_int -942519458"
FAIL: gcc.target/arm/stl-cond.c scan-assembler stlne
=== gcc Summary ===
# of expected passes 108906
# of unexpected failures 39
# of unexpected successes 8
# of expected failures 290
# of unresolved testcases 4
# of unsupported tests 6055
/scratch/gcc/nightly-2017-12-27-mainline/arm-none-linux-gnueabi/obj/test-mainline-0-arm-none-linux-gnueabi/host-x86_64-linux-gnu/fsf-mainline/bin/arm-none-linux-gnueabi-gcc version 8.0.0 20171226 (experimental) (GCC)
=== Summary adjusted for local xfails ===
# of unexpected failures 39
# of expected passes 108906
# of unexpected successes 8
# of expected failures 290
# of unresolved testcases 4
# of unsupported tests 6055
Host is x86_64-pc-linux-gnu
=== gfortran tests ===
Running target qemu-wheezy
FAIL: gfortran.dg/elemental_subroutine_3.f90 -O1 (test for excess errors)
FAIL: gfortran.dg/elemental_subroutine_3.f90 -O2 (test for excess errors)
FAIL: gfortran.dg/elemental_subroutine_3.f90 -O3 -fomit-frame-pointer -funroll-loops -fpeel-loops -ftracer -finline-functions (test for excess errors)
FAIL: gfortran.dg/elemental_subroutine_3.f90 -O3 -g (test for excess errors)
FAIL: gfortran.dg/elemental_subroutine_3.f90 -Os (test for excess errors)
WARNING: program timed out.
FAIL: gfortran.dg/matmul_15.f90 -O execution test
FAIL: gfortran.dg/ieee/ieee_1.F90 -O0 execution test
FAIL: gfortran.dg/ieee/ieee_1.F90 -O1 execution test
FAIL: gfortran.dg/ieee/ieee_1.F90 -O2 execution test
FAIL: gfortran.dg/ieee/ieee_1.F90 -O3 -fomit-frame-pointer -funroll-loops -fpeel-loops -ftracer -finline-functions execution test
FAIL: gfortran.dg/ieee/ieee_1.F90 -O3 -g execution test
FAIL: gfortran.dg/ieee/ieee_1.F90 -Os execution test
FAIL: gfortran.dg/ieee/ieee_2.f90 -O0 execution test
FAIL: gfortran.dg/ieee/ieee_2.f90 -O1 execution test
FAIL: gfortran.dg/ieee/ieee_2.f90 -O2 execution test
FAIL: gfortran.dg/ieee/ieee_2.f90 -O3 -fomit-frame-pointer -funroll-loops -fpeel-loops -ftracer -finline-functions execution test
FAIL: gfortran.dg/ieee/ieee_2.f90 -O3 -g execution test
FAIL: gfortran.dg/ieee/ieee_2.f90 -Os execution test
FAIL: gfortran.dg/ieee/ieee_6.f90 -O0 execution test
FAIL: gfortran.dg/ieee/ieee_6.f90 -O1 execution test
FAIL: gfortran.dg/ieee/ieee_6.f90 -O2 execution test
FAIL: gfortran.dg/ieee/ieee_6.f90 -O3 -fomit-frame-pointer -funroll-loops -fpeel-loops -ftracer -finline-functions execution test
FAIL: gfortran.dg/ieee/ieee_6.f90 -O3 -g execution test
FAIL: gfortran.dg/ieee/ieee_6.f90 -Os execution test
XPASS: gfortran.dg/ieee/ieee_8.f90 -O0 execution test
XPASS: gfortran.dg/ieee/ieee_8.f90 -O1 execution test
XPASS: gfortran.dg/ieee/ieee_8.f90 -O2 execution test
XPASS: gfortran.dg/ieee/ieee_8.f90 -O3 -fomit-frame-pointer -funroll-loops -fpeel-loops -ftracer -finline-functions execution test
XPASS: gfortran.dg/ieee/ieee_8.f90 -O3 -g execution test
XPASS: gfortran.dg/ieee/ieee_8.f90 -Os execution test
FAIL: gfortran.dg/ieee/large_2.f90 -O0 execution test
FAIL: gfortran.dg/ieee/large_2.f90 -O1 execution test
FAIL: gfortran.dg/ieee/large_2.f90 -O2 execution test
FAIL: gfortran.dg/ieee/large_2.f90 -O3 -fomit-frame-pointer -funroll-loops -fpeel-loops -ftracer -finline-functions execution test
FAIL: gfortran.dg/ieee/large_2.f90 -O3 -g execution test
FAIL: gfortran.dg/ieee/large_2.f90 -Os execution test
FAIL: gfortran.dg/ieee/large_3.F90 -O0 execution test
FAIL: gfortran.dg/ieee/large_3.F90 -O1 execution test
FAIL: gfortran.dg/ieee/large_3.F90 -O2 execution test
FAIL: gfortran.dg/ieee/large_3.F90 -O3 -fomit-frame-pointer -funroll-loops -fpeel-loops -ftracer -finline-functions execution test
FAIL: gfortran.dg/ieee/large_3.F90 -O3 -g execution test
FAIL: gfortran.dg/ieee/large_3.F90 -Os execution test
FAIL: gfortran.dg/ieee/rounding_1.f90 -O0 execution test
FAIL: gfortran.dg/ieee/rounding_1.f90 -O1 execution test
FAIL: gfortran.dg/ieee/rounding_1.f90 -O2 execution test
FAIL: gfortran.dg/ieee/rounding_1.f90 -O3 -fomit-frame-pointer -funroll-loops -fpeel-loops -ftracer -finline-functions execution test
FAIL: gfortran.dg/ieee/rounding_1.f90 -O3 -g execution test
FAIL: gfortran.dg/ieee/rounding_1.f90 -Os execution test
=== gfortran Summary ===
# of expected passes 45227
# of unexpected failures 42
# of unexpected successes 6
# of expected failures 91
# of unsupported tests 387
/scratch/gcc/nightly-2017-12-27-mainline/arm-none-linux-gnueabi/obj/test-mainline-0-arm-none-linux-gnueabi/host-x86_64-linux-gnu/fsf-mainline/bin/arm-none-linux-gnueabi-gfortran version 8.0.0 20171226 (experimental) (GCC)
=== Summary adjusted for local xfails ===
# of unexpected failures 42
# of expected passes 45227
# of unexpected successes 6
# of expected failures 91
# of unsupported tests 387
Host is x86_64-pc-linux-gnu
=== libatomic tests ===
Running target qemu-wheezy
=== libatomic Summary ===
# of expected passes 44
# of unsupported tests 5
=== Summary adjusted for local xfails ===
# of expected passes 44
# of unsupported tests 5
Host is x86_64-pc-linux-gnu
=== libgomp tests ===
Running target qemu-wheezy
WARNING: program timed out.
FAIL: libgomp.fortran/strassen.f90 -O execution test
FAIL: libgomp.graphite/force-parallel-1.c scan-tree-dump-times graphite "2 loops carried no dependency" 1 (found 0 times)
FAIL: libgomp.graphite/force-parallel-1.c scan-tree-dump-times optimized "loopfn" 8 (found 12 times)
FAIL: libgomp.graphite/force-parallel-7.c execution test
=== libgomp Summary ===
# of expected passes 5181
# of unexpected failures 4
# of unsupported tests 419
=== Summary adjusted for local xfails ===
# of unexpected failures 4
# of expected passes 5181
# of unsupported tests 419
Host is x86_64-pc-linux-gnu
=== libitm tests ===
Running target qemu-wheezy
FAIL: libitm.c/alloc-1.c (test for excess errors)
UNRESOLVED: libitm.c/alloc-1.c compilation failed to produce executable
FAIL: libitm.c/cancel.c (test for excess errors)
UNRESOLVED: libitm.c/cancel.c compilation failed to produce executable
FAIL: libitm.c/clone-1.c (test for excess errors)
UNRESOLVED: libitm.c/clone-1.c compilation failed to produce executable
FAIL: libitm.c/dropref-2.c (test for excess errors)
UNRESOLVED: libitm.c/dropref-2.c compilation failed to produce executable
FAIL: libitm.c/dropref.c (test for excess errors)
UNRESOLVED: libitm.c/dropref.c compilation failed to produce executable
FAIL: libitm.c/memcpy-1.c (test for excess errors)
UNRESOLVED: libitm.c/memcpy-1.c compilation failed to produce executable
FAIL: libitm.c/memset-1.c (test for excess errors)
UNRESOLVED: libitm.c/memset-1.c compilation failed to produce executable
FAIL: libitm.c/notx.c (test for excess errors)
UNRESOLVED: libitm.c/notx.c compilation failed to produce executable
FAIL: libitm.c/priv-1.c (test for excess errors)
UNRESOLVED: libitm.c/priv-1.c compilation failed to produce executable
FAIL: libitm.c/reentrant.c (test for excess errors)
UNRESOLVED: libitm.c/reentrant.c compilation failed to produce executable
FAIL: libitm.c/simple-1.c (test for excess errors)
UNRESOLVED: libitm.c/simple-1.c compilation failed to produce executable
FAIL: libitm.c/simple-2.c (test for excess errors)
UNRESOLVED: libitm.c/simple-2.c compilation failed to produce executable
FAIL: libitm.c/stackundo.c (test for excess errors)
UNRESOLVED: libitm.c/stackundo.c compilation failed to produce executable
FAIL: libitm.c/txrelease.c (test for excess errors)
UNRESOLVED: libitm.c/txrelease.c compilation failed to produce executable
FAIL: libitm.c++/dropref.C (test for excess errors)
UNRESOLVED: libitm.c++/dropref.C compilation failed to produce executable
FAIL: libitm.c++/eh-1.C (test for excess errors)
UNRESOLVED: libitm.c++/eh-1.C compilation failed to produce executable
FAIL: libitm.c++/eh-2.C (test for excess errors)
UNRESOLVED: libitm.c++/eh-2.C compilation failed to produce executable
FAIL: libitm.c++/eh-3.C (test for excess errors)
UNRESOLVED: libitm.c++/eh-3.C compilation failed to produce executable
FAIL: libitm.c++/eh-4.C (test for excess errors)
UNRESOLVED: libitm.c++/eh-4.C compilation failed to produce executable
FAIL: libitm.c++/eh-5.C (test for excess errors)
UNRESOLVED: libitm.c++/eh-5.C compilation failed to produce executable
FAIL: libitm.c++/libstdc++-safeexc.C (test for excess errors)
UNRESOLVED: libitm.c++/libstdc++-safeexc.C compilation failed to produce executable
FAIL: libitm.c++/newdelete.C (test for excess errors)
UNRESOLVED: libitm.c++/newdelete.C compilation failed to produce executable
=== libitm Summary ===
# of expected passes 1
# of unexpected failures 22
# of unresolved testcases 22
# of unsupported tests 1
=== Summary adjusted for local xfails ===
# of unexpected failures 22
# of expected passes 1
# of unresolved testcases 22
# of unsupported tests 1
Host is x86_64-pc-linux-gnu
=== libstdc++ tests ===
Running target qemu-wheezy
FAIL: 17_intro/names.cc (test for excess errors)
FAIL: 20_util/pair/cons/explicit_construct.cc (test for errors, line 55)
FAIL: 20_util/tuple/cv_tuple_size_neg.cc (test for errors, line 30)
FAIL: 20_util/tuple/cv_tuple_size_neg.cc (test for errors, line 33)
FAIL: 20_util/unique_ptr/cons/cv_qual_neg.cc (test for errors, line 40)
FAIL: 22_locale/messages/13631.cc execution test
FAIL: 22_locale/messages/members/char/1.cc execution test
FAIL: 22_locale/messages/members/char/2.cc execution test
FAIL: 22_locale/messages/members/char/wrapped_locale.cc execution test
FAIL: 22_locale/messages_byname/named_equivalence.cc execution test
FAIL: 26_numerics/gcd/gcd_neg.cc (test for errors, line 30)
FAIL: 26_numerics/gcd/gcd_neg.cc (test for errors, line 32)
FAIL: 26_numerics/gcd/gcd_neg.cc (test for errors, line 33)
FAIL: 26_numerics/gcd/gcd_neg.cc (test for errors, line 39)
FAIL: 26_numerics/gcd/gcd_neg.cc (test for errors, line 40)
FAIL: 26_numerics/gcd/gcd_neg.cc (test for errors, line 46)
FAIL: 26_numerics/headers/cmath/hypot.cc execution test
FAIL: 26_numerics/lcm/lcm_neg.cc (test for errors, line 30)
FAIL: 26_numerics/lcm/lcm_neg.cc (test for errors, line 32)
FAIL: 26_numerics/lcm/lcm_neg.cc (test for errors, line 33)
FAIL: 26_numerics/lcm/lcm_neg.cc (test for errors, line 39)
FAIL: 26_numerics/lcm/lcm_neg.cc (test for errors, line 40)
FAIL: 26_numerics/lcm/lcm_neg.cc (test for errors, line 46)
FAIL: 27_io/filesystem/operations/last_write_time.cc execution test
FAIL: 28_regex/iterators/regex_token_iterator/ctors/char/dr2332_neg.cc (test for errors, line 37)
FAIL: experimental/filesystem/operations/last_write_time.cc execution test
=== libstdc++ Summary ===
# of expected passes 11914
# of unexpected failures 26
# of expected failures 70
# of unsupported tests 299
=== Summary adjusted for local xfails ===
# of unexpected failures 26
# of expected passes 11914
# of expected failures 70
# of unsupported tests 299
Host is x86_64-pc-linux-gnu
=== g++ tests ===
Running target qemu-wheezy-thumb/-mthumb
FAIL: c-c++-common/asan/null-deref-1.c -O2 output pattern test
FAIL: c-c++-common/asan/null-deref-1.c -O3 -g output pattern test
FAIL: c-c++-common/asan/null-deref-1.c -Os output pattern test
FAIL: g++.dg/ipa/devirt-22.C -std=gnu++98 scan-ipa-dump-times cp "Discovered a virtual call to a known target" 1 (found 2 times)
FAIL: g++.dg/ipa/devirt-22.C -std=gnu++11 scan-ipa-dump-times cp "Discovered a virtual call to a known target" 1 (found 2 times)
FAIL: g++.dg/ipa/devirt-22.C -std=gnu++14 scan-ipa-dump-times cp "Discovered a virtual call to a known target" 1 (found 2 times)
FAIL: g++.dg/template/nontype10.C -std=c++98 (test for excess errors)
FAIL: g++.dg/template/nontype10.C -std=c++11 (test for excess errors)
FAIL: g++.dg/template/nontype10.C -std=c++14 (test for excess errors)
XPASS: c-c++-common/Warray-bounds-3.c -std=gnu++98 strcpy (test for warnings, line 362)
XPASS: c-c++-common/Warray-bounds-3.c -std=gnu++11 strcpy (test for warnings, line 362)
XPASS: c-c++-common/Warray-bounds-3.c -std=gnu++14 strcpy (test for warnings, line 362)
FAIL: c-c++-common/Warray-bounds-4.c -std=gnu++98 (test for warnings, line 67)
FAIL: c-c++-common/Warray-bounds-4.c -std=gnu++11 (test for warnings, line 67)
FAIL: c-c++-common/Warray-bounds-4.c -std=gnu++14 (test for warnings, line 67)
FAIL: c-c++-common/Wrestrict.c -std=gnu++98 (test for excess errors)
FAIL: c-c++-common/Wrestrict.c -std=gnu++11 (test for excess errors)
FAIL: c-c++-common/Wrestrict.c -std=gnu++14 (test for excess errors)
FAIL: g++.dg/lto/pr65276 cp_lto_pr65276_0.o-cp_lto_pr65276_1.o link, -flto -O0 -std=c++11
UNRESOLVED: g++.dg/lto/pr65276 cp_lto_pr65276_0.o-cp_lto_pr65276_1.o execute -flto -O0 -std=c++11
FAIL: c-c++-common/ubsan/ptr-overflow-sanitization-1.c -O0 scan-tree-dump-times optimized "__ubsan_handle_pointer_overflow" 17 (found 14 times)
FAIL: c-c++-common/ubsan/ptr-overflow-sanitization-1.c -O1 scan-tree-dump-times optimized "__ubsan_handle_pointer_overflow" 17 (found 14 times)
FAIL: c-c++-common/ubsan/ptr-overflow-sanitization-1.c -O2 scan-tree-dump-times optimized "__ubsan_handle_pointer_overflow" 17 (found 14 times)
FAIL: c-c++-common/ubsan/ptr-overflow-sanitization-1.c -O3 -g scan-tree-dump-times optimized "__ubsan_handle_pointer_overflow" 17 (found 14 times)
FAIL: c-c++-common/ubsan/ptr-overflow-sanitization-1.c -Os scan-tree-dump-times optimized "__ubsan_handle_pointer_overflow" 17 (found 14 times)
=== g++ Summary ===
# of expected passes 114484
# of unexpected failures 21
# of unexpected successes 3
# of expected failures 467
# of unresolved testcases 1
# of unsupported tests 5325
/scratch/gcc/nightly-2017-12-27-mainline/arm-none-linux-gnueabi/obj/test-mainline-0-arm-none-linux-gnueabi/host-x86_64-linux-gnu/fsf-mainline/bin/arm-none-linux-gnueabi-g++ version 8.0.0 20171226 (experimental) (GCC)
=== Summary adjusted for local xfails ===
# of unexpected failures 21
# of expected passes 114484
# of unexpected successes 3
# of expected failures 467
# of unresolved testcases 1
# of unsupported tests 5325
Host is x86_64-pc-linux-gnu
=== gcc tests ===
Running target qemu-wheezy-thumb/-mthumb
FAIL: c-c++-common/asan/null-deref-1.c -O2 output pattern test
FAIL: c-c++-common/asan/null-deref-1.c -O3 -g output pattern test
FAIL: c-c++-common/asan/null-deref-1.c -Os output pattern test
FAIL: gcc.dg/loop-8.c scan-rtl-dump-times loop2_invariant "Decided" 1 (found 3 times)
FAIL: gcc.dg/loop-8.c scan-rtl-dump-not loop2_invariant "without introducing a new temporary register"
XPASS: gcc.dg/pr78768.c -Wformat-overflow (test for warnings, line 12)
FAIL: gcc.dg/pr80218.c scan-rtl-dump-not ira "Invalid sum"
XPASS: gcc.dg/sibcall-3.c execution test
XPASS: gcc.dg/sibcall-4.c execution test
XPASS: c-c++-common/Warray-bounds-3.c -Wc++-compat strcpy (test for warnings, line 362)
FAIL: c-c++-common/Warray-bounds-4.c -Wc++-compat (test for warnings, line 67)
FAIL: c-c++-common/Wrestrict.c -Wc++-compat (test for excess errors)
FAIL: gcc.dg/ipa/iinline-attr.c scan-ipa-dump inline "hooray[^\\\\n]*inline copy in test"
FAIL: gcc.dg/ipa/inline-1.c scan-ipa-dump inline "op2 change 9.990000. of time"
FAIL: gcc.dg/ipa/inline-1.c scan-ipa-dump inline "op3 change 9.990000. of time"
FAIL: gcc.dg/ipa/inline-1.c scan-ipa-dump inline "op4 change 9.990000. of time"
FAIL: gcc.dg/ipa/inline-1.c scan-ipa-dump inline "op5 change 9.990000. of time"
FAIL: gcc.dg/tree-ssa/ssa-dom-cse-2.c scan-tree-dump optimized "return 28;"
FAIL: c-c++-common/ubsan/ptr-overflow-sanitization-1.c -O0 scan-tree-dump-times optimized "__ubsan_handle_pointer_overflow" 17 (found 14 times)
FAIL: c-c++-common/ubsan/ptr-overflow-sanitization-1.c -O1 scan-tree-dump-times optimized "__ubsan_handle_pointer_overflow" 17 (found 14 times)
FAIL: c-c++-common/ubsan/ptr-overflow-sanitization-1.c -O2 scan-tree-dump-times optimized "__ubsan_handle_pointer_overflow" 17 (found 14 times)
FAIL: c-c++-common/ubsan/ptr-overflow-sanitization-1.c -O3 -g scan-tree-dump-times optimized "__ubsan_handle_pointer_overflow" 17 (found 14 times)
FAIL: c-c++-common/ubsan/ptr-overflow-sanitization-1.c -Os scan-tree-dump-times optimized "__ubsan_handle_pointer_overflow" 17 (found 14 times)
FAIL: gcc.target/arm/addr-modes-float.c (test for excess errors)
UNRESOLVED: gcc.target/arm/addr-modes-float.c scan-assembler vstmia.32
UNRESOLVED: gcc.target/arm/addr-modes-float.c scan-assembler vstmia.64
UNRESOLVED: gcc.target/arm/addr-modes-float.c scan-assembler vldmia.32
UNRESOLVED: gcc.target/arm/addr-modes-float.c scan-assembler vldmia.64
UNRESOLVED: gcc.target/arm/addr-modes-float.c scan-assembler vst1.8\\t{.*}, \\\\[r[0-9]+\\\\]!
UNRESOLVED: gcc.target/arm/addr-modes-float.c scan-assembler vst1.8\\t{.*[-,]d.*}, \\\\[r[0-9]+\\\\]!
UNRESOLVED: gcc.target/arm/addr-modes-float.c scan-assembler vst2.8\\t{.*}, \\\\[r[0-9]+\\\\]!
UNRESOLVED: gcc.target/arm/addr-modes-float.c scan-assembler vst2.8\\t{.*-d.*}, \\\\[r[0-9]+\\\\]!
UNRESOLVED: gcc.target/arm/addr-modes-float.c scan-assembler vst3.8\\t{.*}, \\\\[r[0-9]+\\\\]!
UNRESOLVED: gcc.target/arm/addr-modes-float.c scan-assembler vst3.8\\t{d[02468], d[02468], d[02468]}, \\\\[r[0-9]+\\\\]!
UNRESOLVED: gcc.target/arm/addr-modes-float.c scan-assembler vst3.8\\t{d[13579], d[13579], d[13579]}, \\\\[r[0-9]+\\\\]!
UNRESOLVED: gcc.target/arm/addr-modes-float.c scan-assembler vst4.8\\t{.*}, \\\\[r[0-9]+\\\\]!
UNRESOLVED: gcc.target/arm/addr-modes-float.c scan-assembler vst4.8\\t{d[02468], d[02468], d[02468], d[02468]}, \\\\[r[0-9]+\\\\]!
UNRESOLVED: gcc.target/arm/addr-modes-float.c scan-assembler vst4.8\\t{d[13579], d[13579], d[13579], d[13579]}, \\\\[r[0-9]+\\\\]!
UNRESOLVED: gcc.target/arm/addr-modes-float.c scan-assembler-not add
FAIL: gcc.target/arm/armv8_2-fp16-move-1.c scan-assembler-times vld1\\\\.16\\\\t{d[0-9]+\\\\[[0-9]+\\\\]}, \\\\[r[0-9]+\\\\] 2 (found 0 times)
FAIL: gcc.target/arm/armv8_2-fp16-move-1.c scan-assembler-times vst1\\\\.16\\\\t{d[0-9]+\\\\[[0-9]+\\\\]}, \\\\[r[0-9]+\\\\] 2 (found 0 times)
FAIL: gcc.target/arm/armv8_2-fp16-move-1.c scan-assembler-times ldrh\\\\tr[0-9]+ 2 (found 4 times)
FAIL: gcc.target/arm/armv8_2-fp16-move-1.c scan-assembler-times strh\\\\tr[0-9]+ 2 (found 4 times)
FAIL: gcc.target/arm/armv8_2-fp16-move-1.c scan-assembler-times vmov\\\\.f16\\\\ts[0-9]+, r[0-9]+ 2 (found 38 times)
FAIL: gcc.target/arm/armv8_2-fp16-scalar-2.c scan-assembler-times vmov.f16\\\\ts[0-9]+, #1\\\\.0e\\\\+0 4 (found 2 times)
FAIL: gcc.target/arm/pr40457-1.c scan-assembler ldrd|ldm
FAIL: gcc.target/arm/pr45701-1.c scan-assembler push\\t{r3
FAIL: gcc.target/arm/pragma_fpu_attribute.c (test for excess errors)
UNRESOLVED: gcc.target/arm/pragma_fpu_attribute.c scan-assembler-times \\\\.fpu\\\\s+crypto-neon-fp-armv8 1
UNRESOLVED: gcc.target/arm/pragma_fpu_attribute.c scan-assembler-times \\\\.fpu\\\\s+vfpv3-d16 1
FAIL: gcc.target/arm/pragma_fpu_attribute_2.c (test for excess errors)
UNRESOLVED: gcc.target/arm/pragma_fpu_attribute_2.c scan-assembler-times \\\\.fpu\\\\s+crypto-neon-fp-armv8 1
UNRESOLVED: gcc.target/arm/pragma_fpu_attribute_2.c scan-assembler-times \\\\.fpu\\\\s+vfpv3-d16 1
FAIL: gcc.target/arm/reg_equal_test.c scan-rtl-dump expand "expr_list:REG_EQUAL \\\\(const_int -942519458"
=== gcc Summary ===
# of expected passes 103746
# of unexpected failures 31
# of unexpected successes 4
# of expected failures 266
# of unresolved testcases 19
# of unsupported tests 3322
/scratch/gcc/nightly-2017-12-27-mainline/arm-none-linux-gnueabi/obj/test-mainline-0-arm-none-linux-gnueabi/host-x86_64-linux-gnu/fsf-mainline/bin/arm-none-linux-gnueabi-gcc version 8.0.0 20171226 (experimental) (GCC)
=== Summary adjusted for local xfails ===
# of unexpected failures 31
# of expected passes 103746
# of unexpected successes 4
# of expected failures 266
# of unresolved testcases 19
# of unsupported tests 3322
Host is x86_64-pc-linux-gnu
=== gfortran tests ===
Running target qemu-wheezy-thumb/-mthumb
FAIL: gfortran.dg/elemental_subroutine_3.f90 -O1 (test for excess errors)
FAIL: gfortran.dg/elemental_subroutine_3.f90 -O2 (test for excess errors)
FAIL: gfortran.dg/elemental_subroutine_3.f90 -O3 -fomit-frame-pointer -funroll-loops -fpeel-loops -ftracer -finline-functions (test for excess errors)
FAIL: gfortran.dg/elemental_subroutine_3.f90 -O3 -g (test for excess errors)
FAIL: gfortran.dg/elemental_subroutine_3.f90 -Os (test for excess errors)
WARNING: program timed out.
FAIL: gfortran.dg/matmul_15.f90 -O execution test
FAIL: gfortran.dg/ieee/ieee_1.F90 -O0 execution test
FAIL: gfortran.dg/ieee/ieee_1.F90 -O1 execution test
FAIL: gfortran.dg/ieee/ieee_1.F90 -O2 execution test
FAIL: gfortran.dg/ieee/ieee_1.F90 -O3 -fomit-frame-pointer -funroll-loops -fpeel-loops -ftracer -finline-functions execution test
FAIL: gfortran.dg/ieee/ieee_1.F90 -O3 -g execution test
FAIL: gfortran.dg/ieee/ieee_1.F90 -Os execution test
FAIL: gfortran.dg/ieee/ieee_2.f90 -O0 execution test
FAIL: gfortran.dg/ieee/ieee_2.f90 -O1 execution test
FAIL: gfortran.dg/ieee/ieee_2.f90 -O2 execution test
FAIL: gfortran.dg/ieee/ieee_2.f90 -O3 -fomit-frame-pointer -funroll-loops -fpeel-loops -ftracer -finline-functions execution test
FAIL: gfortran.dg/ieee/ieee_2.f90 -O3 -g execution test
FAIL: gfortran.dg/ieee/ieee_2.f90 -Os execution test
FAIL: gfortran.dg/ieee/ieee_6.f90 -O0 execution test
FAIL: gfortran.dg/ieee/ieee_6.f90 -O1 execution test
FAIL: gfortran.dg/ieee/ieee_6.f90 -O2 execution test
FAIL: gfortran.dg/ieee/ieee_6.f90 -O3 -fomit-frame-pointer -funroll-loops -fpeel-loops -ftracer -finline-functions execution test
FAIL: gfortran.dg/ieee/ieee_6.f90 -O3 -g execution test
FAIL: gfortran.dg/ieee/ieee_6.f90 -Os execution test
XPASS: gfortran.dg/ieee/ieee_8.f90 -O0 execution test
XPASS: gfortran.dg/ieee/ieee_8.f90 -O1 execution test
XPASS: gfortran.dg/ieee/ieee_8.f90 -O2 execution test
XPASS: gfortran.dg/ieee/ieee_8.f90 -O3 -fomit-frame-pointer -funroll-loops -fpeel-loops -ftracer -finline-functions execution test
XPASS: gfortran.dg/ieee/ieee_8.f90 -O3 -g execution test
XPASS: gfortran.dg/ieee/ieee_8.f90 -Os execution test
FAIL: gfortran.dg/ieee/large_2.f90 -O0 execution test
FAIL: gfortran.dg/ieee/large_2.f90 -O1 execution test
FAIL: gfortran.dg/ieee/large_2.f90 -O2 execution test
FAIL: gfortran.dg/ieee/large_2.f90 -O3 -fomit-frame-pointer -funroll-loops -fpeel-loops -ftracer -finline-functions execution test
FAIL: gfortran.dg/ieee/large_2.f90 -O3 -g execution test
FAIL: gfortran.dg/ieee/large_2.f90 -Os execution test
FAIL: gfortran.dg/ieee/large_3.F90 -O0 execution test
FAIL: gfortran.dg/ieee/large_3.F90 -O1 execution test
FAIL: gfortran.dg/ieee/large_3.F90 -O2 execution test
FAIL: gfortran.dg/ieee/large_3.F90 -O3 -fomit-frame-pointer -funroll-loops -fpeel-loops -ftracer -finline-functions execution test
FAIL: gfortran.dg/ieee/large_3.F90 -O3 -g execution test
FAIL: gfortran.dg/ieee/large_3.F90 -Os execution test
FAIL: gfortran.dg/ieee/rounding_1.f90 -O0 execution test
FAIL: gfortran.dg/ieee/rounding_1.f90 -O1 execution test
FAIL: gfortran.dg/ieee/rounding_1.f90 -O2 execution test
FAIL: gfortran.dg/ieee/rounding_1.f90 -O3 -fomit-frame-pointer -funroll-loops -fpeel-loops -ftracer -finline-functions execution test
FAIL: gfortran.dg/ieee/rounding_1.f90 -O3 -g execution test
FAIL: gfortran.dg/ieee/rounding_1.f90 -Os execution test
=== gfortran Summary ===
# of expected passes 45198
# of unexpected failures 42
# of unexpected successes 6
# of expected failures 91
# of unsupported tests 353
/scratch/gcc/nightly-2017-12-27-mainline/arm-none-linux-gnueabi/obj/test-mainline-0-arm-none-linux-gnueabi/host-x86_64-linux-gnu/fsf-mainline/bin/arm-none-linux-gnueabi-gfortran version 8.0.0 20171226 (experimental) (GCC)
=== Summary adjusted for local xfails ===
# of unexpected failures 42
# of expected passes 45198
# of unexpected successes 6
# of expected failures 91
# of unsupported tests 353
Host is x86_64-pc-linux-gnu
=== libatomic tests ===
Running target qemu-wheezy-thumb/-mthumb
=== libatomic Summary ===
# of expected passes 44
# of unsupported tests 5
=== Summary adjusted for local xfails ===
# of expected passes 44
# of unsupported tests 5
Host is x86_64-pc-linux-gnu
=== libgomp tests ===
Running target qemu-wheezy-thumb/-mthumb
WARNING: program timed out.
FAIL: libgomp.fortran/strassen.f90 -O execution test
FAIL: libgomp.graphite/force-parallel-1.c scan-tree-dump-times graphite "2 loops carried no dependency" 1 (found 0 times)
FAIL: libgomp.graphite/force-parallel-1.c scan-tree-dump-times optimized "loopfn" 8 (found 12 times)
FAIL: libgomp.graphite/force-parallel-7.c execution test
FAIL: libgomp.oacc-c/../libgomp.oacc-c-c++-common/atomic_update-1.c -DACC_DEVICE_TYPE_host=1 -DACC_MEM_SHARED=1 -O2 execution test
FAIL: libgomp.oacc-c++/../libgomp.oacc-c-c++-common/atomic_update-1.c -DACC_DEVICE_TYPE_host=1 -DACC_MEM_SHARED=1 -O2 execution test
=== libgomp Summary ===
# of expected passes 5179
# of unexpected failures 6
# of unsupported tests 419
=== Summary adjusted for local xfails ===
# of unexpected failures 6
# of expected passes 5179
# of unsupported tests 419
Host is x86_64-pc-linux-gnu
=== libitm tests ===
Running target qemu-wheezy-thumb/-mthumb
FAIL: libitm.c/alloc-1.c (test for excess errors)
UNRESOLVED: libitm.c/alloc-1.c compilation failed to produce executable
FAIL: libitm.c/cancel.c (test for excess errors)
UNRESOLVED: libitm.c/cancel.c compilation failed to produce executable
FAIL: libitm.c/clone-1.c (test for excess errors)
UNRESOLVED: libitm.c/clone-1.c compilation failed to produce executable
FAIL: libitm.c/dropref-2.c (test for excess errors)
UNRESOLVED: libitm.c/dropref-2.c compilation failed to produce executable
FAIL: libitm.c/dropref.c (test for excess errors)
UNRESOLVED: libitm.c/dropref.c compilation failed to produce executable
FAIL: libitm.c/memcpy-1.c (test for excess errors)
UNRESOLVED: libitm.c/memcpy-1.c compilation failed to produce executable
FAIL: libitm.c/memset-1.c (test for excess errors)
UNRESOLVED: libitm.c/memset-1.c compilation failed to produce executable
FAIL: libitm.c/notx.c (test for excess errors)
UNRESOLVED: libitm.c/notx.c compilation failed to produce executable
FAIL: libitm.c/priv-1.c (test for excess errors)
UNRESOLVED: libitm.c/priv-1.c compilation failed to produce executable
FAIL: libitm.c/reentrant.c (test for excess errors)
UNRESOLVED: libitm.c/reentrant.c compilation failed to produce executable
FAIL: libitm.c/simple-1.c (test for excess errors)
UNRESOLVED: libitm.c/simple-1.c compilation failed to produce executable
FAIL: libitm.c/simple-2.c (test for excess errors)
UNRESOLVED: libitm.c/simple-2.c compilation failed to produce executable
FAIL: libitm.c/stackundo.c (test for excess errors)
UNRESOLVED: libitm.c/stackundo.c compilation failed to produce executable
FAIL: libitm.c/txrelease.c (test for excess errors)
UNRESOLVED: libitm.c/txrelease.c compilation failed to produce executable
FAIL: libitm.c++/dropref.C (test for excess errors)
UNRESOLVED: libitm.c++/dropref.C compilation failed to produce executable
FAIL: libitm.c++/eh-1.C (test for excess errors)
UNRESOLVED: libitm.c++/eh-1.C compilation failed to produce executable
FAIL: libitm.c++/eh-2.C (test for excess errors)
UNRESOLVED: libitm.c++/eh-2.C compilation failed to produce executable
FAIL: libitm.c++/eh-3.C (test for excess errors)
UNRESOLVED: libitm.c++/eh-3.C compilation failed to produce executable
FAIL: libitm.c++/eh-4.C (test for excess errors)
UNRESOLVED: libitm.c++/eh-4.C compilation failed to produce executable
FAIL: libitm.c++/eh-5.C (test for excess errors)
UNRESOLVED: libitm.c++/eh-5.C compilation failed to produce executable
FAIL: libitm.c++/libstdc++-safeexc.C (test for excess errors)
UNRESOLVED: libitm.c++/libstdc++-safeexc.C compilation failed to produce executable
FAIL: libitm.c++/newdelete.C (test for excess errors)
UNRESOLVED: libitm.c++/newdelete.C compilation failed to produce executable
=== libitm Summary ===
# of expected passes 1
# of unexpected failures 22
# of unresolved testcases 22
# of unsupported tests 1
=== Summary adjusted for local xfails ===
# of unexpected failures 22
# of expected passes 1
# of unresolved testcases 22
# of unsupported tests 1
Host is x86_64-pc-linux-gnu
=== libstdc++ tests ===
Running target qemu-wheezy-thumb/-mthumb
FAIL: 17_intro/names.cc (test for excess errors)
FAIL: 20_util/pair/cons/explicit_construct.cc (test for errors, line 55)
FAIL: 20_util/tuple/cv_tuple_size_neg.cc (test for errors, line 30)
FAIL: 20_util/tuple/cv_tuple_size_neg.cc (test for errors, line 33)
FAIL: 20_util/unique_ptr/cons/cv_qual_neg.cc (test for errors, line 40)
FAIL: 22_locale/messages/13631.cc execution test
FAIL: 22_locale/messages/members/char/1.cc execution test
FAIL: 22_locale/messages/members/char/2.cc execution test
FAIL: 22_locale/messages/members/char/wrapped_locale.cc execution test
FAIL: 22_locale/messages_byname/named_equivalence.cc execution test
FAIL: 26_numerics/gcd/gcd_neg.cc (test for errors, line 30)
FAIL: 26_numerics/gcd/gcd_neg.cc (test for errors, line 32)
FAIL: 26_numerics/gcd/gcd_neg.cc (test for errors, line 33)
FAIL: 26_numerics/gcd/gcd_neg.cc (test for errors, line 39)
FAIL: 26_numerics/gcd/gcd_neg.cc (test for errors, line 40)
FAIL: 26_numerics/gcd/gcd_neg.cc (test for errors, line 46)
FAIL: 26_numerics/headers/cmath/hypot.cc execution test
FAIL: 26_numerics/lcm/lcm_neg.cc (test for errors, line 30)
FAIL: 26_numerics/lcm/lcm_neg.cc (test for errors, line 32)
FAIL: 26_numerics/lcm/lcm_neg.cc (test for errors, line 33)
FAIL: 26_numerics/lcm/lcm_neg.cc (test for errors, line 39)
FAIL: 26_numerics/lcm/lcm_neg.cc (test for errors, line 40)
FAIL: 26_numerics/lcm/lcm_neg.cc (test for errors, line 46)
FAIL: 27_io/filesystem/operations/last_write_time.cc execution test
FAIL: 28_regex/iterators/regex_token_iterator/ctors/char/dr2332_neg.cc (test for errors, line 37)
FAIL: experimental/filesystem/operations/last_write_time.cc execution test
=== libstdc++ Summary ===
# of expected passes 11914
# of unexpected failures 26
# of expected failures 70
# of unsupported tests 299
=== Summary adjusted for local xfails ===
# of unexpected failures 26
# of expected passes 11914
# of expected failures 70
# of unsupported tests 299
Compiler version: 8.0.0 20171226 (experimental) (GCC)
Platform: arm-none-linux-gnueabi
configure flags: --build=x86_64-linux-gnu --host=x86_64-linux-gnu --target=arm-none-linux-gnueabi --enable-threads --disable-libmudflap --disable-libstdcxx-pch --with-gnu-as --with-gnu-ld --enable-languages=c,c++,fortran --enable-shared --enable-lto --enable-symvers=gnu --enable-__cxa_atexit --with-glibc-version=2.21 --disable-nls --prefix=/scratch/gcc/nightly-2017-12-27-mainline/arm-none-linux-gnueabi/install --with-sysroot=/scratch/gcc/nightly-2017-12-27-mainline/arm-none-linux-gnueabi/install/arm-none-linux-gnueabi/libc --with-gmp=/scratch/gcc/nightly-2017-12-27-mainline/arm-none-linux-gnueabi/obj/pkg-mainline-0-arm-none-linux-gnueabi/fsf-mainline-0-arm-none-linux-gnueabi.extras/host-libs-x86_64-linux-gnu/usr --with-mpfr=/scratch/gcc/nightly-2017-12-27-mainline/arm-none-linux-gnueabi/obj/pkg-mainline-0-arm-none-linux-gnueabi/fsf-mainline-0-arm-none-linux-gnueabi.extras/host-libs-x86_64-linux-gnu/usr --with-mpc=/scratch/gcc/nightly-2017-12-27-mainline/arm-none-linux-gnueabi/obj/pkg
-mainline-0-arm-none-linux-gnueabi/fsf-mainline-0-arm-none-linux-gnueabi.extras/host-libs-x86_64-linux-gnu/usr --with-isl=/scratch/gcc/nightly-2017-12-27-mainline/arm-none-linux-gnueabi/obj/pkg-mainline-0-arm-none-linux-gnueabi/fsf-mainline-0-arm-none-linux-gnueabi.extras/host-libs-x86_64-linux-gnu/usr --enable-libgomp --enable-libitm --enable-libatomic --disable-libssp --disable-libcc1 --enable-poison-system-directories --with-python-dir=arm-none-linux-gnueabi/share/gdb/python --with-build-time-tools=/scratch/gcc/nightly-2017-12-27-mainline/arm-none-linux-gnueabi/install/arm-none-linux-gnueabi/bin --with-build-time-tools=/scratch/gcc/nightly-2017-12-27-mainline/arm-none-linux-gnueabi/install/arm-none-linux-gnueabi/bin SED=sed
More information about the Gcc-testresults
mailing list