Results for 7.2.0 (genunix Thu Aug 24 11:51:52 GMT 2017) testsuite on sparc64-sun-solaris2.10
Dennis Clarke
dclarke@blastwave.org
Mon Aug 28 17:16:00 GMT 2017
LAST_UPDATED: Obtained from SVN: tags/gcc_7_2_0_release revision 251082
=== acats tests ===
=== acats Summary ===
# of expected passes 2320
# of unexpected failures 0
Native configuration is sparc64-sun-solaris2.10
=== gcc tests ===
Running target unix
XPASS: gcc.dg/pr78768.c -Wformat-overflow (test for warnings, line 11)
FAIL: gcc.dg/visibility-22.c execution test
FAIL: gcc.dg/visibility-d.c scan-not-hidden
FAIL: gcc.dg/visibility-d.c scan-not-hidden
FAIL: gcc.dg/visibility-d.c scan-not-hidden
FAIL: gcc.dg/visibility-d.c scan-not-hidden
FAIL: gcc.dg/visibility-d.c scan-not-hidden
FAIL: gcc.dg/visibility-d.c scan-not-hidden
FAIL: gcc.dg/visibility-d.c scan-not-hidden
FAIL: gcc.dg/visibility-d.c scan-not-hidden
FAIL: gcc.dg/visibility-d.c scan-not-hidden
FAIL: gcc.dg/visibility-d.c scan-not-hidden
FAIL: gcc.dg/visibility-d.c scan-not-hidden
FAIL: gcc.dg/visibility-d.c scan-not-hidden
FAIL: gcc.dg/visibility-d.c scan-not-hidden
FAIL: gcc.dg/visibility-d.c scan-not-hidden
FAIL: gcc.dg/visibility-d.c scan-not-hidden
FAIL: gcc.dg/visibility-d.c scan-not-hidden
FAIL: gcc.dg/visibility-d.c scan-not-hidden
FAIL: gcc.dg/visibility-d.c scan-not-hidden
FAIL: gcc.dg/visibility-d.c scan-not-hidden
FAIL: gcc.dg/visibility-d.c scan-not-hidden
FAIL: gcc.dg/visibility-d.c scan-not-hidden
FAIL: gcc.dg/visibility-d.c scan-not-hidden
FAIL: gcc.dg/visibility-d.c scan-not-hidden
FAIL: gcc.dg/visibility-d.c scan-not-hidden
FAIL: gcc.dg/visibility-d.c scan-not-hidden
FAIL: gcc.dg/visibility-d.c scan-not-hidden
FAIL: gcc.dg/visibility-d.c scan-not-hidden
FAIL: gcc.dg/visibility-d.c scan-not-hidden
FAIL: gcc.dg/visibility-d.c scan-not-hidden
FAIL: gcc.dg/visibility-d.c scan-not-hidden
=== gcc Summary ===
# of expected passes 97510
# of unexpected failures 31
# of unexpected successes 1
# of expected failures 378
# of unsupported tests 2417
/usr/local/build/gcc-7.2.0_SunOS5.10_sparc64vii+.009/gcc/xgcc version
7.2.0 (genunix Thu Aug 24 11:51:52 GMT 2017)
=== gfortran tests ===
Running target unix
=== gfortran Summary ===
# of expected passes 45004
# of expected failures 96
# of unsupported tests 134
/usr/local/build/gcc-7.2.0_SunOS5.10_sparc64vii+.009/gcc/testsuite/gfortran/../../gfortran
version 7.2.0 (genunix Thu Aug 24 11:51:52 GMT 2017)
=== g++ tests ===
Running target unix
FAIL: g++.dg/ext/visibility/fvisibility-inlines-hidden-2.C -std=gnu++98
scan-not-hidden
FAIL: g++.dg/ext/visibility/fvisibility-inlines-hidden-2.C -std=gnu++11
scan-not-hidden
FAIL: g++.dg/ext/visibility/fvisibility-inlines-hidden-2.C -std=gnu++14
scan-not-hidden
FAIL: g++.dg/ext/visibility/fvisibility-inlines-hidden-3.C -std=gnu++98
scan-not-hidden
FAIL: g++.dg/ext/visibility/fvisibility-inlines-hidden-3.C -std=gnu++98
scan-not-hidden
FAIL: g++.dg/ext/visibility/fvisibility-inlines-hidden-3.C -std=gnu++11
scan-not-hidden
FAIL: g++.dg/ext/visibility/fvisibility-inlines-hidden-3.C -std=gnu++11
scan-not-hidden
FAIL: g++.dg/ext/visibility/fvisibility-inlines-hidden-3.C -std=gnu++14
scan-not-hidden
FAIL: g++.dg/ext/visibility/fvisibility-inlines-hidden-3.C -std=gnu++14
scan-not-hidden
FAIL: g++.dg/ext/visibility/fvisibility-inlines-hidden-4.C -std=gnu++98
scan-not-hidden
FAIL: g++.dg/ext/visibility/fvisibility-inlines-hidden-4.C -std=gnu++98
scan-not-hidden
FAIL: g++.dg/ext/visibility/fvisibility-inlines-hidden-4.C -std=gnu++11
scan-not-hidden
FAIL: g++.dg/ext/visibility/fvisibility-inlines-hidden-4.C -std=gnu++11
scan-not-hidden
FAIL: g++.dg/ext/visibility/fvisibility-inlines-hidden-4.C -std=gnu++14
scan-not-hidden
FAIL: g++.dg/ext/visibility/fvisibility-inlines-hidden-4.C -std=gnu++14
scan-not-hidden
FAIL: g++.dg/ext/visibility/fvisibility-override1.C -std=gnu++98
scan-not-hidden
FAIL: g++.dg/ext/visibility/fvisibility-override1.C -std=gnu++11
scan-not-hidden
FAIL: g++.dg/ext/visibility/fvisibility-override1.C -std=gnu++14
scan-not-hidden
FAIL: g++.dg/ext/visibility/fvisibility-override2.C -std=gnu++98
scan-not-hidden
FAIL: g++.dg/ext/visibility/fvisibility-override2.C -std=gnu++11
scan-not-hidden
FAIL: g++.dg/ext/visibility/fvisibility-override2.C -std=gnu++14
scan-not-hidden
FAIL: g++.dg/ext/visibility/guard1.C -std=gnu++98 scan-not-hidden
FAIL: g++.dg/ext/visibility/guard1.C -std=gnu++11 scan-not-hidden
FAIL: g++.dg/ext/visibility/guard1.C -std=gnu++14 scan-not-hidden
FAIL: g++.dg/ext/visibility/ms-compat-1.C -std=gnu++98 scan-not-hidden
FAIL: g++.dg/ext/visibility/ms-compat-1.C -std=gnu++98 scan-not-hidden
FAIL: g++.dg/ext/visibility/ms-compat-1.C -std=gnu++98 scan-not-hidden
FAIL: g++.dg/ext/visibility/ms-compat-1.C -std=gnu++11 scan-not-hidden
FAIL: g++.dg/ext/visibility/ms-compat-1.C -std=gnu++11 scan-not-hidden
FAIL: g++.dg/ext/visibility/ms-compat-1.C -std=gnu++11 scan-not-hidden
FAIL: g++.dg/ext/visibility/ms-compat-1.C -std=gnu++14 scan-not-hidden
FAIL: g++.dg/ext/visibility/ms-compat-1.C -std=gnu++14 scan-not-hidden
FAIL: g++.dg/ext/visibility/ms-compat-1.C -std=gnu++14 scan-not-hidden
FAIL: g++.dg/ext/visibility/namespace1.C -std=c++98 scan-not-hidden
FAIL: g++.dg/ext/visibility/namespace1.C -std=c++11 scan-not-hidden
FAIL: g++.dg/ext/visibility/namespace1.C -std=c++14 scan-not-hidden
FAIL: g++.dg/ext/visibility/new1.C -std=gnu++98 scan-not-hidden
FAIL: g++.dg/ext/visibility/new1.C -std=gnu++11 scan-not-hidden
FAIL: g++.dg/ext/visibility/new1.C -std=gnu++14 scan-not-hidden
FAIL: g++.dg/ext/visibility/template1.C -std=gnu++98 scan-not-hidden
FAIL: g++.dg/ext/visibility/template1.C -std=gnu++98 scan-not-hidden
FAIL: g++.dg/ext/visibility/template1.C -std=gnu++11 scan-not-hidden
FAIL: g++.dg/ext/visibility/template1.C -std=gnu++11 scan-not-hidden
FAIL: g++.dg/ext/visibility/template1.C -std=gnu++14 scan-not-hidden
FAIL: g++.dg/ext/visibility/template1.C -std=gnu++14 scan-not-hidden
FAIL: g++.dg/ext/visibility/template10.C -std=gnu++98 scan-not-hidden
FAIL: g++.dg/ext/visibility/template10.C -std=gnu++11 scan-not-hidden
FAIL: g++.dg/ext/visibility/template10.C -std=gnu++14 scan-not-hidden
FAIL: g++.dg/ext/visibility/template11.C -std=gnu++98 scan-not-hidden
FAIL: g++.dg/ext/visibility/template11.C -std=gnu++11 scan-not-hidden
FAIL: g++.dg/ext/visibility/template11.C -std=gnu++14 scan-not-hidden
FAIL: g++.dg/ext/visibility/template12.C -std=gnu++98 scan-not-hidden
FAIL: g++.dg/ext/visibility/template12.C -std=gnu++11 scan-not-hidden
FAIL: g++.dg/ext/visibility/template12.C -std=gnu++14 scan-not-hidden
FAIL: g++.dg/ext/visibility/template2.C -std=c++98 scan-not-hidden
FAIL: g++.dg/ext/visibility/template2.C -std=c++98 scan-not-hidden
FAIL: g++.dg/ext/visibility/template2.C -std=c++11 scan-not-hidden
FAIL: g++.dg/ext/visibility/template2.C -std=c++11 scan-not-hidden
FAIL: g++.dg/ext/visibility/template2.C -std=c++14 scan-not-hidden
FAIL: g++.dg/ext/visibility/template2.C -std=c++14 scan-not-hidden
FAIL: g++.dg/ext/visibility/template3.C -std=c++98 scan-not-hidden
FAIL: g++.dg/ext/visibility/template3.C -std=c++98 scan-not-hidden
FAIL: g++.dg/ext/visibility/template3.C -std=c++11 scan-not-hidden
FAIL: g++.dg/ext/visibility/template3.C -std=c++11 scan-not-hidden
FAIL: g++.dg/ext/visibility/template3.C -std=c++14 scan-not-hidden
FAIL: g++.dg/ext/visibility/template3.C -std=c++14 scan-not-hidden
FAIL: g++.dg/ext/visibility/template4.C -std=c++98 scan-not-hidden
FAIL: g++.dg/ext/visibility/template4.C -std=c++98 scan-not-hidden
FAIL: g++.dg/ext/visibility/template4.C -std=c++98 scan-not-hidden
FAIL: g++.dg/ext/visibility/template4.C -std=c++98 scan-not-hidden
FAIL: g++.dg/ext/visibility/template4.C -std=c++11 scan-not-hidden
FAIL: g++.dg/ext/visibility/template4.C -std=c++11 scan-not-hidden
FAIL: g++.dg/ext/visibility/template4.C -std=c++11 scan-not-hidden
FAIL: g++.dg/ext/visibility/template4.C -std=c++11 scan-not-hidden
FAIL: g++.dg/ext/visibility/template4.C -std=c++14 scan-not-hidden
FAIL: g++.dg/ext/visibility/template4.C -std=c++14 scan-not-hidden
FAIL: g++.dg/ext/visibility/template4.C -std=c++14 scan-not-hidden
FAIL: g++.dg/ext/visibility/template4.C -std=c++14 scan-not-hidden
FAIL: g++.dg/ext/visibility/template6.C -std=c++98 scan-not-hidden
FAIL: g++.dg/ext/visibility/template6.C -std=c++11 scan-not-hidden
FAIL: g++.dg/ext/visibility/template6.C -std=c++14 scan-not-hidden
FAIL: g++.dg/ext/visibility/template9.C -std=gnu++98 scan-not-hidden
FAIL: g++.dg/ext/visibility/template9.C -std=gnu++11 scan-not-hidden
FAIL: g++.dg/ext/visibility/template9.C -std=gnu++14 scan-not-hidden
FAIL: g++.dg/ext/visibility/typeinfo1.C -std=gnu++98 scan-not-hidden
FAIL: g++.dg/ext/visibility/typeinfo1.C -std=gnu++98 scan-not-hidden
FAIL: g++.dg/ext/visibility/typeinfo1.C -std=gnu++11 scan-not-hidden
FAIL: g++.dg/ext/visibility/typeinfo1.C -std=gnu++11 scan-not-hidden
FAIL: g++.dg/ext/visibility/typeinfo1.C -std=gnu++14 scan-not-hidden
FAIL: g++.dg/ext/visibility/typeinfo1.C -std=gnu++14 scan-not-hidden
FAIL: g++.dg/ext/visibility/typeinfo2.C -std=c++98 scan-not-hidden
FAIL: g++.dg/ext/visibility/typeinfo2.C -std=c++11 scan-not-hidden
FAIL: g++.dg/ext/visibility/typeinfo2.C -std=c++14 scan-not-hidden
FAIL: g++.dg/ext/visibility/typeinfo3.C -std=c++98 scan-not-hidden
FAIL: g++.dg/ext/visibility/typeinfo3.C -std=c++98 scan-not-hidden
FAIL: g++.dg/ext/visibility/typeinfo3.C -std=c++11 scan-not-hidden
FAIL: g++.dg/ext/visibility/typeinfo3.C -std=c++11 scan-not-hidden
FAIL: g++.dg/ext/visibility/typeinfo3.C -std=c++14 scan-not-hidden
FAIL: g++.dg/ext/visibility/typeinfo3.C -std=c++14 scan-not-hidden
FAIL: g++.dg/ext/visibility/warn3.C -std=c++98 scan-not-hidden
FAIL: g++.dg/ext/visibility/warn3.C -std=c++11 scan-not-hidden
FAIL: g++.dg/ext/visibility/warn3.C -std=c++14 scan-not-hidden
FAIL: g++.old-deja/g++.mike/visibility-1.C -std=gnu++98 scan-not-hidden
FAIL: g++.old-deja/g++.mike/visibility-1.C -std=gnu++11 scan-not-hidden
FAIL: g++.old-deja/g++.mike/visibility-1.C -std=gnu++14 scan-not-hidden
=== g++ Summary ===
# of expected passes 102379
# of unexpected failures 105
# of expected failures 380
# of unsupported tests 4537
/usr/local/build/gcc-7.2.0_SunOS5.10_sparc64vii+.009/gcc/testsuite/g++/../../xg++
version 7.2.0 (genunix Thu Aug 24 11:51:52 GMT 2017)
=== gnat tests ===
Running target unix
=== gnat Summary ===
# of expected passes 2539
# of expected failures 24
# of unsupported tests 23
/usr/local/build/gcc-7.2.0_SunOS5.10_sparc64vii+.009/gcc/gnatmake
version 7.2.0
=== go tests ===
Running target unix
FAIL: go.go-torture/execute/array-1.go compilation, -O0
FAIL: go.go-torture/execute/array-1.go compilation, -O1
FAIL: go.go-torture/execute/array-1.go compilation, -O2
FAIL: go.go-torture/execute/array-1.go compilation, -O2
-fomit-frame-pointer -finline-functions
FAIL: go.go-torture/execute/array-1.go compilation, -O2
-fomit-frame-pointer -finline-functions -funroll-loops
FAIL: go.go-torture/execute/array-1.go compilation, -O2 -fbounds-check
FAIL: go.go-torture/execute/array-1.go compilation, -O3 -g
FAIL: go.go-torture/execute/array-1.go compilation, -Os
FAIL: go.go-torture/execute/array-2.go compilation, -O0
FAIL: go.go-torture/execute/array-2.go compilation, -O1
FAIL: go.go-torture/execute/array-2.go compilation, -O2
FAIL: go.go-torture/execute/array-2.go compilation, -O2
-fomit-frame-pointer -finline-functions
FAIL: go.go-torture/execute/array-2.go compilation, -O2
-fomit-frame-pointer -finline-functions -funroll-loops
FAIL: go.go-torture/execute/array-2.go compilation, -O2 -fbounds-check
FAIL: go.go-torture/execute/array-2.go compilation, -O3 -g
FAIL: go.go-torture/execute/array-2.go compilation, -Os
FAIL: go.go-torture/execute/chan-1.go compilation, -O0
FAIL: go.go-torture/execute/chan-1.go compilation, -O1
FAIL: go.go-torture/execute/chan-1.go compilation, -O2
FAIL: go.go-torture/execute/chan-1.go compilation, -O2
-fomit-frame-pointer -finline-functions
FAIL: go.go-torture/execute/chan-1.go compilation, -O2
-fomit-frame-pointer -finline-functions -funroll-loops
FAIL: go.go-torture/execute/chan-1.go compilation, -O2 -fbounds-check
FAIL: go.go-torture/execute/chan-1.go compilation, -O3 -g
FAIL: go.go-torture/execute/chan-1.go compilation, -Os
FAIL: go.go-torture/execute/const-1.go compilation, -O0
FAIL: go.go-torture/execute/const-1.go compilation, -O1
FAIL: go.go-torture/execute/const-1.go compilation, -O2
FAIL: go.go-torture/execute/const-1.go compilation, -O2
-fomit-frame-pointer -finline-functions
FAIL: go.go-torture/execute/const-1.go compilation, -O2
-fomit-frame-pointer -finline-functions -funroll-loops
FAIL: go.go-torture/execute/const-1.go compilation, -O2 -fbounds-check
FAIL: go.go-torture/execute/const-1.go compilation, -O3 -g
FAIL: go.go-torture/execute/const-1.go compilation, -Os
FAIL: go.go-torture/execute/const-2.go compilation, -O0
FAIL: go.go-torture/execute/const-2.go compilation, -O1
FAIL: go.go-torture/execute/const-2.go compilation, -O2
FAIL: go.go-torture/execute/const-2.go compilation, -O2
-fomit-frame-pointer -finline-functions
FAIL: go.go-torture/execute/const-2.go compilation, -O2
-fomit-frame-pointer -finline-functions -funroll-loops
FAIL: go.go-torture/execute/const-2.go compilation, -O2 -fbounds-check
FAIL: go.go-torture/execute/const-2.go compilation, -O3 -g
FAIL: go.go-torture/execute/const-2.go compilation, -Os
FAIL: go.go-torture/execute/expr-1.go compilation, -O0
FAIL: go.go-torture/execute/expr-1.go compilation, -O1
FAIL: go.go-torture/execute/expr-1.go compilation, -O2
FAIL: go.go-torture/execute/expr-1.go compilation, -O2
-fomit-frame-pointer -finline-functions
FAIL: go.go-torture/execute/expr-1.go compilation, -O2
-fomit-frame-pointer -finline-functions -funroll-loops
FAIL: go.go-torture/execute/expr-1.go compilation, -O2 -fbounds-check
FAIL: go.go-torture/execute/expr-1.go compilation, -O3 -g
FAIL: go.go-torture/execute/expr-1.go compilation, -Os
FAIL: go.go-torture/execute/for-1.go compilation, -O0
FAIL: go.go-torture/execute/for-1.go compilation, -O1
FAIL: go.go-torture/execute/for-1.go compilation, -O2
FAIL: go.go-torture/execute/for-1.go compilation, -O2
-fomit-frame-pointer -finline-functions
FAIL: go.go-torture/execute/for-1.go compilation, -O2
-fomit-frame-pointer -finline-functions -funroll-loops
FAIL: go.go-torture/execute/for-1.go compilation, -O2 -fbounds-check
FAIL: go.go-torture/execute/for-1.go compilation, -O3 -g
FAIL: go.go-torture/execute/for-1.go compilation, -Os
FAIL: go.go-torture/execute/for-2.go compilation, -O0
FAIL: go.go-torture/execute/for-2.go compilation, -O1
FAIL: go.go-torture/execute/for-2.go compilation, -O2
FAIL: go.go-torture/execute/for-2.go compilation, -O2
-fomit-frame-pointer -finline-functions
FAIL: go.go-torture/execute/for-2.go compilation, -O2
-fomit-frame-pointer -finline-functions -funroll-loops
FAIL: go.go-torture/execute/for-2.go compilation, -O2 -fbounds-check
FAIL: go.go-torture/execute/for-2.go compilation, -O3 -g
FAIL: go.go-torture/execute/for-2.go compilation, -Os
FAIL: go.go-torture/execute/function-1.go compilation, -O0
FAIL: go.go-torture/execute/function-1.go compilation, -O1
FAIL: go.go-torture/execute/function-1.go compilation, -O2
FAIL: go.go-torture/execute/function-1.go compilation, -O2
-fomit-frame-pointer -finline-functions
FAIL: go.go-torture/execute/function-1.go compilation, -O2
-fomit-frame-pointer -finline-functions -funroll-loops
FAIL: go.go-torture/execute/function-1.go compilation, -O2 -fbounds-check
FAIL: go.go-torture/execute/function-1.go compilation, -O3 -g
FAIL: go.go-torture/execute/function-1.go compilation, -Os
FAIL: go.go-torture/execute/function-2.go compilation, -O0
FAIL: go.go-torture/execute/function-2.go compilation, -O1
FAIL: go.go-torture/execute/function-2.go compilation, -O2
FAIL: go.go-torture/execute/function-2.go compilation, -O2
-fomit-frame-pointer -finline-functions
FAIL: go.go-torture/execute/function-2.go compilation, -O2
-fomit-frame-pointer -finline-functions -funroll-loops
FAIL: go.go-torture/execute/function-2.go compilation, -O2 -fbounds-check
FAIL: go.go-torture/execute/function-2.go compilation, -O3 -g
FAIL: go.go-torture/execute/function-2.go compilation, -Os
FAIL: go.go-torture/execute/go-1.go compilation, -O0
FAIL: go.go-torture/execute/go-1.go compilation, -O1
FAIL: go.go-torture/execute/go-1.go compilation, -O2
FAIL: go.go-torture/execute/go-1.go compilation, -O2
-fomit-frame-pointer -finline-functions
FAIL: go.go-torture/execute/go-1.go compilation, -O2
-fomit-frame-pointer -finline-functions -funroll-loops
FAIL: go.go-torture/execute/go-1.go compilation, -O2 -fbounds-check
FAIL: go.go-torture/execute/go-1.go compilation, -O3 -g
FAIL: go.go-torture/execute/go-1.go compilation, -Os
FAIL: go.go-torture/execute/go-2.go compilation, -O0
FAIL: go.go-torture/execute/go-2.go compilation, -O1
FAIL: go.go-torture/execute/go-2.go compilation, -O2
FAIL: go.go-torture/execute/go-2.go compilation, -O2
-fomit-frame-pointer -finline-functions
FAIL: go.go-torture/execute/go-2.go compilation, -O2
-fomit-frame-pointer -finline-functions -funroll-loops
FAIL: go.go-torture/execute/go-2.go compilation, -O2 -fbounds-check
FAIL: go.go-torture/execute/go-2.go compilation, -O3 -g
FAIL: go.go-torture/execute/go-2.go compilation, -Os
FAIL: go.go-torture/execute/go-3.go compilation, -O0
FAIL: go.go-torture/execute/go-3.go compilation, -O1
FAIL: go.go-torture/execute/go-3.go compilation, -O2
FAIL: go.go-torture/execute/go-3.go compilation, -O2
-fomit-frame-pointer -finline-functions
FAIL: go.go-torture/execute/go-3.go compilation, -O2
-fomit-frame-pointer -finline-functions -funroll-loops
FAIL: go.go-torture/execute/go-3.go compilation, -O2 -fbounds-check
FAIL: go.go-torture/execute/go-3.go compilation, -O3 -g
FAIL: go.go-torture/execute/go-3.go compilation, -Os
FAIL: go.go-torture/execute/goto-1.go compilation, -O0
FAIL: go.go-torture/execute/goto-1.go compilation, -O1
FAIL: go.go-torture/execute/goto-1.go compilation, -O2
FAIL: go.go-torture/execute/goto-1.go compilation, -O2
-fomit-frame-pointer -finline-functions
FAIL: go.go-torture/execute/goto-1.go compilation, -O2
-fomit-frame-pointer -finline-functions -funroll-loops
FAIL: go.go-torture/execute/goto-1.go compilation, -O2 -fbounds-check
FAIL: go.go-torture/execute/goto-1.go compilation, -O3 -g
FAIL: go.go-torture/execute/goto-1.go compilation, -Os
FAIL: go.go-torture/execute/map-1.go compilation, -O0
FAIL: go.go-torture/execute/map-1.go compilation, -O1
FAIL: go.go-torture/execute/map-1.go compilation, -O2
FAIL: go.go-torture/execute/map-1.go compilation, -O2
-fomit-frame-pointer -finline-functions
FAIL: go.go-torture/execute/map-1.go compilation, -O2
-fomit-frame-pointer -finline-functions -funroll-loops
FAIL: go.go-torture/execute/map-1.go compilation, -O2 -fbounds-check
FAIL: go.go-torture/execute/map-1.go compilation, -O3 -g
FAIL: go.go-torture/execute/map-1.go compilation, -Os
FAIL: go.go-torture/execute/method-1.go compilation, -O0
FAIL: go.go-torture/execute/method-1.go compilation, -O1
FAIL: go.go-torture/execute/method-1.go compilation, -O2
FAIL: go.go-torture/execute/method-1.go compilation, -O2
-fomit-frame-pointer -finline-functions
FAIL: go.go-torture/execute/method-1.go compilation, -O2
-fomit-frame-pointer -finline-functions -funroll-loops
FAIL: go.go-torture/execute/method-1.go compilation, -O2 -fbounds-check
FAIL: go.go-torture/execute/method-1.go compilation, -O3 -g
FAIL: go.go-torture/execute/method-1.go compilation, -Os
FAIL: go.go-torture/execute/nested-1.go compilation, -O0
FAIL: go.go-torture/execute/nested-1.go compilation, -O1
FAIL: go.go-torture/execute/nested-1.go compilation, -O2
FAIL: go.go-torture/execute/nested-1.go compilation, -O2
-fomit-frame-pointer -finline-functions
FAIL: go.go-torture/execute/nested-1.go compilation, -O2
-fomit-frame-pointer -finline-functions -funroll-loops
FAIL: go.go-torture/execute/nested-1.go compilation, -O2 -fbounds-check
FAIL: go.go-torture/execute/nested-1.go compilation, -O3 -g
FAIL: go.go-torture/execute/nested-1.go compilation, -Os
FAIL: go.go-torture/execute/pointer-1.go compilation, -O0
FAIL: go.go-torture/execute/pointer-1.go compilation, -O1
FAIL: go.go-torture/execute/pointer-1.go compilation, -O2
FAIL: go.go-torture/execute/pointer-1.go compilation, -O2
-fomit-frame-pointer -finline-functions
FAIL: go.go-torture/execute/pointer-1.go compilation, -O2
-fomit-frame-pointer -finline-functions -funroll-loops
FAIL: go.go-torture/execute/pointer-1.go compilation, -O2 -fbounds-check
FAIL: go.go-torture/execute/pointer-1.go compilation, -O3 -g
FAIL: go.go-torture/execute/pointer-1.go compilation, -Os
FAIL: go.go-torture/execute/return-1.go compilation, -O0
FAIL: go.go-torture/execute/return-1.go compilation, -O1
FAIL: go.go-torture/execute/return-1.go compilation, -O2
FAIL: go.go-torture/execute/return-1.go compilation, -O2
-fomit-frame-pointer -finline-functions
FAIL: go.go-torture/execute/return-1.go compilation, -O2
-fomit-frame-pointer -finline-functions -funroll-loops
FAIL: go.go-torture/execute/return-1.go compilation, -O2 -fbounds-check
FAIL: go.go-torture/execute/return-1.go compilation, -O3 -g
FAIL: go.go-torture/execute/return-1.go compilation, -Os
FAIL: go.go-torture/execute/return-2.go compilation, -O0
FAIL: go.go-torture/execute/return-2.go compilation, -O1
FAIL: go.go-torture/execute/return-2.go compilation, -O2
FAIL: go.go-torture/execute/return-2.go compilation, -O2
-fomit-frame-pointer -finline-functions
FAIL: go.go-torture/execute/return-2.go compilation, -O2
-fomit-frame-pointer -finline-functions -funroll-loops
FAIL: go.go-torture/execute/return-2.go compilation, -O2 -fbounds-check
FAIL: go.go-torture/execute/return-2.go compilation, -O3 -g
FAIL: go.go-torture/execute/return-2.go compilation, -Os
FAIL: go.go-torture/execute/return-3.go compilation, -O0
FAIL: go.go-torture/execute/return-3.go compilation, -O1
FAIL: go.go-torture/execute/return-3.go compilation, -O2
FAIL: go.go-torture/execute/return-3.go compilation, -O2
-fomit-frame-pointer -finline-functions
FAIL: go.go-torture/execute/return-3.go compilation, -O2
-fomit-frame-pointer -finline-functions -funroll-loops
FAIL: go.go-torture/execute/return-3.go compilation, -O2 -fbounds-check
FAIL: go.go-torture/execute/return-3.go compilation, -O3 -g
FAIL: go.go-torture/execute/return-3.go compilation, -Os
FAIL: go.go-torture/execute/select-1.go compilation, -O0
FAIL: go.go-torture/execute/select-1.go compilation, -O1
FAIL: go.go-torture/execute/select-1.go compilation, -O2
FAIL: go.go-torture/execute/select-1.go compilation, -O2
-fomit-frame-pointer -finline-functions
FAIL: go.go-torture/execute/select-1.go compilation, -O2
-fomit-frame-pointer -finline-functions -funroll-loops
FAIL: go.go-torture/execute/select-1.go compilation, -O2 -fbounds-check
FAIL: go.go-torture/execute/select-1.go compilation, -O3 -g
FAIL: go.go-torture/execute/select-1.go compilation, -Os
FAIL: go.go-torture/execute/string-1.go compilation, -O0
FAIL: go.go-torture/execute/string-1.go compilation, -O1
FAIL: go.go-torture/execute/string-1.go compilation, -O2
FAIL: go.go-torture/execute/string-1.go compilation, -O2
-fomit-frame-pointer -finline-functions
FAIL: go.go-torture/execute/string-1.go compilation, -O2
-fomit-frame-pointer -finline-functions -funroll-loops
FAIL: go.go-torture/execute/string-1.go compilation, -O2 -fbounds-check
FAIL: go.go-torture/execute/string-1.go compilation, -O3 -g
FAIL: go.go-torture/execute/string-1.go compilation, -Os
FAIL: go.go-torture/execute/string-2.go compilation, -O0
FAIL: go.go-torture/execute/string-2.go compilation, -O1
FAIL: go.go-torture/execute/string-2.go compilation, -O2
FAIL: go.go-torture/execute/string-2.go compilation, -O2
-fomit-frame-pointer -finline-functions
FAIL: go.go-torture/execute/string-2.go compilation, -O2
-fomit-frame-pointer -finline-functions -funroll-loops
FAIL: go.go-torture/execute/string-2.go compilation, -O2 -fbounds-check
FAIL: go.go-torture/execute/string-2.go compilation, -O3 -g
FAIL: go.go-torture/execute/string-2.go compilation, -Os
FAIL: go.go-torture/execute/struct-1.go compilation, -O0
FAIL: go.go-torture/execute/struct-1.go compilation, -O1
FAIL: go.go-torture/execute/struct-1.go compilation, -O2
FAIL: go.go-torture/execute/struct-1.go compilation, -O2
-fomit-frame-pointer -finline-functions
FAIL: go.go-torture/execute/struct-1.go compilation, -O2
-fomit-frame-pointer -finline-functions -funroll-loops
FAIL: go.go-torture/execute/struct-1.go compilation, -O2 -fbounds-check
FAIL: go.go-torture/execute/struct-1.go compilation, -O3 -g
FAIL: go.go-torture/execute/struct-1.go compilation, -Os
FAIL: go.go-torture/execute/struct-2.go compilation, -O0
FAIL: go.go-torture/execute/struct-2.go compilation, -O1
FAIL: go.go-torture/execute/struct-2.go compilation, -O2
FAIL: go.go-torture/execute/struct-2.go compilation, -O2
-fomit-frame-pointer -finline-functions
FAIL: go.go-torture/execute/struct-2.go compilation, -O2
-fomit-frame-pointer -finline-functions -funroll-loops
FAIL: go.go-torture/execute/struct-2.go compilation, -O2 -fbounds-check
FAIL: go.go-torture/execute/struct-2.go compilation, -O3 -g
FAIL: go.go-torture/execute/struct-2.go compilation, -Os
FAIL: go.go-torture/execute/switch-1.go compilation, -O0
FAIL: go.go-torture/execute/switch-1.go compilation, -O1
FAIL: go.go-torture/execute/switch-1.go compilation, -O2
FAIL: go.go-torture/execute/switch-1.go compilation, -O2
-fomit-frame-pointer -finline-functions
FAIL: go.go-torture/execute/switch-1.go compilation, -O2
-fomit-frame-pointer -finline-functions -funroll-loops
FAIL: go.go-torture/execute/switch-1.go compilation, -O2 -fbounds-check
FAIL: go.go-torture/execute/switch-1.go compilation, -O3 -g
FAIL: go.go-torture/execute/switch-1.go compilation, -Os
FAIL: go.go-torture/execute/var-1.go compilation, -O0
FAIL: go.go-torture/execute/var-1.go compilation, -O1
FAIL: go.go-torture/execute/var-1.go compilation, -O2
FAIL: go.go-torture/execute/var-1.go compilation, -O2
-fomit-frame-pointer -finline-functions
FAIL: go.go-torture/execute/var-1.go compilation, -O2
-fomit-frame-pointer -finline-functions -funroll-loops
FAIL: go.go-torture/execute/var-1.go compilation, -O2 -fbounds-check
FAIL: go.go-torture/execute/var-1.go compilation, -O3 -g
FAIL: go.go-torture/execute/var-1.go compilation, -Os
FAIL: go.go-torture/execute/var-2.go compilation, -O0
FAIL: go.go-torture/execute/var-2.go compilation, -O1
FAIL: go.go-torture/execute/var-2.go compilation, -O2
FAIL: go.go-torture/execute/var-2.go compilation, -O2
-fomit-frame-pointer -finline-functions
FAIL: go.go-torture/execute/var-2.go compilation, -O2
-fomit-frame-pointer -finline-functions -funroll-loops
FAIL: go.go-torture/execute/var-2.go compilation, -O2 -fbounds-check
FAIL: go.go-torture/execute/var-2.go compilation, -O3 -g
FAIL: go.go-torture/execute/var-2.go compilation, -Os
FAIL: go.go-torture/execute/var-3.go compilation, -O0
FAIL: go.go-torture/execute/var-3.go compilation, -O1
FAIL: go.go-torture/execute/var-3.go compilation, -O2
FAIL: go.go-torture/execute/var-3.go compilation, -O2
-fomit-frame-pointer -finline-functions
FAIL: go.go-torture/execute/var-3.go compilation, -O2
-fomit-frame-pointer -finline-functions -funroll-loops
FAIL: go.go-torture/execute/var-3.go compilation, -O2 -fbounds-check
FAIL: go.go-torture/execute/var-3.go compilation, -O3 -g
FAIL: go.go-torture/execute/var-3.go compilation, -Os
FAIL: go.test/test/235.go compilation, -O2 -g
FAIL: go.test/test/64bit.go -O (test for excess errors)
FAIL: go.test/test/64bit.go execution
FAIL: alias.go -O (test for errors, line 30)
FAIL: alias.go -O (test for errors, line 32)
FAIL: alias.go -O (test for excess errors)
FAIL: go.test/test/alias1.go compilation, -O2 -g
FAIL: go.test/test/append.go compilation, -O2 -g
FAIL: go.test/test/args.go compilation, -O2 -g
FAIL: assign.go -O (test for errors, line 41)
FAIL: assign.go -O (test for errors, line 45)
FAIL: assign.go -O (test for excess errors)
FAIL: go.test/test/bigalg.go compilation, -O2 -g
FAIL: go.test/test/bigmap.go compilation, -O2 -g
FAIL: go.test/test/blank.go compilation, -O2 -g
FAIL: go.test/test/bom.go -O (test for excess errors)
FAIL: go.test/test/bom.go execution
FAIL: go.test/test/chan/doubleselect.go compilation, -O2 -g
FAIL: go.test/test/chan/fifo.go compilation, -O2 -g
FAIL: go.test/test/chan/goroutines.go compilation, -O2 -g
FAIL: go.test/test/chan/nonblock.go compilation, -O2 -g
FAIL: go.test/test/chan/powser1.go compilation, -O2 -g
FAIL: go.test/test/chan/powser2.go compilation, -O2 -g
FAIL: go.test/test/chan/select.go compilation, -O2 -g
FAIL: go.test/test/chan/select3.go compilation, -O2 -g
FAIL: go.test/test/chan/select4.go compilation, -O2 -g
FAIL: go.test/test/chan/select5.go -O (test for excess errors)
FAIL: go.test/test/chan/select5.go execution
FAIL: go.test/test/chan/select6.go compilation, -O2 -g
FAIL: go.test/test/chan/select7.go compilation, -O2 -g
FAIL: go.test/test/chan/sendstmt.go compilation, -O2 -g
FAIL: go.test/test/chan/sieve1.go compilation, -O2 -g
FAIL: go.test/test/chan/sieve2.go compilation, -O2 -g
FAIL: go.test/test/chan/zerosize.go compilation, -O2 -g
FAIL: go.test/test/chancap.go compilation, -O2 -g
FAIL: go.test/test/char_lit.go compilation, -O2 -g
FAIL: go.test/test/closedchan.go compilation, -O2 -g
FAIL: go.test/test/cmp.go compilation, -O2 -g
FAIL: go.test/test/cmplxdivide.go
FAIL: go.test/test/complit.go compilation, -O2 -g
FAIL: go.test/test/compos.go compilation, -O2 -g
FAIL: go.test/test/const.go compilation, -O2 -g
FAIL: go.test/test/const3.go compilation, -O2 -g
FAIL: go.test/test/const4.go compilation, -O2 -g
FAIL: go.test/test/convT2X.go compilation, -O2 -g
FAIL: go.test/test/convert.go compilation, -O2 -g
FAIL: go.test/test/copy.go compilation, -O2 -g
FAIL: go.test/test/crlf.go -O (test for excess errors)
FAIL: go.test/test/crlf.go execution
FAIL: go.test/test/ddd.go compilation, -O2 -g
FAIL: go.test/test/ddd2.dir/ddd3.go compilation, -O2 -g
FAIL: go.test/test/decl.go compilation, -O2 -g
FAIL: go.test/test/defer.go compilation, -O2 -g
FAIL: go.test/test/deferfin.go compilation, -O2 -g
FAIL: go.test/test/deferprint.go -O (test for excess errors)
FAIL: go.test/test/deferprint.go execution
FAIL: go.test/test/divide.go compilation, -O2 -g
FAIL: go.test/test/divmod.go compilation, -O2 -g
FAIL: go.test/test/dwarf/dwarf.dir/main.go compilation, -O2 -g
FAIL: go.test/test/dwarf/linedirectives.go compilation, -O2 -g
FAIL: go.test/test/env.go compilation, -O2 -g
FAIL: go.test/test/escape.go compilation, -O2 -g
FAIL: go.test/test/escape3.go compilation, -O2 -g
FAIL: go.test/test/fixedbugs/bug000.go compilation, -O2 -g
FAIL: go.test/test/fixedbugs/bug002.go compilation, -O2 -g
FAIL: go.test/test/fixedbugs/bug003.go compilation, -O2 -g
FAIL: go.test/test/fixedbugs/bug004.go compilation, -O2 -g
FAIL: go.test/test/fixedbugs/bug005.go compilation, -O2 -g
FAIL: go.test/test/fixedbugs/bug006.go compilation, -O2 -g
FAIL: go.test/test/fixedbugs/bug007.go compilation, -O2 -g
FAIL: go.test/test/fixedbugs/bug008.go compilation, -O2 -g
FAIL: go.test/test/fixedbugs/bug009.go compilation, -O2 -g
FAIL: go.test/test/fixedbugs/bug010.go compilation, -O2 -g
FAIL: go.test/test/fixedbugs/bug011.go compilation, -O2 -g
FAIL: go.test/test/fixedbugs/bug012.go compilation, -O2 -g
FAIL: go.test/test/fixedbugs/bug013.go compilation, -O2 -g
FAIL: go.test/test/fixedbugs/bug017.go compilation, -O2 -g
FAIL: go.test/test/fixedbugs/bug021.go compilation, -O2 -g
FAIL: go.test/test/fixedbugs/bug023.go compilation, -O2 -g
FAIL: go.test/test/fixedbugs/bug024.go compilation, -O2 -g
FAIL: go.test/test/fixedbugs/bug026.go compilation, -O2 -g
FAIL: go.test/test/fixedbugs/bug027.go compilation, -O2 -g
FAIL: go.test/test/fixedbugs/bug028.go compilation, -O2 -g
FAIL: go.test/test/fixedbugs/bug031.go compilation, -O2 -g
FAIL: go.test/test/fixedbugs/bug045.go compilation, -O2 -g
FAIL: go.test/test/fixedbugs/bug047.go compilation, -O2 -g
FAIL: go.test/test/fixedbugs/bug048.go compilation, -O2 -g
FAIL: go.test/test/fixedbugs/bug052.go compilation, -O2 -g
FAIL: go.test/test/fixedbugs/bug053.go compilation, -O2 -g
FAIL: go.test/test/fixedbugs/bug054.go compilation, -O2 -g
FAIL: go.test/test/fixedbugs/bug055.go compilation, -O2 -g
FAIL: go.test/test/fixedbugs/bug056.go compilation, -O2 -g
FAIL: go.test/test/fixedbugs/bug058.go compilation, -O2 -g
FAIL: go.test/test/fixedbugs/bug059.go compilation, -O2 -g
FAIL: go.test/test/fixedbugs/bug060.go compilation, -O2 -g
FAIL: go.test/test/fixedbugs/bug061.go compilation, -O2 -g
FAIL: go.test/test/fixedbugs/bug065.go compilation, -O2 -g
FAIL: go.test/test/fixedbugs/bug067.go compilation, -O2 -g
FAIL: go.test/test/fixedbugs/bug070.go compilation, -O2 -g
FAIL: go.test/test/fixedbugs/bug075.go compilation, -O2 -g
FAIL: go.test/test/fixedbugs/bug076.go -O (test for excess errors)
FAIL: go.test/test/fixedbugs/bug078.go compilation, -O2 -g
FAIL: go.test/test/fixedbugs/bug082.go compilation, -O2 -g
FAIL: go.test/test/fixedbugs/bug084.go compilation, -O2 -g
FAIL: go.test/test/fixedbugs/bug092.go compilation, -O2 -g
FAIL: go.test/test/fixedbugs/bug093.go compilation, -O2 -g
FAIL: go.test/test/fixedbugs/bug097.go compilation, -O2 -g
FAIL: go.test/test/fixedbugs/bug099.go compilation, -O2 -g
FAIL: go.test/test/fixedbugs/bug101.go compilation, -O2 -g
FAIL: go.test/test/fixedbugs/bug102.go compilation, -O2 -g
FAIL: bug107.go -O (test for excess errors)
FAIL: go.test/test/fixedbugs/bug110.go -O (test for excess errors)
FAIL: go.test/test/fixedbugs/bug111.go compilation, -O2 -g
FAIL: go.test/test/fixedbugs/bug113.go compilation, -O2 -g
FAIL: go.test/test/fixedbugs/bug114.go compilation, -O2 -g
FAIL: go.test/test/fixedbugs/bug116.go compilation, -O2 -g
FAIL: go.test/test/fixedbugs/bug119.go compilation, -O2 -g
FAIL: go.test/test/fixedbugs/bug120.go compilation, -O2 -g
FAIL: go.test/test/fixedbugs/bug128.go compilation, -O2 -g
FAIL: go.test/test/fixedbugs/bug129.go -O (test for excess errors)
FAIL: go.test/test/fixedbugs/bug130.go compilation, -O2 -g
FAIL: go.test/test/fixedbugs/bug141.go compilation, -O2 -g
FAIL: go.test/test/fixedbugs/bug142.go compilation, -O2 -g
FAIL: go.test/test/fixedbugs/bug147.go compilation, -O2 -g
FAIL: go.test/test/fixedbugs/bug148.go compilation, -O2 -g
FAIL: go.test/test/fixedbugs/bug1515.go compilation, -O2 -g
FAIL: go.test/test/fixedbugs/bug152.go compilation, -O2 -g
FAIL: go.test/test/fixedbugs/bug154.go compilation, -O2 -g
FAIL: go.test/test/fixedbugs/bug155.go -O (test for excess errors)
FAIL: go.test/test/fixedbugs/bug159.go compilation, -O2 -g
FAIL: go.test/test/fixedbugs/bug160.dir/y.go compilation, -O2 -g
FAIL: go.test/test/fixedbugs/bug167.go -O (test for excess errors)
FAIL: go.test/test/fixedbugs/bug168.go compilation, -O2 -g
FAIL: go.test/test/fixedbugs/bug177.go compilation, -O2 -g
FAIL: go.test/test/fixedbugs/bug178.go compilation, -O2 -g
FAIL: go.test/test/fixedbugs/bug180.go compilation, -O2 -g
FAIL: go.test/test/fixedbugs/bug184.go compilation, -O2 -g
FAIL: go.test/test/fixedbugs/bug185.go compilation, -O2 -g
FAIL: go.test/test/fixedbugs/bug187.go compilation, -O2 -g
FAIL: bug188.go -O (test for errors, line 14)
FAIL: bug188.go -O (test for excess errors)
FAIL: go.test/test/fixedbugs/bug191.dir/main.go compilation, -O2 -g
FAIL: bug192.go -O (test for errors, line 9)
FAIL: bug192.go -O (test for errors, line 11)
FAIL: bug192.go -O (test for excess errors)
FAIL: go.test/test/fixedbugs/bug194.go compilation, -O2 -g
FAIL: go.test/test/fixedbugs/bug196.go compilation, -O2 -g
FAIL: go.test/test/fixedbugs/bug199.go compilation, -O2 -g
FAIL: go.test/test/fixedbugs/bug201.go compilation, -O2 -g
FAIL: go.test/test/fixedbugs/bug202.go compilation, -O2 -g
FAIL: go.test/test/fixedbugs/bug203.go compilation, -O2 -g
FAIL: go.test/test/fixedbugs/bug204.go compilation, -O2 -g
FAIL: go.test/test/fixedbugs/bug206.go -O (test for excess errors)
FAIL: go.test/test/fixedbugs/bug206.go execution
FAIL: go.test/test/fixedbugs/bug207.go compilation, -O2 -g
FAIL: go.test/test/fixedbugs/bug221.go compilation, -O2 -g
FAIL: go.test/test/fixedbugs/bug225.go compilation, -O2 -g
FAIL: go.test/test/fixedbugs/bug227.go compilation, -O2 -g
FAIL: bug229.go -O (test for errors, line 17)
FAIL: bug229.go -O (test for errors, line 19)
FAIL: bug229.go -O (test for excess errors)
FAIL: go.test/test/fixedbugs/bug230.go compilation, -O2 -g
FAIL: go.test/test/fixedbugs/bug233.go -O (test for excess errors)
FAIL: go.test/test/fixedbugs/bug234.go compilation, -O2 -g
FAIL: go.test/test/fixedbugs/bug236.go compilation, -O2 -g
FAIL: go.test/test/fixedbugs/bug237.go compilation, -O2 -g
FAIL: go.test/test/fixedbugs/bug242.go compilation, -O2 -g
FAIL: go.test/test/fixedbugs/bug243.go compilation, -O2 -g
FAIL: go.test/test/fixedbugs/bug244.go compilation, -O2 -g
FAIL: go.test/test/fixedbugs/bug246.go compilation, -O2 -g
FAIL: go.test/test/fixedbugs/bug247.go compilation, -O2 -g
FAIL: go.test/test/fixedbugs/bug248.dir/bug2.go -O (test for excess errors)
FAIL: go.test/test/fixedbugs/bug248.go
FAIL: go.test/test/fixedbugs/bug253.go compilation, -O2 -g
FAIL: go.test/test/fixedbugs/bug254.go compilation, -O2 -g
FAIL: go.test/test/fixedbugs/bug257.go compilation, -O2 -g
FAIL: go.test/test/fixedbugs/bug258.go compilation, -O2 -g
FAIL: go.test/test/fixedbugs/bug259.go compilation, -O2 -g
FAIL: go.test/test/fixedbugs/bug260.go compilation, -O2 -g
FAIL: go.test/test/fixedbugs/bug261.go compilation, -O2 -g
FAIL: go.test/test/fixedbugs/bug262.go compilation, -O2 -g
FAIL: go.test/test/fixedbugs/bug263.go compilation, -O2 -g
FAIL: go.test/test/fixedbugs/bug264.go compilation, -O2 -g
FAIL: go.test/test/fixedbugs/bug265.go compilation, -O2 -g
FAIL: go.test/test/fixedbugs/bug266.go compilation, -O2 -g
FAIL: go.test/test/fixedbugs/bug269.go compilation, -O2 -g
FAIL: go.test/test/fixedbugs/bug271.go compilation, -O2 -g
FAIL: go.test/test/fixedbugs/bug272.go compilation, -O2 -g
FAIL: go.test/test/fixedbugs/bug273.go compilation, -O2 -g
FAIL: go.test/test/fixedbugs/bug276.go compilation, -O2 -g
FAIL: go.test/test/fixedbugs/bug279.go compilation, -O2 -g
FAIL: go.test/test/fixedbugs/bug281.go compilation, -O2 -g
FAIL: go.test/test/fixedbugs/bug285.go compilation, -O2 -g
FAIL: go.test/test/fixedbugs/bug286.go compilation, -O2 -g
FAIL: go.test/test/fixedbugs/bug290.go compilation, -O2 -g
FAIL: go.test/test/fixedbugs/bug291.go compilation, -O2 -g
FAIL: go.test/test/fixedbugs/bug292.go compilation, -O2 -g
FAIL: go.test/test/fixedbugs/bug293.go compilation, -O2 -g
FAIL: go.test/test/fixedbugs/bug294.go compilation, -O2 -g
FAIL: go.test/test/fixedbugs/bug295.go compilation, -O2 -g
FAIL: go.test/test/fixedbugs/bug296.go compilation, -O2 -g
FAIL: go.test/test/fixedbugs/bug303.go compilation, -O2 -g
FAIL: go.test/test/fixedbugs/bug308.go -O (test for excess errors)
FAIL: go.test/test/fixedbugs/bug311.go compilation, -O2 -g
FAIL: go.test/test/fixedbugs/bug312.go compilation, -O2 -g
FAIL: a.go -O (test for excess errors)
FAIL: go.test/test/fixedbugs/bug314.go compilation, -O2 -g
FAIL: go.test/test/fixedbugs/bug317.go compilation, -O2 -g
FAIL: go.test/test/fixedbugs/bug320.go compilation, -O2 -g
FAIL: go.test/test/fixedbugs/bug321.go compilation, -O2 -g
FAIL: go.test/test/fixedbugs/bug322.dir/main.go compilation, -O2 -g
FAIL: go.test/test/fixedbugs/bug324.dir/prog.go compilation, -O2 -g
FAIL: go.test/test/fixedbugs/bug327.go compilation, -O2 -g
FAIL: go.test/test/fixedbugs/bug328.go -O (test for excess errors)
FAIL: go.test/test/fixedbugs/bug328.go execution
FAIL: go.test/test/fixedbugs/bug329.go compilation, -O2 -g
FAIL: go.test/test/fixedbugs/bug331.go compilation, -O2 -g
FAIL: go.test/test/fixedbugs/bug333.go compilation, -O2 -g
FAIL: go.test/test/fixedbugs/bug336.go compilation, -O2 -g
FAIL: go.test/test/fixedbugs/bug339.go compilation, -O2 -g
FAIL: go.test/test/fixedbugs/bug341.go compilation, -O2 -g
FAIL: go.test/test/fixedbugs/bug343.go compilation, -O2 -g
FAIL: bug344.go -O (test for excess errors)
FAIL: main.go -O (test for errors, line 25)
FAIL: main.go -O (test for errors, line 27)
FAIL: main.go -O (test for excess errors)
FAIL: go.test/test/fixedbugs/bug346.go compilation, -O2 -g
FAIL: go.test/test/fixedbugs/bug347.go compilation, -O0 -g
FAIL: go.test/test/fixedbugs/bug348.go compilation, -O0 -g
FAIL: go.test/test/fixedbugs/bug352.go compilation, -O2 -g
FAIL: bug353.go -O (test for errors, line 16)
FAIL: bug353.go -O (test for excess errors)
FAIL: go.test/test/fixedbugs/bug355.go compilation, -O2 -g
FAIL: go.test/test/fixedbugs/bug356.go compilation, -O2 -g
FAIL: bug358.go -O (test for errors, line 13)
FAIL: bug358.go -O (test for errors, line 15)
FAIL: bug358.go -O (test for errors, line 19)
FAIL: bug358.go -O (test for excess errors)
FAIL: go.test/test/fixedbugs/bug364.go compilation, -O2 -g
FAIL: go.test/test/fixedbugs/bug366.go compilation, -O2 -g
FAIL: go.test/test/fixedbugs/bug367.dir/prog.go compilation, -O2 -g
FAIL: go.test/test/fixedbugs/bug368.go compilation, -O2 -g
FAIL: go.test/test/fixedbugs/bug369.go -O (test for excess errors)
FAIL: go.test/test/fixedbugs/bug369.go
FAIL: go.test/test/fixedbugs/bug370.go compilation, -O2 -g
FAIL: go.test/test/fixedbugs/bug372.go compilation, -O2 -g
FAIL: go.test/test/fixedbugs/bug375.go compilation, -O2 -g
FAIL: go.test/test/fixedbugs/bug378.go compilation, -O2 -g
FAIL: bug381.go -O (test for errors, line 30)
FAIL: bug381.go -O (test for excess errors)
FAIL: go.test/test/fixedbugs/bug387.go -O (test for excess errors)
FAIL: bug388.go -O (test for errors, line 13)
FAIL: bug388.go -O (test for errors, line 18)
FAIL: bug388.go -O (test for excess errors)
FAIL: go.test/test/fixedbugs/bug401.go compilation, -O2 -g
FAIL: go.test/test/fixedbugs/bug402.go compilation, -O2 -g
FAIL: go.test/test/fixedbugs/bug405.go compilation, -O2 -g
FAIL: go.test/test/fixedbugs/bug406.go compilation, -O2 -g
FAIL: go.test/test/fixedbugs/bug409.go -O (test for excess errors)
FAIL: go.test/test/fixedbugs/bug409.go execution
FAIL: go.test/test/fixedbugs/bug414.dir/p1.go -O (test for excess errors)
FAIL: go.test/test/fixedbugs/bug414.dir/prog.go compilation, -O2 -g
FAIL: go.test/test/fixedbugs/bug423.go compilation, -O2 -g
FAIL: go.test/test/fixedbugs/bug424.dir/main.go compilation, -O2 -g
FAIL: go.test/test/fixedbugs/bug425.go -O (test for excess errors)
FAIL: go.test/test/fixedbugs/bug428.go compilation, -O2 -g
FAIL: bug429.go -O2 -g (test for excess errors)
UNRESOLVED: bug429.go -O2 -g compilation failed to produce executable
FAIL: go.test/test/fixedbugs/bug433.go compilation, -O2 -g
FAIL: go.test/test/fixedbugs/bug434.go compilation, -O2 -g
FAIL: go.test/test/fixedbugs/bug436.go compilation, -O2 -g
FAIL: go.test/test/fixedbugs/bug437.dir/x.go compilation, -O2 -g
FAIL: go.test/test/fixedbugs/bug440_32.go compilation, -O2 -g
FAIL: go.test/test/fixedbugs/bug440_64.go compilation, -O2 -g
FAIL: go.test/test/fixedbugs/bug441.go compilation, -O2 -g
FAIL: go.test/test/fixedbugs/bug442.go compilation, -O2 -g
FAIL: go.test/test/fixedbugs/bug444.go compilation, -O2 -g
FAIL: go.test/test/fixedbugs/bug446.go compilation, -O2 -g
FAIL: go.test/test/fixedbugs/bug447.go -O (test for excess errors)
FAIL: go.test/test/fixedbugs/bug447.go execution
FAIL: go.test/test/fixedbugs/bug449.go -O (test for excess errors)
FAIL: go.test/test/fixedbugs/bug449.go execution
FAIL: go.test/test/fixedbugs/bug450.go compilation, -O2 -g
FAIL: go.test/test/fixedbugs/bug452.go compilation, -O2 -g
FAIL: go.test/test/fixedbugs/bug453.go compilation, -O2 -g
FAIL: go.test/test/fixedbugs/bug454.go compilation, -O2 -g
FAIL: go.test/test/fixedbugs/bug455.go compilation, -O2 -g
FAIL: go.test/test/fixedbugs/bug456.go compilation, -O2 -g
FAIL: go.test/test/fixedbugs/bug457.go compilation, -O2 -g
FAIL: go.test/test/fixedbugs/bug461.go compilation, -O2 -g
FAIL: bug462.go -O (test for errors, line 17)
FAIL: bug462.go -O (test for excess errors)
FAIL: go.test/test/fixedbugs/bug465.dir/b.go compilation, -O2 -g
FAIL: go.test/test/fixedbugs/bug466.dir/b.go compilation, -O2 -g
FAIL: go.test/test/fixedbugs/bug468.dir/p2.go compilation, -O2 -g
FAIL: go.test/test/fixedbugs/bug470.go compilation, -O2 -g
FAIL: go.test/test/fixedbugs/bug472.dir/p1.go -O (test for excess errors)
FAIL: go.test/test/fixedbugs/bug472.dir/p2.go -O (test for excess errors)
FAIL: go.test/test/fixedbugs/bug472.dir/z.go compilation, -O2 -g
FAIL: go.test/test/fixedbugs/bug473.go compilation, -O2 -g
FAIL: go.test/test/fixedbugs/bug474.go compilation, -O2 -g
FAIL: go.test/test/fixedbugs/bug479.dir/b.go compilation, -O2 -g
FAIL: go.test/test/fixedbugs/issue2615.go compilation, -O2 -g
FAIL: go.test/test/fixedbugs/issue4066.go compilation, -O2 -g
FAIL: go.test/test/fixedbugs/issue4085b.go compilation, -O2 -g
FAIL: go.test/test/fixedbugs/issue4167.go compilation, -O2 -g
FAIL: go.test/test/fixedbugs/issue4252.dir/main.go compilation, -O2 -g
FAIL: go.test/test/fixedbugs/issue4313.go compilation, -O2 -g
FAIL: go.test/test/fixedbugs/issue4316.go compilation, -O2 -g
FAIL: go.test/test/fixedbugs/issue4353.go compilation, -O2 -g
FAIL: go.test/test/fixedbugs/issue4396a.go compilation, -O2 -g
FAIL: go.test/test/fixedbugs/issue4396b.go compilation, -O2 -g
FAIL: go.test/test/fixedbugs/issue4448.go compilation, -O2 -g
FAIL: go.test/test/fixedbugs/issue4495.go compilation, -O2 -g
FAIL: f1.go -O (test for errors, line 7)
FAIL: f1.go -O (test for excess errors)
FAIL: issue4517d.go -O (test for excess errors)
FAIL: go.test/test/fixedbugs/issue4518.go compilation, -O2 -g
FAIL: issue4545.go -O (test for excess errors)
FAIL: go.test/test/fixedbugs/issue4562.go compilation, -O2 -g
FAIL: go.test/test/fixedbugs/issue4585.go compilation, -O2 -g
FAIL: go.test/test/fixedbugs/issue4590.dir/prog.go compilation, -O2 -g
FAIL: go.test/test/fixedbugs/issue4618.go compilation, -O2 -g
FAIL: go.test/test/fixedbugs/issue4620.go compilation, -O2 -g
FAIL: go.test/test/fixedbugs/issue4667.go compilation, -O2 -g
FAIL: go.test/test/fixedbugs/issue4748.go compilation, -O2 -g
FAIL: go.test/test/fixedbugs/issue4752.go compilation, -O2 -g
FAIL: go.test/test/fixedbugs/issue4785.go compilation, -O2 -g
FAIL: go.test/test/fixedbugs/issue4909b.go -O (test for excess errors)
FAIL: go.test/test/fixedbugs/issue4909b.go execution
FAIL: go.test/test/fixedbugs/issue4964.dir/b.go compilation, -O2 -g
FAIL: go.test/test/fixedbugs/issue5002.go -O (test for excess errors)
FAIL: go.test/test/fixedbugs/issue5056.go compilation, -O2 -g
FAIL: issue5089.go -O (test for errors, line 13)
FAIL: issue5089.go -O (test for excess errors)
FAIL: go.test/test/fixedbugs/issue5105.dir/b.go compilation, -O2 -g
FAIL: go.test/test/fixedbugs/issue5162.go -O (test for excess errors)
FAIL: go.test/test/fixedbugs/issue5162.go execution
FAIL: go.test/test/fixedbugs/issue5244.go compilation, -O2 -g
FAIL: go.test/test/fixedbugs/issue5260.dir/b.go compilation, -O2 -g
FAIL: go.test/test/fixedbugs/issue5291.dir/pkg1.go -O (test for excess
errors)
FAIL: go.test/test/fixedbugs/issue5291.dir/prog.go compilation, -O2 -g
FAIL: go.test/test/fixedbugs/issue5493.go compilation, -O2 -g
FAIL: go.test/test/fixedbugs/issue5515.go compilation, -O2 -g
FAIL: issue5581.go -O (test for excess errors)
FAIL: go.test/test/fixedbugs/issue5607.go compilation, -O2 -g
FAIL: go.test/test/fixedbugs/issue5704.go compilation, -O2 -g
FAIL: go.test/test/fixedbugs/issue5753.go compilation, -O2 -g
FAIL: go.test/test/fixedbugs/issue5809.go compilation, -O2 -g
FAIL: go.test/test/fixedbugs/issue5820.go compilation, -O2 -g
FAIL: go.test/test/fixedbugs/issue5841.go -O (test for excess errors)
FAIL: go.test/test/fixedbugs/issue5856.go compilation, -O2 -g
FAIL: c.go -O (test for errors, line 4)
FAIL: c.go -O (test for errors, line 5)
FAIL: c.go -O (test for errors, line 6)
FAIL: c.go -O (test for errors, line 7)
FAIL: c.go -O (test for errors, line 9)
FAIL: c.go -O (test for excess errors)
FAIL: go.test/test/fixedbugs/issue5963.go compilation, -O2 -g
FAIL: go.test/test/fixedbugs/issue6055.go compilation, -O2 -g
FAIL: go.test/test/fixedbugs/issue6269.go compilation, -O2 -g
FAIL: go.test/test/fixedbugs/issue6789.dir/b.go compilation, -O2 -g
FAIL: go.test/test/fixedbugs/issue6899.go -O (test for excess errors)
FAIL: go.test/test/fixedbugs/issue6899.go execution
FAIL: go.test/test/float_lit.go compilation, -O2 -g
FAIL: go.test/test/floatcmp.go compilation, -O2 -g
FAIL: go.test/test/for.go compilation, -O2 -g
FAIL: go.test/test/func.go compilation, -O2 -g
FAIL: go.test/test/func5.go compilation, -O2 -g
FAIL: go.test/test/func6.go compilation, -O2 -g
FAIL: go.test/test/func7.go compilation, -O2 -g
FAIL: go.test/test/func8.go compilation, -O2 -g
FAIL: go.test/test/gc.go compilation, -O2 -g
FAIL: go.test/test/gc1.go compilation, -O2 -g
FAIL: go.test/test/gc2.go compilation, -O2 -g
FAIL: go.test/test/goprint.go -O (test for excess errors)
FAIL: go.test/test/goprint.go execution
FAIL: go.test/test/helloworld.go -O (test for excess errors)
FAIL: go.test/test/helloworld.go execution
FAIL: go.test/test/if.go compilation, -O2 -g
FAIL: go.test/test/import.go -O (test for excess errors)
FAIL: import1.go -O (test for errors, line 12)
FAIL: import1.go -O (test for errors, line 13)
FAIL: import1.go -O (test for errors, line 16)
FAIL: import1.go -O (test for errors, line 17)
FAIL: import1.go -O (test for excess errors)
FAIL: import4.go -O (test for errors, line 12)
FAIL: import4.go -O (test for errors, line 15)
FAIL: import4.go -O (test for errors, line 18)
FAIL: import4.go -O (test for errors, line 21)
FAIL: import4.go -O (test for errors, line 22)
FAIL: import4.go -O (test for errors, line 23)
FAIL: import4.go -O (test for excess errors)
FAIL: import5.go -O (test for excess errors)
FAIL: go.test/test/index0.go -O (test for excess errors)
FAIL: go.test/test/index0.go execution
FAIL: go.test/test/index1.go -O (test for excess errors)
FAIL: go.test/test/index1.go execution
FAIL: go.test/test/index2.go -O (test for excess errors)
FAIL: go.test/test/index2.go execution
FAIL: go.test/test/indirect.go compilation, -O2 -g
FAIL: init.go -O (test for errors, line 19)
FAIL: init.go -O (test for excess errors)
FAIL: go.test/test/initcomma.go compilation, -O2 -g
FAIL: go.test/test/initialize.go compilation, -O2 -g
FAIL: go.test/test/int_lit.go compilation, -O2 -g
FAIL: go.test/test/intcvt.go compilation, -O2 -g
FAIL: go.test/test/interface/bigdata.go compilation, -O2 -g
FAIL: go.test/test/interface/convert.go compilation, -O2 -g
FAIL: go.test/test/interface/convert1.go compilation, -O2 -g
FAIL: go.test/test/interface/convert2.go compilation, -O2 -g
FAIL: go.test/test/interface/embed.go compilation, -O2 -g
FAIL: go.test/test/interface/embed1.dir/embed1.go compilation, -O2 -g
FAIL: embed2.go -O (test for excess errors)
FAIL: go.test/test/interface/fail.go compilation, -O2 -g
FAIL: go.test/test/interface/fake.go compilation, -O2 -g
FAIL: go.test/test/interface/noeq.go compilation, -O2 -g
FAIL: go.test/test/interface/receiver.go compilation, -O2 -g
FAIL: go.test/test/interface/returntype.go compilation, -O2 -g
FAIL: go.test/test/interface/struct.go compilation, -O2 -g
FAIL: go.test/test/iota.go compilation, -O2 -g
FAIL: go.test/test/ken/array.go compilation, -O2 -g
FAIL: go.test/test/ken/chan.go compilation, -O2 -g
FAIL: go.test/test/ken/chan1.go compilation, -O2 -g
FAIL: go.test/test/ken/complit.go compilation, -O2 -g
FAIL: go.test/test/ken/convert.go compilation, -O2 -g
FAIL: go.test/test/ken/cplx0.go -O (test for excess errors)
FAIL: go.test/test/ken/cplx0.go execution
FAIL: go.test/test/ken/cplx1.go compilation, -O2 -g
FAIL: go.test/test/ken/cplx2.go compilation, -O2 -g
FAIL: go.test/test/ken/cplx3.go compilation, -O2 -g
FAIL: go.test/test/ken/cplx4.go compilation, -O2 -g
FAIL: go.test/test/ken/cplx5.go compilation, -O2 -g
FAIL: go.test/test/ken/divconst.go compilation, -O2 -g
FAIL: go.test/test/ken/divmod.go compilation, -O2 -g
FAIL: go.test/test/ken/embed.go compilation, -O2 -g
FAIL: go.test/test/ken/for.go compilation, -O2 -g
FAIL: go.test/test/ken/interbasic.go compilation, -O2 -g
FAIL: go.test/test/ken/interfun.go compilation, -O2 -g
FAIL: go.test/test/ken/intervar.go compilation, -O2 -g
FAIL: go.test/test/ken/label.go compilation, -O2 -g
FAIL: go.test/test/ken/litfun.go compilation, -O2 -g
FAIL: go.test/test/ken/mfunc.go compilation, -O2 -g
FAIL: go.test/test/ken/modconst.go compilation, -O2 -g
FAIL: go.test/test/ken/ptrfun.go compilation, -O2 -g
FAIL: go.test/test/ken/ptrvar.go compilation, -O2 -g
FAIL: go.test/test/ken/range.go compilation, -O2 -g
FAIL: go.test/test/ken/rob1.go compilation, -O2 -g
FAIL: go.test/test/ken/rob2.go compilation, -O2 -g
FAIL: go.test/test/ken/robfor.go compilation, -O2 -g
FAIL: go.test/test/ken/robfunc.go compilation, -O2 -g
FAIL: go.test/test/ken/shift.go compilation, -O2 -g
FAIL: go.test/test/ken/simparray.go compilation, -O2 -g
FAIL: go.test/test/ken/simpbool.go compilation, -O2 -g
FAIL: go.test/test/ken/simpconv.go compilation, -O2 -g
FAIL: go.test/test/ken/simpfun.go compilation, -O2 -g
FAIL: go.test/test/ken/simpswitch.go compilation, -O2 -g
FAIL: go.test/test/ken/simpvar.go compilation, -O2 -g
FAIL: go.test/test/ken/slicearray.go compilation, -O2 -g
FAIL: go.test/test/ken/sliceslice.go compilation, -O2 -g
FAIL: go.test/test/ken/string.go -O (test for excess errors)
FAIL: go.test/test/ken/string.go execution
FAIL: go.test/test/ken/strvar.go compilation, -O2 -g
FAIL: go.test/test/literal.go compilation, -O2 -g
FAIL: go.test/test/mallocfin.go compilation, -O2 -g
FAIL: go.test/test/map.go compilation, -O2 -g
FAIL: go.test/test/mapnan.go compilation, -O2 -g
FAIL: go.test/test/method.go compilation, -O2 -g
FAIL: go.test/test/method3.go compilation, -O2 -g
FAIL: go.test/test/method4.dir/prog.go compilation, -O2 -g
FAIL: go.test/test/method5.go compilation, -O2 -g
FAIL: go.test/test/named.go compilation, -O2 -g
FAIL: go.test/test/nil.go compilation, -O2 -g
FAIL: go.test/test/nul1.go -O (test for excess errors)
FAIL: go.test/test/nul1.go execution
FAIL: go.test/test/printbig.go -O (test for excess errors)
FAIL: go.test/test/printbig.go execution
FAIL: go.test/test/range.go compilation, -O2 -g
FAIL: go.test/test/recover.go compilation, -O2 -g
FAIL: go.test/test/recover1.go compilation, -O2 -g
FAIL: go.test/test/recover2.go compilation, -O2 -g
FAIL: go.test/test/recover3.go compilation, -O2 -g
FAIL: go.test/test/rename.go compilation, -O2 -g
FAIL: go.test/test/reorder.go compilation, -O2 -g
FAIL: go.test/test/reorder2.go compilation, -O2 -g
FAIL: runtime.go -O (test for errors, line 20)
FAIL: runtime.go -O (test for excess errors)
FAIL: go.test/test/sieve.go -O (test for excess errors)
FAIL: go.test/test/sigchld.go -O (test for excess errors)
FAIL: go.test/test/sigchld.go execution
FAIL: go.test/test/simassign.go compilation, -O2 -g
FAIL: go.test/test/sizeof.go compilation, -O2 -g
FAIL: go.test/test/slice3.go -O (test for excess errors)
FAIL: go.test/test/slice3.go execution
FAIL: go.test/test/solitaire.go -O (test for excess errors)
FAIL: go.test/test/string_lit.go compilation, -O2 -g
FAIL: go.test/test/stringrange.go compilation, -O2 -g
FAIL: go.test/test/struct0.go compilation, -O2 -g
FAIL: go.test/test/switch.go compilation, -O2 -g
FAIL: import.go -O (test for excess errors)
FAIL: go.test/test/turing.go compilation, -O2 -g
FAIL: go.test/test/typeswitch.go compilation, -O2 -g
FAIL: go.test/test/typeswitch1.go compilation, -O2 -g
FAIL: typeswitch2.go -O (test for excess errors)
FAIL: typeswitch3.go -O (test for excess errors)
FAIL: go.test/test/utf.go compilation, -O2 -g
FAIL: go.test/test/varinit.go compilation, -O2 -g
FAIL: go.test/test/zerodivide.go compilation, -O2 -g
=== go Summary ===
# of expected passes 1767
# of unexpected failures 747
# of unresolved testcases 1
# of untested testcases 630
# of unsupported tests 3
=== obj-c++ tests ===
Running target unix
=== obj-c++ Summary ===
# of expected passes 1435
# of expected failures 10
# of unsupported tests 77
/usr/local/build/gcc-7.2.0_SunOS5.10_sparc64vii+.009/gcc/testsuite/obj-c++/../../xg++
version 7.2.0 (genunix Thu Aug 24 11:51:52 GMT 2017)
=== objc tests ===
Running target unix
=== objc Summary ===
# of expected passes 2787
# of unsupported tests 68
/usr/local/build/gcc-7.2.0_SunOS5.10_sparc64vii+.009/gcc/xgcc version
7.2.0 (genunix Thu Aug 24 11:51:52 GMT 2017)
=== libatomic tests ===
Running target unix
=== libatomic Summary ===
# of expected passes 54
=== libffi tests ===
Running target unix
=== libffi Summary ===
# of expected passes 2214
=== libgomp tests ===
Running target unix
=== libgomp Summary ===
# of expected passes 1756
# of unsupported tests 212
=== libstdc++ tests ===
Running target unix
FAIL: experimental/filesystem/operations/last_write_time.cc execution test
=== libstdc++ Summary ===
# of expected passes 10798
# of unexpected failures 1
# of expected failures 67
# of unsupported tests 645
Compiler version: 7.2.0 (genunix Thu Aug 24 11:51:52 GMT 2017)
Platform: sparc64-sun-solaris2.10
configure flags: --build=sparc64-sun-solaris2.10
--target=sparc64-sun-solaris2.10 --host=sparc64-sun-solaris2.10
--prefix=/usr/local/gcc7 --without-gnu-as --without-gnu-ld
--with-as=/usr/ccs/bin/as --with-ld=/usr/ccs/bin/sparcv9/ld
--disable-nls --enable-threads=posix --enable-shared
--with-gmp=/usr/local --with-mpfr=/usr/local --with-mpc=/usr/local
--with-isl=/usr/local --with-build-time-tools=/usr/local/bin
--with-cpu=v9 --enable-bootstrap --enable-stage1-languages=c,c++
--enable-stage1-checking=misc
--enable-languages=ada,c,c++,fortran,go,lto,objc,obj-c++
--with-pkgversion='genunix Thu Aug 24 11:51:52 GMT 2017'
EOF
More information about the Gcc-testresults
mailing list