Results for 8.0.0 20170825 (experimental) [trunk revision 251347] (GCC) testsuite on x86_64-pc-solaris2.11
Rainer Orth
ro@CeBiTec.Uni-Bielefeld.DE
Sun Aug 27 07:05:00 GMT 2017
LAST_UPDATED: Fri Aug 25 08:53:48 UTC 2017 (revision 251347)
Native configuration is x86_64-pc-solaris2.11
=== libatomic tests ===
Running target unix/-m32
=== libatomic Summary for unix/-m32 ===
# of expected passes 44
# of unsupported tests 5
Running target unix
=== libatomic Summary for unix ===
# of expected passes 54
=== libatomic Summary ===
# of expected passes 98
# of unsupported tests 5
=== libffi tests ===
Running target unix/-m32
=== libffi Summary for unix/-m32 ===
# of expected passes 2799
Running target unix
=== libffi Summary for unix ===
# of expected passes 2214
=== libffi Summary ===
# of expected passes 5013
=== libgo tests ===
Running target unix
FAIL: bufio
FAIL: bytes
FAIL: io
FAIL: log
FAIL: net
FAIL: reflect
FAIL: regexp
FAIL: runtime
FAIL: strconv
FAIL: strings
FAIL: sync
FAIL: time
FAIL: archive/zip
FAIL: compress/bzip2
FAIL: compress/flate
FAIL: compress/gzip
FAIL: compress/zlib
FAIL: crypto/ecdsa
FAIL: crypto/elliptic
FAIL: crypto/rand
FAIL: crypto/rc4
FAIL: crypto/rsa
FAIL: crypto/subtle
FAIL: crypto/tls
FAIL: crypto/x509
FAIL: database/sql
FAIL: debug/dwarf
FAIL: debug/elf
FAIL: debug/pe
FAIL: encoding/gob
FAIL: encoding/pem
FAIL: encoding/xml
FAIL: html/template
FAIL: go/build
FAIL: go/doc
FAIL: go/format
FAIL: go/parser
FAIL: go/printer
FAIL: golang_org/x/crypto/chacha20poly1305
FAIL: image/color
FAIL: image/draw
FAIL: image/jpeg
FAIL: image/png
FAIL: index/suffixarray
FAIL: internal/trace
FAIL: log/syslog
FAIL: math/big
FAIL: math/rand
FAIL: mime/multipart
FAIL: mime/quotedprintable
FAIL: net/http
FAIL: net/http/fcgi
FAIL: net/http/httptrace
FAIL: net/http/httputil
FAIL: net/http/internal
FAIL: net/smtp
FAIL: os/exec
FAIL: os/user
FAIL: regexp/syntax
FAIL: runtime/debug
FAIL: runtime/pprof
FAIL: runtime/pprof/internal/protopprof
FAIL: runtime/trace
FAIL: sync/atomic
FAIL: text/template/parse
FAIL: testing/quick
=== libgo Summary for unix ===
# of expected passes 81
# of unexpected failures 66
Running target unix/-m32
FAIL: runtime
FAIL: go/build
=== libgo Summary for unix/-m32 ===
# of expected passes 145
# of unexpected failures 2
=== libgo Summary ===
# of expected passes 226
# of unexpected failures 68
/var/gcc/regression/trunk/11-gcc-gas-64/build/./gcc/gccgo version 8.0.0 20170825 (experimental) [trunk revision 251347] (GCC)
=== libgomp tests ===
Running target unix/-m32
FAIL: libgomp.c++/pr69393.C (test for excess errors)
WARNING: libgomp.c++/pr69393.C compilation failed to produce executable
FAIL: libgomp.fortran/declare-simd-4.f90 -O3 -g (test for excess errors)
WARNING: libgomp.fortran/declare-simd-4.f90 -O3 -g compilation failed to produce executable
=== libgomp Summary for unix/-m32 ===
# of expected passes 5244
# of unexpected failures 2
# of unsupported tests 330
Running target unix
FAIL: libgomp.c++/pr69393.C (test for excess errors)
WARNING: libgomp.c++/pr69393.C compilation failed to produce executable
FAIL: libgomp.fortran/declare-simd-4.f90 -O3 -g (test for excess errors)
WARNING: libgomp.fortran/declare-simd-4.f90 -O3 -g compilation failed to produce executable
=== libgomp Summary for unix ===
# of expected passes 5244
# of unexpected failures 2
# of unsupported tests 330
=== libgomp Summary ===
# of expected passes 10488
# of unexpected failures 4
# of unsupported tests 660
=== libitm tests ===
Running target unix/-m32
=== libitm Summary for unix/-m32 ===
# of expected passes 42
# of expected failures 3
# of unsupported tests 1
Running target unix
=== libitm Summary for unix ===
# of expected passes 42
# of expected failures 3
# of unsupported tests 1
=== libitm Summary ===
# of expected passes 84
# of expected failures 6
# of unsupported tests 2
=== libstdc++ tests ===
Running target unix
=== libstdc++ Summary for unix ===
# of expected passes 10893
# of expected failures 70
# of unsupported tests 628
Running target unix/-m32
FAIL: experimental/memory_resource/resource_adaptor.cc execution test
=== libstdc++ Summary for unix/-m32 ===
# of expected passes 10900
# of unexpected failures 1
# of expected failures 70
# of unsupported tests 624
=== libstdc++ Summary ===
# of expected passes 21793
# of unexpected failures 1
# of expected failures 140
# of unsupported tests 1252
=== acats tests ===
=== acats Summary ===
# of expected passes 2320
# of unexpected failures 0
=== g++ tests ===
Running target unix
UNRESOLVED: g++.dg/lto/20101010-4 cp_lto_20101010-4_0.o-cp_lto_20101010-4_0.o execute -std=c++0x -flto -g -r -nostdlib
FAIL: g++.dg/lto/20101010-4 cp_lto_20101010-4_0.o-cp_lto_20101010-4_0.o link, -std=c++0x -flto -g -r -nostdlib
UNRESOLVED: g++.dg/lto/20101015-2 cp_lto_20101015-2_0.o-cp_lto_20101015-2_0.o execute -g -flto
FAIL: g++.dg/lto/20101015-2 cp_lto_20101015-2_0.o-cp_lto_20101015-2_0.o link, -g -flto
UNRESOLVED: g++.dg/lto/pr42987 cp_lto_pr42987_0.o-cp_lto_pr42987_1.o execute -flto -flto-partition=none -g
UNRESOLVED: g++.dg/lto/pr42987 cp_lto_pr42987_0.o-cp_lto_pr42987_1.o execute -flto -g
FAIL: g++.dg/lto/pr42987 cp_lto_pr42987_0.o-cp_lto_pr42987_1.o link, -flto -flto-partition=none -g
FAIL: g++.dg/lto/pr42987 cp_lto_pr42987_0.o-cp_lto_pr42987_1.o link, -flto -g
UNRESOLVED: g++.dg/lto/pr48207 cp_lto_pr48207_0.o-cp_lto_pr48207_0.o execute -flto -g
FAIL: g++.dg/lto/pr48207 cp_lto_pr48207_0.o-cp_lto_pr48207_0.o link, -flto -g
UNRESOLVED: g++.dg/lto/pr48207-2 cp_lto_pr48207-2_0.o-cp_lto_pr48207-2_0.o execute -flto -g
FAIL: g++.dg/lto/pr48207-2 cp_lto_pr48207-2_0.o-cp_lto_pr48207-2_0.o link, -flto -g
UNRESOLVED: g++.dg/lto/pr48207-3 cp_lto_pr48207-3_0.o-cp_lto_pr48207-3_0.o execute -flto -g
FAIL: g++.dg/lto/pr48207-3 cp_lto_pr48207-3_0.o-cp_lto_pr48207-3_0.o link, -flto -g
UNRESOLVED: g++.dg/lto/pr48354-1 cp_lto_pr48354-1_0.o-cp_lto_pr48354-1_0.o execute -g -flto
FAIL: g++.dg/lto/pr48354-1 cp_lto_pr48354-1_0.o-cp_lto_pr48354-1_0.o link, -g -flto
UNRESOLVED: g++.dg/lto/pr48508-1 cp_lto_pr48508-1_0.o-cp_lto_pr48508-1_1.o execute -g -O2 -flto -flto-partition=none
FAIL: g++.dg/lto/pr48508-1 cp_lto_pr48508-1_0.o-cp_lto_pr48508-1_1.o link, -g -O2 -flto -flto-partition=none
UNRESOLVED: g++.dg/lto/pr51564-1 cp_lto_pr51564-1_0.o-cp_lto_pr51564-1_0.o execute -flto -g
FAIL: g++.dg/lto/pr51564-1 cp_lto_pr51564-1_0.o-cp_lto_pr51564-1_0.o link, -flto -g
UNRESOLVED: g++.dg/lto/pr51567-1 cp_lto_pr51567-1_0.o-cp_lto_pr51567-1_0.o execute -flto -g
FAIL: g++.dg/lto/pr51567-1 cp_lto_pr51567-1_0.o-cp_lto_pr51567-1_0.o link, -flto -g
UNRESOLVED: g++.dg/lto/pr51572-2 cp_lto_pr51572-2_0.o-cp_lto_pr51572-2_0.o execute -g -flto
FAIL: g++.dg/lto/pr51572-2 cp_lto_pr51572-2_0.o-cp_lto_pr51572-2_0.o link, -g -flto
UNRESOLVED: g++.dg/lto/pr51573-1 cp_lto_pr51573-1_0.o-cp_lto_pr51573-1_0.o execute -flto -g
FAIL: g++.dg/lto/pr51573-1 cp_lto_pr51573-1_0.o-cp_lto_pr51573-1_0.o link, -flto -g
UNRESOLVED: g++.dg/lto/pr51650-1 cp_lto_pr51650-1_0.o-cp_lto_pr51650-1_0.o execute -flto -g
FAIL: g++.dg/lto/pr51650-1 cp_lto_pr51650-1_0.o-cp_lto_pr51650-1_0.o link, -flto -g
UNRESOLVED: g++.dg/lto/pr51650-2 cp_lto_pr51650-2_0.o-cp_lto_pr51650-2_0.o execute -flto -g
FAIL: g++.dg/lto/pr51650-2 cp_lto_pr51650-2_0.o-cp_lto_pr51650-2_0.o link, -flto -g
UNRESOLVED: g++.dg/lto/pr51650-3 cp_lto_pr51650-3_0.o-cp_lto_pr51650-3_0.o execute -flto -g
FAIL: g++.dg/lto/pr51650-3 cp_lto_pr51650-3_0.o-cp_lto_pr51650-3_0.o link, -flto -g
UNRESOLVED: g++.dg/lto/pr52605 cp_lto_pr52605_0.o-cp_lto_pr52605_0.o execute -flto -g
FAIL: g++.dg/lto/pr52605 cp_lto_pr52605_0.o-cp_lto_pr52605_0.o link, -flto -g
UNRESOLVED: g++.dg/lto/pr53470 cp_lto_pr53470_0.o-cp_lto_pr53470_0.o execute -g -flto
FAIL: g++.dg/lto/pr53470 cp_lto_pr53470_0.o-cp_lto_pr53470_0.o link, -g -flto
UNRESOLVED: g++.dg/lto/pr65193 cp_lto_pr65193_0.o-cp_lto_pr65193_0.o execute -fPIC -r -nostdlib -flto -O2 -g
FAIL: g++.dg/lto/pr65193 cp_lto_pr65193_0.o-cp_lto_pr65193_0.o link, -fPIC -r -nostdlib -flto -O2 -g
UNRESOLVED: g++.dg/lto/pr65316 cp_lto_pr65316_0.o-cp_lto_pr65316_1.o execute -flto -std=c++11 -g2 -fno-lto-odr-type-merging -O2
FAIL: g++.dg/lto/pr65316 cp_lto_pr65316_0.o-cp_lto_pr65316_1.o link, -flto -std=c++11 -g2 -fno-lto-odr-type-merging -O2
UNRESOLVED: g++.dg/lto/pr65549 cp_lto_pr65549_0.o-cp_lto_pr65549_0.o execute -std=gnu++14 -flto -g
UNRESOLVED: g++.dg/lto/pr65549 cp_lto_pr65549_0.o-cp_lto_pr65549_0.o execute -std=gnu++14 -flto -g -O2 -fno-inline -flto-partition=max
FAIL: g++.dg/lto/pr65549 cp_lto_pr65549_0.o-cp_lto_pr65549_0.o link, -std=gnu++14 -flto -g
FAIL: g++.dg/lto/pr65549 cp_lto_pr65549_0.o-cp_lto_pr65549_0.o link, -std=gnu++14 -flto -g -O2 -fno-inline -flto-partition=max
UNRESOLVED: g++.dg/lto/pr69077 cp_lto_pr69077_0.o-cp_lto_pr69077_1.o execute -O3 -g -flto
FAIL: g++.dg/lto/pr69077 cp_lto_pr69077_0.o-cp_lto_pr69077_1.o link, -O3 -g -flto
UNRESOLVED: g++.dg/lto/pr69137 cp_lto_pr69137_0.o-cp_lto_pr69137_0.o execute -std=c++11 -g -flto
FAIL: g++.dg/lto/pr69137 cp_lto_pr69137_0.o-cp_lto_pr69137_0.o link, -std=c++11 -g -flto
UNRESOLVED: g++.dg/lto/pr79000 cp_lto_pr79000_0.o-cp_lto_pr79000_1.o execute -flto -g
FAIL: g++.dg/lto/pr79000 cp_lto_pr79000_0.o-cp_lto_pr79000_1.o link, -flto -g
=== g++ Summary for unix ===
# of expected passes 110399
# of unexpected failures 25
# of expected failures 379
# of unresolved testcases 25
# of unsupported tests 4332
Running target unix/-m32
FAIL: g++.dg/opt/pr59470.C -std=gnu++11 (test for excess errors)
WARNING: g++.dg/opt/pr59470.C -std=gnu++11 compilation failed to produce executable
FAIL: g++.dg/opt/pr59470.C -std=gnu++14 (test for excess errors)
WARNING: g++.dg/opt/pr59470.C -std=gnu++14 compilation failed to produce executable
FAIL: g++.dg/opt/pr59470.C -std=gnu++98 (test for excess errors)
WARNING: g++.dg/opt/pr59470.C -std=gnu++98 compilation failed to produce executable
FAIL: g++.dg/pr62079.C (internal compiler error)
FAIL: g++.dg/pr62079.C (test for excess errors)
FAIL: g++.dg/template/nontype10.C -std=c++11 (test for excess errors)
FAIL: g++.dg/template/nontype10.C -std=c++14 (test for excess errors)
FAIL: g++.dg/template/nontype10.C -std=c++98 (test for excess errors)
UNRESOLVED: g++.dg/lto/20101010-4 cp_lto_20101010-4_0.o-cp_lto_20101010-4_0.o execute -std=c++0x -flto -g -r -nostdlib
FAIL: g++.dg/lto/20101010-4 cp_lto_20101010-4_0.o-cp_lto_20101010-4_0.o link, -std=c++0x -flto -g -r -nostdlib
UNRESOLVED: g++.dg/lto/20101015-2 cp_lto_20101015-2_0.o-cp_lto_20101015-2_0.o execute -g -flto
FAIL: g++.dg/lto/20101015-2 cp_lto_20101015-2_0.o-cp_lto_20101015-2_0.o link, -g -flto
UNRESOLVED: g++.dg/lto/pr42987 cp_lto_pr42987_0.o-cp_lto_pr42987_1.o execute -flto -flto-partition=none -g
UNRESOLVED: g++.dg/lto/pr42987 cp_lto_pr42987_0.o-cp_lto_pr42987_1.o execute -flto -g
FAIL: g++.dg/lto/pr42987 cp_lto_pr42987_0.o-cp_lto_pr42987_1.o link, -flto -flto-partition=none -g
FAIL: g++.dg/lto/pr42987 cp_lto_pr42987_0.o-cp_lto_pr42987_1.o link, -flto -g
UNRESOLVED: g++.dg/lto/pr48207 cp_lto_pr48207_0.o-cp_lto_pr48207_0.o execute -flto -g
FAIL: g++.dg/lto/pr48207 cp_lto_pr48207_0.o-cp_lto_pr48207_0.o link, -flto -g
UNRESOLVED: g++.dg/lto/pr48207-2 cp_lto_pr48207-2_0.o-cp_lto_pr48207-2_0.o execute -flto -g
FAIL: g++.dg/lto/pr48207-2 cp_lto_pr48207-2_0.o-cp_lto_pr48207-2_0.o link, -flto -g
UNRESOLVED: g++.dg/lto/pr48207-3 cp_lto_pr48207-3_0.o-cp_lto_pr48207-3_0.o execute -flto -g
FAIL: g++.dg/lto/pr48207-3 cp_lto_pr48207-3_0.o-cp_lto_pr48207-3_0.o link, -flto -g
UNRESOLVED: g++.dg/lto/pr48354-1 cp_lto_pr48354-1_0.o-cp_lto_pr48354-1_0.o execute -g -flto
FAIL: g++.dg/lto/pr48354-1 cp_lto_pr48354-1_0.o-cp_lto_pr48354-1_0.o link, -g -flto
UNRESOLVED: g++.dg/lto/pr48508-1 cp_lto_pr48508-1_0.o-cp_lto_pr48508-1_1.o execute -g -O2 -flto -flto-partition=none
FAIL: g++.dg/lto/pr48508-1 cp_lto_pr48508-1_0.o-cp_lto_pr48508-1_1.o link, -g -O2 -flto -flto-partition=none
UNRESOLVED: g++.dg/lto/pr51564-1 cp_lto_pr51564-1_0.o-cp_lto_pr51564-1_0.o execute -flto -g
FAIL: g++.dg/lto/pr51564-1 cp_lto_pr51564-1_0.o-cp_lto_pr51564-1_0.o link, -flto -g
UNRESOLVED: g++.dg/lto/pr51567-1 cp_lto_pr51567-1_0.o-cp_lto_pr51567-1_0.o execute -flto -g
FAIL: g++.dg/lto/pr51567-1 cp_lto_pr51567-1_0.o-cp_lto_pr51567-1_0.o link, -flto -g
UNRESOLVED: g++.dg/lto/pr51572-2 cp_lto_pr51572-2_0.o-cp_lto_pr51572-2_0.o execute -g -flto
FAIL: g++.dg/lto/pr51572-2 cp_lto_pr51572-2_0.o-cp_lto_pr51572-2_0.o link, -g -flto
UNRESOLVED: g++.dg/lto/pr51573-1 cp_lto_pr51573-1_0.o-cp_lto_pr51573-1_0.o execute -flto -g
FAIL: g++.dg/lto/pr51573-1 cp_lto_pr51573-1_0.o-cp_lto_pr51573-1_0.o link, -flto -g
UNRESOLVED: g++.dg/lto/pr51650-1 cp_lto_pr51650-1_0.o-cp_lto_pr51650-1_0.o execute -flto -g
FAIL: g++.dg/lto/pr51650-1 cp_lto_pr51650-1_0.o-cp_lto_pr51650-1_0.o link, -flto -g
UNRESOLVED: g++.dg/lto/pr51650-2 cp_lto_pr51650-2_0.o-cp_lto_pr51650-2_0.o execute -flto -g
FAIL: g++.dg/lto/pr51650-2 cp_lto_pr51650-2_0.o-cp_lto_pr51650-2_0.o link, -flto -g
UNRESOLVED: g++.dg/lto/pr51650-3 cp_lto_pr51650-3_0.o-cp_lto_pr51650-3_0.o execute -flto -g
FAIL: g++.dg/lto/pr51650-3 cp_lto_pr51650-3_0.o-cp_lto_pr51650-3_0.o link, -flto -g
UNRESOLVED: g++.dg/lto/pr52605 cp_lto_pr52605_0.o-cp_lto_pr52605_0.o execute -flto -g
FAIL: g++.dg/lto/pr52605 cp_lto_pr52605_0.o-cp_lto_pr52605_0.o link, -flto -g
UNRESOLVED: g++.dg/lto/pr53470 cp_lto_pr53470_0.o-cp_lto_pr53470_0.o execute -g -flto
FAIL: g++.dg/lto/pr53470 cp_lto_pr53470_0.o-cp_lto_pr53470_0.o link, -g -flto
UNRESOLVED: g++.dg/lto/pr65193 cp_lto_pr65193_0.o-cp_lto_pr65193_0.o execute -fPIC -r -nostdlib -flto -O2 -g
FAIL: g++.dg/lto/pr65193 cp_lto_pr65193_0.o-cp_lto_pr65193_0.o link, -fPIC -r -nostdlib -flto -O2 -g
UNRESOLVED: g++.dg/lto/pr65316 cp_lto_pr65316_0.o-cp_lto_pr65316_1.o execute -flto -std=c++11 -g2 -fno-lto-odr-type-merging -O2
FAIL: g++.dg/lto/pr65316 cp_lto_pr65316_0.o-cp_lto_pr65316_1.o link, -flto -std=c++11 -g2 -fno-lto-odr-type-merging -O2
UNRESOLVED: g++.dg/lto/pr65549 cp_lto_pr65549_0.o-cp_lto_pr65549_0.o execute -std=gnu++14 -flto -g
UNRESOLVED: g++.dg/lto/pr65549 cp_lto_pr65549_0.o-cp_lto_pr65549_0.o execute -std=gnu++14 -flto -g -O2 -fno-inline -flto-partition=max
FAIL: g++.dg/lto/pr65549 cp_lto_pr65549_0.o-cp_lto_pr65549_0.o link, -std=gnu++14 -flto -g
FAIL: g++.dg/lto/pr65549 cp_lto_pr65549_0.o-cp_lto_pr65549_0.o link, -std=gnu++14 -flto -g -O2 -fno-inline -flto-partition=max
UNRESOLVED: g++.dg/lto/pr69077 cp_lto_pr69077_0.o-cp_lto_pr69077_1.o execute -O3 -g -flto
FAIL: g++.dg/lto/pr69077 cp_lto_pr69077_0.o-cp_lto_pr69077_1.o link, -O3 -g -flto
UNRESOLVED: g++.dg/lto/pr69137 cp_lto_pr69137_0.o-cp_lto_pr69137_0.o execute -std=c++11 -g -flto
FAIL: g++.dg/lto/pr69137 cp_lto_pr69137_0.o-cp_lto_pr69137_0.o link, -std=c++11 -g -flto
UNRESOLVED: g++.dg/lto/pr79000 cp_lto_pr79000_0.o-cp_lto_pr79000_1.o execute -flto -g
FAIL: g++.dg/lto/pr79000 cp_lto_pr79000_0.o-cp_lto_pr79000_1.o link, -flto -g
=== g++ Summary for unix/-m32 ===
# of expected passes 109048
# of unexpected failures 33
# of expected failures 379
# of unresolved testcases 25
# of unsupported tests 4097
=== g++ Summary ===
# of expected passes 219447
# of unexpected failures 58
# of expected failures 758
# of unresolved testcases 50
# of unsupported tests 8429
/var/gcc/regression/trunk/11-gcc-gas-64/build/gcc/testsuite/g++/../../xg++ version 8.0.0 20170825 (experimental) [trunk revision 251347] (GCC)
=== gcc tests ===
Running target unix
FAIL: c-c++-common/cilk-plus/CK/cilk-for-2.c -O3 -flto -g (test for excess errors)
WARNING: c-c++-common/cilk-plus/CK/cilk-for-2.c -O3 -flto -g compilation failed to produce executable
FAIL: c-c++-common/cilk-plus/CK/cilk-fors.c -O3 -flto -g (test for excess errors)
WARNING: c-c++-common/cilk-plus/CK/cilk-fors.c -O3 -flto -g compilation failed to produce executable
FAIL: c-c++-common/cilk-plus/CK/cilk_for_grain.c -O3 -flto -g (test for excess errors)
WARNING: c-c++-common/cilk-plus/CK/cilk_for_grain.c -O3 -flto -g compilation failed to produce executable
FAIL: c-c++-common/cilk-plus/CK/cilk_for_ptr_iter.c -O3 -flto -g (test for excess errors)
WARNING: c-c++-common/cilk-plus/CK/cilk_for_ptr_iter.c -O3 -flto -g compilation failed to produce executable
FAIL: c-c++-common/cilk-plus/CK/fib.c -O3 -flto -g (test for excess errors)
WARNING: c-c++-common/cilk-plus/CK/fib.c -O3 -flto -g compilation failed to produce executable
FAIL: c-c++-common/cilk-plus/CK/fib_init_expr_xy.c -O3 -flto -g (test for excess errors)
WARNING: c-c++-common/cilk-plus/CK/fib_init_expr_xy.c -O3 -flto -g compilation failed to produce executable
FAIL: c-c++-common/cilk-plus/CK/fib_no_return.c -O3 -flto -g (test for excess errors)
WARNING: c-c++-common/cilk-plus/CK/fib_no_return.c -O3 -flto -g compilation failed to produce executable
FAIL: c-c++-common/cilk-plus/CK/fib_no_sync.c -O3 -flto -g (test for excess errors)
WARNING: c-c++-common/cilk-plus/CK/fib_no_sync.c -O3 -flto -g compilation failed to produce executable
FAIL: c-c++-common/cilk-plus/CK/nested_cilk_for.c -O3 -flto -g (test for excess errors)
WARNING: c-c++-common/cilk-plus/CK/nested_cilk_for.c -O3 -flto -g compilation failed to produce executable
FAIL: c-c++-common/cilk-plus/CK/pr60586.c -O3 -flto -g (test for excess errors)
WARNING: c-c++-common/cilk-plus/CK/pr60586.c -O3 -flto -g compilation failed to produce executable
FAIL: c-c++-common/cilk-plus/CK/pr69826-1.c -O3 -flto -g (test for excess errors)
WARNING: c-c++-common/cilk-plus/CK/pr69826-1.c -O3 -flto -g compilation failed to produce executable
FAIL: c-c++-common/cilk-plus/CK/pr69826-2.c -O3 -flto -g (test for excess errors)
WARNING: c-c++-common/cilk-plus/CK/pr69826-2.c -O3 -flto -g compilation failed to produce executable
FAIL: c-c++-common/cilk-plus/CK/spawnee_inline.c -O3 -flto -g (test for excess errors)
WARNING: c-c++-common/cilk-plus/CK/spawnee_inline.c -O3 -flto -g compilation failed to produce executable
FAIL: c-c++-common/cilk-plus/CK/spawner_inline.c -O3 -flto -g (test for excess errors)
WARNING: c-c++-common/cilk-plus/CK/spawner_inline.c -O3 -flto -g compilation failed to produce executable
FAIL: c-c++-common/cilk-plus/CK/spawning_arg.c -O3 -flto -g (test for excess errors)
WARNING: c-c++-common/cilk-plus/CK/spawning_arg.c -O3 -flto -g compilation failed to produce executable
FAIL: c-c++-common/cilk-plus/CK/steal_check.c -O3 -flto -g (test for excess errors)
WARNING: c-c++-common/cilk-plus/CK/steal_check.c -O3 -flto -g compilation failed to produce executable
FAIL: c-c++-common/cilk-plus/CK/test__cilk.c -O3 -flto -g (test for excess errors)
WARNING: c-c++-common/cilk-plus/CK/test__cilk.c -O3 -flto -g compilation failed to produce executable
FAIL: c-c++-common/cilk-plus/CK/varargs_test.c -O3 -flto -g (test for excess errors)
WARNING: c-c++-common/cilk-plus/CK/varargs_test.c -O3 -flto -g compilation failed to produce executable
FAIL: gcc.dg/debug/pr41893-1.c -gdwarf-2 (test for excess errors)
FAIL: gcc.dg/debug/pr41893-1.c -gdwarf-2 -O (test for excess errors)
FAIL: gcc.dg/debug/pr41893-1.c -gdwarf-2 -O3 (test for excess errors)
FAIL: gcc.dg/debug/pr41893-1.c -gdwarf-2 -g1 (test for excess errors)
FAIL: gcc.dg/debug/pr41893-1.c -gdwarf-2 -g1 -O (test for excess errors)
FAIL: gcc.dg/debug/pr41893-1.c -gdwarf-2 -g1 -O3 (test for excess errors)
FAIL: gcc.dg/debug/pr41893-1.c -gdwarf-2 -g3 (test for excess errors)
FAIL: gcc.dg/debug/pr41893-1.c -gdwarf-2 -g3 -O (test for excess errors)
FAIL: gcc.dg/debug/pr41893-1.c -gdwarf-2 -g3 -O3 (test for excess errors)
FAIL: gcc.dg/pr43557-1.c (test for excess errors)
FAIL: gcc.dg/visibility-22.c execution test
UNRESOLVED: gcc.dg/lto/20090914-1 c_lto_20090914-1_0.o-c_lto_20090914-1_0.o execute -flto
FAIL: gcc.dg/lto/20090914-1 c_lto_20090914-1_0.o-c_lto_20090914-1_0.o link, -flto
UNRESOLVED: gcc.dg/lto/20100426 c_lto_20100426_0.o-c_lto_20100426_0.o execute -r -nostdlib -flto -g
FAIL: gcc.dg/lto/20100426 c_lto_20100426_0.o-c_lto_20100426_0.o link, -r -nostdlib -flto -g
UNRESOLVED: gcc.dg/lto/20111207-2 c_lto_20111207-2_0.o-c_lto_20111207-2_0.o execute -g -O -flto
FAIL: gcc.dg/lto/20111207-2 c_lto_20111207-2_0.o-c_lto_20111207-2_0.o link, -g -O -flto
UNRESOLVED: gcc.dg/lto/20111213-1 c_lto_20111213-1_0.o-c_lto_20111213-1_0.o execute -flto -g
FAIL: gcc.dg/lto/20111213-1 c_lto_20111213-1_0.o-c_lto_20111213-1_0.o link, -flto -g
UNRESOLVED: gcc.dg/lto/pr51572-1 c_lto_pr51572-1_0.o-c_lto_pr51572-1_0.o execute -flto -g
FAIL: gcc.dg/lto/pr51572-1 c_lto_pr51572-1_0.o-c_lto_pr51572-1_0.o link, -flto -g
UNRESOLVED: gcc.dg/lto/pr53470 c_lto_pr53470_0.o-c_lto_pr53470_0.o execute -flto -g
FAIL: gcc.dg/lto/pr53470 c_lto_pr53470_0.o-c_lto_pr53470_0.o link, -flto -g
UNRESOLVED: gcc.dg/lto/pr59323 c_lto_pr59323_0.o-c_lto_pr59323_0.o execute -O2 -g -flto
FAIL: gcc.dg/lto/pr59323 c_lto_pr59323_0.o-c_lto_pr59323_0.o link, -O2 -g -flto
UNRESOLVED: gcc.dg/lto/pr59323-2 c_lto_pr59323-2_0.o-c_lto_pr59323-2_0.o execute -O2 -g -flto
FAIL: gcc.dg/lto/pr59323-2 c_lto_pr59323-2_0.o-c_lto_pr59323-2_0.o link, -O2 -g -flto
UNRESOLVED: gcc.dg/lto/pr64415 c_lto_pr64415_0.o-c_lto_pr64415_1.o execute -O -flto -fpic
FAIL: gcc.dg/lto/pr64415 c_lto_pr64415_0.o-c_lto_pr64415_1.o link, -O -flto -fpic
FAIL: gcc.dg/rtl/x86_64/final.c (internal compiler error)
FAIL: gcc.dg/rtl/x86_64/final.c (test for excess errors)
UNRESOLVED: gcc.dg/rtl/x86_64/final.c scan-assembler .cfi_endproc
UNRESOLVED: gcc.dg/rtl/x86_64/final.c scan-assembler .cfi_startproc
UNRESOLVED: gcc.dg/rtl/x86_64/final.c scan-assembler ret
UNRESOLVED: gcc.dg/rtl/x86_64/final.c scan-assembler test_1:
FAIL: gcc.dg/torture/pr60092.c -O0 execution test
FAIL: gcc.dg/vect/pr65947-14.c -flto -ffat-lto-objects execution test
FAIL: gcc.dg/vect/pr65947-14.c execution test
FAIL: gcc.target/i386/pr59501-3a.c scan-assembler-not and[^\\n\\r]*sp
FAIL: gcc.target/i386/pr70021.c scan-tree-dump-times vect "vectorized 1 loops" 2
FAIL: gcc.target/i386/pr81736-3.c scan-assembler %[re]bp
FAIL: gcc.target/i386/pr81736-4.c scan-assembler %[re]bp
=== gcc Summary for unix ===
# of expected passes 120590
# of unexpected failures 47
# of expected failures 364
# of unresolved testcases 13
# of unsupported tests 2054
Running target unix/-m32
FAIL: c-c++-common/cilk-plus/CK/cilk-for-2.c -O3 -flto -g (test for excess errors)
WARNING: c-c++-common/cilk-plus/CK/cilk-for-2.c -O3 -flto -g compilation failed to produce executable
FAIL: c-c++-common/cilk-plus/CK/cilk-fors.c -O3 -flto -g (test for excess errors)
WARNING: c-c++-common/cilk-plus/CK/cilk-fors.c -O3 -flto -g compilation failed to produce executable
FAIL: c-c++-common/cilk-plus/CK/cilk_for_grain.c -O3 -flto -g (test for excess errors)
WARNING: c-c++-common/cilk-plus/CK/cilk_for_grain.c -O3 -flto -g compilation failed to produce executable
FAIL: c-c++-common/cilk-plus/CK/cilk_for_ptr_iter.c -O3 -flto -g (test for excess errors)
WARNING: c-c++-common/cilk-plus/CK/cilk_for_ptr_iter.c -O3 -flto -g compilation failed to produce executable
FAIL: c-c++-common/cilk-plus/CK/fib.c -O3 -flto -g (test for excess errors)
WARNING: c-c++-common/cilk-plus/CK/fib.c -O3 -flto -g compilation failed to produce executable
FAIL: c-c++-common/cilk-plus/CK/fib_init_expr_xy.c -O3 -flto -g (test for excess errors)
WARNING: c-c++-common/cilk-plus/CK/fib_init_expr_xy.c -O3 -flto -g compilation failed to produce executable
FAIL: c-c++-common/cilk-plus/CK/fib_no_return.c -O3 -flto -g (test for excess errors)
WARNING: c-c++-common/cilk-plus/CK/fib_no_return.c -O3 -flto -g compilation failed to produce executable
FAIL: c-c++-common/cilk-plus/CK/fib_no_sync.c -O3 -flto -g (test for excess errors)
WARNING: c-c++-common/cilk-plus/CK/fib_no_sync.c -O3 -flto -g compilation failed to produce executable
FAIL: c-c++-common/cilk-plus/CK/nested_cilk_for.c -O3 -flto -g (test for excess errors)
WARNING: c-c++-common/cilk-plus/CK/nested_cilk_for.c -O3 -flto -g compilation failed to produce executable
FAIL: c-c++-common/cilk-plus/CK/pr60586.c -O3 -flto -g (test for excess errors)
WARNING: c-c++-common/cilk-plus/CK/pr60586.c -O3 -flto -g compilation failed to produce executable
FAIL: c-c++-common/cilk-plus/CK/pr69826-1.c -O3 -flto -g (test for excess errors)
WARNING: c-c++-common/cilk-plus/CK/pr69826-1.c -O3 -flto -g compilation failed to produce executable
FAIL: c-c++-common/cilk-plus/CK/pr69826-2.c -O3 -flto -g (test for excess errors)
WARNING: c-c++-common/cilk-plus/CK/pr69826-2.c -O3 -flto -g compilation failed to produce executable
FAIL: c-c++-common/cilk-plus/CK/spawnee_inline.c -O3 -flto -g (test for excess errors)
WARNING: c-c++-common/cilk-plus/CK/spawnee_inline.c -O3 -flto -g compilation failed to produce executable
FAIL: c-c++-common/cilk-plus/CK/spawner_inline.c -O3 -flto -g (test for excess errors)
WARNING: c-c++-common/cilk-plus/CK/spawner_inline.c -O3 -flto -g compilation failed to produce executable
FAIL: c-c++-common/cilk-plus/CK/spawning_arg.c -O3 -flto -g (test for excess errors)
WARNING: c-c++-common/cilk-plus/CK/spawning_arg.c -O3 -flto -g compilation failed to produce executable
FAIL: c-c++-common/cilk-plus/CK/steal_check.c -O3 -flto -g (test for excess errors)
WARNING: c-c++-common/cilk-plus/CK/steal_check.c -O3 -flto -g compilation failed to produce executable
FAIL: c-c++-common/cilk-plus/CK/test__cilk.c -O3 -flto -g (test for excess errors)
WARNING: c-c++-common/cilk-plus/CK/test__cilk.c -O3 -flto -g compilation failed to produce executable
FAIL: c-c++-common/cilk-plus/CK/varargs_test.c -O3 -flto -g (test for excess errors)
WARNING: c-c++-common/cilk-plus/CK/varargs_test.c -O3 -flto -g compilation failed to produce executable
FAIL: gcc.dg/debug/pr41893-1.c -gdwarf-2 (test for excess errors)
FAIL: gcc.dg/debug/pr41893-1.c -gdwarf-2 -O (test for excess errors)
FAIL: gcc.dg/debug/pr41893-1.c -gdwarf-2 -O3 (test for excess errors)
FAIL: gcc.dg/debug/pr41893-1.c -gdwarf-2 -g1 (test for excess errors)
FAIL: gcc.dg/debug/pr41893-1.c -gdwarf-2 -g1 -O (test for excess errors)
FAIL: gcc.dg/debug/pr41893-1.c -gdwarf-2 -g1 -O3 (test for excess errors)
FAIL: gcc.dg/debug/pr41893-1.c -gdwarf-2 -g3 (test for excess errors)
FAIL: gcc.dg/debug/pr41893-1.c -gdwarf-2 -g3 -O (test for excess errors)
FAIL: gcc.dg/debug/pr41893-1.c -gdwarf-2 -g3 -O3 (test for excess errors)
FAIL: gcc.dg/pr43557-1.c (test for excess errors)
FAIL: gcc.dg/visibility-22.c execution test
UNRESOLVED: gcc.dg/lto/20090914-1 c_lto_20090914-1_0.o-c_lto_20090914-1_0.o execute -flto
FAIL: gcc.dg/lto/20090914-1 c_lto_20090914-1_0.o-c_lto_20090914-1_0.o link, -flto
UNRESOLVED: gcc.dg/lto/20100426 c_lto_20100426_0.o-c_lto_20100426_0.o execute -r -nostdlib -flto -g
FAIL: gcc.dg/lto/20100426 c_lto_20100426_0.o-c_lto_20100426_0.o link, -r -nostdlib -flto -g
UNRESOLVED: gcc.dg/lto/20111207-2 c_lto_20111207-2_0.o-c_lto_20111207-2_0.o execute -g -O -flto
FAIL: gcc.dg/lto/20111207-2 c_lto_20111207-2_0.o-c_lto_20111207-2_0.o link, -g -O -flto
UNRESOLVED: gcc.dg/lto/20111213-1 c_lto_20111213-1_0.o-c_lto_20111213-1_0.o execute -flto -g
FAIL: gcc.dg/lto/20111213-1 c_lto_20111213-1_0.o-c_lto_20111213-1_0.o link, -flto -g
UNRESOLVED: gcc.dg/lto/pr51572-1 c_lto_pr51572-1_0.o-c_lto_pr51572-1_0.o execute -flto -g
FAIL: gcc.dg/lto/pr51572-1 c_lto_pr51572-1_0.o-c_lto_pr51572-1_0.o link, -flto -g
UNRESOLVED: gcc.dg/lto/pr53470 c_lto_pr53470_0.o-c_lto_pr53470_0.o execute -flto -g
FAIL: gcc.dg/lto/pr53470 c_lto_pr53470_0.o-c_lto_pr53470_0.o link, -flto -g
UNRESOLVED: gcc.dg/lto/pr59323 c_lto_pr59323_0.o-c_lto_pr59323_0.o execute -O2 -g -flto
FAIL: gcc.dg/lto/pr59323 c_lto_pr59323_0.o-c_lto_pr59323_0.o link, -O2 -g -flto
UNRESOLVED: gcc.dg/lto/pr59323-2 c_lto_pr59323-2_0.o-c_lto_pr59323-2_0.o execute -O2 -g -flto
FAIL: gcc.dg/lto/pr59323-2 c_lto_pr59323-2_0.o-c_lto_pr59323-2_0.o link, -O2 -g -flto
UNRESOLVED: gcc.dg/lto/pr64415 c_lto_pr64415_0.o-c_lto_pr64415_1.o execute -O -flto -fpic
FAIL: gcc.dg/lto/pr64415 c_lto_pr64415_0.o-c_lto_pr64415_1.o link, -O -flto -fpic
FAIL: gcc.dg/torture/pr60092.c -O0 execution test
FAIL: gcc.dg/vect/pr65947-14.c -flto -ffat-lto-objects execution test
FAIL: gcc.dg/vect/pr65947-14.c execution test
FAIL: gcc.target/i386/pr70021.c scan-tree-dump-times vect "vectorized 1 loops" 2
FAIL: gcc.target/i386/pr81736-3.c scan-assembler %[re]bp
FAIL: gcc.target/i386/pr81736-4.c scan-assembler %[re]bp
=== gcc Summary for unix/-m32 ===
# of expected passes 118965
# of unexpected failures 44
# of expected failures 370
# of unresolved testcases 9
# of unsupported tests 2103
=== gcc Summary ===
# of expected passes 239555
# of unexpected failures 91
# of expected failures 734
# of unresolved testcases 22
# of unsupported tests 4157
/var/gcc/regression/trunk/11-gcc-gas-64/build/gcc/xgcc version 8.0.0 20170825 (experimental) [trunk revision 251347] (GCC)
=== gfortran tests ===
Running target unix
FAIL: gfortran.dg/dtio_13.f90 -O (test for errors, line 141)
FAIL: gfortran.dg/dtio_13.f90 -O (internal compiler error)
FAIL: gfortran.dg/dtio_13.f90 -O (test for excess errors)
FAIL: gfortran.dg/save_6.f90 -O0 (test for excess errors)
WARNING: gfortran.dg/save_6.f90 -O0 compilation failed to produce executable
FAIL: gfortran.dg/save_6.f90 -O1 (test for excess errors)
WARNING: gfortran.dg/save_6.f90 -O1 compilation failed to produce executable
FAIL: gfortran.dg/save_6.f90 -O2 (test for excess errors)
WARNING: gfortran.dg/save_6.f90 -O2 compilation failed to produce executable
FAIL: gfortran.dg/save_6.f90 -O3 -fomit-frame-pointer -funroll-loops -fpeel-loops -ftracer -finline-functions (test for excess errors)
WARNING: gfortran.dg/save_6.f90 -O3 -fomit-frame-pointer -funroll-loops -fpeel-loops -ftracer -finline-functions compilation failed to produce executable
FAIL: gfortran.dg/save_6.f90 -O3 -g (test for excess errors)
WARNING: gfortran.dg/save_6.f90 -O3 -g compilation failed to produce executable
FAIL: gfortran.dg/save_6.f90 -Os (test for excess errors)
WARNING: gfortran.dg/save_6.f90 -Os compilation failed to produce executable
FAIL: gfortran.dg/submodule_6.f08 -O3 -g (test for excess errors)
WARNING: gfortran.dg/submodule_6.f08 -O3 -g compilation failed to produce executable
FAIL: gfortran.dg/graphite/pr14741.f90 -O scan-tree-dump graphite "tiled by"
UNRESOLVED: gfortran.dg/lto/20091016-1 f_lto_20091016-1_0.o-f_lto_20091016-1_0.o execute -O -flto -g -fPIC -r -nostdlib
UNRESOLVED: gfortran.dg/lto/20091016-1 f_lto_20091016-1_0.o-f_lto_20091016-1_0.o execute -flto -g -fPIC -r -nostdlib
FAIL: gfortran.dg/lto/20091016-1 f_lto_20091016-1_0.o-f_lto_20091016-1_0.o link, -O -flto -g -fPIC -r -nostdlib
FAIL: gfortran.dg/lto/20091016-1 f_lto_20091016-1_0.o-f_lto_20091016-1_0.o link, -flto -g -fPIC -r -nostdlib
UNRESOLVED: gfortran.dg/lto/pr41521 f_lto_pr41521_0.o-f_lto_pr41521_1.o execute -g -O -flto -Wno-lto-type-mismatch
UNRESOLVED: gfortran.dg/lto/pr41521 f_lto_pr41521_0.o-f_lto_pr41521_1.o execute -g -flto -Wno-lto-type-mismatch
FAIL: gfortran.dg/lto/pr41521 f_lto_pr41521_0.o-f_lto_pr41521_1.o link, -g -O -flto -Wno-lto-type-mismatch
FAIL: gfortran.dg/lto/pr41521 f_lto_pr41521_0.o-f_lto_pr41521_1.o link, -g -flto -Wno-lto-type-mismatch
UNRESOLVED: gfortran.dg/lto/pr46911 f_lto_pr46911_0.o-f_lto_pr46911_0.o execute -O2 -flto -g
FAIL: gfortran.dg/lto/pr46911 f_lto_pr46911_0.o-f_lto_pr46911_0.o link, -O2 -flto -g
UNRESOLVED: gfortran.dg/lto/pr47839 f_lto_pr47839_0.o-f_lto_pr47839_1.o execute -g -flto
FAIL: gfortran.dg/lto/pr47839 f_lto_pr47839_0.o-f_lto_pr47839_1.o link, -g -flto
=== gfortran Summary for unix ===
# of expected passes 45437
# of unexpected failures 17
# of expected failures 92
# of unresolved testcases 6
# of unsupported tests 85
Running target unix/-m32
FAIL: gfortran.dg/dtio_13.f90 -O (test for errors, line 141)
FAIL: gfortran.dg/dtio_13.f90 -O (internal compiler error)
FAIL: gfortran.dg/dtio_13.f90 -O (test for excess errors)
FAIL: gfortran.dg/save_6.f90 -O0 (test for excess errors)
WARNING: gfortran.dg/save_6.f90 -O0 compilation failed to produce executable
FAIL: gfortran.dg/save_6.f90 -O1 (test for excess errors)
WARNING: gfortran.dg/save_6.f90 -O1 compilation failed to produce executable
FAIL: gfortran.dg/save_6.f90 -O2 (test for excess errors)
WARNING: gfortran.dg/save_6.f90 -O2 compilation failed to produce executable
FAIL: gfortran.dg/save_6.f90 -O3 -fomit-frame-pointer -funroll-loops -fpeel-loops -ftracer -finline-functions (test for excess errors)
WARNING: gfortran.dg/save_6.f90 -O3 -fomit-frame-pointer -funroll-loops -fpeel-loops -ftracer -finline-functions compilation failed to produce executable
FAIL: gfortran.dg/save_6.f90 -O3 -g (test for excess errors)
WARNING: gfortran.dg/save_6.f90 -O3 -g compilation failed to produce executable
FAIL: gfortran.dg/save_6.f90 -Os (test for excess errors)
WARNING: gfortran.dg/save_6.f90 -Os compilation failed to produce executable
FAIL: gfortran.dg/submodule_6.f08 -O3 -g (test for excess errors)
WARNING: gfortran.dg/submodule_6.f08 -O3 -g compilation failed to produce executable
UNRESOLVED: gfortran.dg/lto/20091016-1 f_lto_20091016-1_0.o-f_lto_20091016-1_0.o execute -O -flto -g -fPIC -r -nostdlib
UNRESOLVED: gfortran.dg/lto/20091016-1 f_lto_20091016-1_0.o-f_lto_20091016-1_0.o execute -flto -g -fPIC -r -nostdlib
FAIL: gfortran.dg/lto/20091016-1 f_lto_20091016-1_0.o-f_lto_20091016-1_0.o link, -O -flto -g -fPIC -r -nostdlib
FAIL: gfortran.dg/lto/20091016-1 f_lto_20091016-1_0.o-f_lto_20091016-1_0.o link, -flto -g -fPIC -r -nostdlib
UNRESOLVED: gfortran.dg/lto/pr41521 f_lto_pr41521_0.o-f_lto_pr41521_1.o execute -g -O -flto -Wno-lto-type-mismatch
UNRESOLVED: gfortran.dg/lto/pr41521 f_lto_pr41521_0.o-f_lto_pr41521_1.o execute -g -flto -Wno-lto-type-mismatch
FAIL: gfortran.dg/lto/pr41521 f_lto_pr41521_0.o-f_lto_pr41521_1.o link, -g -O -flto -Wno-lto-type-mismatch
FAIL: gfortran.dg/lto/pr41521 f_lto_pr41521_0.o-f_lto_pr41521_1.o link, -g -flto -Wno-lto-type-mismatch
UNRESOLVED: gfortran.dg/lto/pr46911 f_lto_pr46911_0.o-f_lto_pr46911_0.o execute -O2 -flto -g
FAIL: gfortran.dg/lto/pr46911 f_lto_pr46911_0.o-f_lto_pr46911_0.o link, -O2 -flto -g
UNRESOLVED: gfortran.dg/lto/pr47839 f_lto_pr47839_0.o-f_lto_pr47839_1.o execute -g -flto
FAIL: gfortran.dg/lto/pr47839 f_lto_pr47839_0.o-f_lto_pr47839_1.o link, -g -flto
=== gfortran Summary for unix/-m32 ===
# of expected passes 45221
# of unexpected failures 16
# of expected failures 92
# of unresolved testcases 6
# of unsupported tests 188
=== gfortran Summary ===
# of expected passes 90658
# of unexpected failures 33
# of expected failures 184
# of unresolved testcases 12
# of unsupported tests 273
/var/gcc/regression/trunk/11-gcc-gas-64/build/gcc/testsuite/gfortran/../../gfortran version 8.0.0 20170825 (experimental) [trunk revision 251347] (GCC)
=== gnat tests ===
Running target unix
FAIL: gnat.dg/lto13.adb (test for excess errors)
=== gnat Summary for unix ===
# of expected passes 2587
# of unexpected failures 1
# of expected failures 24
# of unsupported tests 7
Running target unix/-m32
FAIL: gnat.dg/lto13.adb (test for excess errors)
=== gnat Summary for unix/-m32 ===
# of expected passes 2587
# of unexpected failures 1
# of expected failures 24
# of unsupported tests 7
=== gnat Summary ===
# of expected passes 5174
# of unexpected failures 2
# of expected failures 48
# of unsupported tests 14
/var/gcc/regression/trunk/11-gcc-gas-64/build/gcc/gnatmake version 8.0.0 20170825 (experimental) [trunk revision 251347]
=== go tests ===
Running target unix
FAIL: ./index0-out.go execution, -O0 -g -fno-var-tracking-assignments
=== go Summary for unix ===
# of expected passes 7245
# of unexpected failures 1
# of expected failures 1
# of untested testcases 10
# of unsupported tests 1
Running target unix/-m32
FAIL: ./index0-out.go execution, -O0 -g -fno-var-tracking-assignments
=== go Summary for unix/-m32 ===
# of expected passes 7364
# of unexpected failures 1
# of expected failures 1
# of untested testcases 10
# of unsupported tests 2
=== go Summary ===
# of expected passes 14609
# of unexpected failures 2
# of expected failures 2
# of untested testcases 20
# of unsupported tests 3
=== obj-c++ tests ===
Running target unix/-m32
=== obj-c++ Summary for unix/-m32 ===
# of expected passes 1459
# of expected failures 2
# of unsupported tests 77
Running target unix
=== obj-c++ Summary for unix ===
# of expected passes 1451
# of expected failures 10
# of unsupported tests 77
=== obj-c++ Summary ===
# of expected passes 2910
# of expected failures 12
# of unsupported tests 154
/var/gcc/regression/trunk/11-gcc-gas-64/build/gcc/testsuite/obj-c++/../../xg++ version 8.0.0 20170825 (experimental) [trunk revision 251347] (GCC)
=== objc tests ===
Running target unix
=== objc Summary for unix ===
# of expected passes 2797
# of expected failures 6
# of unsupported tests 68
Running target unix/-m32
=== objc Summary for unix/-m32 ===
# of expected passes 2797
# of expected failures 6
# of unsupported tests 68
=== objc Summary ===
# of expected passes 5594
# of expected failures 12
# of unsupported tests 136
/var/gcc/regression/trunk/11-gcc-gas-64/build/gcc/xgcc version 8.0.0 20170825 (experimental) [trunk revision 251347] (GCC)
=== gotools tests ===
=== gotools Summary ===
# of expected passes 165
# of untested testcases 52
/var/gcc/regression/trunk/11-gcc-gas-64/build/./gcc/gccgo version 8.0.0 20170825 (experimental) [trunk revision 251347] (GCC)
Compiler version: 8.0.0 20170825 (experimental) [trunk revision 251347] (GCC)
Platform: x86_64-pc-solaris2.11
configure flags: --prefix=/vol/gcc --target=amd64-pc-solaris2.11 --enable-objc-gc --with-target-bdw-gc-include=/vol/gcc/include --with-target-bdw-gc-lib=/vol/gcc/lib/amd64,32=/vol/gcc/lib --enable-libmudflap --with-as=/vol/gcc/bin/amd64/gas-2.29 --with-gnu-as --with-gmp-include=/vol/gcc/include --with-gmp-lib=/vol/gcc/lib/amd64 --with-mpfr-include=/vol/gcc/include --with-mpfr-lib=/vol/gcc/lib/amd64 --with-mpc-include=/vol/gcc/include --with-mpc-lib=/vol/gcc/lib/amd64 --enable-languages=all,ada,obj-c++,go --with-isl-include=/vol/gcc/include --with-isl-lib=/vol/gcc/lib/amd64 --build=amd64-pc-solaris2.11 --host=amd64-pc-solaris2.11
BOOT_CFLAGS=-g -O2
More information about the Gcc-testresults
mailing list