Results for 8.0.0 20170818 (experimental) [master revision 4bec728:9df24f3:23bafc2f74ebabc31bc32588e0338e0a067c3ec9] (Cavium Inc. (Build 4545)) testsuite on x86_64-pc-linux-gnu
jenkins@dell1s-1.localdomain
jenkins@dell1s-1.localdomain
Fri Aug 18 16:29:00 GMT 2017
LAST_UPDATED: Fri Aug 18 13:23:11 UTC 2017 (revision 4bec728:9df24f3:23bafc2f74ebabc31bc32588e0338e0a067c3ec9)
Native configuration is x86_64-pc-linux-gnu
=== gcc tests ===
Running target unix
FAIL: gcc.dg/20050503-1.c scan-assembler-not call
FAIL: gcc.dg/vect/pr65947-14.c -flto -ffat-lto-objects execution test
FAIL: gcc.dg/vect/pr65947-14.c execution test
FAIL: gcc.dg/vect/pr66636.c (test for excess errors)
FAIL: gcc.dg/vect/pr66636.c -flto -ffat-lto-objects (test for excess errors)
WARNING: gcc.dg/vect/pr66636.c -flto -ffat-lto-objects compilation failed to produce executable
WARNING: gcc.dg/vect/pr66636.c compilation failed to produce executable
FAIL: gcc.target/i386/pr57275.c (test for excess errors)
WARNING: gcc.target/i386/pr57275.c compilation failed to produce executable
FAIL: gcc.target/i386/pr59501-3a.c scan-assembler-not and[^\\n\\r]*sp
=== gcc Summary ===
# of expected passes 125194
# of unexpected failures 7
# of expected failures 363
# of unsupported tests 3374
/home/jenkins/workspace/GCCupstream/objdir/gcc/xgcc version 8.0.0 20170818 (experimental) [master revision 4bec728:9df24f3:23bafc2f74ebabc31bc32588e0338e0a067c3ec9] (Cavium Inc. (Build 4545))
=== gfortran tests ===
Running target unix
FAIL: gfortran.dg/graphite/pr14741.f90 -O scan-tree-dump graphite "tiled by"
FAIL: gfortran.dg/guality/pr41558.f90 -O2 line 7 s == 'foo'
FAIL: gfortran.dg/guality/pr41558.f90 -O3 -fomit-frame-pointer -funroll-loops -fpeel-loops -ftracer -finline-functions line 7 s == 'foo'
FAIL: gfortran.dg/guality/pr41558.f90 -O3 -g line 7 s == 'foo'
FAIL: gfortran.dg/guality/pr41558.f90 -Os line 7 s == 'foo'
=== gfortran Summary ===
# of expected passes 45489
# of unexpected failures 5
# of expected failures 92
# of unsupported tests 87
/home/jenkins/workspace/GCCupstream/objdir/gcc/testsuite/gfortran/../../gfortran version 8.0.0 20170818 (experimental) [master revision 4bec728:9df24f3:23bafc2f74ebabc31bc32588e0338e0a067c3ec9] (Cavium Inc. (Build 4545))
=== g++ tests ===
Running target unix
FAIL: g++.dg/asan/asan_globals_test-wrapper.cc -O0 (test for excess errors)
FAIL: g++.dg/asan/asan_globals_test-wrapper.cc -O1 (test for excess errors)
FAIL: g++.dg/asan/asan_globals_test-wrapper.cc -O2 (test for excess errors)
FAIL: g++.dg/asan/asan_globals_test-wrapper.cc -O2 -flto (test for excess errors)
FAIL: g++.dg/asan/asan_globals_test-wrapper.cc -O2 -flto -flto-partition=none (test for excess errors)
FAIL: g++.dg/asan/asan_globals_test-wrapper.cc -O3 -g (test for excess errors)
FAIL: g++.dg/asan/asan_globals_test-wrapper.cc -Os (test for excess errors)
FAIL: g++.dg/asan/asan_globals_test.cc -O0 (test for excess errors)
FAIL: g++.dg/asan/asan_globals_test.cc -O1 (test for excess errors)
FAIL: g++.dg/asan/asan_globals_test.cc -O2 (test for excess errors)
FAIL: g++.dg/asan/asan_globals_test.cc -O2 -flto (test for excess errors)
FAIL: g++.dg/asan/asan_globals_test.cc -O2 -flto -flto-partition=none (test for excess errors)
FAIL: g++.dg/asan/asan_globals_test.cc -O3 -g (test for excess errors)
FAIL: g++.dg/asan/asan_globals_test.cc -Os (test for excess errors)
FAIL: g++.dg/asan/asan_mem_test.cc -O0 (test for excess errors)
FAIL: g++.dg/asan/asan_mem_test.cc -O1 (test for excess errors)
FAIL: g++.dg/asan/asan_mem_test.cc -O2 (test for excess errors)
FAIL: g++.dg/asan/asan_mem_test.cc -O2 -flto (test for excess errors)
FAIL: g++.dg/asan/asan_mem_test.cc -O2 -flto -flto-partition=none (test for excess errors)
FAIL: g++.dg/asan/asan_mem_test.cc -O3 -fomit-frame-pointer -funroll-loops -fpeel-loops -ftracer -finline-functions (test for excess errors)
FAIL: g++.dg/asan/asan_mem_test.cc -O3 -g (test for excess errors)
FAIL: g++.dg/asan/asan_mem_test.cc -Os (test for excess errors)
FAIL: g++.dg/asan/asan_oob_test.cc -O0 (test for excess errors)
FAIL: g++.dg/asan/asan_oob_test.cc -O1 (test for excess errors)
FAIL: g++.dg/asan/asan_oob_test.cc -O2 (test for excess errors)
FAIL: g++.dg/asan/asan_oob_test.cc -O2 -flto (test for excess errors)
FAIL: g++.dg/asan/asan_oob_test.cc -O2 -flto -flto-partition=none (test for excess errors)
FAIL: g++.dg/asan/asan_oob_test.cc -O3 -fomit-frame-pointer -funroll-loops -fpeel-loops -ftracer -finline-functions (test for excess errors)
FAIL: g++.dg/asan/asan_oob_test.cc -O3 -g (test for excess errors)
FAIL: g++.dg/asan/asan_oob_test.cc -Os (test for excess errors)
FAIL: g++.dg/asan/asan_str_test.cc -O0 (test for excess errors)
FAIL: g++.dg/asan/asan_str_test.cc -O1 (test for excess errors)
FAIL: g++.dg/asan/asan_str_test.cc -O2 (test for excess errors)
FAIL: g++.dg/asan/asan_str_test.cc -O2 -flto (test for excess errors)
FAIL: g++.dg/asan/asan_str_test.cc -O2 -flto -flto-partition=none (test for excess errors)
FAIL: g++.dg/asan/asan_str_test.cc -O3 -fomit-frame-pointer -funroll-loops -fpeel-loops -ftracer -finline-functions (test for excess errors)
FAIL: g++.dg/asan/asan_str_test.cc -O3 -g (test for excess errors)
FAIL: g++.dg/asan/asan_str_test.cc -Os (test for excess errors)
FAIL: g++.dg/asan/asan_test.cc -O0 (test for excess errors)
FAIL: g++.dg/asan/asan_test.cc -O1 (test for excess errors)
FAIL: g++.dg/asan/asan_test.cc -O2 (test for excess errors)
FAIL: g++.dg/asan/asan_test.cc -O2 -flto (test for excess errors)
FAIL: g++.dg/asan/asan_test.cc -O2 -flto -flto-partition=none (test for excess errors)
FAIL: g++.dg/asan/asan_test.cc -O3 -fomit-frame-pointer -funroll-loops -fpeel-loops -ftracer -finline-functions (test for excess errors)
FAIL: g++.dg/asan/asan_test.cc -O3 -g (test for excess errors)
FAIL: g++.dg/asan/asan_test.cc -Os (test for excess errors)
FAIL: g++.dg/debug/debug9.C -gstabs -O2 (test for excess errors)
FAIL: g++.dg/debug/debug9.C -gstabs -O3 (test for excess errors)
FAIL: g++.dg/debug/debug9.C -gstabs+ -O2 (test for excess errors)
FAIL: g++.dg/debug/debug9.C -gstabs+ -O3 (test for excess errors)
FAIL: g++.dg/debug/debug9.C -gstabs+3 -O2 (test for excess errors)
FAIL: g++.dg/debug/debug9.C -gstabs+3 -O3 (test for excess errors)
FAIL: g++.dg/debug/debug9.C -gstabs3 -O2 (test for excess errors)
FAIL: g++.dg/debug/debug9.C -gstabs3 -O3 (test for excess errors)
FAIL: g++.dg/tls/thread_local-order2.C -std=c++11 execution test
FAIL: g++.dg/tls/thread_local-order2.C -std=c++14 execution test
=== g++ Summary ===
# of expected passes 118924
# of unexpected failures 56
# of expected failures 386
# of unsupported tests 4428
/home/jenkins/workspace/GCCupstream/objdir/gcc/testsuite/g++/../../xg++ version 8.0.0 20170818 (experimental) [master revision 4bec728:9df24f3:23bafc2f74ebabc31bc32588e0338e0a067c3ec9] (Cavium Inc. (Build 4545))
=== go tests ===
Running target unix
FAIL: ./index0-out.go execution, -O0 -g -fno-var-tracking-assignments
=== go Summary ===
# of expected passes 7253
# of unexpected failures 1
# of expected failures 1
# of untested testcases 6
# of unsupported tests 1
/home/jenkins/workspace/GCCupstream/objdir/gcc/testsuite/go/../../gccgo version 8.0.0 20170818 (experimental) [master revision 4bec728:9df24f3:23bafc2f74ebabc31bc32588e0338e0a067c3ec9] (Cavium Inc. (Build 4545))
=== gotools tests ===
FAIL: TestCgoCallbackGC
FAIL: TestInstall
FAIL: TestEarlySignalHandler
FAIL: TestSignalForwarding
FAIL: TestSignalForwardingExternal
FAIL: TestOsSignal
FAIL: TestSigaltstack
FAIL: TestPIE
=== gotools Summary ===
# of expected passes 341
# of unexpected failures 8
# of untested testcases 124
/home/jenkins/workspace/GCCupstream/objdir/./gcc/gccgo version 8.0.0 20170818 (experimental) [master revision 4bec728:9df24f3:23bafc2f74ebabc31bc32588e0338e0a067c3ec9] (Cavium Inc. (Build 4545))
=== libatomic tests ===
Running target unix
=== libatomic Summary ===
# of expected passes 54
=== libffi tests ===
Running target unix
=== libffi Summary ===
# of expected passes 2214
=== libgo tests ===
Running target unix
=== libgo Summary ===
# of expected passes 146
/home/jenkins/workspace/GCCupstream/objdir/./gcc/gccgo version 8.0.0 20170818 (experimental) [master revision 4bec728:9df24f3:23bafc2f74ebabc31bc32588e0338e0a067c3ec9] (Cavium Inc. (Build 4545))
=== libgomp tests ===
Running target unix
=== libgomp Summary ===
# of expected passes 5180
# of unsupported tests 364
=== libitm tests ===
Running target unix
=== libitm Summary ===
# of expected passes 42
# of expected failures 3
# of unsupported tests 1
=== libstdc++ tests ===
Running target unix
=== libstdc++ Summary ===
# of expected passes 11845
# of expected failures 70
# of unsupported tests 249
Compiler version: 8.0.0 20170818 (experimental) [master revision 4bec728:9df24f3:23bafc2f74ebabc31bc32588e0338e0a067c3ec9] (Cavium Inc. (Build 4545))
Platform: x86_64-pc-linux-gnu
configure flags: --prefix=/home/jenkins/workspace/GCCupstream/objdir/../tools --enable-languages=c,c++,fortran,go --disable-werror --enable-plugins --enable-gnu-indirect-function --with-pkgversion='Cavium Inc. (Build 4545)' --disable-multilib
More information about the Gcc-testresults
mailing list