Results for 8.0.0 20170811 (experimental) [trunk revision 251049] (GCC) testsuite on sparcv9-sun-solaris2.11
Rainer Orth
ro@CeBiTec.Uni-Bielefeld.DE
Sat Aug 12 07:06:00 GMT 2017
LAST_UPDATED: Fri Aug 11 12:57:31 UTC 2017 (revision 251049)
=== acats tests ===
=== acats Summary ===
# of expected passes 2320
# of unexpected failures 0
Native configuration is sparcv9-sun-solaris2.11
=== g++ tests ===
Running target unix
FAIL: g++.dg/gcov/pr16855-priority.C -std=gnu++11 gcov: 1 failures in line counts, 0 in branch percentages, 0 in return percentages, 0 in intermediate format
FAIL: g++.dg/gcov/pr16855-priority.C -std=gnu++11 line 22: is #####:should be 1
FAIL: g++.dg/gcov/pr16855-priority.C -std=gnu++14 gcov: 1 failures in line counts, 0 in branch percentages, 0 in return percentages, 0 in intermediate format
FAIL: g++.dg/gcov/pr16855-priority.C -std=gnu++14 line 22: is #####:should be 1
FAIL: g++.dg/gcov/pr16855-priority.C -std=gnu++98 gcov: 1 failures in line counts, 0 in branch percentages, 0 in return percentages, 0 in intermediate format
FAIL: g++.dg/gcov/pr16855-priority.C -std=gnu++98 line 22: is #####:should be 1
FAIL: g++.dg/gcov/pr16855.C -std=gnu++11 gcov: 1 failures in line counts, 0 in branch percentages, 0 in return percentages, 0 in intermediate format
FAIL: g++.dg/gcov/pr16855.C -std=gnu++11 line 21: is #####:should be 1
FAIL: g++.dg/gcov/pr16855.C -std=gnu++14 gcov: 1 failures in line counts, 0 in branch percentages, 0 in return percentages, 0 in intermediate format
FAIL: g++.dg/gcov/pr16855.C -std=gnu++14 line 21: is #####:should be 1
FAIL: g++.dg/gcov/pr16855.C -std=gnu++98 gcov: 1 failures in line counts, 0 in branch percentages, 0 in return percentages, 0 in intermediate format
FAIL: g++.dg/gcov/pr16855.C -std=gnu++98 line 21: is #####:should be 1
=== g++ Summary for unix ===
# of expected passes 109387
# of unexpected failures 12
# of expected failures 391
# of unsupported tests 4596
Running target unix/-m32
FAIL: g++.dg/cilk-plus/AN/array_test_ND_tplt.cc -g -O3 -fcilkplus (test for excess errors)
WARNING: g++.dg/cilk-plus/AN/array_test_ND_tplt.cc -g -O3 -fcilkplus compilation failed to produce executable
WARNING: program timed out.
FAIL: g++.dg/template/nontype10.C -std=c++11 (test for excess errors)
FAIL: g++.dg/template/nontype10.C -std=c++14 (test for excess errors)
FAIL: g++.dg/template/nontype10.C -std=c++98 (test for excess errors)
FAIL: g++.dg/gcov/pr16855-priority.C -std=gnu++11 gcov: 1 failures in line counts, 0 in branch percentages, 0 in return percentages, 0 in intermediate format
FAIL: g++.dg/gcov/pr16855-priority.C -std=gnu++11 line 22: is #####:should be 1
FAIL: g++.dg/gcov/pr16855-priority.C -std=gnu++14 gcov: 1 failures in line counts, 0 in branch percentages, 0 in return percentages, 0 in intermediate format
FAIL: g++.dg/gcov/pr16855-priority.C -std=gnu++14 line 22: is #####:should be 1
FAIL: g++.dg/gcov/pr16855-priority.C -std=gnu++98 gcov: 1 failures in line counts, 0 in branch percentages, 0 in return percentages, 0 in intermediate format
FAIL: g++.dg/gcov/pr16855-priority.C -std=gnu++98 line 22: is #####:should be 1
FAIL: g++.dg/gcov/pr16855.C -std=gnu++11 gcov: 1 failures in line counts, 0 in branch percentages, 0 in return percentages, 0 in intermediate format
FAIL: g++.dg/gcov/pr16855.C -std=gnu++11 line 21: is #####:should be 1
FAIL: g++.dg/gcov/pr16855.C -std=gnu++14 gcov: 1 failures in line counts, 0 in branch percentages, 0 in return percentages, 0 in intermediate format
FAIL: g++.dg/gcov/pr16855.C -std=gnu++14 line 21: is #####:should be 1
FAIL: g++.dg/gcov/pr16855.C -std=gnu++98 gcov: 1 failures in line counts, 0 in branch percentages, 0 in return percentages, 0 in intermediate format
FAIL: g++.dg/gcov/pr16855.C -std=gnu++98 line 21: is #####:should be 1
=== g++ Summary for unix/-m32 ===
# of expected passes 107494
# of unexpected failures 16
# of expected failures 391
# of unsupported tests 4627
=== g++ Summary ===
# of expected passes 216881
# of unexpected failures 28
# of expected failures 782
# of unsupported tests 9223
/var/gcc/regression/trunk/11.4-gcc-64/build/gcc/testsuite/g++/../../xg++ version 8.0.0 20170811 (experimental) [trunk revision 251049] (GCC)
=== gcc tests ===
Running target unix
FAIL: gcc.dg/pie-static-1.c (test for excess errors)
WARNING: gcc.dg/pie-static-1.c compilation failed to produce executable
FAIL: gcc.dg/pie-static-2.c (test for excess errors)
WARNING: gcc.dg/pie-static-2.c compilation failed to produce executable
FAIL: gcc.dg/plugin/must-tail-call-1.c -fplugin=./must_tail_call_plugin.so (test for excess errors)
FAIL: gcc.dg/vect/bb-slp-1.c -flto -ffat-lto-objects scan-tree-dump-times slp1 "basic block vectorized" 1
FAIL: gcc.dg/vect/bb-slp-1.c scan-tree-dump-times slp1 "basic block vectorized" 1
FAIL: gcc.dg/vect/bb-slp-16.c -flto -ffat-lto-objects scan-tree-dump-times slp1 "basic block vectorized" 1
FAIL: gcc.dg/vect/bb-slp-16.c scan-tree-dump-times slp1 "basic block vectorized" 1
FAIL: gcc.dg/vect/bb-slp-2.c -flto -ffat-lto-objects scan-tree-dump-times slp1 "basic block vectorized" 1
FAIL: gcc.dg/vect/bb-slp-2.c scan-tree-dump-times slp1 "basic block vectorized" 1
FAIL: gcc.dg/vect/no-section-anchors-vect-69.c scan-tree-dump-times vect "vectorized 4 loops" 1
=== gcc Summary for unix ===
# of expected passes 102196
# of unexpected failures 10
# of expected failures 413
# of unsupported tests 2444
Running target unix/-m32
FAIL: c-c++-common/cilk-plus/CK/spawner_inline.c -O2 -std=c99 execution test
FAIL: gcc.dg/pie-static-1.c (test for excess errors)
WARNING: gcc.dg/pie-static-1.c compilation failed to produce executable
FAIL: gcc.dg/pie-static-2.c (test for excess errors)
WARNING: gcc.dg/pie-static-2.c compilation failed to produce executable
FAIL: gcc.dg/plugin/must-tail-call-1.c -fplugin=./must_tail_call_plugin.so (test for excess errors)
FAIL: gcc.dg/simulate-thread/atomic-other-int.c -O2 -g thread simulation test
FAIL: gcc.dg/simulate-thread/atomic-other-int.c -O3 -g thread simulation test
FAIL: gcc.dg/simulate-thread/speculative-store-4.c -O0 -g thread simulation test
FAIL: gcc.dg/simulate-thread/speculative-store-4.c -O2 -g thread simulation test
FAIL: gcc.dg/simulate-thread/speculative-store-4.c -O3 -g thread simulation test
FAIL: gcc.dg/simulate-thread/speculative-store.c -O0 -g thread simulation test
FAIL: gcc.dg/vect/bb-slp-1.c -flto -ffat-lto-objects scan-tree-dump-times slp1 "basic block vectorized" 1
FAIL: gcc.dg/vect/bb-slp-1.c scan-tree-dump-times slp1 "basic block vectorized" 1
FAIL: gcc.dg/vect/bb-slp-16.c -flto -ffat-lto-objects scan-tree-dump-times slp1 "basic block vectorized" 1
FAIL: gcc.dg/vect/bb-slp-16.c scan-tree-dump-times slp1 "basic block vectorized" 1
FAIL: gcc.dg/vect/bb-slp-2.c -flto -ffat-lto-objects scan-tree-dump-times slp1 "basic block vectorized" 1
FAIL: gcc.dg/vect/bb-slp-2.c scan-tree-dump-times slp1 "basic block vectorized" 1
FAIL: gcc.dg/vect/no-section-anchors-vect-69.c scan-tree-dump-times vect "vectorized 4 loops" 1
XPASS: gcc.dg/vect/vect-multitypes-12.c -flto -ffat-lto-objects scan-tree-dump-times vect "vectorized 1 loops" 1
XPASS: gcc.dg/vect/vect-multitypes-12.c scan-tree-dump-times vect "vectorized 1 loops" 1
=== gcc Summary for unix/-m32 ===
# of expected passes 101129
# of unexpected failures 17
# of unexpected successes 2
# of expected failures 426
# of unsupported tests 2653
=== gcc Summary ===
# of expected passes 203325
# of unexpected failures 27
# of unexpected successes 2
# of expected failures 839
# of unsupported tests 5097
/var/gcc/regression/trunk/11.4-gcc-64/build/gcc/xgcc version 8.0.0 20170811 (experimental) [trunk revision 251049] (GCC)
=== gfortran tests ===
Running target unix
FAIL: gfortran.dg/elemental_subroutine_3.f90 -O1 (test for excess errors)
FAIL: gfortran.dg/elemental_subroutine_3.f90 -O2 (test for excess errors)
FAIL: gfortran.dg/elemental_subroutine_3.f90 -O3 -fomit-frame-pointer -funroll-loops -fpeel-loops -ftracer -finline-functions (test for excess errors)
FAIL: gfortran.dg/elemental_subroutine_3.f90 -O3 -g (test for excess errors)
FAIL: gfortran.dg/elemental_subroutine_3.f90 -Os (test for excess errors)
FAIL: gfortran.dg/graphite/pr14741.f90 -O scan-tree-dump graphite "tiled by"
=== gfortran Summary for unix ===
# of expected passes 45325
# of unexpected failures 6
# of expected failures 94
# of unsupported tests 127
Running target unix/-m32
FAIL: gfortran.dg/elemental_subroutine_3.f90 -O1 (test for excess errors)
FAIL: gfortran.dg/elemental_subroutine_3.f90 -O2 (test for excess errors)
FAIL: gfortran.dg/elemental_subroutine_3.f90 -O3 -fomit-frame-pointer -funroll-loops -fpeel-loops -ftracer -finline-functions (test for excess errors)
FAIL: gfortran.dg/elemental_subroutine_3.f90 -O3 -g (test for excess errors)
FAIL: gfortran.dg/elemental_subroutine_3.f90 -Os (test for excess errors)
=== gfortran Summary for unix/-m32 ===
# of expected passes 45079
# of unexpected failures 5
# of expected failures 94
# of unsupported tests 248
=== gfortran Summary ===
# of expected passes 90404
# of unexpected failures 11
# of expected failures 188
# of unsupported tests 375
/var/gcc/regression/trunk/11.4-gcc-64/build/gcc/testsuite/gfortran/../../gfortran version 8.0.0 20170811 (experimental) [trunk revision 251049] (GCC)
=== gnat tests ===
Running target unix
=== gnat Summary for unix ===
# of expected passes 2553
# of expected failures 24
# of unsupported tests 23
Running target unix/-m32
=== gnat Summary for unix/-m32 ===
# of expected passes 2553
# of expected failures 24
# of unsupported tests 23
=== gnat Summary ===
# of expected passes 5106
# of expected failures 48
# of unsupported tests 46
/var/gcc/regression/trunk/11.4-gcc-64/build/gcc/gnatmake version 8.0.0 20170811 (experimental) [trunk revision 251049]
=== go tests ===
Running target unix
FAIL: ./index0-out.go execution, -O0 -g -fno-var-tracking-assignments
=== go Summary for unix ===
# of expected passes 7241
# of unexpected failures 1
# of expected failures 1
# of untested testcases 11
# of unsupported tests 3
Running target unix/-m32
FAIL: ./index0-out.go execution, -O0 -g -fno-var-tracking-assignments
FAIL: go.test/test/fixedbugs/issue4562.go execution, -O2 -g
FAIL: go.test/test/method5.go execution, -O2 -g
FAIL: go.test/test/nil.go execution, -O2 -g
=== go Summary for unix/-m32 ===
# of expected passes 7358
# of unexpected failures 4
# of expected failures 1
# of untested testcases 11
# of unsupported tests 3
=== go Summary ===
# of expected passes 14599
# of unexpected failures 5
# of expected failures 2
# of untested testcases 22
# of unsupported tests 6
=== obj-c++ tests ===
Running target unix/-m32
=== obj-c++ Summary for unix/-m32 ===
# of expected passes 1459
# of expected failures 2
# of unsupported tests 77
Running target unix
=== obj-c++ Summary for unix ===
# of expected passes 1451
# of expected failures 10
# of unsupported tests 77
=== obj-c++ Summary ===
# of expected passes 2910
# of expected failures 12
# of unsupported tests 154
/var/gcc/regression/trunk/11.4-gcc-64/build/gcc/testsuite/obj-c++/../../xg++ version 8.0.0 20170811 (experimental) [trunk revision 251049] (GCC)
=== objc tests ===
Running target unix
=== objc Summary for unix ===
# of expected passes 2803
# of unsupported tests 68
Running target unix/-m32
=== objc Summary for unix/-m32 ===
# of expected passes 2803
# of unsupported tests 68
=== objc Summary ===
# of expected passes 5606
# of unsupported tests 136
/var/gcc/regression/trunk/11.4-gcc-64/build/gcc/xgcc version 8.0.0 20170811 (experimental) [trunk revision 251049] (GCC)
=== gotools tests ===
FAIL: TestSymlinksVendor
FAIL: TestCgoHandlesWlORIGIN
FAIL: TestCgoPanicDeadlock
FAIL: TestCgoExternalThreadSIGPROF
FAIL: TestCgoCCodeSIGPROF
FAIL: TestCgoExternalThreadSignal
FAIL: TestCgoCheckBytes
FAIL: TestEnsureDropM
FAIL: TestCgoCallbackGC
FAIL: TestCgoSignalDeadlock
FAIL: TestCgoExternalThreadPanic
FAIL: TestCgoCrashHandler
FAIL: TestCgoExecSignalMask
FAIL: TestCgoTraceback
FAIL: TestInstall
FAIL: TestEarlySignalHandler
FAIL: TestSignalForwarding
FAIL: TestSignalForwardingExternal
FAIL: TestOsSignal
FAIL: TestSigaltstack
FAIL: TestPIE
=== gotools Summary ===
# of expected passes 257
# of unexpected failures 21
# of untested testcases 119
/var/gcc/regression/trunk/11.4-gcc-64/build/./gcc/gccgo version 8.0.0 20170811 (experimental) [trunk revision 251049] (GCC)
=== libatomic tests ===
Running target unix/-m32
=== libatomic Summary for unix/-m32 ===
# of expected passes 44
# of unsupported tests 5
Running target unix
=== libatomic Summary for unix ===
# of expected passes 54
=== libatomic Summary ===
# of expected passes 98
# of unsupported tests 5
=== libffi tests ===
Running target unix/-m32
=== libffi Summary for unix/-m32 ===
# of expected passes 2214
Running target unix
=== libffi Summary for unix ===
# of expected passes 2214
=== libffi Summary ===
# of expected passes 4428
=== libgo tests ===
Running target unix
FAIL: net
FAIL: go/build
FAIL: net/http
FAIL: os/signal
FAIL: runtime/pprof
=== libgo Summary for unix ===
# of expected passes 142
# of unexpected failures 5
Running target unix/-m32
FAIL: net
FAIL: runtime
FAIL: go/build
FAIL: net/http
FAIL: os/signal
FAIL: runtime/pprof
=== libgo Summary for unix/-m32 ===
# of expected passes 141
# of unexpected failures 6
=== libgo Summary ===
# of expected passes 283
# of unexpected failures 11
/var/gcc/regression/trunk/11.4-gcc-64/build/./gcc/gccgo version 8.0.0 20170811 (experimental) [trunk revision 251049] (GCC)
=== libgomp tests ===
Running target unix/-m32
=== libgomp Summary for unix/-m32 ===
# of expected passes 5150
# of unsupported tests 379
Running target unix
=== libgomp Summary for unix ===
# of expected passes 5150
# of unsupported tests 379
=== libgomp Summary ===
# of expected passes 10300
# of unsupported tests 758
=== libitm tests ===
Running target unix/-m32
=== libitm Summary for unix/-m32 ===
# of expected passes 42
# of expected failures 3
# of unsupported tests 1
Running target unix
=== libitm Summary for unix ===
# of expected passes 42
# of expected failures 3
# of unsupported tests 1
=== libitm Summary ===
# of expected passes 84
# of expected failures 6
# of unsupported tests 2
=== libstdc++ tests ===
Running target unix
=== libstdc++ Summary for unix ===
# of expected passes 10884
# of expected failures 70
# of unsupported tests 630
Running target unix/-m32
=== libstdc++ Summary for unix/-m32 ===
# of expected passes 10884
# of expected failures 70
# of unsupported tests 630
=== libstdc++ Summary ===
# of expected passes 21768
# of expected failures 140
# of unsupported tests 1260
Compiler version: 8.0.0 20170811 (experimental) [trunk revision 251049] (GCC)
Platform: sparcv9-sun-solaris2.11
configure flags: --prefix=/vol/gcc --target=sparcv9-sun-solaris2.11 --enable-objc-gc --with-target-bdw-gc-include=/vol/gcc/include --with-target-bdw-gc-lib=/vol/gcc/lib/sparcv9,sparcv8plus=/vol/gcc/lib --enable-libmudflap --with-as=/usr/ccs/bin/as --without-gnu-as --with-gmp-include=/vol/gcc/include --with-gmp-lib=/vol/gcc/lib/sparcv9 --with-mpfr-include=/vol/gcc/include --with-mpfr-lib=/vol/gcc/lib/sparcv9 --with-mpc-include=/vol/gcc/include --with-mpc-lib=/vol/gcc/lib/sparcv9 --enable-languages=all,ada,obj-c++,go --with-isl-include=/vol/gcc/include --with-isl-lib=/vol/gcc/lib/sparcv9 --build=sparcv9-sun-solaris2.11 --host=sparcv9-sun-solaris2.11
BOOT_CFLAGS=-g -O2
More information about the Gcc-testresults
mailing list