Results for 8.0.0 20170804 (experimental) [trunk revision 250865] (GCC) testsuite on sparc-sun-solaris2.11
Rainer Orth
ro@CeBiTec.Uni-Bielefeld.DE
Fri Aug 4 13:23:00 GMT 2017
LAST_UPDATED: Fri Aug 4 10:56:26 UTC 2017 (revision 250865)
=== acats tests ===
=== acats Summary ===
# of expected passes 2320
# of unexpected failures 0
Native configuration is sparc-sun-solaris2.11
=== g++ tests ===
Running target unix
FAIL: g++.dg/template/nontype10.C -std=c++11 (test for excess errors)
FAIL: g++.dg/template/nontype10.C -std=c++14 (test for excess errors)
FAIL: g++.dg/template/nontype10.C -std=c++98 (test for excess errors)
FAIL: g++.dg/gcov/pr16855-priority.C -std=gnu++11 gcov: 1 failures in line counts, 0 in branch percentages, 0 in return percentages, 0 in intermediate format
FAIL: g++.dg/gcov/pr16855-priority.C -std=gnu++11 line 22: is #####:should be 1
FAIL: g++.dg/gcov/pr16855-priority.C -std=gnu++14 gcov: 1 failures in line counts, 0 in branch percentages, 0 in return percentages, 0 in intermediate format
FAIL: g++.dg/gcov/pr16855-priority.C -std=gnu++14 line 22: is #####:should be 1
FAIL: g++.dg/gcov/pr16855-priority.C -std=gnu++98 gcov: 1 failures in line counts, 0 in branch percentages, 0 in return percentages, 0 in intermediate format
FAIL: g++.dg/gcov/pr16855-priority.C -std=gnu++98 line 22: is #####:should be 1
FAIL: g++.dg/gcov/pr16855.C -std=gnu++11 gcov: 1 failures in line counts, 0 in branch percentages, 0 in return percentages, 0 in intermediate format
FAIL: g++.dg/gcov/pr16855.C -std=gnu++11 line 21: is #####:should be 1
FAIL: g++.dg/gcov/pr16855.C -std=gnu++14 gcov: 1 failures in line counts, 0 in branch percentages, 0 in return percentages, 0 in intermediate format
FAIL: g++.dg/gcov/pr16855.C -std=gnu++14 line 21: is #####:should be 1
FAIL: g++.dg/gcov/pr16855.C -std=gnu++98 gcov: 1 failures in line counts, 0 in branch percentages, 0 in return percentages, 0 in intermediate format
FAIL: g++.dg/gcov/pr16855.C -std=gnu++98 line 21: is #####:should be 1
=== g++ Summary for unix ===
# of expected passes 107175
# of unexpected failures 15
# of expected failures 391
# of unsupported tests 4609
Running target unix/-m64
FAIL: g++.dg/gcov/pr16855-priority.C -std=gnu++11 gcov: 1 failures in line counts, 0 in branch percentages, 0 in return percentages, 0 in intermediate format
FAIL: g++.dg/gcov/pr16855-priority.C -std=gnu++11 line 22: is #####:should be 1
FAIL: g++.dg/gcov/pr16855-priority.C -std=gnu++14 gcov: 1 failures in line counts, 0 in branch percentages, 0 in return percentages, 0 in intermediate format
FAIL: g++.dg/gcov/pr16855-priority.C -std=gnu++14 line 22: is #####:should be 1
FAIL: g++.dg/gcov/pr16855-priority.C -std=gnu++98 gcov: 1 failures in line counts, 0 in branch percentages, 0 in return percentages, 0 in intermediate format
FAIL: g++.dg/gcov/pr16855-priority.C -std=gnu++98 line 22: is #####:should be 1
FAIL: g++.dg/gcov/pr16855.C -std=gnu++11 gcov: 1 failures in line counts, 0 in branch percentages, 0 in return percentages, 0 in intermediate format
FAIL: g++.dg/gcov/pr16855.C -std=gnu++11 line 21: is #####:should be 1
FAIL: g++.dg/gcov/pr16855.C -std=gnu++14 gcov: 1 failures in line counts, 0 in branch percentages, 0 in return percentages, 0 in intermediate format
FAIL: g++.dg/gcov/pr16855.C -std=gnu++14 line 21: is #####:should be 1
FAIL: g++.dg/gcov/pr16855.C -std=gnu++98 gcov: 1 failures in line counts, 0 in branch percentages, 0 in return percentages, 0 in intermediate format
FAIL: g++.dg/gcov/pr16855.C -std=gnu++98 line 21: is #####:should be 1
=== g++ Summary for unix/-m64 ===
# of expected passes 109060
# of unexpected failures 12
# of expected failures 391
# of unsupported tests 4581
=== g++ Summary ===
# of expected passes 216235
# of unexpected failures 27
# of expected failures 782
# of unsupported tests 9190
/var/gcc/regression/trunk/11.4-gcc/build/gcc/testsuite/g++/../../xg++ version 8.0.0 20170804 (experimental) [trunk revision 250865] (GCC)
=== gcc tests ===
Running target unix
UNRESOLVED: gcc.dg/pr46932.c scan-rtl-dump-not auto_inc_dec "success"
FAIL: gcc.dg/plugin/must-tail-call-1.c -fplugin=./must_tail_call_plugin.so (test for excess errors)
FAIL: gcc.dg/simulate-thread/atomic-other-int.c -O2 -g thread simulation test
FAIL: gcc.dg/simulate-thread/atomic-other-int.c -O3 -g thread simulation test
FAIL: gcc.dg/simulate-thread/speculative-store-4.c -O0 -g thread simulation test
FAIL: gcc.dg/simulate-thread/speculative-store-4.c -O2 -g thread simulation test
FAIL: gcc.dg/simulate-thread/speculative-store-4.c -O3 -g thread simulation test
FAIL: gcc.dg/simulate-thread/speculative-store.c -O0 -g thread simulation test
FAIL: gcc.dg/vect/bb-slp-1.c -flto -ffat-lto-objects scan-tree-dump-times slp1 "basic block vectorized" 1
FAIL: gcc.dg/vect/bb-slp-1.c scan-tree-dump-times slp1 "basic block vectorized" 1
FAIL: gcc.dg/vect/bb-slp-16.c -flto -ffat-lto-objects scan-tree-dump-times slp1 "basic block vectorized" 1
FAIL: gcc.dg/vect/bb-slp-16.c scan-tree-dump-times slp1 "basic block vectorized" 1
FAIL: gcc.dg/vect/bb-slp-2.c -flto -ffat-lto-objects scan-tree-dump-times slp1 "basic block vectorized" 1
FAIL: gcc.dg/vect/bb-slp-2.c scan-tree-dump-times slp1 "basic block vectorized" 1
FAIL: gcc.dg/vect/no-section-anchors-vect-69.c scan-tree-dump-times vect "vectorized 4 loops" 1
XPASS: gcc.dg/vect/vect-multitypes-12.c -flto -ffat-lto-objects scan-tree-dump-times vect "vectorized 1 loops" 1
XPASS: gcc.dg/vect/vect-multitypes-12.c scan-tree-dump-times vect "vectorized 1 loops" 1
=== gcc Summary for unix ===
# of expected passes 100938
# of unexpected failures 14
# of unexpected successes 2
# of expected failures 426
# of unresolved testcases 1
# of unsupported tests 2649
Running target unix/-m64
UNRESOLVED: gcc.dg/pr46932.c scan-rtl-dump-not auto_inc_dec "success"
FAIL: gcc.dg/plugin/must-tail-call-1.c -fplugin=./must_tail_call_plugin.so (test for excess errors)
FAIL: gcc.dg/vect/bb-slp-1.c -flto -ffat-lto-objects scan-tree-dump-times slp1 "basic block vectorized" 1
FAIL: gcc.dg/vect/bb-slp-1.c scan-tree-dump-times slp1 "basic block vectorized" 1
FAIL: gcc.dg/vect/bb-slp-16.c -flto -ffat-lto-objects scan-tree-dump-times slp1 "basic block vectorized" 1
FAIL: gcc.dg/vect/bb-slp-16.c scan-tree-dump-times slp1 "basic block vectorized" 1
FAIL: gcc.dg/vect/bb-slp-2.c -flto -ffat-lto-objects scan-tree-dump-times slp1 "basic block vectorized" 1
FAIL: gcc.dg/vect/bb-slp-2.c scan-tree-dump-times slp1 "basic block vectorized" 1
FAIL: gcc.dg/vect/no-section-anchors-vect-69.c scan-tree-dump-times vect "vectorized 4 loops" 1
=== gcc Summary for unix/-m64 ===
# of expected passes 102002
# of unexpected failures 8
# of expected failures 413
# of unresolved testcases 1
# of unsupported tests 2441
=== gcc Summary ===
# of expected passes 202940
# of unexpected failures 22
# of unexpected successes 2
# of expected failures 839
# of unresolved testcases 2
# of unsupported tests 5090
/var/gcc/regression/trunk/11.4-gcc/build/gcc/xgcc version 8.0.0 20170804 (experimental) [trunk revision 250865] (GCC)
=== gfortran tests ===
Running target unix
FAIL: gfortran.dg/elemental_subroutine_3.f90 -O1 (test for excess errors)
FAIL: gfortran.dg/elemental_subroutine_3.f90 -O2 (test for excess errors)
FAIL: gfortran.dg/elemental_subroutine_3.f90 -O3 -fomit-frame-pointer -funroll-loops -fpeel-loops -ftracer -finline-functions (test for excess errors)
FAIL: gfortran.dg/elemental_subroutine_3.f90 -O3 -g (test for excess errors)
FAIL: gfortran.dg/elemental_subroutine_3.f90 -Os (test for excess errors)
=== gfortran Summary for unix ===
# of expected passes 45055
# of unexpected failures 5
# of expected failures 94
# of unsupported tests 248
Running target unix/-m64
FAIL: gfortran.dg/elemental_subroutine_3.f90 -O1 (test for excess errors)
FAIL: gfortran.dg/elemental_subroutine_3.f90 -O2 (test for excess errors)
FAIL: gfortran.dg/elemental_subroutine_3.f90 -O3 -fomit-frame-pointer -funroll-loops -fpeel-loops -ftracer -finline-functions (test for excess errors)
FAIL: gfortran.dg/elemental_subroutine_3.f90 -O3 -g (test for excess errors)
FAIL: gfortran.dg/elemental_subroutine_3.f90 -Os (test for excess errors)
FAIL: gfortran.dg/graphite/pr14741.f90 -O scan-tree-dump graphite "tiled by"
=== gfortran Summary for unix/-m64 ===
# of expected passes 45301
# of unexpected failures 6
# of expected failures 94
# of unsupported tests 127
=== gfortran Summary ===
# of expected passes 90356
# of unexpected failures 11
# of expected failures 188
# of unsupported tests 375
/var/gcc/regression/trunk/11.4-gcc/build/gcc/testsuite/gfortran/../../gfortran version 8.0.0 20170804 (experimental) [trunk revision 250865] (GCC)
=== gnat tests ===
Running target unix
=== gnat Summary for unix ===
# of expected passes 2553
# of expected failures 24
# of unsupported tests 23
Running target unix/-m64
=== gnat Summary for unix/-m64 ===
# of expected passes 2553
# of expected failures 24
# of unsupported tests 23
=== gnat Summary ===
# of expected passes 5106
# of expected failures 48
# of unsupported tests 46
/var/gcc/regression/trunk/11.4-gcc/build/gcc/gnatmake version 8.0.0 20170804 (experimental) [trunk revision 250865]
=== go tests ===
Running target unix
FAIL: ./index0-out.go execution, -O0 -g -fno-var-tracking-assignments
FAIL: go.test/test/fixedbugs/issue4562.go execution, -O2 -g
FAIL: go.test/test/method5.go execution, -O2 -g
FAIL: go.test/test/nil.go execution, -O2 -g
=== go Summary for unix ===
# of expected passes 7358
# of unexpected failures 4
# of expected failures 1
# of untested testcases 11
# of unsupported tests 3
Running target unix/-m64
FAIL: ./index0-out.go execution, -O0 -g -fno-var-tracking-assignments
=== go Summary for unix/-m64 ===
# of expected passes 7241
# of unexpected failures 1
# of expected failures 1
# of untested testcases 11
# of unsupported tests 3
=== go Summary ===
# of expected passes 14599
# of unexpected failures 5
# of expected failures 2
# of untested testcases 22
# of unsupported tests 6
=== obj-c++ tests ===
Running target unix
=== obj-c++ Summary for unix ===
# of expected passes 1459
# of expected failures 2
# of unsupported tests 77
Running target unix/-m64
=== obj-c++ Summary for unix/-m64 ===
# of expected passes 1451
# of expected failures 10
# of unsupported tests 77
=== obj-c++ Summary ===
# of expected passes 2910
# of expected failures 12
# of unsupported tests 154
/var/gcc/regression/trunk/11.4-gcc/build/gcc/testsuite/obj-c++/../../xg++ version 8.0.0 20170804 (experimental) [trunk revision 250865] (GCC)
=== objc tests ===
Running target unix
=== objc Summary for unix ===
# of expected passes 2803
# of unsupported tests 68
Running target unix/-m64
=== objc Summary for unix/-m64 ===
# of expected passes 2803
# of unsupported tests 68
=== objc Summary ===
# of expected passes 5606
# of unsupported tests 136
/var/gcc/regression/trunk/11.4-gcc/build/gcc/xgcc version 8.0.0 20170804 (experimental) [trunk revision 250865] (GCC)
=== gotools tests ===
FAIL: TestImportCommandMatch
FAIL: TestCgoHandlesWlORIGIN
FAIL: TestSelectStackAdjust
FAIL: TestBreakpoint
FAIL: TestInstall
FAIL: TestEarlySignalHandler
FAIL: TestSignalForwardingExternal
FAIL: TestOsSignal
FAIL: TestSigaltstack
FAIL: TestPIE
=== gotools Summary ===
# of expected passes 249
# of unexpected failures 10
# of untested testcases 119
/var/gcc/regression/trunk/11.4-gcc/build/./gcc/gccgo version 8.0.0 20170804 (experimental) [trunk revision 250865] (GCC)
=== libatomic tests ===
Running target unix
=== libatomic Summary for unix ===
# of expected passes 44
# of unsupported tests 5
Running target unix/-m64
=== libatomic Summary for unix/-m64 ===
# of expected passes 54
=== libatomic Summary ===
# of expected passes 98
# of unsupported tests 5
=== libffi tests ===
Running target unix
=== libffi Summary for unix ===
# of expected passes 2214
Running target unix/-m64
=== libffi Summary for unix/-m64 ===
# of expected passes 2214
=== libffi Summary ===
# of expected passes 4428
=== libgo tests ===
Running target unix
FAIL: net
FAIL: runtime
FAIL: go/build
FAIL: net/http
FAIL: runtime/pprof
=== libgo Summary for unix ===
# of expected passes 142
# of unexpected failures 5
Running target unix/-m64
FAIL: net
FAIL: go/build
FAIL: net/http
FAIL: os/signal
FAIL: runtime/pprof
=== libgo Summary for unix/-m64 ===
# of expected passes 142
# of unexpected failures 5
=== libgo Summary ===
# of expected passes 284
# of unexpected failures 10
/var/gcc/regression/trunk/11.4-gcc/build/./gcc/gccgo version 8.0.0 20170804 (experimental) [trunk revision 250865] (GCC)
=== libgomp tests ===
Running target unix
=== libgomp Summary for unix ===
# of expected passes 5140
# of unsupported tests 379
Running target unix/-m64
=== libgomp Summary for unix/-m64 ===
# of expected passes 5140
# of unsupported tests 379
=== libgomp Summary ===
# of expected passes 10280
# of unsupported tests 758
=== libitm tests ===
Running target unix
=== libitm Summary for unix ===
# of expected passes 42
# of expected failures 3
# of unsupported tests 1
Running target unix/-m64
=== libitm Summary for unix/-m64 ===
# of expected passes 42
# of expected failures 3
# of unsupported tests 1
=== libitm Summary ===
# of expected passes 84
# of expected failures 6
# of unsupported tests 2
=== libstdc++ tests ===
Running target unix
=== libstdc++ Summary for unix ===
# of expected passes 10880
# of expected failures 70
# of unsupported tests 630
Running target unix/-m64
=== libstdc++ Summary for unix/-m64 ===
# of expected passes 10880
# of expected failures 70
# of unsupported tests 630
=== libstdc++ Summary ===
# of expected passes 21760
# of expected failures 140
# of unsupported tests 1260
Compiler version: 8.0.0 20170804 (experimental) [trunk revision 250865] (GCC)
Platform: sparc-sun-solaris2.11
configure flags: --prefix=/vol/gcc --target=sparc-sun-solaris2.11 --enable-objc-gc --with-target-bdw-gc-include=/vol/gcc/include --with-target-bdw-gc-lib=/vol/gcc/lib,sparcv9=/vol/gcc/lib/sparcv9 --enable-libmudflap --with-as=/usr/ccs/bin/as --without-gnu-as --with-gmp-include=/vol/gcc/include --with-gmp-lib=/vol/gcc/lib --with-mpfr-include=/vol/gcc/include --with-mpfr-lib=/vol/gcc/lib --with-mpc-include=/vol/gcc/include --with-mpc-lib=/vol/gcc/lib --enable-languages=all,ada,obj-c++,go --with-isl-include=/vol/gcc/include --with-isl-lib=/vol/gcc/lib --build=sparc-sun-solaris2.11 --host=sparc-sun-solaris2.11
BOOT_CFLAGS=-g -O2
More information about the Gcc-testresults
mailing list