Results for 7.0.1 20170413 (experimental) [master revision f01af94:5b7d0a2:4ab4cd97c608d2351de14d119615e9ae298f8524] (Cavium Inc. (Build 1373)) testsuite on aarch64-unknown-linux-gnu
Jenkins
jenkins@cavium.com
Thu Apr 13 18:35:00 GMT 2017
LAST_UPDATED: Thu Apr 13 16:23:15 UTC 2017 (revision f01af94:5b7d0a2:4ab4cd97c608d2351de14d119615e9ae298f8524)
Native configuration is aarch64-unknown-linux-gnu
=== libatomic tests ===
Running target unix
=== libatomic Summary ===
# of expected passes 54
=== libffi tests ===
Running target unix
=== libffi Summary ===
# of expected passes 2214
=== libgo tests ===
Running target unix
=== libgo Summary ===
# of expected passes 145
/home/jenkins/workspace/BuildThunderX_native_gcc_upstream/objdir/./gcc/gccgo version 7.0.1 20170413 (experimental) [master revision f01af94:5b7d0a2:4ab4cd97c608d2351de14d119615e9ae298f8524] (Cavium Inc. (Build 1373))
=== libgomp tests ===
Running target unix
=== libgomp Summary ===
# of expected passes 5016
# of unsupported tests 380
=== libitm tests ===
Running target unix
=== libitm Summary ===
# of expected passes 42
# of expected failures 3
# of unsupported tests 1
=== libstdc++ tests ===
Running target unix
FAIL: 27_io/manipulators/extended/get_money/char/1.cc execution test
=== libstdc++ Summary ===
# of expected passes 11333
# of unexpected failures 1
# of expected failures 66
# of unsupported tests 556
=== gcc tests ===
Running target unix
FAIL: c-c++-common/ubsan/overflow-mul-4.c -O2 -flto -fno-use-linker-plugin -flto-partition=none output pattern test
FAIL: c-c++-common/ubsan/overflow-mul-4.c -O3 -g output pattern test
FAIL: c-c++-common/ubsan/overflow-mul-4.c -Os output pattern test
FAIL: gcc.target/aarch64/vect-abs-compile.c scan-assembler abs\\\\tv[0-9]+.16b
FAIL: gcc.target/aarch64/vect-abs-compile.c scan-assembler abs\\\\tv[0-9]+.8h
=== gcc Summary ===
# of expected passes 112293
# of unexpected failures 5
# of expected failures 316
# of unsupported tests 3162
/home/jenkins/workspace/BuildThunderX_native_gcc_upstream/objdir/gcc/xgcc version 7.0.1 20170413 (experimental) [master revision f01af94:5b7d0a2:4ab4cd97c608d2351de14d119615e9ae298f8524] (Cavium Inc. (Build 1373))
=== gfortran tests ===
Running target unix
=== gfortran Summary ===
# of expected passes 44230
# of expected failures 85
# of unsupported tests 75
/home/jenkins/workspace/BuildThunderX_native_gcc_upstream/objdir/gcc/testsuite/gfortran/../../gfortran version 7.0.1 20170413 (experimental) [master revision f01af94:5b7d0a2:4ab4cd97c608d2351de14d119615e9ae298f8524] (Cavium Inc. (Build 1373))
=== g++ tests ===
Running target unix
FAIL: c-c++-common/ubsan/overflow-mul-4.c -O2 output pattern test
FAIL: c-c++-common/ubsan/overflow-mul-4.c -O2 -flto -fno-use-linker-plugin -flto-partition=none output pattern test
=== g++ Summary ===
# of expected passes 108291
# of unexpected failures 2
# of expected failures 380
# of unsupported tests 4692
/home/jenkins/workspace/BuildThunderX_native_gcc_upstream/objdir/gcc/testsuite/g++/../../xg++ version 7.0.1 20170413 (experimental) [master revision f01af94:5b7d0a2:4ab4cd97c608d2351de14d119615e9ae298f8524] (Cavium Inc. (Build 1373))
=== go tests ===
Running target unix
FAIL: go.test/test/ken/cplx2.go execution, -O2 -g
=== go Summary ===
# of expected passes 7243
# of unexpected failures 1
# of expected failures 1
# of untested testcases 10
# of unsupported tests 3
/home/jenkins/workspace/BuildThunderX_native_gcc_upstream/objdir/gcc/testsuite/go/../../gccgo version 7.0.1 20170413 (experimental) [master revision f01af94:5b7d0a2:4ab4cd97c608d2351de14d119615e9ae298f8524] (Cavium Inc. (Build 1373))
Compiler version: 7.0.1 20170413 (experimental) [master revision f01af94:5b7d0a2:4ab4cd97c608d2351de14d119615e9ae298f8524] (Cavium Inc. (Build 1373))
Platform: aarch64-unknown-linux-gnu
configure flags: --prefix=/home/jenkins/workspace/BuildThunderX_native_gcc_upstream/objdir/../tools --enable-languages=c,c++,fortran,go --disable-werror --with-sysroot=/ --enable-plugins --enable-gnu-indirect-function --with-pkgversion='Cavium Inc. (Build 1373)'
More information about the Gcc-testresults
mailing list