Results for 7.0.1 20170411 (experimental) (GCC) testsuite on s390-ibm-linux-gnu default
Andreas Krebbel
krebbel@linux.vnet.ibm.com
Tue Apr 11 19:21:00 GMT 2017
LAST_UPDATED: Tue Apr 11 17:09:12 UTC 2017 (revision 246848)
=== acats tests ===
=== acats Summary ===
# of expected passes 2320
# of unexpected failures 0
Native configuration is s390-ibm-linux-gnu default
=== g++ tests ===
Running target unix
FAIL: c-c++-common/asan/pr64820.c -O0 output pattern test, is =================================================================
FAIL: c-c++-common/asan/pr64820.c -O1 output pattern test, is =================================================================
FAIL: c-c++-common/asan/pr64820.c -O2 output pattern test, is =================================================================
FAIL: c-c++-common/asan/pr64820.c -O2 -flto -fno-use-linker-plugin -flto-partition=none output pattern test, is =================================================================
FAIL: c-c++-common/asan/pr64820.c -O2 -flto -fuse-linker-plugin -fno-fat-lto-objects output pattern test, is =================================================================
FAIL: c-c++-common/asan/pr64820.c -O3 -g output pattern test, is =================================================================
FAIL: c-c++-common/asan/pr64820.c -Os output pattern test, is =================================================================
FAIL: c-c++-common/asan/use-after-return-1.c -O0 output pattern test, is 1: 0x42009020
FAIL: c-c++-common/asan/use-after-return-1.c -O1 output pattern test, is 1: 0x42009020
FAIL: c-c++-common/asan/use-after-return-1.c -O2 output pattern test, is 1: 0x42009020
FAIL: c-c++-common/asan/use-after-return-1.c -O2 -flto -fno-use-linker-plugin -flto-partition=none output pattern test, is 1: 0x42009020
FAIL: c-c++-common/asan/use-after-return-1.c -O2 -flto -fuse-linker-plugin -fno-fat-lto-objects output pattern test, is 1: 0x42009020
FAIL: c-c++-common/asan/use-after-return-1.c -O3 -g output pattern test, is 1: 0x42009020
FAIL: c-c++-common/asan/use-after-return-1.c -Os output pattern test, is 1: 0x42009020
=== g++ Summary ===
# of expected passes 107892
# of unexpected failures 14
# of expected failures 377
# of unsupported tests 4742
-default/gcc/testsuite/g++/../../xg++ version 7.0.1 20170411 (experimental) (GCC)
=== gcc tests ===
Running target unix
FAIL: c-c++-common/asan/pr64820.c -O0 output pattern test, is =================================================================
FAIL: c-c++-common/asan/pr64820.c -O1 output pattern test, is =================================================================
FAIL: c-c++-common/asan/pr64820.c -O2 output pattern test, is =================================================================
FAIL: c-c++-common/asan/pr64820.c -O2 -flto -fno-use-linker-plugin -flto-partition=none output pattern test, is =================================================================
FAIL: c-c++-common/asan/pr64820.c -O2 -flto -fuse-linker-plugin -fno-fat-lto-objects output pattern test, is =================================================================
FAIL: c-c++-common/asan/pr64820.c -O3 -g output pattern test, is =================================================================
FAIL: c-c++-common/asan/pr64820.c -Os output pattern test, is =================================================================
FAIL: c-c++-common/asan/use-after-return-1.c -O0 output pattern test, is 1: 0x42009020
FAIL: c-c++-common/asan/use-after-return-1.c -O1 output pattern test, is 1: 0x42009020
FAIL: c-c++-common/asan/use-after-return-1.c -O2 output pattern test, is 1: 0x42009020
FAIL: c-c++-common/asan/use-after-return-1.c -O2 -flto -fno-use-linker-plugin -flto-partition=none output pattern test, is 1: 0x42009020
FAIL: c-c++-common/asan/use-after-return-1.c -O2 -flto -fuse-linker-plugin -fno-fat-lto-objects output pattern test, is 1: 0x42009020
FAIL: c-c++-common/asan/use-after-return-1.c -O3 -g output pattern test, is 1: 0x42009020
FAIL: c-c++-common/asan/use-after-return-1.c -Os output pattern test, is 1: 0x42009020
XPASS: gcc.dg/attr-alloc_size-11.c missing range info for short (test for warnings, line 51)
FAIL: gcc.dg/c99-stdint-1.c (test for excess errors)
FAIL: gcc.dg/gcc-have-sync-compare-and-swap.c (test for excess errors)
FAIL: gcc.dg/loop-9.c scan-rtl-dump loop2_invariant "Decided"
FAIL: gcc.dg/loop-9.c scan-rtl-dump loop2_invariant "without introducing a new temporary register"
FAIL: gcc.dg/lower-subreg-1.c scan-rtl-dump subreg1 "Splitting reg"
FAIL: gcc.dg/tree-ssa/ssa-dom-cse-2.c scan-tree-dump optimized "return 28;"
FAIL: gcc.target/s390/load-and-test-fp-1.c scan-assembler cdbr\\t
FAIL: gcc.target/s390/loc-1.c scan-assembler \\tlocrne\\t%r2,%r4
=== gcc Summary ===
# of expected passes 108351
# of unexpected failures 22
# of unexpected successes 1
# of expected failures 182
# of unsupported tests 2453
-default/gcc/xgcc version 7.0.1 20170411 (experimental) (GCC)
=== gfortran tests ===
Running target unix
=== gfortran Summary ===
# of expected passes 43969
# of expected failures 78
# of unsupported tests 209
-default/gcc/testsuite/gfortran/../../gfortran version 7.0.1 20170411 (experimental) (GCC)
=== gnat tests ===
Running target unix
FAIL: gnat.dg/frame_overflow.adb (test for errors, line 14)
FAIL: gnat.dg/frame_overflow.adb (test for errors, line 5)
FAIL: gnat.dg/frame_overflow.adb (test for excess errors)
FAIL: gnat.dg/specs/atomic1.ads (test for errors, line 9)
=== gnat Summary ===
# of expected passes 2531
# of unexpected failures 4
# of expected failures 24
# of unsupported tests 21
-default/gcc/gnatmake version 7.0.1 20170411 (experimental)
=== go tests ===
Running target unix
FAIL: go.test/test/ken/cplx2.go execution, -O2 -g
=== go Summary ===
# of expected passes 7369
# of unexpected failures 1
# of expected failures 1
# of untested testcases 7
# of unsupported tests 3
-default/gcc/testsuite/go/../../gccgo version 7.0.1 20170411 (experimental) (GCC)
=== obj-c++ tests ===
Running target unix
=== obj-c++ Summary ===
# of expected passes 1459
# of expected failures 2
# of unsupported tests 77
-default/gcc/testsuite/obj-c++/../../xg++ version 7.0.1 20170411 (experimental) (GCC)
=== objc tests ===
Running target unix
=== objc Summary ===
# of expected passes 2803
# of unsupported tests 68
-default/gcc/xgcc version 7.0.1 20170411 (experimental) (GCC)
=== libatomic tests ===
Running target unix
=== libatomic Summary ===
# of expected passes 44
# of unsupported tests 5
=== libffi tests ===
Running target unix
=== libffi Summary ===
# of expected passes 2214
=== libgo tests ===
Running target unix
FAIL: runtime
=== libgo Summary ===
# of expected passes 144
# of unexpected failures 1
-default/./gcc/gccgo version 7.0.1 20170411 (experimental) (GCC)
=== libgomp tests ===
Running target unix
=== libgomp Summary ===
# of expected passes 5014
# of unsupported tests 380
=== libitm tests ===
Running target unix
=== libitm Summary ===
# of expected passes 42
# of expected failures 3
# of unsupported tests 1
=== libstdc++ tests ===
Running target unix
=== libstdc++ Summary ===
# of expected passes 12126
# of expected failures 66
# of unsupported tests 256
Version: 7.0.1 20170411 (experimental) (GCC)
Platform: s390-ibm-linux-gnu default
configure flags: --enable-shared --with-system-zlib --enable-threads=posix --enable-__cxa_atexit --enable-checking --with-diagnostics-color=never --prefix=/home/dailybuild/gnu-dailybuild/arena/20170411/gcc-head/install-s390-default --enable-languages=c,c++,objc,obj-c++,fortran,go,ada --with-mode=zarch
GCC version:
More information about the Gcc-testresults
mailing list