Results for 7.0.1 20170411 (experimental) (GCC) testsuite on x86_64-pc-linux-gnu
jenkins@cavium.com
jenkins@cavium.com
Tue Apr 11 18:18:00 GMT 2017
Native configuration is x86_64-pc-linux-gnu
=== gcc tests ===
Running target unix//-m64
FAIL: c-c++-common/ubsan/float-cast-overflow-10.c -O2 output pattern test
FAIL: c-c++-common/ubsan/float-cast-overflow-10.c -O2 -flto -fuse-linker-plugin -fno-fat-lto-objects output pattern test
FAIL: c-c++-common/ubsan/float-cast-overflow-2.c -O1 output pattern test
FAIL: c-c++-common/ubsan/float-cast-overflow-2.c -O2 output pattern test
FAIL: c-c++-common/ubsan/float-cast-overflow-2.c -O2 -flto -fno-use-linker-plugin -flto-partition=none output pattern test
FAIL: c-c++-common/ubsan/float-cast-overflow-2.c -O2 -flto -fuse-linker-plugin -fno-fat-lto-objects output pattern test
FAIL: c-c++-common/ubsan/float-cast-overflow-2.c -O3 -g output pattern test
FAIL: c-c++-common/ubsan/overflow-mul-4.c -O1 output pattern test
=== gcc Summary ===
# of expected passes 128353
# of unexpected failures 8
# of expected failures 365
# of unsupported tests 2079
/home/jenkins/workspace/GCCupstream/objdir/gcc/xgcc version 7.0.1 20170411 (experimental) (GCC)
=== gfortran tests ===
Running target unix//-m64
=== gfortran Summary ===
# of expected passes 44864
# of expected failures 78
# of unsupported tests 84
/home/jenkins/workspace/GCCupstream/objdir/gcc/testsuite/gfortran/../../gfortran version 7.0.1 20170411 (experimental) (GCC)
=== g++ tests ===
Running target unix//-m64
FAIL: c-c++-common/ubsan/float-cast-overflow-10.c -O2 output pattern test
FAIL: c-c++-common/ubsan/float-cast-overflow-10.c -O2 -flto -fno-use-linker-plugin -flto-partition=none output pattern test
FAIL: c-c++-common/ubsan/float-cast-overflow-10.c -O2 -flto -fuse-linker-plugin -fno-fat-lto-objects output pattern test
FAIL: c-c++-common/ubsan/float-cast-overflow-2.c -O0 output pattern test
FAIL: c-c++-common/ubsan/float-cast-overflow-2.c -O1 output pattern test
FAIL: c-c++-common/ubsan/float-cast-overflow-2.c -O2 output pattern test
FAIL: c-c++-common/ubsan/float-cast-overflow-2.c -O2 -flto -fno-use-linker-plugin -flto-partition=none output pattern test
FAIL: c-c++-common/ubsan/float-cast-overflow-2.c -O2 -flto -fuse-linker-plugin -fno-fat-lto-objects output pattern test
FAIL: c-c++-common/ubsan/float-cast-overflow-8.c -O2 output pattern test
FAIL: c-c++-common/ubsan/float-cast-overflow-8.c -O2 -flto -fno-use-linker-plugin -flto-partition=none output pattern test
FAIL: c-c++-common/ubsan/float-cast-overflow-8.c -O2 -flto -fuse-linker-plugin -fno-fat-lto-objects output pattern test
FAIL: c-c++-common/ubsan/overflow-mul-4.c -O2 output pattern test
FAIL: c-c++-common/ubsan/overflow-mul-4.c -O2 -flto -fuse-linker-plugin -fno-fat-lto-objects output pattern test
FAIL: c-c++-common/ubsan/overflow-mul-4.c -O3 -fomit-frame-pointer -funroll-loops -fpeel-loops -ftracer -finline-functions output pattern test
FAIL: c-c++-common/ubsan/overflow-mul-4.c -Os output pattern test
=== g++ Summary ===
# of expected passes 113888
# of unexpected failures 15
# of expected failures 386
# of unsupported tests 4271
/home/jenkins/workspace/GCCupstream/objdir/gcc/testsuite/g++/../../xg++ version 7.0.1 20170411 (experimental) (GCC)
=== objc tests ===
Running target unix//-m64
=== objc Summary ===
# of expected passes 2797
# of expected failures 6
# of unsupported tests 68
/home/jenkins/workspace/GCCupstream/objdir/gcc/xgcc version 7.0.1 20170411 (experimental) (GCC)
=== libatomic tests ===
Running target unix//-m64
=== libatomic Summary ===
# of expected passes 54
=== libgomp tests ===
Running target unix//-m64
=== libgomp Summary ===
# of expected passes 5136
# of unsupported tests 319
=== libitm tests ===
Running target unix//-m64
=== libitm Summary ===
# of expected passes 42
# of expected failures 3
# of unsupported tests 1
=== libstdc++ tests ===
Running target unix//-m64
=== libstdc++ Summary ===
# of expected passes 11134
# of expected failures 66
# of unsupported tests 563
Compiler version: 7.0.1 20170411 (experimental) (GCC)
Platform: x86_64-pc-linux-gnu
configure flags: --prefix=/home/jenkins/workspace/GCCupstream/objdir/install --disable-multilib
More information about the Gcc-testresults
mailing list