Results for 7.0.1 20170411 (experimental) [master revision 2e0dd73:8c2b602:46d621ba013568bb878a237826697cc4163b58c9] (Cavium Inc. (Build 1358)) testsuite on aarch64-unknown-linux-gnu
Jenkins
jenkins@cavium.com
Tue Apr 11 16:22:00 GMT 2017
LAST_UPDATED: Tue Apr 11 14:23:28 UTC 2017 (revision 2e0dd73:8c2b602:46d621ba013568bb878a237826697cc4163b58c9)
Native configuration is aarch64-unknown-linux-gnu
=== libatomic tests ===
Running target unix
=== libatomic Summary ===
# of expected passes 54
=== libffi tests ===
Running target unix
=== libffi Summary ===
# of expected passes 2214
=== libgo tests ===
Running target unix
=== libgo Summary ===
# of expected passes 145
/home/jenkins/workspace/BuildThunderX_native_gcc_upstream/objdir/./gcc/gccgo version 7.0.1 20170411 (experimental) [master revision 2e0dd73:8c2b602:46d621ba013568bb878a237826697cc4163b58c9] (Cavium Inc. (Build 1358))
=== libgomp tests ===
Running target unix
=== libgomp Summary ===
# of expected passes 5014
# of unsupported tests 380
=== libitm tests ===
Running target unix
=== libitm Summary ===
# of expected passes 42
# of expected failures 3
# of unsupported tests 1
=== libstdc++ tests ===
Running target unix
FAIL: 27_io/manipulators/extended/get_money/char/1.cc execution test
=== libstdc++ Summary ===
# of expected passes 11333
# of unexpected failures 1
# of expected failures 66
# of unsupported tests 556
=== gcc tests ===
Running target unix
FAIL: c-c++-common/ubsan/float-cast-overflow-1.c -O2 output pattern test
FAIL: c-c++-common/ubsan/overflow-mul-4.c -O2 output pattern test
FAIL: gcc.target/aarch64/vect-abs-compile.c scan-assembler abs\\\\tv[0-9]+.16b
FAIL: gcc.target/aarch64/vect-abs-compile.c scan-assembler abs\\\\tv[0-9]+.8h
=== gcc Summary ===
# of expected passes 112173
# of unexpected failures 4
# of expected failures 316
# of unsupported tests 3156
/home/jenkins/workspace/BuildThunderX_native_gcc_upstream/objdir/gcc/xgcc version 7.0.1 20170411 (experimental) [master revision 2e0dd73:8c2b602:46d621ba013568bb878a237826697cc4163b58c9] (Cavium Inc. (Build 1358))
=== gfortran tests ===
Running target unix
=== gfortran Summary ===
# of expected passes 44230
# of expected failures 85
# of unsupported tests 75
/home/jenkins/workspace/BuildThunderX_native_gcc_upstream/objdir/gcc/testsuite/gfortran/../../gfortran version 7.0.1 20170411 (experimental) [master revision 2e0dd73:8c2b602:46d621ba013568bb878a237826697cc4163b58c9] (Cavium Inc. (Build 1358))
=== g++ tests ===
Running target unix
FAIL: c-c++-common/ubsan/float-cast-overflow-1.c -O0 output pattern test
FAIL: c-c++-common/ubsan/float-cast-overflow-8.c -O2 -flto -fuse-linker-plugin -fno-fat-lto-objects output pattern test
FAIL: c-c++-common/ubsan/overflow-mul-4.c -O0 output pattern test
FAIL: c-c++-common/ubsan/overflow-mul-4.c -O2 output pattern test
FAIL: c-c++-common/ubsan/overflow-mul-4.c -O2 -flto -fno-use-linker-plugin -flto-partition=none output pattern test
=== g++ Summary ===
# of expected passes 108196
# of unexpected failures 5
# of expected failures 380
# of unsupported tests 4679
/home/jenkins/workspace/BuildThunderX_native_gcc_upstream/objdir/gcc/testsuite/g++/../../xg++ version 7.0.1 20170411 (experimental) [master revision 2e0dd73:8c2b602:46d621ba013568bb878a237826697cc4163b58c9] (Cavium Inc. (Build 1358))
=== go tests ===
Running target unix
FAIL: go.test/test/ken/cplx2.go execution, -O2 -g
=== go Summary ===
# of expected passes 7243
# of unexpected failures 1
# of expected failures 1
# of untested testcases 10
# of unsupported tests 3
/home/jenkins/workspace/BuildThunderX_native_gcc_upstream/objdir/gcc/testsuite/go/../../gccgo version 7.0.1 20170411 (experimental) [master revision 2e0dd73:8c2b602:46d621ba013568bb878a237826697cc4163b58c9] (Cavium Inc. (Build 1358))
Compiler version: 7.0.1 20170411 (experimental) [master revision 2e0dd73:8c2b602:46d621ba013568bb878a237826697cc4163b58c9] (Cavium Inc. (Build 1358))
Platform: aarch64-unknown-linux-gnu
configure flags: --prefix=/home/jenkins/workspace/BuildThunderX_native_gcc_upstream/objdir/../tools --enable-languages=c,c++,fortran,go --disable-werror --with-sysroot=/ --enable-plugins --enable-gnu-indirect-function --with-pkgversion='Cavium Inc. (Build 1358)'
More information about the Gcc-testresults
mailing list