Results for 7.0.1 20170407 (experimental) [trunk revision 246757] (GCC) testsuite on i386-pc-solaris2.11
Rainer Orth
ro@CeBiTec.Uni-Bielefeld.DE
Sat Apr 8 13:50:00 GMT 2017
LAST_UPDATED: Fri Apr 7 09:01:56 UTC 2017 (revision 246757)
=== acats tests ===
=== acats Summary ===
# of expected passes 2320
# of unexpected failures 0
Native configuration is i386-pc-solaris2.11
=== g++ tests ===
Running target unix
FAIL: g++.dg/init/cleanup3.C -std=c++11 scan-assembler-not _tcf
FAIL: g++.dg/init/cleanup3.C -std=c++14 scan-assembler-not _tcf
FAIL: g++.dg/init/cleanup3.C -std=c++98 scan-assembler-not _tcf
FAIL: g++.dg/tls/thread_local-order1.C -std=c++11 execution test
FAIL: g++.dg/tls/thread_local-order1.C -std=c++14 execution test
FAIL: g++.dg/tls/thread_local3g.C -std=gnu++11 execution test
FAIL: g++.dg/tls/thread_local3g.C -std=gnu++14 execution test
FAIL: g++.dg/tls/thread_local4g.C -std=gnu++11 execution test
FAIL: g++.dg/tls/thread_local4g.C -std=gnu++14 execution test
FAIL: g++.dg/tls/thread_local5g.C -std=gnu++11 execution test
FAIL: g++.dg/tls/thread_local5g.C -std=gnu++14 execution test
FAIL: g++.dg/tls/thread_local6g.C -std=c++11 execution test
FAIL: g++.dg/tls/thread_local6g.C -std=c++14 execution test
FAIL: g++.old-deja/g++.other/init5.C -std=c++11 execution test
FAIL: g++.old-deja/g++.other/init5.C -std=c++14 execution test
FAIL: g++.old-deja/g++.other/init5.C -std=c++98 execution test
=== g++ Summary for unix ===
# of expected passes 104754
# of unexpected failures 16
# of expected failures 388
# of unsupported tests 3952
Running target unix/-m64
FAIL: g++.dg/init/cleanup3.C -std=c++11 scan-assembler-not _tcf
FAIL: g++.dg/init/cleanup3.C -std=c++14 scan-assembler-not _tcf
FAIL: g++.dg/init/cleanup3.C -std=c++98 scan-assembler-not _tcf
FAIL: g++.dg/tls/thread_local-order1.C -std=c++11 execution test
FAIL: g++.dg/tls/thread_local-order1.C -std=c++14 execution test
FAIL: g++.dg/tls/thread_local3g.C -std=gnu++11 execution test
FAIL: g++.dg/tls/thread_local3g.C -std=gnu++14 execution test
FAIL: g++.dg/tls/thread_local4g.C -std=gnu++11 execution test
FAIL: g++.dg/tls/thread_local4g.C -std=gnu++14 execution test
FAIL: g++.dg/tls/thread_local5g.C -std=gnu++11 execution test
FAIL: g++.dg/tls/thread_local5g.C -std=gnu++14 execution test
FAIL: g++.dg/tls/thread_local6g.C -std=c++11 execution test
FAIL: g++.dg/tls/thread_local6g.C -std=c++14 execution test
FAIL: g++.old-deja/g++.other/init5.C -std=c++11 execution test
FAIL: g++.old-deja/g++.other/init5.C -std=c++14 execution test
FAIL: g++.old-deja/g++.other/init5.C -std=c++98 execution test
=== g++ Summary for unix/-m64 ===
# of expected passes 106089
# of unexpected failures 16
# of expected failures 388
# of unsupported tests 4190
=== g++ Summary ===
# of expected passes 210843
# of unexpected failures 32
# of expected failures 776
# of unsupported tests 8142
/var/gcc/regression/trunk/11-gcc-gas-gld/build/gcc/testsuite/g++/../../xg++ version 7.0.1 20170407 (experimental) [trunk revision 246757] (GCC)
=== gcc tests ===
Running target unix
=== gcc Summary for unix ===
# of expected passes 116574
# of expected failures 376
# of unsupported tests 2067
Running target unix/-m64
=== gcc Summary for unix/-m64 ===
# of expected passes 118115
# of expected failures 372
# of unsupported tests 2049
=== gcc Summary ===
# of expected passes 234689
# of expected failures 748
# of unsupported tests 4116
/var/gcc/regression/trunk/11-gcc-gas-gld/build/gcc/xgcc version 7.0.1 20170407 (experimental) [trunk revision 246757] (GCC)
=== gfortran tests ===
Running target unix
=== gfortran Summary for unix ===
# of expected passes 44710
# of expected failures 88
# of unsupported tests 189
Running target unix/-m64
=== gfortran Summary for unix/-m64 ===
# of expected passes 44927
# of expected failures 88
# of unsupported tests 86
=== gfortran Summary ===
# of expected passes 89637
# of expected failures 176
# of unsupported tests 275
/var/gcc/regression/trunk/11-gcc-gas-gld/build/gcc/testsuite/gfortran/../../gfortran version 7.0.1 20170407 (experimental) [trunk revision 246757] (GCC)
=== gnat tests ===
Running target unix
=== gnat Summary for unix ===
# of expected passes 2569
# of expected failures 24
# of unsupported tests 7
Running target unix/-m64
=== gnat Summary for unix/-m64 ===
# of expected passes 2569
# of expected failures 24
# of unsupported tests 7
=== gnat Summary ===
# of expected passes 5138
# of expected failures 48
# of unsupported tests 14
/var/gcc/regression/trunk/11-gcc-gas-gld/build/gcc/gnatmake version 7.0.1 20170407 (experimental) [trunk revision 246757]
=== go tests ===
Running target unix
=== go Summary for unix ===
# of expected passes 7365
# of expected failures 1
# of untested testcases 10
# of unsupported tests 2
Running target unix/-m64
=== go Summary for unix/-m64 ===
# of expected passes 7246
# of expected failures 1
# of untested testcases 10
# of unsupported tests 1
=== go Summary ===
# of expected passes 14611
# of expected failures 2
# of untested testcases 20
# of unsupported tests 3
/var/gcc/regression/trunk/11-gcc-gas-gld/build/gcc/testsuite/go/../../gccgo version 7.0.1 20170407 (experimental) [trunk revision 246757] (GCC)
=== obj-c++ tests ===
Running target unix
=== obj-c++ Summary for unix ===
# of expected passes 1459
# of expected failures 2
# of unsupported tests 77
Running target unix/-m64
=== obj-c++ Summary for unix/-m64 ===
# of expected passes 1451
# of expected failures 10
# of unsupported tests 77
=== obj-c++ Summary ===
# of expected passes 2910
# of expected failures 12
# of unsupported tests 154
/var/gcc/regression/trunk/11-gcc-gas-gld/build/gcc/testsuite/obj-c++/../../xg++ version 7.0.1 20170407 (experimental) [trunk revision 246757] (GCC)
=== objc tests ===
Running target unix
=== objc Summary for unix ===
# of expected passes 2797
# of expected failures 6
# of unsupported tests 68
Running target unix/-m64
=== objc Summary for unix/-m64 ===
# of expected passes 2797
# of expected failures 6
# of unsupported tests 68
=== objc Summary ===
# of expected passes 5594
# of expected failures 12
# of unsupported tests 136
/var/gcc/regression/trunk/11-gcc-gas-gld/build/gcc/xgcc version 7.0.1 20170407 (experimental) [trunk revision 246757] (GCC)
=== libatomic tests ===
Running target unix
=== libatomic Summary for unix ===
# of expected passes 44
# of unsupported tests 5
Running target unix/-m64
=== libatomic Summary for unix/-m64 ===
# of expected passes 54
=== libatomic Summary ===
# of expected passes 98
# of unsupported tests 5
=== libffi tests ===
Running target unix
=== libffi Summary for unix ===
# of expected passes 2799
Running target unix/-m64
=== libffi Summary for unix/-m64 ===
# of expected passes 2214
=== libffi Summary ===
# of expected passes 5013
=== libgo tests ===
Running target unix
FAIL: go/build
FAIL: runtime/pprof
=== libgo Summary for unix ===
# of expected passes 144
# of unexpected failures 2
Running target unix/-m64
FAIL: go/build
FAIL: runtime/pprof
=== libgo Summary for unix/-m64 ===
# of expected passes 144
# of unexpected failures 2
=== libgo Summary ===
# of expected passes 288
# of unexpected failures 4
/var/gcc/regression/trunk/11-gcc-gas-gld/build/./gcc/gccgo version 7.0.1 20170407 (experimental) [trunk revision 246757] (GCC)
=== libgomp tests ===
Running target unix
=== libgomp Summary for unix ===
# of expected passes 5154
# of unsupported tests 333
Running target unix/-m64
=== libgomp Summary for unix/-m64 ===
# of expected passes 5154
# of unsupported tests 333
=== libgomp Summary ===
# of expected passes 10308
# of unsupported tests 666
=== libitm tests ===
Running target unix
=== libitm Summary for unix ===
# of expected passes 42
# of expected failures 3
# of unsupported tests 1
Running target unix/-m64
=== libitm Summary for unix/-m64 ===
# of expected passes 42
# of expected failures 3
# of unsupported tests 1
=== libitm Summary ===
# of expected passes 84
# of expected failures 6
# of unsupported tests 2
=== libstdc++ tests ===
Running target unix
=== libstdc++ Summary for unix ===
# of expected passes 10832
# of expected failures 66
# of unsupported tests 616
Running target unix/-m64
=== libstdc++ Summary for unix/-m64 ===
# of expected passes 10824
# of expected failures 66
# of unsupported tests 620
=== libstdc++ Summary ===
# of expected passes 21656
# of expected failures 132
# of unsupported tests 1236
Compiler version: 7.0.1 20170407 (experimental) [trunk revision 246757] (GCC)
Platform: i386-pc-solaris2.11
configure flags: --prefix=/vol/gcc --target=i386-pc-solaris2.11 --enable-objc-gc --with-target-bdw-gc-include=/vol/gcc/include --with-target-bdw-gc-lib=/vol/gcc/lib,amd64=/vol/gcc/lib/amd64 --enable-libmudflap --with-as=/vol/gcc/bin/gas-2.28 --with-gnu-as --with-ld=/vol/gcc/bin/gld-2.28 --with-gnu-ld --with-gmp-include=/vol/gcc/include --with-gmp-lib=/vol/gcc/lib --with-mpfr-include=/vol/gcc/include --with-mpfr-lib=/vol/gcc/lib --with-mpc-include=/vol/gcc/include --with-mpc-lib=/vol/gcc/lib --enable-languages=all,ada,obj-c++,go --with-isl-include=/vol/gcc/include --with-isl-lib=/vol/gcc/lib --build=i386-pc-solaris2.11 --host=i386-pc-solaris2.11
BOOT_CFLAGS=-g -O2
More information about the Gcc-testresults
mailing list