Results for 7.0.0 20160924 (experimental) [trunk revision 240461] (GCC) testsuite on x86_64-pc-linux-gnu
H.J. Lu
hjl@gnu-skl-1.localdomain
Sat Sep 24 07:28:00 GMT 2016
Native configuration is x86_64-pc-linux-gnu
=== gcc tests ===
Running target unix
FAIL: gcc.dg/debug/dwarf2/const-2b.c scan-assembler DW_AT_const_value
XPASS: gcc.dg/guality/example.c -O0 execution test
XPASS: gcc.dg/guality/example.c -O1 execution test
XPASS: gcc.dg/guality/example.c -O2 execution test
XPASS: gcc.dg/guality/example.c -O2 -flto -fno-use-linker-plugin -flto-partition=none execution test
XPASS: gcc.dg/guality/guality.c -O0 execution test
XPASS: gcc.dg/guality/guality.c -O1 execution test
XPASS: gcc.dg/guality/guality.c -O2 execution test
XPASS: gcc.dg/guality/guality.c -O2 -flto -fno-use-linker-plugin -flto-partition=none execution test
XPASS: gcc.dg/guality/guality.c -O2 -flto -fuse-linker-plugin -fno-fat-lto-objects execution test
XPASS: gcc.dg/guality/guality.c -O3 -g execution test
XPASS: gcc.dg/guality/guality.c -Os execution test
XPASS: gcc.dg/guality/inline-params.c -O2 execution test
XPASS: gcc.dg/guality/inline-params.c -O2 -flto -fno-use-linker-plugin -flto-partition=none execution test
XPASS: gcc.dg/guality/inline-params.c -O3 -g execution test
XPASS: gcc.dg/guality/inline-params.c -Os execution test
XPASS: gcc.dg/guality/pr41353-1.c -O0 line 28 j == 28 + 37
XPASS: gcc.dg/guality/pr41353-1.c -O1 line 28 j == 28 + 37
XPASS: gcc.dg/guality/pr41353-1.c -O2 line 28 j == 28 + 37
XPASS: gcc.dg/guality/pr41353-1.c -O2 -flto -fno-use-linker-plugin -flto-partition=none line 28 j == 28 + 37
XPASS: gcc.dg/guality/pr41353-1.c -O2 -flto -fuse-linker-plugin -fno-fat-lto-objects line 28 j == 28 + 37
XPASS: gcc.dg/guality/pr41353-1.c -O3 -g line 28 j == 28 + 37
XPASS: gcc.dg/guality/pr41353-1.c -Os line 28 j == 28 + 37
FAIL: gcc.dg/guality/pr41616-1.c -O2 -flto -fuse-linker-plugin -fno-fat-lto-objects execution test
FAIL: gcc.dg/guality/pr45882.c -O2 -flto -fuse-linker-plugin -fno-fat-lto-objects line 16 d == 112
FAIL: gcc.dg/guality/pr45882.c -O2 -flto -fuse-linker-plugin -fno-fat-lto-objects line 16 e == 142
FAIL: gcc.dg/guality/pr54200.c -Os line 20 z == 3
FAIL: gcc.dg/guality/pr54519-1.c -O2 -flto -fno-use-linker-plugin -flto-partition=none line 20 y == 25
FAIL: gcc.dg/guality/pr54519-1.c -O2 -flto -fno-use-linker-plugin -flto-partition=none line 20 z == 6
FAIL: gcc.dg/guality/pr54519-1.c -O2 -flto -fno-use-linker-plugin -flto-partition=none line 23 y == 117
FAIL: gcc.dg/guality/pr54519-1.c -O2 -flto -fno-use-linker-plugin -flto-partition=none line 23 z == 8
FAIL: gcc.dg/guality/pr54519-2.c -O2 -flto -fno-use-linker-plugin -flto-partition=none line 17 y == 25
FAIL: gcc.dg/guality/pr54519-2.c -O2 -flto -fuse-linker-plugin -fno-fat-lto-objects line 17 y == 25
FAIL: gcc.dg/guality/pr54519-3.c -O2 -flto -fno-use-linker-plugin -flto-partition=none line 20 y == 25
FAIL: gcc.dg/guality/pr54519-3.c -O2 -flto -fno-use-linker-plugin -flto-partition=none line 20 z == 6
FAIL: gcc.dg/guality/pr54519-3.c -O2 -flto -fno-use-linker-plugin -flto-partition=none line 23 y == 117
FAIL: gcc.dg/guality/pr54519-3.c -O2 -flto -fno-use-linker-plugin -flto-partition=none line 23 z == 8
FAIL: gcc.dg/guality/pr54519-3.c -O2 -flto -fuse-linker-plugin -fno-fat-lto-objects line 20 y == 25
FAIL: gcc.dg/guality/pr54519-3.c -O2 -flto -fuse-linker-plugin -fno-fat-lto-objects line 20 z == 6
FAIL: gcc.dg/guality/pr54519-3.c -O2 -flto -fuse-linker-plugin -fno-fat-lto-objects line 23 y == 117
FAIL: gcc.dg/guality/pr54519-3.c -O2 -flto -fuse-linker-plugin -fno-fat-lto-objects line 23 z == 8
FAIL: gcc.dg/guality/pr54519-4.c -O2 -flto -fno-use-linker-plugin -flto-partition=none line 17 y == 25
FAIL: gcc.dg/guality/pr54519-4.c -O2 -flto -fuse-linker-plugin -fno-fat-lto-objects line 17 y == 25
FAIL: gcc.dg/guality/pr54519-5.c -O2 -flto -fno-use-linker-plugin -flto-partition=none line 17 y == 25
FAIL: gcc.dg/guality/pr54519-5.c -O2 -flto -fuse-linker-plugin -fno-fat-lto-objects line 17 y == 25
FAIL: gcc.dg/guality/pr68860-1.c -O2 -flto -fno-use-linker-plugin -flto-partition=none line 14 arg1 == 1
FAIL: gcc.dg/guality/pr68860-1.c -O2 -flto -fno-use-linker-plugin -flto-partition=none line 14 arg2 == 2
FAIL: gcc.dg/guality/pr68860-1.c -O2 -flto -fno-use-linker-plugin -flto-partition=none line 14 arg3 == 3
FAIL: gcc.dg/guality/pr68860-1.c -O2 -flto -fno-use-linker-plugin -flto-partition=none line 14 arg4 == 4
FAIL: gcc.dg/guality/pr68860-1.c -O2 -flto -fno-use-linker-plugin -flto-partition=none line 14 arg5 == 5
FAIL: gcc.dg/guality/pr68860-1.c -O2 -flto -fno-use-linker-plugin -flto-partition=none line 14 arg6 == 6
FAIL: gcc.dg/guality/pr68860-1.c -O2 -flto -fno-use-linker-plugin -flto-partition=none line 16 arg1 == 1
FAIL: gcc.dg/guality/pr68860-1.c -O2 -flto -fno-use-linker-plugin -flto-partition=none line 16 arg2 == 2
FAIL: gcc.dg/guality/pr68860-1.c -O2 -flto -fno-use-linker-plugin -flto-partition=none line 16 arg3 == 3
FAIL: gcc.dg/guality/pr68860-1.c -O2 -flto -fno-use-linker-plugin -flto-partition=none line 16 arg4 == 4
FAIL: gcc.dg/guality/pr68860-1.c -O2 -flto -fno-use-linker-plugin -flto-partition=none line 16 arg5 == 5
FAIL: gcc.dg/guality/pr68860-1.c -O2 -flto -fno-use-linker-plugin -flto-partition=none line 16 arg6 == 6
FAIL: gcc.dg/guality/pr68860-1.c -O2 -flto -fuse-linker-plugin -fno-fat-lto-objects line 14 arg1 == 1
FAIL: gcc.dg/guality/pr68860-1.c -O2 -flto -fuse-linker-plugin -fno-fat-lto-objects line 14 arg2 == 2
FAIL: gcc.dg/guality/pr68860-1.c -O2 -flto -fuse-linker-plugin -fno-fat-lto-objects line 14 arg3 == 3
FAIL: gcc.dg/guality/pr68860-1.c -O2 -flto -fuse-linker-plugin -fno-fat-lto-objects line 14 arg4 == 4
FAIL: gcc.dg/guality/pr68860-1.c -O2 -flto -fuse-linker-plugin -fno-fat-lto-objects line 14 arg5 == 5
FAIL: gcc.dg/guality/pr68860-1.c -O2 -flto -fuse-linker-plugin -fno-fat-lto-objects line 14 arg6 == 6
FAIL: gcc.dg/guality/pr68860-1.c -O2 -flto -fuse-linker-plugin -fno-fat-lto-objects line 16 arg1 == 1
FAIL: gcc.dg/guality/pr68860-1.c -O2 -flto -fuse-linker-plugin -fno-fat-lto-objects line 16 arg2 == 2
FAIL: gcc.dg/guality/pr68860-1.c -O2 -flto -fuse-linker-plugin -fno-fat-lto-objects line 16 arg3 == 3
FAIL: gcc.dg/guality/pr68860-1.c -O2 -flto -fuse-linker-plugin -fno-fat-lto-objects line 16 arg4 == 4
FAIL: gcc.dg/guality/pr68860-1.c -O2 -flto -fuse-linker-plugin -fno-fat-lto-objects line 16 arg5 == 5
FAIL: gcc.dg/guality/pr68860-1.c -O2 -flto -fuse-linker-plugin -fno-fat-lto-objects line 16 arg6 == 6
FAIL: gcc.dg/guality/vla-1.c -O1 line 17 sizeof (a) == 6
FAIL: gcc.dg/guality/vla-1.c -O2 line 17 sizeof (a) == 6
FAIL: gcc.dg/guality/vla-1.c -O2 -flto -fno-use-linker-plugin -flto-partition=none line 17 sizeof (a) == 6
FAIL: gcc.dg/guality/vla-1.c -O2 -flto -fuse-linker-plugin -fno-fat-lto-objects line 17 sizeof (a) == 6
FAIL: gcc.dg/guality/vla-1.c -O3 -g line 17 sizeof (a) == 6
FAIL: gcc.dg/guality/vla-1.c -Os line 17 sizeof (a) == 6
UNRESOLVED: gcc.dg/tree-prof/bb-reorg.c compilation, -fauto-profile
UNRESOLVED: gcc.dg/tree-prof/bb-reorg.c execution, -fauto-profile
FAIL: gcc.dg/tree-prof/bb-reorg.c execution, -g
UNRESOLVED: gcc.dg/tree-prof/peel-1.c compilation, -fauto-profile
UNRESOLVED: gcc.dg/tree-prof/peel-1.c execution, -fauto-profile
FAIL: gcc.dg/tree-prof/peel-1.c execution, -g
UNRESOLVED: gcc.dg/tree-prof/pr44777.c compilation, -fauto-profile
UNRESOLVED: gcc.dg/tree-prof/pr44777.c execution, -fauto-profile
FAIL: gcc.dg/tree-prof/pr44777.c execution, -g
UNRESOLVED: gcc.dg/tree-prof/pr52150.c compilation, -fauto-profile
UNRESOLVED: gcc.dg/tree-prof/pr52150.c execution, -fauto-profile
FAIL: gcc.dg/tree-prof/pr52150.c execution, -g
UNRESOLVED: gcc.dg/tree-prof/switch-case-2.c compilation, -fauto-profile
UNRESOLVED: gcc.dg/tree-prof/switch-case-2.c execution, -fauto-profile
FAIL: gcc.dg/tree-prof/switch-case-2.c execution, -g
UNRESOLVED: gcc.dg/tree-prof/pr47187.c scan-tree-dump-times dom2 "square" 1
UNRESOLVED: gcc.dg/tree-prof/val-prof-2.c scan-tree-dump-times vrp1 " & 3" 1
UNRESOLVED: gcc.dg/tree-prof/val-prof-2.c scan-tree-dump-times vrp1 " >> 2" 1
UNRESOLVED: gcc.dg/tree-prof/wcoverage-mismatch.c scan-tree-dump-times dom2 "\\\\+" 1
UNRESOLVED: gcc.dg/tree-prof/wcoverage-mismatch.c scan-tree-dump-times dom2 "first_gp_reg_save" 1
UNRESOLVED: gcc.dg/tree-ssa/pr68198.c scan-tree-dump-times ethread "FSM Thread through multiway branch without threading a multiway branch" 2
FAIL: gcc.dg/tree-ssa/pr69270-3.c scan-tree-dump-times uncprop1 ", 1" 4
FAIL: gcc.dg/tree-ssa/slsr-8.c scan-tree-dump-times optimized " w?\\\\* " 7
=== gcc Summary for unix ===
# of expected passes 126698
# of unexpected failures 60
# of unexpected successes 22
# of expected failures 333
# of unresolved testcases 16
# of unsupported tests 2042
Running target unix/-m32
FAIL: gcc.dg/debug/dwarf2/const-2b.c scan-assembler DW_AT_const_value
FAIL: gcc.dg/graphite/scop-dsyr2k.c scan-tree-dump-times graphite "number of SCoPs: 1" 1
FAIL: gcc.dg/graphite/scop-dsyrk.c scan-tree-dump-times graphite "number of SCoPs: 1" 1
XPASS: gcc.dg/guality/example.c -O0 execution test
XPASS: gcc.dg/guality/example.c -O1 execution test
XPASS: gcc.dg/guality/guality.c -O0 execution test
XPASS: gcc.dg/guality/guality.c -O1 execution test
XPASS: gcc.dg/guality/guality.c -O2 execution test
XPASS: gcc.dg/guality/guality.c -O2 -flto -fno-use-linker-plugin -flto-partition=none execution test
XPASS: gcc.dg/guality/guality.c -O2 -flto -fuse-linker-plugin -fno-fat-lto-objects execution test
XPASS: gcc.dg/guality/guality.c -O3 -g execution test
XPASS: gcc.dg/guality/guality.c -Os execution test
XPASS: gcc.dg/guality/inline-params.c -O2 execution test
XPASS: gcc.dg/guality/inline-params.c -O2 -flto -fno-use-linker-plugin -flto-partition=none execution test
XPASS: gcc.dg/guality/inline-params.c -O3 -g execution test
XPASS: gcc.dg/guality/inline-params.c -Os execution test
XPASS: gcc.dg/guality/pr41353-1.c -O0 line 28 j == 28 + 37
XPASS: gcc.dg/guality/pr41353-1.c -O1 line 28 j == 28 + 37
XPASS: gcc.dg/guality/pr41353-1.c -O2 line 28 j == 28 + 37
XPASS: gcc.dg/guality/pr41353-1.c -O2 -flto -fno-use-linker-plugin -flto-partition=none line 28 j == 28 + 37
XPASS: gcc.dg/guality/pr41353-1.c -O2 -flto -fuse-linker-plugin -fno-fat-lto-objects line 28 j == 28 + 37
XPASS: gcc.dg/guality/pr41353-1.c -O3 -g line 28 j == 28 + 37
XPASS: gcc.dg/guality/pr41353-1.c -Os line 28 j == 28 + 37
FAIL: gcc.dg/guality/pr41447-1.c -O2 execution test
FAIL: gcc.dg/guality/pr41447-1.c -O2 -flto -fno-use-linker-plugin -flto-partition=none execution test
FAIL: gcc.dg/guality/pr41447-1.c -O3 -g execution test
FAIL: gcc.dg/guality/pr41616-1.c -O2 -flto -fuse-linker-plugin -fno-fat-lto-objects execution test
FAIL: gcc.dg/guality/pr45882.c -O2 -flto -fuse-linker-plugin -fno-fat-lto-objects line 16 d == 112
FAIL: gcc.dg/guality/pr45882.c -O2 -flto -fuse-linker-plugin -fno-fat-lto-objects line 16 e == 142
FAIL: gcc.dg/guality/pr54519-1.c -O2 -flto -fno-use-linker-plugin -flto-partition=none line 20 y == 25
FAIL: gcc.dg/guality/pr54519-1.c -O2 -flto -fno-use-linker-plugin -flto-partition=none line 20 z == 6
FAIL: gcc.dg/guality/pr54519-1.c -O2 -flto -fno-use-linker-plugin -flto-partition=none line 23 y == 117
FAIL: gcc.dg/guality/pr54519-1.c -O2 -flto -fno-use-linker-plugin -flto-partition=none line 23 z == 8
FAIL: gcc.dg/guality/pr54519-2.c -O2 -flto -fno-use-linker-plugin -flto-partition=none line 17 y == 25
FAIL: gcc.dg/guality/pr54519-2.c -O2 -flto -fuse-linker-plugin -fno-fat-lto-objects line 17 y == 25
FAIL: gcc.dg/guality/pr54519-3.c -O2 -flto -fno-use-linker-plugin -flto-partition=none line 20 y == 25
FAIL: gcc.dg/guality/pr54519-3.c -O2 -flto -fno-use-linker-plugin -flto-partition=none line 20 z == 6
FAIL: gcc.dg/guality/pr54519-3.c -O2 -flto -fno-use-linker-plugin -flto-partition=none line 23 y == 117
FAIL: gcc.dg/guality/pr54519-3.c -O2 -flto -fno-use-linker-plugin -flto-partition=none line 23 z == 8
FAIL: gcc.dg/guality/pr54519-3.c -O2 -flto -fuse-linker-plugin -fno-fat-lto-objects line 20 y == 25
FAIL: gcc.dg/guality/pr54519-3.c -O2 -flto -fuse-linker-plugin -fno-fat-lto-objects line 20 z == 6
FAIL: gcc.dg/guality/pr54519-3.c -O2 -flto -fuse-linker-plugin -fno-fat-lto-objects line 23 y == 117
FAIL: gcc.dg/guality/pr54519-3.c -O2 -flto -fuse-linker-plugin -fno-fat-lto-objects line 23 z == 8
FAIL: gcc.dg/guality/pr54519-4.c -O2 -flto -fno-use-linker-plugin -flto-partition=none line 17 y == 25
FAIL: gcc.dg/guality/pr54519-4.c -O2 -flto -fuse-linker-plugin -fno-fat-lto-objects line 17 y == 25
FAIL: gcc.dg/guality/pr54519-5.c -O2 -flto -fno-use-linker-plugin -flto-partition=none line 17 y == 25
FAIL: gcc.dg/guality/pr54519-5.c -O2 -flto -fuse-linker-plugin -fno-fat-lto-objects line 17 y == 25
FAIL: gcc.dg/guality/pr68860-1.c -O2 -flto -fno-use-linker-plugin -flto-partition=none line 14 arg1 == 1
FAIL: gcc.dg/guality/pr68860-1.c -O2 -flto -fno-use-linker-plugin -flto-partition=none line 14 arg2 == 2
FAIL: gcc.dg/guality/pr68860-1.c -O2 -flto -fno-use-linker-plugin -flto-partition=none line 14 arg3 == 3
FAIL: gcc.dg/guality/pr68860-1.c -O2 -flto -fno-use-linker-plugin -flto-partition=none line 14 arg4 == 4
FAIL: gcc.dg/guality/pr68860-1.c -O2 -flto -fno-use-linker-plugin -flto-partition=none line 14 arg5 == 5
FAIL: gcc.dg/guality/pr68860-1.c -O2 -flto -fno-use-linker-plugin -flto-partition=none line 14 arg6 == 6
FAIL: gcc.dg/guality/pr68860-1.c -O2 -flto -fno-use-linker-plugin -flto-partition=none line 16 arg1 == 1
FAIL: gcc.dg/guality/pr68860-1.c -O2 -flto -fno-use-linker-plugin -flto-partition=none line 16 arg2 == 2
FAIL: gcc.dg/guality/pr68860-1.c -O2 -flto -fno-use-linker-plugin -flto-partition=none line 16 arg3 == 3
FAIL: gcc.dg/guality/pr68860-1.c -O2 -flto -fno-use-linker-plugin -flto-partition=none line 16 arg4 == 4
FAIL: gcc.dg/guality/pr68860-1.c -O2 -flto -fno-use-linker-plugin -flto-partition=none line 16 arg5 == 5
FAIL: gcc.dg/guality/pr68860-1.c -O2 -flto -fno-use-linker-plugin -flto-partition=none line 16 arg6 == 6
FAIL: gcc.dg/guality/pr68860-1.c -O2 -flto -fuse-linker-plugin -fno-fat-lto-objects line 14 arg1 == 1
FAIL: gcc.dg/guality/pr68860-1.c -O2 -flto -fuse-linker-plugin -fno-fat-lto-objects line 14 arg2 == 2
FAIL: gcc.dg/guality/pr68860-1.c -O2 -flto -fuse-linker-plugin -fno-fat-lto-objects line 14 arg3 == 3
FAIL: gcc.dg/guality/pr68860-1.c -O2 -flto -fuse-linker-plugin -fno-fat-lto-objects line 14 arg4 == 4
FAIL: gcc.dg/guality/pr68860-1.c -O2 -flto -fuse-linker-plugin -fno-fat-lto-objects line 14 arg5 == 5
FAIL: gcc.dg/guality/pr68860-1.c -O2 -flto -fuse-linker-plugin -fno-fat-lto-objects line 14 arg6 == 6
FAIL: gcc.dg/guality/pr68860-1.c -O2 -flto -fuse-linker-plugin -fno-fat-lto-objects line 16 arg1 == 1
FAIL: gcc.dg/guality/pr68860-1.c -O2 -flto -fuse-linker-plugin -fno-fat-lto-objects line 16 arg2 == 2
FAIL: gcc.dg/guality/pr68860-1.c -O2 -flto -fuse-linker-plugin -fno-fat-lto-objects line 16 arg3 == 3
FAIL: gcc.dg/guality/pr68860-1.c -O2 -flto -fuse-linker-plugin -fno-fat-lto-objects line 16 arg4 == 4
FAIL: gcc.dg/guality/pr68860-1.c -O2 -flto -fuse-linker-plugin -fno-fat-lto-objects line 16 arg5 == 5
FAIL: gcc.dg/guality/pr68860-1.c -O2 -flto -fuse-linker-plugin -fno-fat-lto-objects line 16 arg6 == 6
FAIL: gcc.dg/guality/vla-1.c -O1 line 17 sizeof (a) == 6
FAIL: gcc.dg/guality/vla-1.c -O2 line 17 sizeof (a) == 6
FAIL: gcc.dg/guality/vla-1.c -O2 -flto -fno-use-linker-plugin -flto-partition=none line 17 sizeof (a) == 6
FAIL: gcc.dg/guality/vla-1.c -O2 -flto -fuse-linker-plugin -fno-fat-lto-objects line 17 sizeof (a) == 6
FAIL: gcc.dg/guality/vla-1.c -O3 -g line 17 sizeof (a) == 6
FAIL: gcc.dg/guality/vla-1.c -Os line 17 sizeof (a) == 6
FAIL: gcc.dg/tree-ssa/builtin-sprintf-warn-1.c (test for warnings, line 1222)
FAIL: gcc.dg/tree-ssa/builtin-sprintf-warn-1.c (test for warnings, line 1272)
FAIL: gcc.dg/tree-ssa/builtin-sprintf-warn-1.c (test for warnings, line 1383)
FAIL: gcc.dg/tree-ssa/builtin-sprintf-warn-1.c (test for excess errors)
UNRESOLVED: gcc.dg/tree-ssa/pr68198.c scan-tree-dump-times ethread "FSM Thread through multiway branch without threading a multiway branch" 2
FAIL: gcc.dg/tree-ssa/pr69270-3.c scan-tree-dump-times uncprop1 ", 1" 4
FAIL: gcc.dg/tree-ssa/scev-5.c scan-tree-dump-times optimized "&a" 1
FAIL: gcc.dg/tree-ssa/slsr-8.c scan-tree-dump-times optimized " w?\\\\* " 7
=== gcc Summary for unix/-m32 ===
# of expected passes 124729
# of unexpected failures 64
# of unexpected successes 20
# of expected failures 337
# of unresolved testcases 1
# of unsupported tests 2081
=== gcc Summary ===
# of expected passes 251427
# of unexpected failures 124
# of unexpected successes 42
# of expected failures 670
# of unresolved testcases 17
# of unsupported tests 4123
/export/gnu/import/git/gcc-test/bld/gcc/xgcc version 7.0.0 20160924 (experimental) [trunk revision 240461] (GCC)
=== gfortran tests ===
Running target unix
FAIL: gfortran.dg/graphite/pr68279.f90 -O (internal compiler error)
FAIL: gfortran.dg/graphite/pr68279.f90 -O (test for excess errors)
UNRESOLVED: gfortran.dg/prof/dynamic_dispatch_6.f03 scan-tree-dump-times vect "vectorized 3 loops" 1
=== gfortran Summary for unix ===
# of expected passes 43268
# of unexpected failures 2
# of expected failures 76
# of unresolved testcases 1
# of unsupported tests 66
Running target unix/-m32
FAIL: gfortran.dg/bessel_6.f90 -O0 execution test
FAIL: gfortran.dg/bessel_6.f90 -O1 execution test
FAIL: gfortran.dg/bessel_6.f90 -O2 execution test
FAIL: gfortran.dg/bessel_6.f90 -O3 -fomit-frame-pointer -funroll-loops -fpeel-loops -ftracer -finline-functions execution test
FAIL: gfortran.dg/bessel_6.f90 -O3 -g execution test
FAIL: gfortran.dg/bessel_6.f90 -Os execution test
FAIL: gfortran.dg/coarray_lib_comm_1.f90 -O0 scan-tree-dump-times original "_gfortran_caf_get \\\\(caf_token.0, \\\\(integer\\\\(kind=8\\\\)\\\\) parm.[0-9]+.data - \\\\(integer\\\\(kind=8\\\\)\\\\) a, 1, &parm.[0-9]+, 0B, &p, 4, 4, 1, 0B\\\\);" 1
FAIL: gfortran.dg/coarray_lib_comm_1.f90 -O0 scan-tree-dump-times original "_gfortran_caf_get \\\\(caf_token.1, \\\\(integer\\\\(kind=8\\\\)\\\\) parm.[0-9]+.data - \\\\(integer\\\\(kind=8\\\\)\\\\) b, 1, &parm.[0-9]+, 0B, &p, 4, 4, 0, 0B\\\\);" 1
FAIL: gfortran.dg/coarray_lib_comm_1.f90 -O1 scan-tree-dump-times original "_gfortran_caf_get \\\\(caf_token.0, \\\\(integer\\\\(kind=8\\\\)\\\\) parm.[0-9]+.data - \\\\(integer\\\\(kind=8\\\\)\\\\) a, 1, &parm.[0-9]+, 0B, &p, 4, 4, 1, 0B\\\\);" 1
FAIL: gfortran.dg/coarray_lib_comm_1.f90 -O1 scan-tree-dump-times original "_gfortran_caf_get \\\\(caf_token.1, \\\\(integer\\\\(kind=8\\\\)\\\\) parm.[0-9]+.data - \\\\(integer\\\\(kind=8\\\\)\\\\) b, 1, &parm.[0-9]+, 0B, &p, 4, 4, 0, 0B\\\\);" 1
FAIL: gfortran.dg/coarray_lib_comm_1.f90 -O2 scan-tree-dump-times original "_gfortran_caf_get \\\\(caf_token.0, \\\\(integer\\\\(kind=8\\\\)\\\\) parm.[0-9]+.data - \\\\(integer\\\\(kind=8\\\\)\\\\) a, 1, &parm.[0-9]+, 0B, &p, 4, 4, 1, 0B\\\\);" 1
FAIL: gfortran.dg/coarray_lib_comm_1.f90 -O2 scan-tree-dump-times original "_gfortran_caf_get \\\\(caf_token.1, \\\\(integer\\\\(kind=8\\\\)\\\\) parm.[0-9]+.data - \\\\(integer\\\\(kind=8\\\\)\\\\) b, 1, &parm.[0-9]+, 0B, &p, 4, 4, 0, 0B\\\\);" 1
FAIL: gfortran.dg/coarray_lib_comm_1.f90 -O3 -fomit-frame-pointer -funroll-loops -fpeel-loops -ftracer -finline-functions scan-tree-dump-times original "_gfortran_caf_get \\\\(caf_token.0, \\\\(integer\\\\(kind=8\\\\)\\\\) parm.[0-9]+.data - \\\\(integer\\\\(kind=8\\\\)\\\\) a, 1, &parm.[0-9]+, 0B, &p, 4, 4, 1, 0B\\\\);" 1
FAIL: gfortran.dg/coarray_lib_comm_1.f90 -O3 -fomit-frame-pointer -funroll-loops -fpeel-loops -ftracer -finline-functions scan-tree-dump-times original "_gfortran_caf_get \\\\(caf_token.1, \\\\(integer\\\\(kind=8\\\\)\\\\) parm.[0-9]+.data - \\\\(integer\\\\(kind=8\\\\)\\\\) b, 1, &parm.[0-9]+, 0B, &p, 4, 4, 0, 0B\\\\);" 1
FAIL: gfortran.dg/coarray_lib_comm_1.f90 -O3 -g scan-tree-dump-times original "_gfortran_caf_get \\\\(caf_token.0, \\\\(integer\\\\(kind=8\\\\)\\\\) parm.[0-9]+.data - \\\\(integer\\\\(kind=8\\\\)\\\\) a, 1, &parm.[0-9]+, 0B, &p, 4, 4, 1, 0B\\\\);" 1
FAIL: gfortran.dg/coarray_lib_comm_1.f90 -O3 -g scan-tree-dump-times original "_gfortran_caf_get \\\\(caf_token.1, \\\\(integer\\\\(kind=8\\\\)\\\\) parm.[0-9]+.data - \\\\(integer\\\\(kind=8\\\\)\\\\) b, 1, &parm.[0-9]+, 0B, &p, 4, 4, 0, 0B\\\\);" 1
FAIL: gfortran.dg/coarray_lib_comm_1.f90 -Os scan-tree-dump-times original "_gfortran_caf_get \\\\(caf_token.0, \\\\(integer\\\\(kind=8\\\\)\\\\) parm.[0-9]+.data - \\\\(integer\\\\(kind=8\\\\)\\\\) a, 1, &parm.[0-9]+, 0B, &p, 4, 4, 1, 0B\\\\);" 1
FAIL: gfortran.dg/coarray_lib_comm_1.f90 -Os scan-tree-dump-times original "_gfortran_caf_get \\\\(caf_token.1, \\\\(integer\\\\(kind=8\\\\)\\\\) parm.[0-9]+.data - \\\\(integer\\\\(kind=8\\\\)\\\\) b, 1, &parm.[0-9]+, 0B, &p, 4, 4, 0, 0B\\\\);" 1
UNRESOLVED: gfortran.dg/prof/dynamic_dispatch_6.f03 scan-tree-dump-times vect "vectorized 3 loops" 1
=== gfortran Summary for unix/-m32 ===
# of expected passes 43034
# of unexpected failures 18
# of expected failures 76
# of unresolved testcases 1
# of unsupported tests 169
=== gfortran Summary ===
# of expected passes 86302
# of unexpected failures 20
# of expected failures 152
# of unresolved testcases 2
# of unsupported tests 235
/export/gnu/import/git/gcc-test/bld/gcc/gfortran version 7.0.0 20160924 (experimental) [trunk revision 240461] (GCC)
=== g++ tests ===
Running target unix
UNRESOLVED: g++.dg/bprob/g++-bprob-2.C scan-assembler .ascii bar
UNRESOLVED: g++.dg/bprob/g++-bprob-2.C scan-assembler .ascii foo
FAIL: g++.dg/guality/pr55665.C -O2 line 23 p == 40
FAIL: g++.dg/guality/pr55665.C -O3 -g line 23 p == 40
XPASS: g++.dg/tls/thread_local-order2.C -std=c++11 execution test
XPASS: g++.dg/tls/thread_local-order2.C -std=c++14 execution test
UNRESOLVED: g++.dg/tree-prof/pr59255.C compilation, -fauto-profile
UNRESOLVED: g++.dg/tree-prof/pr59255.C execution, -fauto-profile
FAIL: g++.dg/tree-prof/pr59255.C execution, -g
=== g++ Summary for unix ===
# of expected passes 108686
# of unexpected failures 3
# of unexpected successes 2
# of expected failures 330
# of unresolved testcases 4
# of unsupported tests 3949
Running target unix/-m32
UNRESOLVED: g++.dg/bprob/g++-bprob-2.C scan-assembler .ascii bar
UNRESOLVED: g++.dg/bprob/g++-bprob-2.C scan-assembler .ascii foo
FAIL: g++.dg/guality/pr55665.C -O2 line 23 p == 40
FAIL: g++.dg/guality/pr55665.C -O3 -g line 23 p == 40
XPASS: g++.dg/tls/thread_local-order2.C -std=c++11 execution test
XPASS: g++.dg/tls/thread_local-order2.C -std=c++14 execution test
UNRESOLVED: g++.dg/tree-prof/partition2.C compilation, -fauto-profile
UNRESOLVED: g++.dg/tree-prof/partition2.C execution, -fauto-profile
FAIL: g++.dg/tree-prof/partition2.C execution, -g
UNRESOLVED: g++.dg/tree-prof/pr57451.C scan-tree-dump-times sanopt "Optimizing" 4
=== g++ Summary for unix/-m32 ===
# of expected passes 107083
# of unexpected failures 3
# of unexpected successes 2
# of expected failures 330
# of unresolved testcases 5
# of unsupported tests 3714
=== g++ Summary ===
# of expected passes 215769
# of unexpected failures 6
# of unexpected successes 4
# of expected failures 660
# of unresolved testcases 9
# of unsupported tests 7663
/export/gnu/import/git/gcc-test/bld/gcc/xg++ version 7.0.0 20160924 (experimental) [trunk revision 240461] (GCC)
=== objc tests ===
Running target unix
=== objc Summary for unix ===
# of expected passes 2783
# of expected failures 6
# of unsupported tests 68
Running target unix/-m32
=== objc Summary for unix/-m32 ===
# of expected passes 2783
# of expected failures 6
# of unsupported tests 68
=== objc Summary ===
# of expected passes 5566
# of expected failures 12
# of unsupported tests 136
/export/gnu/import/git/gcc-test/bld/gcc/xgcc version 7.0.0 20160924 (experimental) [trunk revision 240461] (GCC)
=== boehm-gc tests ===
Running target unix/-m32
=== boehm-gc Summary for unix/-m32 ===
# of expected passes 12
# of unsupported tests 1
Running target unix
=== boehm-gc Summary for unix ===
# of expected passes 12
# of unsupported tests 1
=== boehm-gc Summary ===
# of expected passes 24
# of unsupported tests 2
=== libatomic tests ===
Running target unix/-m32
=== libatomic Summary for unix/-m32 ===
# of expected passes 44
# of unsupported tests 5
Running target unix
=== libatomic Summary for unix ===
# of expected passes 54
=== libatomic Summary ===
# of expected passes 98
# of unsupported tests 5
=== libffi tests ===
Running target unix/-m32
=== libffi Summary for unix/-m32 ===
# of expected passes 2799
Running target unix
=== libffi Summary for unix ===
# of expected passes 2214
=== libffi Summary ===
# of expected passes 5013
=== libgomp tests ===
Running target unix/-m32
=== libgomp Summary for unix/-m32 ===
# of expected passes 5098
# of unsupported tests 319
Running target unix
=== libgomp Summary for unix ===
# of expected passes 5098
# of unsupported tests 319
=== libgomp Summary ===
# of expected passes 10196
# of unsupported tests 638
=== libitm tests ===
Running target unix/-m32
=== libitm Summary for unix/-m32 ===
# of expected passes 42
# of expected failures 3
# of unsupported tests 1
Running target unix
=== libitm Summary for unix ===
# of expected passes 42
# of expected failures 3
# of unsupported tests 1
=== libitm Summary ===
# of expected passes 84
# of expected failures 6
# of unsupported tests 2
=== libjava tests ===
Running target unix/-m32
=== libjava Summary for unix/-m32 ===
# of expected passes 2614
# of expected failures 4
Running target unix
=== libjava Summary for unix ===
# of expected passes 2614
# of expected failures 4
=== libjava Summary ===
# of expected passes 5228
# of expected failures 8
=== libstdc++ tests ===
Running target unix
=== libstdc++ Summary for unix ===
# of expected passes 11777
# of expected failures 65
# of unsupported tests 244
Running target unix/-m32
=== libstdc++ Summary for unix/-m32 ===
# of expected passes 11785
# of expected failures 65
# of unsupported tests 240
=== libstdc++ Summary ===
# of expected passes 23562
# of expected failures 130
# of unsupported tests 484
Compiler version: 7.0.0 20160924 (experimental) [trunk revision 240461] (GCC)
Platform: x86_64-pc-linux-gnu
configure flags: --prefix=/usr/7.0.0 --enable-clocale=gnu --with-system-zlib --enable-shared --with-demangler-in-ld --enable-libmpx --with-build-config='bootstrap-O3 bootstrap-debug' --disable-werror --with-fpmath=sse --enable-languages=c,c++,fortran,java,lto,objc
More information about the Gcc-testresults
mailing list