Results for 7.0.0 20160923 (experimental) [trunk revision 240389] (GCC) testsuite on i386-pc-solaris2.12
Rainer Orth
ro@CeBiTec.Uni-Bielefeld.DE
Sat Sep 24 06:21:00 GMT 2016
LAST_UPDATED: Fri Sep 23 07:56:43 2016 (revision 240389)
=== acats tests ===
=== acats Summary ===
# of expected passes 2320
# of unexpected failures 0
Native configuration is i386-pc-solaris2.12
=== g++ tests ===
Running target unix
=== g++ Summary for unix ===
# of expected passes 99649
# of expected failures 332
# of unsupported tests 3640
Running target unix/-m64
=== g++ Summary for unix/-m64 ===
# of expected passes 101010
# of expected failures 332
# of unsupported tests 3884
=== g++ Summary ===
# of expected passes 200659
# of expected failures 664
# of unsupported tests 7524
/var/gcc/regression/trunk/12-gcc-gas-gld/build/gcc/testsuite/g++/../../xg++ version 7.0.0 20160923 (experimental) [trunk revision 240389] (GCC)
=== gcc tests ===
Running target unix
FAIL: gcc.dg/debug/dwarf2/const-2b.c scan-assembler DW_AT_const_value
FAIL: gcc.dg/graphite/scop-dsyr2k.c scan-tree-dump-times graphite "number of SCoPs: 1" 1
FAIL: gcc.dg/graphite/scop-dsyrk.c scan-tree-dump-times graphite "number of SCoPs: 1" 1
FAIL: gcc.dg/tree-ssa/builtin-sprintf-warn-1.c (test for warnings, line 101)
FAIL: gcc.dg/tree-ssa/builtin-sprintf-warn-1.c (test for warnings, line 1222)
FAIL: gcc.dg/tree-ssa/builtin-sprintf-warn-1.c (test for warnings, line 1272)
FAIL: gcc.dg/tree-ssa/builtin-sprintf-warn-1.c (test for warnings, line 1383)
FAIL: gcc.dg/tree-ssa/builtin-sprintf-warn-1.c (test for excess errors)
FAIL: gcc.dg/tree-ssa/builtin-sprintf-warn-2.c sprintf transformed into strcpy (test for warnings, line 83)
FAIL: gcc.dg/tree-ssa/builtin-sprintf-warn-2.c sprintf transformed into strcpy (test for warnings, line 84)
FAIL: gcc.dg/tree-ssa/builtin-sprintf-warn-4.c (test for excess errors)
FAIL: gcc.dg/tree-ssa/builtin-sprintf.c execution test
UNRESOLVED: gcc.dg/tree-ssa/pr68198.c scan-tree-dump-times ethread "FSM Thread through multiway branch without threading a multiway branch" 2
FAIL: gcc.dg/tree-ssa/pr69270-3.c scan-tree-dump-times uncprop1 ", 1" 4
FAIL: gcc.dg/tree-ssa/scev-5.c scan-tree-dump-times optimized "&a" 1
FAIL: gcc.dg/tree-ssa/slsr-8.c scan-tree-dump-times optimized " w?\\\\* " 7
=== gcc Summary for unix ===
# of expected passes 111989
# of unexpected failures 15
# of expected failures 328
# of unresolved testcases 1
# of unsupported tests 1957
Running target unix/-m64
FAIL: gcc.dg/debug/dwarf2/const-2b.c scan-assembler DW_AT_const_value
FAIL: gcc.dg/profile-update-warning.c (test for warnings, line 7)
FAIL: gcc.dg/profile-update-warning.c (test for excess errors)
FAIL: gcc.dg/tree-ssa/builtin-sprintf-warn-1.c (test for warnings, line 101)
FAIL: gcc.dg/tree-ssa/builtin-sprintf-warn-1.c (test for excess errors)
FAIL: gcc.dg/tree-ssa/builtin-sprintf-warn-2.c sprintf transformed into strcpy (test for warnings, line 83)
FAIL: gcc.dg/tree-ssa/builtin-sprintf-warn-2.c sprintf transformed into strcpy (test for warnings, line 84)
FAIL: gcc.dg/tree-ssa/builtin-sprintf-warn-4.c (test for excess errors)
FAIL: gcc.dg/tree-ssa/builtin-sprintf.c execution test
UNRESOLVED: gcc.dg/tree-ssa/pr68198.c scan-tree-dump-times ethread "FSM Thread through multiway branch without threading a multiway branch" 2
FAIL: gcc.dg/tree-ssa/pr69270-3.c scan-tree-dump-times uncprop1 ", 1" 4
FAIL: gcc.dg/tree-ssa/slsr-8.c scan-tree-dump-times optimized " w?\\\\* " 7
=== gcc Summary for unix/-m64 ===
# of expected passes 113438
# of unexpected failures 11
# of expected failures 326
# of unresolved testcases 1
# of unsupported tests 1987
=== gcc Summary ===
# of expected passes 225427
# of unexpected failures 26
# of expected failures 654
# of unresolved testcases 2
# of unsupported tests 3944
/var/gcc/regression/trunk/12-gcc-gas-gld/build/gcc/xgcc version 7.0.0 20160923 (experimental) [trunk revision 240389] (GCC)
=== gfortran tests ===
Running target unix
FAIL: gfortran.dg/coarray/event_1.f90 -fcoarray=lib -O2 -lcaf_single -latomic execution test
FAIL: gfortran.dg/coarray/event_2.f90 -fcoarray=lib -O2 -lcaf_single -latomic execution test
FAIL: gfortran.dg/dtio_13.f90 -O (test for errors, line 141)
FAIL: gfortran.dg/dtio_13.f90 -O (internal compiler error)
FAIL: gfortran.dg/dtio_13.f90 -O (test for excess errors)
=== gfortran Summary for unix ===
# of expected passes 42920
# of unexpected failures 5
# of expected failures 76
# of unsupported tests 181
Running target unix/-m64
FAIL: gfortran.dg/coarray/event_1.f90 -fcoarray=lib -O2 -lcaf_single -latomic execution test
FAIL: gfortran.dg/dtio_13.f90 -O (test for errors, line 141)
FAIL: gfortran.dg/dtio_13.f90 -O (internal compiler error)
FAIL: gfortran.dg/dtio_13.f90 -O (test for excess errors)
FAIL: gfortran.dg/graphite/pr68279.f90 -O (internal compiler error)
FAIL: gfortran.dg/graphite/pr68279.f90 -O (test for excess errors)
=== gfortran Summary for unix/-m64 ===
# of expected passes 43137
# of unexpected failures 6
# of expected failures 76
# of unsupported tests 78
=== gfortran Summary ===
# of expected passes 86057
# of unexpected failures 11
# of expected failures 152
# of unsupported tests 259
/var/gcc/regression/trunk/12-gcc-gas-gld/build/gcc/testsuite/gfortran/../../gfortran version 7.0.0 20160923 (experimental) [trunk revision 240389] (GCC)
=== gnat tests ===
Running target unix
FAIL: gnat.dg/vect3.adb scan-tree-dump-times vect "vectorized 1 loops" 15
FAIL: gnat.dg/vect6.adb scan-tree-dump-times vect "vectorized 1 loops" 15
=== gnat Summary for unix ===
# of expected passes 2513
# of unexpected failures 2
# of expected failures 22
# of unsupported tests 5
Running target unix/-m64
FAIL: gnat.dg/vect3.adb scan-tree-dump-times vect "vectorized 1 loops" 15
FAIL: gnat.dg/vect6.adb scan-tree-dump-times vect "vectorized 1 loops" 15
=== gnat Summary for unix/-m64 ===
# of expected passes 2513
# of unexpected failures 2
# of expected failures 22
# of unsupported tests 5
=== gnat Summary ===
# of expected passes 5026
# of unexpected failures 4
# of expected failures 44
# of unsupported tests 10
/var/gcc/regression/trunk/12-gcc-gas-gld/build/gcc/gnatmake version 7.0.0 20160923 (experimental) [trunk revision 240389]
=== go tests ===
Running target unix
=== go Summary for unix ===
# of expected passes 7366
# of expected failures 1
# of untested testcases 10
# of unsupported tests 2
Running target unix/-m64
=== go Summary for unix/-m64 ===
# of expected passes 7247
# of expected failures 1
# of untested testcases 10
# of unsupported tests 1
=== go Summary ===
# of expected passes 14613
# of expected failures 2
# of untested testcases 20
# of unsupported tests 3
/var/gcc/regression/trunk/12-gcc-gas-gld/build/gcc/testsuite/go/../../gccgo version 7.0.0 20160923 (experimental) [trunk revision 240389] (GCC)
=== obj-c++ tests ===
Running target unix
=== obj-c++ Summary for unix ===
# of expected passes 1454
# of expected failures 2
# of unsupported tests 77
Running target unix/-m64
=== obj-c++ Summary for unix/-m64 ===
# of expected passes 1446
# of expected failures 10
# of unsupported tests 77
=== obj-c++ Summary ===
# of expected passes 2900
# of expected failures 12
# of unsupported tests 154
/var/gcc/regression/trunk/12-gcc-gas-gld/build/gcc/testsuite/obj-c++/../../xg++ version 7.0.0 20160923 (experimental) [trunk revision 240389] (GCC)
=== objc tests ===
Running target unix
=== objc Summary for unix ===
# of expected passes 2783
# of expected failures 6
# of unsupported tests 68
Running target unix/-m64
=== objc Summary for unix/-m64 ===
# of expected passes 2783
# of expected failures 6
# of unsupported tests 68
=== objc Summary ===
# of expected passes 5566
# of expected failures 12
# of unsupported tests 136
/var/gcc/regression/trunk/12-gcc-gas-gld/build/gcc/xgcc version 7.0.0 20160923 (experimental) [trunk revision 240389] (GCC)
=== boehm-gc tests ===
Running target unix
=== boehm-gc Summary for unix ===
# of expected passes 12
# of unsupported tests 1
Running target unix/-m64
=== boehm-gc Summary for unix/-m64 ===
# of expected passes 12
# of unsupported tests 1
=== boehm-gc Summary ===
# of expected passes 24
# of unsupported tests 2
=== libatomic tests ===
Running target unix
=== libatomic Summary for unix ===
# of expected passes 44
# of unsupported tests 5
Running target unix/-m64
=== libatomic Summary for unix/-m64 ===
# of expected passes 54
=== libatomic Summary ===
# of expected passes 98
# of unsupported tests 5
=== libffi tests ===
Running target unix
=== libffi Summary for unix ===
# of expected passes 2799
Running target unix/-m64
=== libffi Summary for unix/-m64 ===
# of expected passes 2214
=== libffi Summary ===
# of expected passes 5013
=== libgo tests ===
Running target unix
FAIL: net
FAIL: go/build
=== libgo Summary for unix ===
# of expected passes 137
# of unexpected failures 2
Running target unix/-m64
FAIL: net
FAIL: go/build
=== libgo Summary for unix/-m64 ===
# of expected passes 137
# of unexpected failures 2
=== libgo Summary ===
# of expected passes 274
# of unexpected failures 4
/var/gcc/regression/trunk/12-gcc-gas-gld/build/./gcc/gccgo version 7.0.0 20160923 (experimental) [trunk revision 240389] (GCC)
=== libgomp tests ===
Running target unix
=== libgomp Summary for unix ===
# of expected passes 5068
# of unsupported tests 334
Running target unix/-m64
=== libgomp Summary for unix/-m64 ===
# of expected passes 5068
# of unsupported tests 334
=== libgomp Summary ===
# of expected passes 10136
# of unsupported tests 668
=== libitm tests ===
Running target unix
=== libitm Summary for unix ===
# of expected passes 42
# of expected failures 3
# of unsupported tests 1
Running target unix/-m64
=== libitm Summary for unix/-m64 ===
# of expected passes 42
# of expected failures 3
# of unsupported tests 1
=== libitm Summary ===
# of expected passes 84
# of expected failures 6
# of unsupported tests 2
=== libjava tests ===
Running target unix
=== libjava Summary for unix ===
# of expected passes 2614
# of expected failures 4
Running target unix/-m64
=== libjava Summary for unix/-m64 ===
# of expected passes 2614
# of expected failures 4
=== libjava Summary ===
# of expected passes 5228
# of expected failures 8
=== libstdc++ tests ===
Running target unix
FAIL: experimental/filesystem/operations/copy.cc execution test
FAIL: experimental/filesystem/operations/copy_file.cc execution test
FAIL: experimental/numeric/gcd.cc (test for excess errors)
FAIL: experimental/numeric/lcm.cc (test for excess errors)
=== libstdc++ Summary for unix ===
# of expected passes 10310
# of unexpected failures 4
# of expected failures 66
# of unsupported tests 691
Running target unix/-m64
FAIL: experimental/filesystem/operations/copy.cc execution test
FAIL: experimental/filesystem/operations/copy_file.cc execution test
FAIL: experimental/numeric/gcd.cc (test for excess errors)
FAIL: experimental/numeric/lcm.cc (test for excess errors)
=== libstdc++ Summary for unix/-m64 ===
# of expected passes 10302
# of unexpected failures 4
# of expected failures 66
# of unsupported tests 695
=== libstdc++ Summary ===
# of expected passes 20612
# of unexpected failures 8
# of expected failures 132
# of unsupported tests 1386
Compiler version: 7.0.0 20160923 (experimental) [trunk revision 240389] (GCC)
Platform: i386-pc-solaris2.12
configure flags: --prefix=/vol/gcc --target=i386-pc-solaris2.12 --enable-objc-gc --with-as=/vol/gcc/bin/gas-2.27 --with-gnu-as --with-ld=/vol/gcc/bin/gld-2.27 --with-gnu-ld --with-gmp-include=/vol/gcc/include --with-gmp-lib=/vol/gcc/lib --with-mpfr-include=/vol/gcc/include --with-mpfr-lib=/vol/gcc/lib --with-mpc-include=/vol/gcc/include --with-mpc-lib=/vol/gcc/lib --enable-languages=all,ada,obj-c++,go --with-isl-include=/vol/gcc/include --with-isl-lib=/vol/gcc/lib
BOOT_CFLAGS=-g -O2
More information about the Gcc-testresults
mailing list