Results for 7.0.0 20160921 (experimental) (GCC) testsuite on x86_64-pc-linux-gnu
ataignu@gmail.com
ataignu@gmail.com
Wed Sep 21 17:41:00 GMT 2016
Native configuration is x86_64-pc-linux-gnu
=== gcc tests ===
Running target unix
UNRESOLVED: gcc.dg/tree-prof/ic-misattribution-1.c scan-tree-dump-times optimized "[xy]_..D. \\\\+ [xy]_..D." 1
UNRESOLVED: gcc.dg/tree-ssa/pr68198.c scan-tree-dump-times ethread "FSM Thread through multiway branch without threading a multiway branch" 2
FAIL: gcc.dg/tree-ssa/pr69270-3.c scan-tree-dump-times uncprop1 ", 1" 4
FAIL: gcc.dg/tree-ssa/slsr-8.c scan-tree-dump-times optimized " w?\\\\* " 7
FAIL: c-c++-common/ubsan/float-cast-overflow-10.c -O2 output pattern test
FAIL: c-c++-common/ubsan/float-cast-overflow-10.c -O2 -flto -fno-use-linker-plugin -flto-partition=none output pattern test
FAIL: c-c++-common/ubsan/float-cast-overflow-10.c -O2 -flto -fuse-linker-plugin -fno-fat-lto-objects output pattern test
FAIL: c-c++-common/ubsan/float-cast-overflow-2.c -O0 output pattern test
FAIL: c-c++-common/ubsan/float-cast-overflow-2.c -O1 output pattern test
FAIL: c-c++-common/ubsan/float-cast-overflow-2.c -O2 output pattern test
FAIL: c-c++-common/ubsan/float-cast-overflow-2.c -O2 -flto -fno-use-linker-plugin -flto-partition=none output pattern test
FAIL: c-c++-common/ubsan/float-cast-overflow-2.c -O2 -flto -fuse-linker-plugin -fno-fat-lto-objects output pattern test
FAIL: c-c++-common/ubsan/float-cast-overflow-2.c -O3 -g output pattern test
FAIL: c-c++-common/ubsan/float-cast-overflow-2.c -Os output pattern test
FAIL: c-c++-common/ubsan/float-cast-overflow-8.c -O2 output pattern test
FAIL: c-c++-common/ubsan/float-cast-overflow-8.c -O2 -flto -fno-use-linker-plugin -flto-partition=none output pattern test
FAIL: c-c++-common/ubsan/float-cast-overflow-8.c -O2 -flto -fuse-linker-plugin -fno-fat-lto-objects output pattern test
FAIL: c-c++-common/ubsan/overflow-mul-4.c -O0 output pattern test
FAIL: c-c++-common/ubsan/overflow-mul-4.c -O1 output pattern test
FAIL: c-c++-common/ubsan/overflow-mul-4.c -O2 output pattern test
FAIL: c-c++-common/ubsan/overflow-mul-4.c -O2 -flto -fno-use-linker-plugin -flto-partition=none output pattern test
FAIL: c-c++-common/ubsan/overflow-mul-4.c -O3 -fomit-frame-pointer -funroll-loops -fpeel-loops -ftracer -finline-functions output pattern test
FAIL: c-c++-common/ubsan/overflow-mul-4.c -O3 -g output pattern test
FAIL: c-c++-common/ubsan/overflow-mul-4.c -Os output pattern test
=== gcc Summary ===
# of expected passes 122500
# of unexpected failures 22
# of expected failures 324
# of unresolved testcases 2
# of unsupported tests 1965
/hdd/share/software/gcc/build/gcc/xgcc version 7.0.0 20160921 (experimental) (GCC)
=== g++ tests ===
Running target unix
UNRESOLVED: g++.dg/bprob/g++-bprob-2.C scan-assembler .ascii bar
UNRESOLVED: g++.dg/bprob/g++-bprob-2.C scan-assembler .ascii foo
XPASS: g++.dg/tls/thread_local-order2.C -std=c++11 execution test
XPASS: g++.dg/tls/thread_local-order2.C -std=c++14 execution test
FAIL: c-c++-common/ubsan/float-cast-overflow-10.c -O2 output pattern test
FAIL: c-c++-common/ubsan/float-cast-overflow-10.c -O2 -flto -fno-use-linker-plugin -flto-partition=none output pattern test
FAIL: c-c++-common/ubsan/float-cast-overflow-10.c -O2 -flto -fuse-linker-plugin -fno-fat-lto-objects output pattern test
FAIL: c-c++-common/ubsan/float-cast-overflow-2.c -O0 output pattern test
FAIL: c-c++-common/ubsan/float-cast-overflow-2.c -O1 output pattern test
FAIL: c-c++-common/ubsan/float-cast-overflow-2.c -O2 output pattern test
FAIL: c-c++-common/ubsan/float-cast-overflow-2.c -O2 -flto -fno-use-linker-plugin -flto-partition=none output pattern test
FAIL: c-c++-common/ubsan/float-cast-overflow-2.c -O2 -flto -fuse-linker-plugin -fno-fat-lto-objects output pattern test
FAIL: c-c++-common/ubsan/float-cast-overflow-2.c -O3 -g output pattern test
FAIL: c-c++-common/ubsan/float-cast-overflow-2.c -Os output pattern test
FAIL: c-c++-common/ubsan/float-cast-overflow-8.c -O2 output pattern test
FAIL: c-c++-common/ubsan/float-cast-overflow-8.c -O2 -flto -fno-use-linker-plugin -flto-partition=none output pattern test
FAIL: c-c++-common/ubsan/float-cast-overflow-8.c -O2 -flto -fuse-linker-plugin -fno-fat-lto-objects output pattern test
FAIL: c-c++-common/ubsan/overflow-mul-4.c -O0 output pattern test
FAIL: c-c++-common/ubsan/overflow-mul-4.c -O1 output pattern test
FAIL: c-c++-common/ubsan/overflow-mul-4.c -O2 output pattern test
FAIL: c-c++-common/ubsan/overflow-mul-4.c -O2 -flto -fuse-linker-plugin -fno-fat-lto-objects output pattern test
FAIL: c-c++-common/ubsan/overflow-mul-4.c -O3 -g output pattern test
FAIL: c-c++-common/ubsan/overflow-mul-4.c -Os output pattern test
=== g++ Summary ===
# of expected passes 108267
# of unexpected failures 19
# of unexpected successes 2
# of expected failures 330
# of unresolved testcases 2
# of unsupported tests 3931
/hdd/share/software/gcc/build/gcc/testsuite/g++/../../xg++ version 7.0.0 20160921 (experimental) (GCC)
=== libatomic tests ===
Running target unix
=== libatomic Summary ===
# of expected passes 54
=== libgomp tests ===
Running target unix
=== libgomp Summary ===
# of expected passes 1704
# of unsupported tests 203
=== libitm tests ===
Running target unix
=== libitm Summary ===
# of expected passes 42
# of expected failures 3
# of unsupported tests 1
=== libstdc++ tests ===
Running target unix
FAIL: 22_locale/time_get/get_date/wchar_t/4.cc execution test
=== libstdc++ Summary ===
# of expected passes 11105
# of unexpected failures 1
# of expected failures 65
# of unsupported tests 559
Compiler version: 7.0.0 20160921 (experimental) (GCC)
Platform: x86_64-pc-linux-gnu
configure flags: --prefix=/share/software/gcc/build/../installed --enable-languages=c,c++ --disable-multilib
More information about the Gcc-testresults
mailing list