Results for 6.2.0 20160914 (Debian 6.2.0-4) testsuite on i686-pc-gnu
Matthias Klose
doko@debian.org
Mon Sep 19 17:54:00 GMT 2016
LAST_UPDATED: Wed Sep 14 10:57:51 UTC 2016 (revision 240133)
Target: i686-gnu
gcc version 6.2.0 20160914 (Debian 6.2.0-4)
Native configuration is i686-pc-gnu
=== g++ tests ===
Running target unix
WARNING: program timed out
FAIL: tmpdir-g++.dg-struct-layout-1/t016 cp_compat_x_tst.o-cp_compat_y_tst.o link
WARNING: program timed out
FAIL: tmpdir-g++.dg-struct-layout-1/t026 cp_compat_y_tst.o compile
WARNING: program timed out
FAIL: g++.dg/debug/const3.C -gstabs1 -O3 (test for excess errors)
WARNING: program timed out
FAIL: g++.dg/debug/const4.C -gstabs3 (test for excess errors)
WARNING: program timed out
WARNING: program timed out
FAIL: g++.dg/debug/pr16792.C -gstabs+ (test for excess errors)
WARNING: program timed out
FAIL: g++.dg/debug/pr45660.C -gstabs+1 -O3 (test for excess errors)
WARNING: program timed out
FAIL: g++.dg/debug/pr46338.C -gdwarf-2 -g1 (test for excess errors)
FAIL: g++.dg/abi/abi-tag23.C -std=gnu++98 (test for warnings, line 22)
FAIL: g++.dg/abi/abi-tag23.C -std=gnu++98 scan-assembler _ZThn16_N7Derived7get_fooB3barEv
FAIL: g++.dg/abi/abi-tag23.C -std=gnu++11 (test for warnings, line 22)
FAIL: g++.dg/abi/abi-tag23.C -std=gnu++11 scan-assembler _ZThn16_N7Derived7get_fooB3barEv
FAIL: g++.dg/abi/abi-tag23.C -std=gnu++14 (test for warnings, line 22)
FAIL: g++.dg/abi/abi-tag23.C -std=gnu++14 scan-assembler _ZThn16_N7Derived7get_fooB3barEv
FAIL: g++.dg/abi/abi-tag23a.C -std=gnu++98 scan-assembler _ZThn16_N7Derived7get_fooEv
FAIL: g++.dg/abi/abi-tag23a.C -std=gnu++11 scan-assembler _ZThn16_N7Derived7get_fooEv
FAIL: g++.dg/abi/abi-tag23a.C -std=gnu++14 scan-assembler _ZThn16_N7Derived7get_fooEv
WARNING: program timed out
WARNING: program timed out
WARNING: program timed out
FAIL: g++.dg/abi/mangle60.C -std=gnu++14 (test for excess errors)
FAIL: g++.dg/cdce3.C -std=gnu++98 execution test
FAIL: g++.dg/cdce3.C -std=gnu++11 execution test
FAIL: g++.dg/cdce3.C -std=gnu++14 execution test
WARNING: program timed out
FAIL: g++.dg/cpp/weak.C -std=gnu++98 (test for excess errors)
WARNING: program timed out
FAIL: g++.dg/cpp0x/auto38.C -std=gnu++11 (test for excess errors)
WARNING: program timed out
WARNING: program timed out
FAIL: g++.dg/cpp0x/initlist53.C -std=c++14 (test for excess errors)
WARNING: program timed out
FAIL: g++.dg/cpp0x/lambda/lambda-deduce.C -std=c++14 (test for excess errors)
WARNING: program timed out
FAIL: g++.dg/cpp0x/lambda/lambda-direct-init.C -std=c++14 (test for excess errors)
WARNING: program timed out
WARNING: program timed out
FAIL: g++.dg/cpp0x/nsdmi-template12.C -std=c++11 (test for excess errors)
WARNING: program timed out
FAIL: g++.dg/cpp0x/pr33930.C -std=c++14 (test for excess errors)
WARNING: program timed out
FAIL: g++.dg/cpp0x/variadic132.C -std=c++11 (test for excess errors)
FAIL: g++.dg/eh/sighandle.C -std=gnu++98 execution test
FAIL: g++.dg/eh/sighandle.C -std=gnu++11 execution test
FAIL: g++.dg/eh/sighandle.C -std=gnu++14 execution test
WARNING: program timed out
FAIL: g++.dg/ext/attrib2.C -std=c++11 (test for excess errors)
FAIL: g++.dg/ext/cleanup-10.C -std=gnu++98 execution test
FAIL: g++.dg/ext/cleanup-10.C -std=gnu++11 execution test
FAIL: g++.dg/ext/cleanup-10.C -std=gnu++14 execution test
FAIL: g++.dg/ext/cleanup-11.C -std=gnu++98 execution test
FAIL: g++.dg/ext/cleanup-11.C -std=gnu++11 execution test
FAIL: g++.dg/ext/cleanup-11.C -std=gnu++14 execution test
FAIL: g++.dg/ext/cleanup-8.C -std=gnu++98 execution test
FAIL: g++.dg/ext/cleanup-8.C -std=gnu++11 execution test
FAIL: g++.dg/ext/cleanup-8.C -std=gnu++14 execution test
FAIL: g++.dg/ext/cleanup-9.C -std=gnu++98 execution test
FAIL: g++.dg/ext/cleanup-9.C -std=gnu++11 execution test
FAIL: g++.dg/ext/cleanup-9.C -std=gnu++14 execution test
WARNING: program timed out
FAIL: g++.dg/ext/complit9.C -std=gnu++98 (test for excess errors)
FAIL: g++.dg/ext/sync-4.C -std=gnu++98 execution test
FAIL: g++.dg/ext/sync-4.C -std=gnu++11 execution test
FAIL: g++.dg/ext/sync-4.C -std=gnu++14 execution test
WARNING: program timed out
WARNING: program timed out
FAIL: g++.dg/inherit/covariant1.C -std=c++98 (test for excess errors)
WARNING: program timed out
FAIL: g++.dg/lookup/conv-5.C -std=c++98 (test for excess errors)
WARNING: program timed out
WARNING: program timed out
WARNING: program timed out
WARNING: program timed out
FAIL: g++.dg/opt/conj2.C -std=c++14 (test for excess errors)
WARNING: program timed out
FAIL: g++.dg/opt/flifetime-dse6.C -std=gnu++98 (test for excess errors)
WARNING: program timed out
FAIL: g++.dg/opt/pr18683-1.C -std=gnu++98 (test for excess errors)
WARNING: program timed out
FAIL: g++.dg/opt/thunk2.C -std=gnu++14 (test for excess errors)
WARNING: program timed out
FAIL: g++.dg/other/friend2.C -std=c++14 (test for excess errors)
WARNING: program timed out
FAIL: g++.dg/other/vthunk1.C -std=c++11 (test for excess errors)
WARNING: program timed out
FAIL: g++.dg/parse/crash29.C -std=c++14 (test for excess errors)
WARNING: program timed out
WARNING: program timed out
WARNING: program timed out
FAIL: g++.dg/template/injected2.C -std=c++98 (test for excess errors)
WARNING: program timed out
FAIL: g++.dg/template/instantiate6.C -std=c++98 (test for excess errors)
WARNING: program timed out
WARNING: program timed out
WARNING: program timed out
FAIL: g++.dg/template/sizeof4.C -std=c++11 (test for excess errors)
WARNING: program timed out
FAIL: c-c++-common/Wmisleading-indentation-4.c -std=gnu++98 (test for excess errors)
WARNING: program timed out
WARNING: program timed out
FAIL: c-c++-common/dump-ada-spec-2.c -std=gnu++14 (test for excess errors)
WARNING: program timed out
WARNING: program timed out
FAIL: c-c++-common/pr69558-1.c -std=gnu++11 (test for excess errors)
WARNING: program timed out
WARNING: program timed out
WARNING: program timed out
FAIL: c-c++-common/gomp/sink-2.c -std=c++11 (test for excess errors)
WARNING: program timed out
WARNING: program timed out
FAIL: g++.dg/gomp/parallel-1.C -std=c++11 (test for excess errors)
WARNING: program timed out
WARNING: program timed out
FAIL: g++.dg/guality/pr55665.C -O1 (test for excess errors)
FAIL: g++.dg/guality/pr55665.C -O2 line 23 p == 40
FAIL: g++.dg/guality/pr55665.C -O3 -g line 23 p == 40
WARNING: program timed out
FAIL: g++.dg/guality/pr55665.C -O2 -flto -fno-use-linker-plugin -flto-partition=none (test for excess errors)
WARNING: program timed out
FAIL: g++.dg/guality/redeclaration1.C -O3 -g (test for excess errors)
WARNING: program timed out
FAIL: g++.dg/lto/20081023 cp_lto_20081023_0.o-cp_lto_20081023_0.o link, -O2 -flto -fuse-linker-plugin
UNRESOLVED: g++.dg/lto/20081023 cp_lto_20081023_0.o-cp_lto_20081023_0.o execute -O2 -flto -fuse-linker-plugin
WARNING: program timed out
FAIL: g++.dg/lto/20081203 cp_lto_20081203_0.o assemble, -O0 -flto -fuse-linker-plugin -fno-fat-lto-objects
WARNING: program timed out
FAIL: g++.dg/lto/20091022-1 cp_lto_20091022-1_0.o assemble, -O2 -flto -flto-partition=1to1 -fno-use-linker-plugin
WARNING: program timed out
FAIL: g++.dg/pch/array-1.C -O2 -g -I. -Dwith_PCH (test for excess errors)
XPASS: g++.dg/tls/thread_local-order2.C -std=c++11 execution test
XPASS: g++.dg/tls/thread_local-order2.C -std=c++14 execution test
FAIL: g++.dg/tls/thread_local3.C -std=gnu++11 execution test
FAIL: g++.dg/tls/thread_local3.C -std=gnu++14 execution test
FAIL: g++.dg/tls/thread_local3g.C -std=gnu++11 execution test
FAIL: g++.dg/tls/thread_local3g.C -std=gnu++14 execution test
FAIL: g++.dg/tls/thread_local4.C -std=gnu++11 execution test
FAIL: g++.dg/tls/thread_local4.C -std=gnu++14 execution test
FAIL: g++.dg/tls/thread_local4g.C -std=gnu++11 execution test
FAIL: g++.dg/tls/thread_local4g.C -std=gnu++14 execution test
WARNING: program timed out
FAIL: g++.dg/tls/thread_local5.C -std=gnu++11 (test for excess errors)
FAIL: g++.dg/tls/thread_local5.C -std=gnu++11 execution test
FAIL: g++.dg/tls/thread_local5.C -std=gnu++14 execution test
FAIL: g++.dg/tls/thread_local5g.C -std=gnu++11 execution test
FAIL: g++.dg/tls/thread_local5g.C -std=gnu++14 execution test
WARNING: program timed out
FAIL: c-c++-common/torture/pr61741.c -O1 (test for excess errors)
WARNING: program timed out
FAIL: g++.dg/torture/pr34651.C -O2 -flto -fuse-linker-plugin -fno-fat-lto-objects (test for excess errors)
WARNING: program timed out
FAIL: g++.dg/torture/pr58201_1.C -O2 -flto -fuse-linker-plugin -fno-fat-lto-objects (test for excess errors)
WARNING: program timed out
FAIL: g++.dg/torture/stackalign/unwind-0.C -O3 -g (test for excess errors)
WARNING: program timed out
WARNING: program timed out
WARNING: program timed out
FAIL: g++.old-deja/g++.bugs/900520_04.C -std=c++98 (test for excess errors)
WARNING: program timed out
FAIL: g++.old-deja/g++.eh/crash1.C -std=gnu++98 (test for excess errors)
WARNING: program timed out
WARNING: program timed out
FAIL: g++.old-deja/g++.jason/pmf6.C -std=c++14 (test for excess errors)
WARNING: program timed out
FAIL: g++.old-deja/g++.law/init14.C -std=c++14 (test for excess errors)
WARNING: program timed out
FAIL: g++.old-deja/g++.mike/p4068.C -std=c++11 (test for excess errors)
WARNING: program timed out
FAIL: g++.old-deja/g++.other/init10.C -std=c++11 (test for excess errors)
WARNING: program timed out
FAIL: g++.old-deja/g++.other/linkage7.C -std=c++11 (test for excess errors)
WARNING: program timed out
FAIL: g++.old-deja/g++.other/local1.C -std=c++14 (test for excess errors)
WARNING: program timed out
FAIL: g++.old-deja/g++.pt/explicit51.C -std=c++14 (test for excess errors)
WARNING: program timed out
FAIL: g++.old-deja/g++.robertl/eb28.C -std=c++98 (test for excess errors)
WARNING: program timed out
FAIL: g++.old-deja/g++.robertl/eb63.C -std=gnu++14 (test for excess errors)
=== g++ Summary for unix ===
# of expected passes 95348
# of unexpected failures 102
# of unexpected successes 2
# of expected failures 309
# of unresolved testcases 1
# of unsupported tests 3336
Running target unix/-fstack-protector
WARNING: program timed out
FAIL: g++.dg/debug/trivial.C -gstabs+ -O2 (test for excess errors)
WARNING: program timed out
FAIL: g++.dg/debug/dwarf2/thunk1.C -std=gnu++11 (test for excess errors)
WARNING: program timed out
FAIL: c-c++-common/dfp/func-pointer.c -std=c++14 (test for excess errors)
FAIL: g++.dg/abi/abi-tag23.C -std=gnu++98 (test for warnings, line 22)
FAIL: g++.dg/abi/abi-tag23.C -std=gnu++98 scan-assembler _ZThn16_N7Derived7get_fooB3barEv
FAIL: g++.dg/abi/abi-tag23.C -std=gnu++11 (test for warnings, line 22)
FAIL: g++.dg/abi/abi-tag23.C -std=gnu++11 scan-assembler _ZThn16_N7Derived7get_fooB3barEv
FAIL: g++.dg/abi/abi-tag23.C -std=gnu++14 (test for warnings, line 22)
FAIL: g++.dg/abi/abi-tag23.C -std=gnu++14 scan-assembler _ZThn16_N7Derived7get_fooB3barEv
FAIL: g++.dg/abi/abi-tag23a.C -std=gnu++98 scan-assembler _ZThn16_N7Derived7get_fooEv
FAIL: g++.dg/abi/abi-tag23a.C -std=gnu++11 scan-assembler _ZThn16_N7Derived7get_fooEv
FAIL: g++.dg/abi/abi-tag23a.C -std=gnu++14 scan-assembler _ZThn16_N7Derived7get_fooEv
WARNING: program timed out
FAIL: g++.dg/abi/covariant4.C -std=c++11 (test for excess errors)
WARNING: program timed out
FAIL: g++.dg/abi/mangle13.C -std=gnu++14 (test for excess errors)
FAIL: g++.dg/cdce3.C -std=gnu++98 execution test
FAIL: g++.dg/cdce3.C -std=gnu++11 execution test
FAIL: g++.dg/cdce3.C -std=gnu++14 execution test
WARNING: program timed out
WARNING: program timed out
WARNING: program timed out
FAIL: g++.dg/cpp0x/decltype15.C -std=c++14 (test for excess errors)
WARNING: program timed out
FAIL: g++.dg/cpp0x/lambda/lambda-mutable.C -std=c++11 (test for excess errors)
WARNING: program timed out
FAIL: g++.dg/cpp0x/nsdmi-template2.C -std=gnu++11 (test for excess errors)
WARNING: program timed out
WARNING: program timed out
FAIL: g++.dg/cpp0x/variadic25.C -std=c++11 (test for excess errors)
WARNING: program timed out
FAIL: g++.dg/cpp0x/variadic93.C -std=c++11 (test for excess errors)
WARNING: program timed out
FAIL: g++.dg/cpp1y/left-shift-2.C -std=gnu++14 (test for excess errors)
WARNING: program timed out
FAIL: g++.dg/eh/cond4.C -std=c++14 (test for excess errors)
FAIL: g++.dg/eh/sighandle.C -std=gnu++98 execution test
FAIL: g++.dg/eh/sighandle.C -std=gnu++11 execution test
FAIL: g++.dg/eh/sighandle.C -std=gnu++14 execution test
WARNING: program timed out
WARNING: program timed out
FAIL: g++.dg/ext/cleanup-10.C -std=gnu++98 execution test
FAIL: g++.dg/ext/cleanup-10.C -std=gnu++11 execution test
FAIL: g++.dg/ext/cleanup-10.C -std=gnu++14 execution test
FAIL: g++.dg/ext/cleanup-11.C -std=gnu++98 execution test
FAIL: g++.dg/ext/cleanup-11.C -std=gnu++11 execution test
FAIL: g++.dg/ext/cleanup-11.C -std=gnu++14 execution test
FAIL: g++.dg/ext/cleanup-8.C -std=gnu++98 execution test
FAIL: g++.dg/ext/cleanup-8.C -std=gnu++11 execution test
FAIL: g++.dg/ext/cleanup-8.C -std=gnu++14 execution test
FAIL: g++.dg/ext/cleanup-9.C -std=gnu++98 execution test
FAIL: g++.dg/ext/cleanup-9.C -std=gnu++11 execution test
FAIL: g++.dg/ext/cleanup-9.C -std=gnu++14 execution test
FAIL: g++.dg/ext/sync-4.C -std=gnu++98 execution test
FAIL: g++.dg/ext/sync-4.C -std=gnu++11 execution test
FAIL: g++.dg/ext/sync-4.C -std=gnu++14 execution test
WARNING: program timed out
FAIL: g++.dg/init/aggr2.C -std=c++98 (test for excess errors)
WARNING: program timed out
FAIL: g++.dg/init/dtor3.C -std=c++98 (test for excess errors)
WARNING: program timed out
FAIL: g++.dg/init/new36.C -std=c++98 (test for excess errors)
WARNING: program timed out
FAIL: g++.dg/init/pr48859.C -std=c++98 (test for excess errors)
WARNING: program timed out
FAIL: g++.dg/init/static2.C -std=c++11 (test for excess errors)
WARNING: program timed out
FAIL: g++.dg/init/value7.C -std=c++14 (test for excess errors)
WARNING: program timed out
FAIL: g++.dg/ipa/pr64896.C -std=gnu++14 (test for excess errors)
WARNING: program timed out
FAIL: g++.dg/lookup/koenig4.C -std=c++98 (test for excess errors)
WARNING: program timed out
FAIL: g++.dg/lookup/using33.C -std=c++14 (test for excess errors)
WARNING: program timed out
FAIL: g++.dg/opt/pr47366.C -std=gnu++14 (test for excess errors)
WARNING: program timed out
FAIL: g++.dg/opt/thunk2.C -std=gnu++14 (test for excess errors)
WARNING: program timed out
FAIL: g++.dg/pr45049-1.C -std=c++98 (test for excess errors)
WARNING: program timed out
FAIL: g++.dg/pr61289.C -std=gnu++98 (test for excess errors)
WARNING: program timed out
FAIL: g++.dg/pr63766.C (test for excess errors)
WARNING: program timed out
FAIL: g++.dg/rtti/dyncast2.C -std=c++11 (test for excess errors)
WARNING: program timed out
FAIL: g++.dg/template/ctor9.C -std=c++98 (test for excess errors)
WARNING: program timed out
FAIL: g++.dg/template/dtor1.C -std=c++14 (test for excess errors)
WARNING: program timed out
FAIL: g++.dg/template/partial12.C -std=c++14 (test for excess errors)
WARNING: program timed out
FAIL: g++.dg/template/virtual4.C -std=c++11 (test for excess errors)
WARNING: program timed out
FAIL: g++.dg/tree-ssa/pr22279.C -std=gnu++14 (test for excess errors)
WARNING: program timed out
FAIL: g++.dg/tree-ssa/pr23624.C -std=c++98 (test for excess errors)
WARNING: program timed out
FAIL: g++.dg/warn/Wnvdtor.C -std=gnu++98 (test for excess errors)
WARNING: program timed out
FAIL: c-c++-common/rotate-1a.c -std=gnu++98 (test for excess errors)
WARNING: program timed out
FAIL: c-c++-common/rotate-2a.c -std=gnu++11 (test for excess errors)
WARNING: program timed out
FAIL: c-c++-common/goacc/present-1.c -std=c++98 (test for excess errors)
WARNING: program timed out
WARNING: program timed out
FAIL: g++.dg/guality/pr55665.C -O0 (test for excess errors)
FAIL: g++.dg/guality/pr55665.C -O2 line 23 p == 40
WARNING: program timed out
FAIL: g++.dg/guality/pr55665.C -O3 -g (test for excess errors)
FAIL: g++.dg/guality/pr55665.C -O3 -g line 23 p == 40
WARNING: program timed out
FAIL: g++.dg/guality/pr55665.C -O2 -flto -fuse-linker-plugin -fno-fat-lto-objects (test for excess errors)
WARNING: program timed out
FAIL: g++.dg/lto/20081118-1 cp_lto_20081118-1_0.o assemble, -O2 -flto -fuse-linker-plugin
WARNING: program timed out
FAIL: g++.dg/lto/20081204-2 cp_lto_20081204-2_0.o assemble, -flto -flto-partition=1to1 -O3
WARNING: program timed out
FAIL: g++.dg/lto/20081209 cp_lto_20081209_0.o assemble, -O2 -flto -flto-partition=none -fuse-linker-plugin -fno-fat-lto-objects
WARNING: program timed out
FAIL: g++.dg/lto/20100721-1 cp_lto_20100721-1_0.o assemble, -O0 -flto -fuse-linker-plugin -fno-fat-lto-objects
WARNING: program timed out
FAIL: g++.dg/lto/20101015-2 cp_lto_20101015-2_0.o assemble, -flto
WARNING: program timed out
FAIL: g++.dg/lto/20101020-1 cp_lto_20101020-1_0.o assemble, -O2 -flto -flto-partition=none -fuse-linker-plugin -fno-fat-lto-objects
XPASS: g++.dg/tls/thread_local-order2.C -std=c++11 execution test
XPASS: g++.dg/tls/thread_local-order2.C -std=c++14 execution test
FAIL: g++.dg/tls/thread_local3.C -std=gnu++11 execution test
FAIL: g++.dg/tls/thread_local3.C -std=gnu++14 execution test
FAIL: g++.dg/tls/thread_local3g.C -std=gnu++11 execution test
FAIL: g++.dg/tls/thread_local3g.C -std=gnu++14 execution test
FAIL: g++.dg/tls/thread_local4.C -std=gnu++11 execution test
FAIL: g++.dg/tls/thread_local4.C -std=gnu++14 execution test
FAIL: g++.dg/tls/thread_local4g.C -std=gnu++11 execution test
FAIL: g++.dg/tls/thread_local4g.C -std=gnu++14 execution test
FAIL: g++.dg/tls/thread_local5.C -std=gnu++11 execution test
FAIL: g++.dg/tls/thread_local5.C -std=gnu++14 execution test
FAIL: g++.dg/tls/thread_local5g.C -std=gnu++11 execution test
FAIL: g++.dg/tls/thread_local5g.C -std=gnu++14 execution test
WARNING: program timed out
WARNING: program timed out
FAIL: c-c++-common/torture/vector-subscript-1.c -O0 (test for excess errors)
WARNING: program timed out
FAIL: c-c++-common/torture/vector-subscript-1.c -O2 (test for excess errors)
WARNING: program timed out
FAIL: c-c++-common/torture/vector-subscript-1.c -O3 -g (test for excess errors)
WARNING: program timed out
FAIL: g++.dg/torture/20080625-1.C -O0 (test for excess errors)
WARNING: program timed out
FAIL: g++.dg/torture/pr49615.C -O3 -fomit-frame-pointer -funroll-loops -fpeel-loops -ftracer -finline-functions (test for excess errors)
WARNING: program timed out
FAIL: g++.dg/torture/pr51903.C -Os (test for excess errors)
WARNING: program timed out
FAIL: g++.dg/torture/pr54647.C -O3 -g (test for excess errors)
WARNING: program timed out
FAIL: g++.dg/torture/pr59240.C -O0 (test for excess errors)
WARNING: program timed out
FAIL: g++.dg/torture/pr64686.C -Os (test for excess errors)
WARNING: program timed out
FAIL: g++.dg/torture/pr64988.C -O2 -flto -fno-use-linker-plugin -flto-partition=none (test for excess errors)
WARNING: program timed out
FAIL: g++.dg/torture/vshuf-v4si.C -Os (test for excess errors)
WARNING: program timed out
FAIL: g++.dg/torture/stackalign/unwind-2.C -O1 -fpic (test for excess errors)
WARNING: program timed out
FAIL: g++.old-deja/g++.ext/constructor.C -std=gnu++98 (test for excess errors)
WARNING: program timed out
FAIL: g++.old-deja/g++.law/arg7.C -std=c++14 (test for excess errors)
WARNING: program timed out
FAIL: g++.old-deja/g++.law/operators8.C -std=c++14 (test for excess errors)
WARNING: program timed out
FAIL: g++.old-deja/g++.mike/ns11.C -std=c++11 (test for excess errors)
WARNING: program timed out
FAIL: g++.old-deja/g++.mike/p783a.C -std=c++11 (test for excess errors)
WARNING: program timed out
WARNING: program timed out
FAIL: g++.old-deja/g++.ns/ns12.C -std=c++14 (test for excess errors)
WARNING: program timed out
FAIL: g++.old-deja/g++.ns/ns14.C -std=c++14 (test for excess errors)
WARNING: program timed out
FAIL: g++.old-deja/g++.other/externC3.C -std=c++98 (test for excess errors)
WARNING: program timed out
FAIL: g++.old-deja/g++.pt/local4.C -std=c++14 (test for excess errors)
WARNING: program timed out
FAIL: g++.old-deja/g++.pt/local7.C -std=c++11 (test for excess errors)
WARNING: program timed out
FAIL: g++.old-deja/g++.pt/memtemp72.C -std=c++98 (test for excess errors)
WARNING: program timed out
FAIL: g++.old-deja/g++.pt/spec11.C -std=c++14 (test for excess errors)
=== g++ Summary for unix/-fstack-protector ===
# of expected passes 95337
# of unexpected failures 114
# of unexpected successes 2
# of expected failures 309
# of unsupported tests 3336
=== g++ Summary ===
# of expected passes 190685
# of unexpected failures 216
# of unexpected successes 4
# of expected failures 618
# of unresolved testcases 1
# of unsupported tests 6672
/build/gcc-6-hfExk6/gcc-6-6.2.0/build/gcc/xg++ version 6.2.0 20160914 (Debian 6.2.0-4)
=== gcc tests ===
Running target unix
FAIL: gcc.dg/cleanup-10.c execution test
FAIL: gcc.dg/cleanup-11.c execution test
FAIL: gcc.dg/cleanup-8.c execution test
FAIL: gcc.dg/cleanup-9.c execution test
FAIL: gcc.dg/ifcvt-4.c scan-rtl-dump ce1 "2 true changes made"
XPASS: gcc.dg/guality/example.c -O0 execution test
XPASS: gcc.dg/guality/example.c -O1 execution test
XPASS: gcc.dg/guality/guality.c -O0 execution test
XPASS: gcc.dg/guality/guality.c -O1 execution test
XPASS: gcc.dg/guality/guality.c -O3 -g execution test
XPASS: gcc.dg/guality/guality.c -Os execution test
XPASS: gcc.dg/guality/guality.c -O2 -flto -fno-use-linker-plugin -flto-partition=none execution test
XPASS: gcc.dg/guality/guality.c -O2 -flto -fuse-linker-plugin -fno-fat-lto-objects execution test
XPASS: gcc.dg/guality/inline-params.c -O2 execution test
XPASS: gcc.dg/guality/inline-params.c -O3 -g execution test
XPASS: gcc.dg/guality/inline-params.c -O2 -flto -fno-use-linker-plugin -flto-partition=none execution test
XPASS: gcc.dg/guality/pr41353-1.c -O0 line 28 j == 28 + 37
XPASS: gcc.dg/guality/pr41353-1.c -O1 line 28 j == 28 + 37
XPASS: gcc.dg/guality/pr41353-1.c -O2 line 28 j == 28 + 37
XPASS: gcc.dg/guality/pr41353-1.c -O3 -g line 28 j == 28 + 37
XPASS: gcc.dg/guality/pr41353-1.c -Os line 28 j == 28 + 37
XPASS: gcc.dg/guality/pr41353-1.c -O2 -flto -fno-use-linker-plugin -flto-partition=none line 28 j == 28 + 37
XPASS: gcc.dg/guality/pr41353-1.c -O2 -flto -fuse-linker-plugin -fno-fat-lto-objects line 28 j == 28 + 37
FAIL: gcc.dg/guality/pr41447-1.c -O2 execution test
FAIL: gcc.dg/guality/pr41447-1.c -O3 -g execution test
FAIL: gcc.dg/guality/pr41447-1.c -O2 -flto -fno-use-linker-plugin -flto-partition=none execution test
FAIL: gcc.dg/guality/pr41616-1.c -O0 execution test
FAIL: gcc.dg/guality/pr41616-1.c -O2 -flto -fuse-linker-plugin -fno-fat-lto-objects execution test
FAIL: gcc.dg/guality/pr45882.c -O2 -flto -fuse-linker-plugin -fno-fat-lto-objects line 16 d == 112
FAIL: gcc.dg/guality/pr45882.c -O2 -flto -fuse-linker-plugin -fno-fat-lto-objects line 16 e == 142
FAIL: gcc.dg/guality/pr54519-1.c -O2 -flto -fno-use-linker-plugin -flto-partition=none line 20 y == 25
FAIL: gcc.dg/guality/pr54519-1.c -O2 -flto -fno-use-linker-plugin -flto-partition=none line 20 z == 6
FAIL: gcc.dg/guality/pr54519-1.c -O2 -flto -fno-use-linker-plugin -flto-partition=none line 23 y == 117
FAIL: gcc.dg/guality/pr54519-1.c -O2 -flto -fno-use-linker-plugin -flto-partition=none line 23 z == 8
FAIL: gcc.dg/guality/pr54519-2.c -O2 -flto -fno-use-linker-plugin -flto-partition=none line 17 y == 25
FAIL: gcc.dg/guality/pr54519-2.c -O2 -flto -fuse-linker-plugin -fno-fat-lto-objects line 17 y == 25
FAIL: gcc.dg/guality/pr54519-3.c -O2 -flto -fno-use-linker-plugin -flto-partition=none line 20 y == 25
FAIL: gcc.dg/guality/pr54519-3.c -O2 -flto -fno-use-linker-plugin -flto-partition=none line 20 z == 6
FAIL: gcc.dg/guality/pr54519-3.c -O2 -flto -fno-use-linker-plugin -flto-partition=none line 23 y == 117
FAIL: gcc.dg/guality/pr54519-3.c -O2 -flto -fno-use-linker-plugin -flto-partition=none line 23 z == 8
FAIL: gcc.dg/guality/pr54519-3.c -O2 -flto -fuse-linker-plugin -fno-fat-lto-objects line 20 y == 25
FAIL: gcc.dg/guality/pr54519-3.c -O2 -flto -fuse-linker-plugin -fno-fat-lto-objects line 20 z == 6
FAIL: gcc.dg/guality/pr54519-3.c -O2 -flto -fuse-linker-plugin -fno-fat-lto-objects line 23 y == 117
FAIL: gcc.dg/guality/pr54519-3.c -O2 -flto -fuse-linker-plugin -fno-fat-lto-objects line 23 z == 8
FAIL: gcc.dg/guality/pr54519-4.c -O2 -flto -fno-use-linker-plugin -flto-partition=none line 17 y == 25
FAIL: gcc.dg/guality/pr54519-4.c -O2 -flto -fuse-linker-plugin -fno-fat-lto-objects line 17 y == 25
FAIL: gcc.dg/guality/pr54519-5.c -O2 -flto -fno-use-linker-plugin -flto-partition=none line 17 y == 25
FAIL: gcc.dg/guality/pr54519-5.c -O2 -flto -fuse-linker-plugin -fno-fat-lto-objects line 17 y == 25
FAIL: gcc.dg/guality/pr68860-1.c -O2 -flto -fno-use-linker-plugin -flto-partition=none line 14 arg1 == 1
FAIL: gcc.dg/guality/pr68860-1.c -O2 -flto -fno-use-linker-plugin -flto-partition=none line 14 arg2 == 2
FAIL: gcc.dg/guality/pr68860-1.c -O2 -flto -fno-use-linker-plugin -flto-partition=none line 14 arg3 == 3
FAIL: gcc.dg/guality/pr68860-1.c -O2 -flto -fno-use-linker-plugin -flto-partition=none line 14 arg4 == 4
FAIL: gcc.dg/guality/pr68860-1.c -O2 -flto -fno-use-linker-plugin -flto-partition=none line 14 arg5 == 5
FAIL: gcc.dg/guality/pr68860-1.c -O2 -flto -fno-use-linker-plugin -flto-partition=none line 14 arg6 == 6
FAIL: gcc.dg/guality/pr68860-1.c -O2 -flto -fno-use-linker-plugin -flto-partition=none line 16 arg1 == 1
FAIL: gcc.dg/guality/pr68860-1.c -O2 -flto -fno-use-linker-plugin -flto-partition=none line 16 arg2 == 2
FAIL: gcc.dg/guality/pr68860-1.c -O2 -flto -fno-use-linker-plugin -flto-partition=none line 16 arg3 == 3
FAIL: gcc.dg/guality/pr68860-1.c -O2 -flto -fno-use-linker-plugin -flto-partition=none line 16 arg4 == 4
FAIL: gcc.dg/guality/pr68860-1.c -O2 -flto -fno-use-linker-plugin -flto-partition=none line 16 arg5 == 5
FAIL: gcc.dg/guality/pr68860-1.c -O2 -flto -fno-use-linker-plugin -flto-partition=none line 16 arg6 == 6
FAIL: gcc.dg/guality/pr68860-1.c -O2 -flto -fuse-linker-plugin -fno-fat-lto-objects line 14 arg1 == 1
FAIL: gcc.dg/guality/pr68860-1.c -O2 -flto -fuse-linker-plugin -fno-fat-lto-objects line 14 arg2 == 2
FAIL: gcc.dg/guality/pr68860-1.c -O2 -flto -fuse-linker-plugin -fno-fat-lto-objects line 14 arg3 == 3
FAIL: gcc.dg/guality/pr68860-1.c -O2 -flto -fuse-linker-plugin -fno-fat-lto-objects line 14 arg4 == 4
FAIL: gcc.dg/guality/pr68860-1.c -O2 -flto -fuse-linker-plugin -fno-fat-lto-objects line 14 arg5 == 5
FAIL: gcc.dg/guality/pr68860-1.c -O2 -flto -fuse-linker-plugin -fno-fat-lto-objects line 14 arg6 == 6
FAIL: gcc.dg/guality/pr68860-1.c -O2 -flto -fuse-linker-plugin -fno-fat-lto-objects line 16 arg1 == 1
FAIL: gcc.dg/guality/pr68860-1.c -O2 -flto -fuse-linker-plugin -fno-fat-lto-objects line 16 arg2 == 2
FAIL: gcc.dg/guality/pr68860-1.c -O2 -flto -fuse-linker-plugin -fno-fat-lto-objects line 16 arg3 == 3
FAIL: gcc.dg/guality/pr68860-1.c -O2 -flto -fuse-linker-plugin -fno-fat-lto-objects line 16 arg4 == 4
FAIL: gcc.dg/guality/pr68860-1.c -O2 -flto -fuse-linker-plugin -fno-fat-lto-objects line 16 arg5 == 5
FAIL: gcc.dg/guality/pr68860-1.c -O2 -flto -fuse-linker-plugin -fno-fat-lto-objects line 16 arg6 == 6
FAIL: gcc.dg/guality/pr69947.c -O2 -flto -fno-use-linker-plugin -flto-partition=none line 14 c[2] == 'o'
FAIL: gcc.dg/guality/pr69947.c -O2 -flto -fuse-linker-plugin -fno-fat-lto-objects line 14 c[2] == 'o'
FAIL: gcc.dg/guality/vla-1.c -O1 line 17 sizeof (a) == 6
FAIL: gcc.dg/guality/vla-1.c -O2 line 17 sizeof (a) == 6
FAIL: gcc.dg/guality/vla-1.c -O3 -g line 17 sizeof (a) == 6
FAIL: gcc.dg/guality/vla-1.c -Os line 17 sizeof (a) == 6
FAIL: gcc.dg/guality/vla-1.c -O2 -flto -fno-use-linker-plugin -flto-partition=none line 17 sizeof (a) == 6
FAIL: gcc.dg/guality/vla-1.c -O2 -flto -fuse-linker-plugin -fno-fat-lto-objects line 17 sizeof (a) == 6
FAIL: largefile.c -O0 -g -I. -Dwith_PCH (test for excess errors)
FAIL: gcc.dg/pch/largefile.c -O0 -g assembly comparison
FAIL: largefile.c -O0 -I. -Dwith_PCH (test for excess errors)
FAIL: gcc.dg/pch/largefile.c -O0 assembly comparison
FAIL: largefile.c -O1 -I. -Dwith_PCH (test for excess errors)
FAIL: gcc.dg/pch/largefile.c -O1 assembly comparison
FAIL: largefile.c -O2 -I. -Dwith_PCH (test for excess errors)
FAIL: gcc.dg/pch/largefile.c -O2 assembly comparison
FAIL: largefile.c -O3 -g -I. -Dwith_PCH (test for excess errors)
FAIL: gcc.dg/pch/largefile.c -O3 -g assembly comparison
FAIL: largefile.c -Os -I. -Dwith_PCH (test for excess errors)
FAIL: gcc.dg/pch/largefile.c -Os assembly comparison
WARNING: program timed out
FAIL: gcc.dg/torture/pr66894.c -O2 -flto -fno-use-linker-plugin -flto-partition=none (test for excess errors)
WARNING: program timed out
FAIL: gcc.dg/torture/pr68955.c -Os (test for excess errors)
WARNING: program timed out
FAIL: gcc.dg/torture/stackalign/comp-goto-1.c -O0 -mforce-drap -fpic (test for excess errors)
WARNING: program timed out
FAIL: gcc.dg/torture/stackalign/non-local-goto-5.c -O3 -g (test for excess errors)
WARNING: program timed out
FAIL: gcc.dg/tree-prof/prof-robust-1.c compilation, -fprofile-use -D_PROFILE_USE
UNRESOLVED: gcc.dg/tree-prof/prof-robust-1.c execution, -fprofile-use -D_PROFILE_USE
WARNING: program timed out
FAIL: gcc.dg/vect/vect-complex-5.c -flto -ffat-lto-objects (test for excess errors)
WARNING: program timed out
FAIL: gcc.dg/vect/vect-reduc-3.c -flto -ffat-lto-objects (test for excess errors)
WARNING: program timed out
FAIL: gcc.target/i386/avx-vpunpckhwd-1.c (test for excess errors)
WARNING: program timed out
FAIL: gcc.target/i386/avx512bw-vpcmpgeb-2.c (test for excess errors)
WARNING: program timed out
FAIL: gcc.target/i386/avx512f-vpblendmq-1.c (test for excess errors)
WARNING: program timed out
FAIL: gcc.target/i386/avx512f-vpsubq-1.c (test for excess errors)
WARNING: program timed out
FAIL: gcc.target/i386/avx512vl-vpabsd-2.c (test for excess errors)
WARNING: program timed out
FAIL: gcc.target/i386/l_fma_float_3.c (test for excess errors)
WARNING: program timed out
FAIL: gcc.target/i386/l_fma_run_double_3.c (test for excess errors)
FAIL: gcc.target/i386/pr65105-2.c scan-assembler por
=== gcc Summary for unix ===
# of expected passes 109261
# of unexpected failures 89
# of unexpected successes 18
# of expected failures 319
# of unresolved testcases 1
# of unsupported tests 1539
Running target unix/-fstack-protector
WARNING: program timed out
FAIL: gcc.c-torture/compile/20000329-1.c -O3 -g (test for excess errors)
WARNING: program timed out
FAIL: gcc.c-torture/compile/20021212-1.c -Os (test for excess errors)
WARNING: program timed out
FAIL: gcc.c-torture/compile/20031203-1.c -O2 -flto -fno-use-linker-plugin -flto-partition=none (test for excess errors)
WARNING: program timed out
FAIL: gcc.c-torture/compile/20031220-1.c -O1 (test for excess errors)
WARNING: program timed out
FAIL: gcc.c-torture/compile/20040705-1.c -O0 (test for excess errors)
WARNING: program timed out
FAIL: gcc.c-torture/compile/20040709-1.c -O2 -flto -fno-use-linker-plugin -flto-partition=none (test for excess errors)
WARNING: program timed out
FAIL: gcc.c-torture/compile/900116-1.c -O1 (test for excess errors)
WARNING: program timed out
FAIL: gcc.c-torture/compile/921103-1.c -O0 (test for excess errors)
WARNING: program timed out
FAIL: gcc.c-torture/compile/941014-3.c -O3 -fomit-frame-pointer -funroll-loops -fpeel-loops -ftracer -finline-functions (test for excess errors)
WARNING: program timed out
FAIL: gcc.c-torture/compile/forgetcc.c -O0 (test for excess errors)
WARNING: program timed out
FAIL: gcc.c-torture/compile/pr32349.c -O1 (test for excess errors)
WARNING: program timed out
FAIL: gcc.c-torture/compile/pr40351.c -O3 -g (test for excess errors)
WARNING: program timed out
FAIL: gcc.c-torture/compile/pr43791.c -O0 (test for excess errors)
WARNING: program timed out
FAIL: gcc.c-torture/execute/20000225-1.c -O0 (test for excess errors)
WARNING: program timed out
FAIL: gcc.c-torture/execute/20001112-1.c -O0 (test for excess errors)
WARNING: program timed out
FAIL: gcc.c-torture/execute/20030404-1.c -O2 (test for excess errors)
WARNING: program timed out
FAIL: gcc.c-torture/execute/20030828-2.c -O0 (test for excess errors)
WARNING: program timed out
FAIL: gcc.c-torture/execute/20030903-1.c -O1 (test for excess errors)
WARNING: program timed out
FAIL: gcc.c-torture/execute/20040709-1.c -O2 (test for excess errors)
WARNING: program timed out
FAIL: gcc.c-torture/execute/20050604-1.c -O1 (test for excess errors)
WARNING: program timed out
FAIL: gcc.c-torture/execute/20050604-1.c -O3 -fomit-frame-pointer -funroll-loops -fpeel-loops -ftracer -finline-functions (test for excess errors)
WARNING: program timed out
FAIL: gcc.c-torture/execute/20070212-1.c -O2 -flto -fuse-linker-plugin -fno-fat-lto-objects (test for excess errors)
WARNING: program timed out
FAIL: gcc.c-torture/execute/920415-1.c -O2 (test for excess errors)
WARNING: program timed out
FAIL: gcc.c-torture/execute/pr36038.c -O2 -flto -fuse-linker-plugin -fno-fat-lto-objects (test for excess errors)
WARNING: program timed out
FAIL: gcc.c-torture/execute/pr44858.c -O0 (test for excess errors)
WARNING: program timed out
FAIL: gcc.c-torture/execute/pr49644.c -O3 -fomit-frame-pointer -funroll-loops -fpeel-loops -ftracer -finline-functions (test for excess errors)
WARNING: program timed out
FAIL: gcc.c-torture/execute/pr53645.c -O0 (test for excess errors)
WARNING: program timed out
FAIL: gcc.c-torture/execute/shiftdi.c -Os (test for excess errors)
WARNING: program timed out
FAIL: gcc.c-torture/execute/shiftopt-1.c -O2 -flto -fuse-linker-plugin -fno-fat-lto-objects (test for excess errors)
WARNING: program timed out
FAIL: gcc.c-torture/unsorted/dump-noaddr.c, -O2 -flto -fuse-linker-plugin -fno-fat-lto-objects -dumpbase dump1/dump-noaddr.c -DMASK=1 -x c --param ggc-min-heapsize=1 -fdump-ipa-all -fdump-rtl-all -fdump-tree-all -fdump-noaddr
WARNING: program timed out
FAIL: gcc.dg/debug/20020220-1.c -gstabs -O (test for excess errors)
WARNING: program timed out
FAIL: gcc.dg/debug/tls-1.c -gstabs+3 (test for excess errors)
WARNING: program timed out
WARNING: program timed out
WARNING: program timed out
FAIL: gcc.dg/cleanup-10.c execution test
FAIL: gcc.dg/cleanup-11.c execution test
FAIL: gcc.dg/cleanup-8.c execution test
FAIL: gcc.dg/cleanup-9.c execution test
WARNING: program timed out
FAIL: gcc.dg/ifcvt-4.c scan-rtl-dump ce1 "2 true changes made"
WARNING: program timed out
FAIL: gcc.dg/short-compare-1.c (test for excess errors)
FAIL: gcc.dg/stack-usage-1.c scan-file foo\\t(256|264)\\tstatic
FAIL: gcc.dg/superblock.c scan-rtl-dump-times sched2 "ADVANCING TO" 2
WARNING: program timed out
WARNING: program timed out
WARNING: program timed out
FAIL: gcc.dg/graphite/scop-pr66980.c (test for excess errors)
WARNING: program timed out
FAIL: gcc.dg/graphite/id-3.c (test for excess errors)
WARNING: program timed out
FAIL: gcc.dg/graphite/run-id-5.c (test for excess errors)
WARNING: program timed out
FAIL: gcc.dg/graphite/block-1.c (test for excess errors)
XPASS: gcc.dg/guality/example.c -O0 execution test
XPASS: gcc.dg/guality/example.c -O1 execution test
WARNING: program timed out
FAIL: gcc.dg/guality/example.c -Os (test for excess errors)
WARNING: program timed out
FAIL: gcc.dg/guality/example.c -O2 -flto -fno-use-linker-plugin -flto-partition=none (test for excess errors)
WARNING: program timed out
FAIL: gcc.dg/guality/example.c -O2 -flto -fuse-linker-plugin -fno-fat-lto-objects (test for excess errors)
WARNING: program timed out
FAIL: gcc.dg/guality/guality.c -O0 (test for excess errors)
XPASS: gcc.dg/guality/guality.c -O0 execution test
XPASS: gcc.dg/guality/guality.c -O1 execution test
WARNING: program timed out
FAIL: gcc.dg/guality/guality.c -O2 (test for excess errors)
XPASS: gcc.dg/guality/guality.c -O2 -flto -fno-use-linker-plugin -flto-partition=none execution test
XPASS: gcc.dg/guality/guality.c -O2 -flto -fuse-linker-plugin -fno-fat-lto-objects execution test
FAIL: gcc.dg/guality/inline-params.c -O1 execution test
XPASS: gcc.dg/guality/inline-params.c -Os execution test
FAIL: gcc.dg/guality/pr36728-2.c -O3 -g line 16 arg1 == 1
FAIL: gcc.dg/guality/pr36728-2.c -O3 -g line 16 arg2 == 2
FAIL: gcc.dg/guality/pr36728-2.c -O3 -g line 16 arg3 == 3
FAIL: gcc.dg/guality/pr36728-2.c -O3 -g line 16 arg4 == 4
FAIL: gcc.dg/guality/pr36728-2.c -O3 -g line 16 arg5 == 5
FAIL: gcc.dg/guality/pr36728-2.c -O3 -g line 16 arg6 == 6
FAIL: gcc.dg/guality/pr36728-2.c -O3 -g line 16 arg7 == 30
FAIL: gcc.dg/guality/pr36728-2.c -O3 -g line 18 arg1 == 1
FAIL: gcc.dg/guality/pr36728-2.c -O3 -g line 18 arg2 == 2
FAIL: gcc.dg/guality/pr36728-2.c -O3 -g line 18 arg3 == 3
FAIL: gcc.dg/guality/pr36728-2.c -O3 -g line 18 arg4 == 4
FAIL: gcc.dg/guality/pr36728-2.c -O3 -g line 18 arg5 == 5
FAIL: gcc.dg/guality/pr36728-2.c -O3 -g line 18 arg6 == 6
FAIL: gcc.dg/guality/pr36728-2.c -O3 -g line 18 arg7 == 30
XPASS: gcc.dg/guality/pr41353-1.c -O0 line 28 j == 28 + 37
XPASS: gcc.dg/guality/pr41353-1.c -O1 line 28 j == 28 + 37
XPASS: gcc.dg/guality/pr41353-1.c -O2 line 28 j == 28 + 37
XPASS: gcc.dg/guality/pr41353-1.c -O3 -g line 28 j == 28 + 37
XPASS: gcc.dg/guality/pr41353-1.c -Os line 28 j == 28 + 37
XPASS: gcc.dg/guality/pr41353-1.c -O2 -flto -fno-use-linker-plugin -flto-partition=none line 28 j == 28 + 37
XPASS: gcc.dg/guality/pr41353-1.c -O2 -flto -fuse-linker-plugin -fno-fat-lto-objects line 28 j == 28 + 37
WARNING: program timed out
FAIL: gcc.dg/guality/pr41353-2.c -O1 (test for excess errors)
FAIL: gcc.dg/guality/pr41447-1.c -O2 execution test
FAIL: gcc.dg/guality/pr41447-1.c -O3 -g execution test
FAIL: gcc.dg/guality/pr41447-1.c -O2 -flto -fno-use-linker-plugin -flto-partition=none execution test
FAIL: gcc.dg/guality/pr41616-1.c -O1 execution test
FAIL: gcc.dg/guality/pr41616-1.c -O2 execution test
FAIL: gcc.dg/guality/pr41616-1.c -O3 -g execution test
FAIL: gcc.dg/guality/pr41616-1.c -O2 -flto -fuse-linker-plugin -fno-fat-lto-objects execution test
FAIL: gcc.dg/guality/pr45882.c -O2 -flto -fuse-linker-plugin -fno-fat-lto-objects line 16 d == 112
FAIL: gcc.dg/guality/pr45882.c -O2 -flto -fuse-linker-plugin -fno-fat-lto-objects line 16 e == 142
FAIL: gcc.dg/guality/pr54519-1.c -O2 -flto -fno-use-linker-plugin -flto-partition=none line 20 y == 25
FAIL: gcc.dg/guality/pr54519-1.c -O2 -flto -fno-use-linker-plugin -flto-partition=none line 20 z == 6
FAIL: gcc.dg/guality/pr54519-1.c -O2 -flto -fno-use-linker-plugin -flto-partition=none line 23 y == 117
FAIL: gcc.dg/guality/pr54519-1.c -O2 -flto -fno-use-linker-plugin -flto-partition=none line 23 z == 8
FAIL: gcc.dg/guality/pr54519-2.c -O2 -flto -fno-use-linker-plugin -flto-partition=none line 17 y == 25
FAIL: gcc.dg/guality/pr54519-2.c -O2 -flto -fuse-linker-plugin -fno-fat-lto-objects line 17 y == 25
FAIL: gcc.dg/guality/pr54519-3.c -O2 -flto -fno-use-linker-plugin -flto-partition=none line 20 y == 25
FAIL: gcc.dg/guality/pr54519-3.c -O2 -flto -fno-use-linker-plugin -flto-partition=none line 20 z == 6
FAIL: gcc.dg/guality/pr54519-3.c -O2 -flto -fno-use-linker-plugin -flto-partition=none line 23 y == 117
FAIL: gcc.dg/guality/pr54519-3.c -O2 -flto -fno-use-linker-plugin -flto-partition=none line 23 z == 8
FAIL: gcc.dg/guality/pr54519-3.c -O2 -flto -fuse-linker-plugin -fno-fat-lto-objects line 20 y == 25
FAIL: gcc.dg/guality/pr54519-3.c -O2 -flto -fuse-linker-plugin -fno-fat-lto-objects line 20 z == 6
FAIL: gcc.dg/guality/pr54519-3.c -O2 -flto -fuse-linker-plugin -fno-fat-lto-objects line 23 y == 117
FAIL: gcc.dg/guality/pr54519-3.c -O2 -flto -fuse-linker-plugin -fno-fat-lto-objects line 23 z == 8
FAIL: gcc.dg/guality/pr54519-4.c -O2 -flto -fno-use-linker-plugin -flto-partition=none line 17 y == 25
FAIL: gcc.dg/guality/pr54519-4.c -O2 -flto -fuse-linker-plugin -fno-fat-lto-objects line 17 y == 25
FAIL: gcc.dg/guality/pr54519-5.c -O2 -flto -fno-use-linker-plugin -flto-partition=none line 17 y == 25
FAIL: gcc.dg/guality/pr54519-5.c -O2 -flto -fuse-linker-plugin -fno-fat-lto-objects line 17 y == 25
WARNING: program timed out
FAIL: gcc.dg/guality/pr56154-4.c -Os (test for excess errors)
WARNING: program timed out
FAIL: gcc.dg/guality/pr59776.c -Os (test for excess errors)
FAIL: gcc.dg/guality/pr68860-1.c -O2 -flto -fno-use-linker-plugin -flto-partition=none line 14 arg1 == 1
FAIL: gcc.dg/guality/pr68860-1.c -O2 -flto -fno-use-linker-plugin -flto-partition=none line 14 arg2 == 2
FAIL: gcc.dg/guality/pr68860-1.c -O2 -flto -fno-use-linker-plugin -flto-partition=none line 14 arg3 == 3
FAIL: gcc.dg/guality/pr68860-1.c -O2 -flto -fno-use-linker-plugin -flto-partition=none line 14 arg4 == 4
FAIL: gcc.dg/guality/pr68860-1.c -O2 -flto -fno-use-linker-plugin -flto-partition=none line 14 arg5 == 5
FAIL: gcc.dg/guality/pr68860-1.c -O2 -flto -fno-use-linker-plugin -flto-partition=none line 14 arg6 == 6
FAIL: gcc.dg/guality/pr68860-1.c -O2 -flto -fno-use-linker-plugin -flto-partition=none line 16 arg1 == 1
FAIL: gcc.dg/guality/pr68860-1.c -O2 -flto -fno-use-linker-plugin -flto-partition=none line 16 arg2 == 2
FAIL: gcc.dg/guality/pr68860-1.c -O2 -flto -fno-use-linker-plugin -flto-partition=none line 16 arg3 == 3
FAIL: gcc.dg/guality/pr68860-1.c -O2 -flto -fno-use-linker-plugin -flto-partition=none line 16 arg4 == 4
FAIL: gcc.dg/guality/pr68860-1.c -O2 -flto -fno-use-linker-plugin -flto-partition=none line 16 arg5 == 5
FAIL: gcc.dg/guality/pr68860-1.c -O2 -flto -fno-use-linker-plugin -flto-partition=none line 16 arg6 == 6
FAIL: gcc.dg/guality/pr68860-1.c -O2 -flto -fuse-linker-plugin -fno-fat-lto-objects line 14 arg1 == 1
FAIL: gcc.dg/guality/pr68860-1.c -O2 -flto -fuse-linker-plugin -fno-fat-lto-objects line 14 arg2 == 2
FAIL: gcc.dg/guality/pr68860-1.c -O2 -flto -fuse-linker-plugin -fno-fat-lto-objects line 14 arg3 == 3
FAIL: gcc.dg/guality/pr68860-1.c -O2 -flto -fuse-linker-plugin -fno-fat-lto-objects line 14 arg4 == 4
FAIL: gcc.dg/guality/pr68860-1.c -O2 -flto -fuse-linker-plugin -fno-fat-lto-objects line 14 arg5 == 5
FAIL: gcc.dg/guality/pr68860-1.c -O2 -flto -fuse-linker-plugin -fno-fat-lto-objects line 14 arg6 == 6
FAIL: gcc.dg/guality/pr68860-1.c -O2 -flto -fuse-linker-plugin -fno-fat-lto-objects line 16 arg1 == 1
FAIL: gcc.dg/guality/pr68860-1.c -O2 -flto -fuse-linker-plugin -fno-fat-lto-objects line 16 arg2 == 2
FAIL: gcc.dg/guality/pr68860-1.c -O2 -flto -fuse-linker-plugin -fno-fat-lto-objects line 16 arg3 == 3
FAIL: gcc.dg/guality/pr68860-1.c -O2 -flto -fuse-linker-plugin -fno-fat-lto-objects line 16 arg4 == 4
FAIL: gcc.dg/guality/pr68860-1.c -O2 -flto -fuse-linker-plugin -fno-fat-lto-objects line 16 arg5 == 5
FAIL: gcc.dg/guality/pr68860-1.c -O2 -flto -fuse-linker-plugin -fno-fat-lto-objects line 16 arg6 == 6
FAIL: gcc.dg/guality/pr69947.c -O2 -flto -fno-use-linker-plugin -flto-partition=none line 14 c[2] == 'o'
FAIL: gcc.dg/guality/pr69947.c -O2 -flto -fuse-linker-plugin -fno-fat-lto-objects line 14 c[2] == 'o'
FAIL: gcc.dg/guality/vla-1.c -O1 line 17 sizeof (a) == 6
FAIL: gcc.dg/guality/vla-1.c -O2 line 17 sizeof (a) == 6
WARNING: program timed out
FAIL: gcc.dg/guality/vla-1.c -O3 -g (test for excess errors)
FAIL: gcc.dg/guality/vla-1.c -O3 -g line 17 sizeof (a) == 6
FAIL: gcc.dg/guality/vla-1.c -Os line 17 sizeof (a) == 6
FAIL: gcc.dg/guality/vla-1.c -O2 -flto -fno-use-linker-plugin -flto-partition=none line 17 sizeof (a) == 6
FAIL: gcc.dg/guality/vla-1.c -O2 -flto -fuse-linker-plugin -fno-fat-lto-objects line 17 sizeof (a) == 6
WARNING: program timed out
FAIL: gcc.dg/ipa/ipa-icf-13.c (test for excess errors)
WARNING: program timed out
FAIL: ./inline-4.h -O2 (test for excess errors)
WARNING: program timed out
FAIL: gcc.dg/pch/valid-1b.c -O2 -I. -Dwithout_PCH (test for excess errors)
FAIL: largefile.c -O0 -g -I. -Dwith_PCH (test for excess errors)
FAIL: gcc.dg/pch/largefile.c -O0 -g assembly comparison
FAIL: largefile.c -O0 -I. -Dwith_PCH (test for excess errors)
FAIL: gcc.dg/pch/largefile.c -O0 assembly comparison
FAIL: largefile.c -O1 -I. -Dwith_PCH (test for excess errors)
FAIL: gcc.dg/pch/largefile.c -O1 assembly comparison
FAIL: largefile.c -O2 -I. -Dwith_PCH (test for excess errors)
FAIL: gcc.dg/pch/largefile.c -O2 assembly comparison
FAIL: largefile.c -O3 -g -I. -Dwith_PCH (test for excess errors)
FAIL: gcc.dg/pch/largefile.c -O3 -g assembly comparison
FAIL: largefile.c -Os -I. -Dwith_PCH (test for excess errors)
FAIL: gcc.dg/pch/largefile.c -Os assembly comparison
WARNING: program timed out
FAIL: gcc.dg/sso/p7.c -O0 (test for excess errors)
WARNING: program timed out
FAIL: c-c++-common/torture/vector-shift.c -O3 -fomit-frame-pointer -funroll-loops -fpeel-loops -ftracer -finline-functions (test for excess errors)
WARNING: program timed out
FAIL: gcc.dg/torture/20110713-1.c -Os (test for excess errors)
WARNING: program timed out
FAIL: gcc.dg/torture/pr36373-3.c -O2 -flto -fno-use-linker-plugin -flto-partition=none (test for excess errors)
WARNING: program timed out
FAIL: gcc.dg/torture/pr39074-2.c -O2 (test for excess errors)
WARNING: program timed out
FAIL: gcc.dg/torture/pr46068.c -O2 (test for excess errors)
WARNING: program timed out
FAIL: gcc.dg/torture/pr51070.c -O2 -flto -fno-use-linker-plugin -flto-partition=none (test for excess errors)
WARNING: program timed out
FAIL: gcc.dg/torture/pr54098.c -O3 -g (test for excess errors)
WARNING: program timed out
FAIL: gcc.dg/torture/pr57478.c -O1 (test for excess errors)
WARNING: program timed out
FAIL: gcc.dg/torture/pr57478.c -O3 -fomit-frame-pointer -funroll-loops -fpeel-loops -ftracer -finline-functions (test for excess errors)
WARNING: program timed out
FAIL: gcc.dg/torture/pr61786.c -O0 (test for excess errors)
WARNING: program timed out
FAIL: gcc.dg/torture/pr61787.c -O1 (test for excess errors)
WARNING: program timed out
FAIL: gcc.dg/torture/pr64365.c -O2 -flto -fno-use-linker-plugin -flto-partition=none (test for excess errors)
WARNING: program timed out
FAIL: gcc.dg/torture/stackalign/alloca-6.c -O3 -g -mforce-drap (test for excess errors)
WARNING: program timed out
FAIL: gcc.dg/torture/stackalign/ret-struct-1.c -O2 (test for excess errors)
WARNING: program timed out
FAIL: gcc.dg/torture/tls/run-le.c -Os -pie -fpie (test for excess errors)
WARNING: program timed out
FAIL: gcc.dg/tree-ssa/reassoc-36.c (test for excess errors)
WARNING: program timed out
FAIL: gcc.dg/vect/pr43432.c -flto -ffat-lto-objects (test for excess errors)
WARNING: program timed out
FAIL: gcc.dg/vect/vect-vfa-04.c -flto -ffat-lto-objects (test for excess errors)
WARNING: program timed out
FAIL: gcc.dg/vect/no-vfa-vect-101.c (test for excess errors)
WARNING: program timed out
FAIL: gcc.dg/vect/no-scevccp-outer-21.c (test for excess errors)
WARNING: program timed out
WARNING: program timed out
FAIL: gcc.target/i386/aesenclast.c (test for excess errors)
WARNING: program timed out
FAIL: gcc.target/i386/avx512f-vpsllvd-2.c (test for excess errors)
WARNING: program timed out
FAIL: gcc.target/i386/intrinsics_opt-3.c (test for excess errors)
FAIL: gcc.target/i386/pr65105-2.c scan-assembler por
WARNING: program timed out
FAIL: gcc.target/i386/ssse3-phaddd.c (test for excess errors)
WARNING: program timed out
FAIL: gcc.target/i386/vect-double-1.c (test for excess errors)
=== gcc Summary for unix/-fstack-protector ===
# of expected passes 109184
# of unexpected failures 169
# of unexpected successes 14
# of expected failures 323
# of unsupported tests 1538
=== gcc Summary ===
# of expected passes 218445
# of unexpected failures 258
# of unexpected successes 32
# of expected failures 642
# of unresolved testcases 1
# of unsupported tests 3077
/build/gcc-6-hfExk6/gcc-6-6.2.0/build/gcc/xgcc version 6.2.0 20160914 (Debian 6.2.0-4)
=== gfortran tests ===
Running target unix
WARNING: program timed out
FAIL: gfortran.dg/actual_array_substr_2.f90 -Os (test for excess errors)
WARNING: program timed out
FAIL: gfortran.dg/allocatable_function_8.f90 -O3 -fomit-frame-pointer -funroll-loops -fpeel-loops -ftracer -finline-functions (test for excess errors)
WARNING: program timed out
FAIL: gfortran.dg/argument_checking_8.f90 -O0 (test for excess errors)
WARNING: program timed out
FAIL: gfortran.dg/array_constructor_49.f90 -O0 (test for excess errors)
WARNING: program timed out
FAIL: gfortran.dg/class_array_21.f03 -O3 -fomit-frame-pointer -funroll-loops -fpeel-loops -ftracer -finline-functions (test for excess errors)
WARNING: program timed out
WARNING: program timed out
FAIL: gfortran.dg/cray_pointers_8.f90 -O3 -fomit-frame-pointer -funroll-loops -fpeel-loops -ftracer -finline-functions (test for excess errors)
WARNING: program timed out
FAIL: gfortran.dg/extends_2.f03 -O3 -fomit-frame-pointer -funroll-loops -fpeel-loops -ftracer -finline-functions (test for excess errors)
WARNING: program timed out
FAIL: gfortran.dg/leadz_trailz_3.f90 -Os (test for excess errors)
WARNING: program timed out
FAIL: gfortran.dg/lrshift_1.f90 -O0 (test for excess errors)
WARNING: program timed out
FAIL: gfortran.dg/minloc_3.f90 -O0 (test for excess errors)
WARNING: program timed out
FAIL: gfortran.dg/missing_optional_dummy_2.f90 -O (test for excess errors)
WARNING: program timed out
FAIL: gfortran.dg/namelist_53.f90 -Os (test for excess errors)
WARNING: program timed out
FAIL: gfortran.dg/norm2_1.f90 -O2 (test for excess errors)
WARNING: program timed out
FAIL: gfortran.dg/pointer_check_11.f90 -O1 (test for excess errors)
WARNING: program timed out
FAIL: gfortran.dg/pr68053.f90 -O1 (test for excess errors)
FAIL: gfortran.dg/read_dir.f90 -O0 execution test
FAIL: gfortran.dg/read_dir.f90 -O1 execution test
FAIL: gfortran.dg/read_dir.f90 -O2 execution test
FAIL: gfortran.dg/read_dir.f90 -O3 -fomit-frame-pointer -funroll-loops -fpeel-loops -ftracer -finline-functions execution test
FAIL: gfortran.dg/read_dir.f90 -O3 -g execution test
FAIL: gfortran.dg/read_dir.f90 -Os execution test
WARNING: program timed out
FAIL: gfortran.dg/use_only_5.f90 -O (test for excess errors)
WARNING: program timed out
FAIL: gfortran.dg/write_padding.f90 -O1 (test for excess errors)
WARNING: program timed out
WARNING: program timed out
FAIL: gfortran.dg/lto/20091015-1 f_lto_20091015-1_0.o assemble, -O2 -flto -flto-partition=1to1 -fno-use-linker-plugin
WARNING: program timed out
WARNING: program timed out
WARNING: program timed out
WARNING: program timed out
WARNING: program timed out
WARNING: program timed out
=== gfortran Summary for unix ===
# of expected passes 42404
# of unexpected failures 24
# of expected failures 78
# of unsupported tests 168
Running target unix/-fstack-protector
WARNING: program timed out
FAIL: gfortran.dg/coarray/event_1.f90 -fcoarray=lib -O2 -lcaf_single -latomic (test for excess errors)
WARNING: program timed out
FAIL: gfortran.dg/alloc_comp_default_init_2.f90 -O3 -fomit-frame-pointer -funroll-loops -fpeel-loops -ftracer -finline-functions (test for excess errors)
WARNING: program timed out
FAIL: gfortran.dg/associate_17.f90 -O3 -g (test for excess errors)
WARNING: program timed out
FAIL: gfortran.dg/assumed_type_2.f90 -O3 -g (test for excess errors)
WARNING: program timed out
FAIL: gfortran.dg/backslash_2.f90 -Os (test for excess errors)
WARNING: program timed out
FAIL: gfortran.dg/bounds_check_array_ctor_2.f90 -O1 (test for excess errors)
WARNING: program timed out
WARNING: program timed out
WARNING: program timed out
FAIL: gfortran.dg/char_reshape_1.f90 -O0 (test for excess errors)
WARNING: program timed out
FAIL: gfortran.dg/char_reshape_1.f90 -Os (test for excess errors)
WARNING: program timed out
FAIL: gfortran.dg/dependency_41.f90 -O0 (test for excess errors)
WARNING: program timed out
FAIL: gfortran.dg/dependency_42.f90 -O0 (test for excess errors)
WARNING: program timed out
FAIL: gfortran.dg/direct_io_6.f90 -Os (test for excess errors)
WARNING: program timed out
WARNING: program timed out
FAIL: gfortran.dg/empty_format_1.f90 -O2 (test for excess errors)
WARNING: program timed out
FAIL: gfortran.dg/fmt_error_4.f90 -O0 (test for excess errors)
WARNING: program timed out
FAIL: gfortran.dg/include_8.f90 -O (test for excess errors)
WARNING: program timed out
FAIL: gfortran.dg/index.f90 -O3 -fomit-frame-pointer -funroll-loops -fpeel-loops -ftracer -finline-functions (test for excess errors)
WARNING: program timed out
FAIL: gfortran.dg/list_read_10.f90 -O3 -g (test for excess errors)
WARNING: program timed out
FAIL: gfortran.dg/move_alloc_6.f90 -O3 -g (test for excess errors)
WARNING: program timed out
FAIL: gfortran.dg/namelist_49.f90 -O3 -g (test for excess errors)
WARNING: program timed out
FAIL: gfortran.dg/namelist_50.f90 -O3 -fomit-frame-pointer -funroll-loops -fpeel-loops -ftracer -finline-functions (test for excess errors)
WARNING: program timed out
WARNING: program timed out
FAIL: gfortran.dg/output_exponents_1.f90 -O3 -fomit-frame-pointer -funroll-loops -fpeel-loops -ftracer -finline-functions (test for excess errors)
WARNING: program timed out
FAIL: gfortran.dg/pr42119.f90 -O (test for excess errors)
WARNING: program timed out
FAIL: gfortran.dg/pr47878.f90 -Os (test for excess errors)
FAIL: gfortran.dg/read_dir.f90 -O0 execution test
FAIL: gfortran.dg/read_dir.f90 -O1 execution test
FAIL: gfortran.dg/read_dir.f90 -O2 execution test
FAIL: gfortran.dg/read_dir.f90 -O3 -fomit-frame-pointer -funroll-loops -fpeel-loops -ftracer -finline-functions execution test
FAIL: gfortran.dg/read_dir.f90 -O3 -g execution test
FAIL: gfortran.dg/read_dir.f90 -Os execution test
WARNING: program timed out
FAIL: gfortran.dg/read_x_eor.f90 -Os (test for excess errors)
WARNING: program timed out
FAIL: gfortran.dg/reshape_empty_1.f03 -O1 (test for excess errors)
WARNING: program timed out
FAIL: gfortran.dg/select_type_7.f03 -O3 -g (test for excess errors)
WARNING: program timed out
FAIL: gfortran.dg/size_dim.f90 -O3 -fomit-frame-pointer -funroll-loops -fpeel-loops -ftracer -finline-functions (test for excess errors)
WARNING: program timed out
FAIL: gfortran.dg/storage_size_1.f08 -O2 (test for excess errors)
WARNING: program timed out
FAIL: gfortran.dg/streamio_6.f90 -O2 (test for excess errors)
WARNING: program timed out
FAIL: gfortran.dg/streamio_6.f90 -O3 -g (test for excess errors)
WARNING: program timed out
FAIL: gfortran.dg/transfer_resolve_1.f90 -O3 -g (test for excess errors)
WARNING: program timed out
FAIL: gfortran.dg/transfer_simplify_1.f90 -O3 -fomit-frame-pointer -funroll-loops -fpeel-loops -ftracer -finline-functions (test for excess errors)
WARNING: program timed out
FAIL: gfortran.dg/volatile13.f90 -O (test for excess errors)
WARNING: program timed out
WARNING: program timed out
WARNING: program timed out
FAIL: gfortran.dg/g77/f90-intrinsic-numeric.f -O2 (test for excess errors)
WARNING: program timed out
FAIL: gfortran.dg/guality/pr41558.f90 -O0 (test for excess errors)
WARNING: program timed out
FAIL: gfortran.dg/guality/pr41558.f90 -O2 (test for excess errors)
WARNING: program timed out
WARNING: program timed out
WARNING: program timed out
WARNING: program timed out
=== gfortran Summary for unix/-fstack-protector ===
# of expected passes 42387
# of unexpected failures 41
# of expected failures 78
# of unsupported tests 168
=== gfortran Summary ===
# of expected passes 84791
# of unexpected failures 65
# of expected failures 156
# of unsupported tests 336
/build/gcc-6-hfExk6/gcc-6-6.2.0/build/gcc/gfortran version 6.2.0 20160914 (Debian 6.2.0-4)
=== gnat tests ===
Running target unix
FAIL: gnat.dg/null_pointer_deref1.adb execution test
FAIL: gnat.dg/null_pointer_deref2.adb execution test
FAIL: gnat.dg/null_pointer_deref3.adb execution test
FAIL: gnat.dg/stack_check1.adb execution test
FAIL: gnat.dg/stack_check2.adb execution test
=== gnat Summary for unix ===
# of expected passes 2503
# of unexpected failures 5
# of expected failures 22
# of unsupported tests 4
Running target unix/-fstack-protector
FAIL: gnat.dg/null_pointer_deref1.adb execution test
FAIL: gnat.dg/null_pointer_deref2.adb execution test
FAIL: gnat.dg/null_pointer_deref3.adb execution test
FAIL: gnat.dg/stack_check1.adb execution test
FAIL: gnat.dg/stack_check2.adb execution test
=== gnat Summary for unix/-fstack-protector ===
# of expected passes 2503
# of unexpected failures 5
# of expected failures 22
# of unsupported tests 4
=== gnat Summary ===
# of expected passes 5006
# of unexpected failures 10
# of expected failures 44
# of unsupported tests 8
/build/gcc-6-hfExk6/gcc-6-6.2.0/build/gnattools/gnatmake version 6.2.0
=== obj-c++ tests ===
Running target unix
WARNING: program timed out
WARNING: program timed out
FAIL: obj-c++.dg/comp-types-6.mm -fgnu-runtime (test for excess errors)
=== obj-c++ Summary for unix ===
# of expected passes 1453
# of unexpected failures 1
# of expected failures 2
# of unsupported tests 77
Running target unix/-fstack-protector
=== obj-c++ Summary for unix/-fstack-protector ===
# of expected passes 1454
# of expected failures 2
# of unsupported tests 77
=== obj-c++ Summary ===
# of expected passes 2907
# of unexpected failures 1
# of expected failures 4
# of unsupported tests 154
/build/gcc-6-hfExk6/gcc-6-6.2.0/build/gcc/xg++ version 6.2.0 20160914 (Debian 6.2.0-4)
=== objc tests ===
Running target unix
=== objc Summary for unix ===
# of expected passes 2783
# of expected failures 6
# of unsupported tests 68
Running target unix/-fstack-protector
WARNING: program timed out
FAIL: objc.dg-struct-layout-encoding-1/t007_main.m (test for excess errors)
=== objc Summary for unix/-fstack-protector ===
# of expected passes 2782
# of unexpected failures 1
# of expected failures 6
# of unsupported tests 68
=== objc Summary ===
# of expected passes 5565
# of unexpected failures 1
# of expected failures 12
# of unsupported tests 136
/build/gcc-6-hfExk6/gcc-6-6.2.0/build/gcc/xgcc version 6.2.0 20160914 (Debian 6.2.0-4)
=== boehm-gc tests ===
Running target unix
=== boehm-gc Summary for unix ===
# of expected passes 12
# of unsupported tests 1
Running target unix/-fstack-protector
=== boehm-gc Summary for unix/-fstack-protector ===
# of expected passes 12
# of unsupported tests 1
=== boehm-gc Summary ===
# of expected passes 24
# of unsupported tests 2
=== libatomic tests ===
Running target unix
=== libatomic Summary for unix ===
# of expected passes 44
# of unsupported tests 5
Running target unix/-fstack-protector
=== libatomic Summary for unix/-fstack-protector ===
# of expected passes 44
# of unsupported tests 5
=== libatomic Summary ===
# of expected passes 88
# of unsupported tests 10
=== libffi tests ===
Running target unix
WARNING: program timed out
FAIL: libffi.call/cls_align_longdouble_split2.c -W -Wall -Wno-psabi -O3 (test for excess errors)
WARNING: program timed out
FAIL: libffi.call/cls_ulonglong.c -W -Wall -Wno-psabi -O2 (test for excess errors)
WARNING: program timed out
FAIL: libffi.call/negint.c -W -Wall -Wno-psabi -O2 -fomit-frame-pointer (test for excess errors)
WARNING: program timed out
FAIL: libffi.call/return_ul.c -W -Wall -Wno-psabi -O0 (test for excess errors)
WARNING: program timed out
FAIL: libffi.complex/cls_align_complex_longdouble.c -W -Wall -Wno-psabi -O0 (test for excess errors)
=== libffi Summary for unix ===
# of expected passes 2794
# of unexpected failures 5
Running target unix/-fstack-protector
=== libffi Summary for unix/-fstack-protector ===
# of expected passes 2799
=== libffi Summary ===
# of expected passes 5593
# of unexpected failures 5
=== libgomp tests ===
Running target unix
WARNING: program timed out
FAIL: libgomp.fortran/examples-4/declare_target-5.f90 -O1 (test for excess errors)
WARNING: program timed out
FAIL: libgomp.fortran/examples-4/declare_target-5.f90 -O2 (test for excess errors)
WARNING: program timed out
FAIL: libgomp.fortran/examples-4/declare_target-5.f90 -O3 -fomit-frame-pointer -funroll-loops -fpeel-loops -ftracer -finline-functions (test for excess errors)
WARNING: program timed out
FAIL: libgomp.fortran/examples-4/declare_target-5.f90 -O3 -g (test for excess errors)
WARNING: program timed out
FAIL: libgomp.fortran/examples-4/declare_target-5.f90 -Os (test for excess errors)
WARNING: program timed out
WARNING: program timed out
FAIL: libgomp.fortran/lib1.f90 -O1 execution test
FAIL: libgomp.fortran/lib1.f90 -O2 execution test
FAIL: libgomp.fortran/lib1.f90 -O3 -fomit-frame-pointer -funroll-loops -fpeel-loops -ftracer -finline-functions execution test
FAIL: libgomp.fortran/lib1.f90 -O3 -g execution test
FAIL: libgomp.fortran/lib1.f90 -Os execution test
FAIL: libgomp.fortran/lib2.f -O2 execution test
FAIL: libgomp.fortran/lib2.f -O3 -g execution test
FAIL: libgomp.fortran/lib2.f -Os execution test
FAIL: libgomp.fortran/lib3.f -O3 -fomit-frame-pointer -funroll-loops -fpeel-loops -ftracer -finline-functions execution test
FAIL: libgomp.fortran/lib3.f -O3 -g execution test
WARNING: program timed out
FAIL: libgomp.fortran/pr71014.f90 -O3 -g (test for excess errors)
WARNING: program timed out
FAIL: libgomp.fortran/target8.f90 -O3 -g (test for excess errors)
WARNING: program timed out
FAIL: libgomp.fortran/udr8.f90 -O3 -fomit-frame-pointer -funroll-loops -fpeel-loops -ftracer -finline-functions (test for excess errors)
WARNING: program timed out
FAIL: libgomp.graphite/pr41118.c (test for excess errors)
=== libgomp Summary for unix ===
# of expected passes 5133
# of unexpected failures 19
# of unsupported tests 271
Running target unix/-fstack-protector
WARNING: program timed out
FAIL: libgomp.c++/sections-1.C (test for excess errors)
WARNING: program timed out
FAIL: libgomp.fortran/examples-4/declare_target-5.f90 -O3 -g (test for excess errors)
WARNING: program timed out
FAIL: libgomp.fortran/examples-4/declare_target-5.f90 -Os (test for excess errors)
WARNING: program timed out
FAIL: libgomp.fortran/examples-4/simd-8.f90 -O0 (test for excess errors)
WARNING: program timed out
FAIL: libgomp.fortran/examples-4/teams-3.f90 -O2 (test for excess errors)
FAIL: libgomp.fortran/lib1.f90 -O1 execution test
FAIL: libgomp.fortran/lib1.f90 -O2 execution test
FAIL: libgomp.fortran/lib1.f90 -O3 -fomit-frame-pointer -funroll-loops -fpeel-loops -ftracer -finline-functions execution test
FAIL: libgomp.fortran/lib1.f90 -O3 -g execution test
FAIL: libgomp.fortran/lib2.f -O1 execution test
FAIL: libgomp.fortran/lib2.f -O2 execution test
FAIL: libgomp.fortran/lib2.f -O3 -fomit-frame-pointer -funroll-loops -fpeel-loops -ftracer -finline-functions execution test
FAIL: libgomp.fortran/lib2.f -O3 -g execution test
FAIL: libgomp.fortran/lib2.f -Os execution test
FAIL: libgomp.fortran/lib3.f -O3 -fomit-frame-pointer -funroll-loops -fpeel-loops -ftracer -finline-functions execution test
FAIL: libgomp.fortran/lib3.f -O3 -g execution test
FAIL: libgomp.fortran/lib3.f -Os execution test
WARNING: program timed out
FAIL: libgomp.oacc-c++/../libgomp.oacc-c-c++-common/collapse-1.c -DACC_DEVICE_TYPE_host=1 -DACC_MEM_SHARED=1 -O2 (test for excess errors)
WARNING: program timed out
FAIL: libgomp.oacc-fortran/combined-directives-1.f90 -DACC_DEVICE_TYPE_host=1 -DACC_MEM_SHARED=1 -O3 -g (test for excess errors)
=== libgomp Summary for unix/-fstack-protector ===
# of expected passes 5133
# of unexpected failures 19
# of unsupported tests 271
=== libgomp Summary ===
# of expected passes 10266
# of unexpected failures 38
# of unsupported tests 542
=== libjava tests ===
Running target unix
WARNING: program timed out
FAIL: G19990303_01 -findirect-dispatch compilation from source
WARNING: program timed out
FAIL: PR26858 -findirect-dispatch compilation from source
WARNING: program timed out
FAIL: PR27908 -findirect-dispatch compilation from source
WARNING: program timed out
FAIL: Process_7 compilation from source
FAIL: Throw_2 execution - source compiled test
FAIL: Throw_2 -findirect-dispatch execution - source compiled test
FAIL: Throw_2 -O3 execution - source compiled test
FAIL: Throw_2 -O3 -findirect-dispatch execution - source compiled test
=== libjava Summary for unix ===
# of expected passes 2562
# of unexpected failures 8
# of expected failures 4
# of untested testcases 12
Running target unix/-fstack-protector
WARNING: program timed out
FAIL: Array_3 -O3 -findirect-dispatch compilation from source
WARNING: program timed out
FAIL: PR18699 -findirect-dispatch compilation from source
FAIL: Throw_2 execution - source compiled test
FAIL: Throw_2 -findirect-dispatch execution - source compiled test
FAIL: Throw_2 -O3 execution - source compiled test
FAIL: Throw_2 -O3 -findirect-dispatch execution - source compiled test
WARNING: program timed out
FAIL: pr109 compilation from source
WARNING: program timed out
FAIL: TestMultiple compilation from source
=== libjava Summary for unix/-fstack-protector ===
# of expected passes 2562
# of unexpected failures 8
# of expected failures 4
# of untested testcases 11
=== libjava Summary ===
# of expected passes 5124
# of unexpected failures 16
# of expected failures 8
# of untested testcases 23
=== libstdc++ tests ===
Running target unix
WARNING: program timed out
FAIL: 22_locale/time_get/get_date/wchar_t/4.cc execution test
WARNING: program timed out
FAIL: 22_locale/time_put/requirements/explicit_instantiation.cc (test for excess errors)
WARNING: program timed out
FAIL: 25_algorithms/max/4.cc (test for excess errors)
WARNING: program timed out
FAIL: 26_numerics/random/cauchy_distribution/requirements/explicit_instantiation/1.cc (test for excess errors)
WARNING: program timed out
FAIL: 27_io/basic_filebuf/close/char/4879.cc execution test
FAIL: 27_io/basic_filebuf/close/char/9964.cc execution test
FAIL: 27_io/basic_filebuf/imbue/char/13171-2.cc execution test
FAIL: 27_io/basic_filebuf/imbue/wchar_t/14975-2.cc execution test
FAIL: 27_io/basic_filebuf/seekoff/char/26777.cc execution test
WARNING: program timed out.
FAIL: 27_io/basic_filebuf/showmanyc/char/9533-1.cc execution test
FAIL: 27_io/basic_filebuf/underflow/char/10097.cc execution test
FAIL: 27_io/basic_ios/copyfmt/char/1.cc execution test
FAIL: 27_io/basic_ios/exceptions/char/1.cc execution test
FAIL: 27_io/basic_istream/extractors_arithmetic/char/exceptions_failbit.cc execution test
FAIL: 27_io/basic_istream/extractors_arithmetic/wchar_t/exceptions_failbit.cc execution test
FAIL: 27_io/basic_istream/extractors_other/char/exceptions_null.cc execution test
FAIL: 27_io/basic_istream/extractors_other/wchar_t/exceptions_null.cc execution test
FAIL: 27_io/basic_istream/sentry/char/12297.cc execution test
FAIL: 27_io/basic_istream/sentry/wchar_t/12297.cc execution test
FAIL: 27_io/basic_ostream/inserters_other/char/exceptions_null.cc execution test
FAIL: 27_io/basic_ostream/inserters_other/wchar_t/exceptions_null.cc execution test
WARNING: program timed out
FAIL: 27_io/basic_streambuf/sputc/char/1057.cc (test for excess errors)
FAIL: 27_io/ios_base/storage/2.cc execution test
FAIL: 27_io/objects/char/7.cc execution test
FAIL: 27_io/objects/char/9661-1.cc execution test
FAIL: 27_io/objects/wchar_t/7.cc execution test
FAIL: 27_io/objects/wchar_t/9661-1.cc execution test
WARNING: program timed out
WARNING: program timed out.
FAIL: 30_threads/async/forced_unwind.cc execution test
WARNING: program timed out.
FAIL: 30_threads/condition_variable/members/3.cc execution test
WARNING: program timed out
WARNING: program timed out.
FAIL: 30_threads/packaged_task/forced_unwind.cc execution test
WARNING: program timed out
FAIL: 30_threads/this_thread/60421.cc execution test
WARNING: program timed out.
FAIL: 30_threads/thread/native_handle/cancel.cc execution test
WARNING: program timed out
WARNING: program timed out
=== libstdc++ Summary for unix ===
# of expected passes 11170
# of unexpected failures 32
# of expected failures 66
# of unsupported tests 278
Running target unix/-fstack-protector
FAIL: 22_locale/time_get/get_date/wchar_t/4.cc execution test
FAIL: 27_io/basic_filebuf/close/char/4879.cc execution test
FAIL: 27_io/basic_filebuf/close/char/9964.cc execution test
FAIL: 27_io/basic_filebuf/imbue/char/13171-2.cc execution test
FAIL: 27_io/basic_filebuf/imbue/wchar_t/14975-2.cc execution test
FAIL: 27_io/basic_filebuf/seekoff/char/26777.cc execution test
WARNING: program timed out.
FAIL: 27_io/basic_filebuf/showmanyc/char/9533-1.cc execution test
FAIL: 27_io/basic_filebuf/underflow/char/10097.cc execution test
FAIL: 27_io/basic_ios/copyfmt/char/1.cc execution test
FAIL: 27_io/basic_ios/exceptions/char/1.cc execution test
FAIL: 27_io/basic_istream/extractors_arithmetic/char/exceptions_failbit.cc execution test
FAIL: 27_io/basic_istream/extractors_arithmetic/wchar_t/exceptions_failbit.cc execution test
FAIL: 27_io/basic_istream/extractors_other/char/exceptions_null.cc execution test
FAIL: 27_io/basic_istream/extractors_other/wchar_t/exceptions_null.cc execution test
FAIL: 27_io/basic_istream/sentry/char/12297.cc execution test
FAIL: 27_io/basic_istream/sentry/wchar_t/12297.cc execution test
FAIL: 27_io/basic_ostream/inserters_other/char/exceptions_null.cc execution test
FAIL: 27_io/basic_ostream/inserters_other/wchar_t/exceptions_null.cc execution test
FAIL: 27_io/ios_base/storage/2.cc execution test
FAIL: 27_io/objects/char/7.cc execution test
FAIL: 27_io/objects/char/9661-1.cc execution test
FAIL: 27_io/objects/wchar_t/7.cc execution test
FAIL: 27_io/objects/wchar_t/9661-1.cc execution test
WARNING: program timed out.
FAIL: 30_threads/async/forced_unwind.cc execution test
WARNING: program timed out.
FAIL: 30_threads/condition_variable/members/3.cc execution test
WARNING: program timed out.
FAIL: 30_threads/packaged_task/forced_unwind.cc execution test
FAIL: 30_threads/this_thread/60421.cc execution test
WARNING: program timed out.
FAIL: 30_threads/thread/native_handle/cancel.cc execution test
=== libstdc++ Summary for unix/-fstack-protector ===
# of expected passes 4922
# of unexpected failures 28
# of expected failures 62
# of unsupported tests 274
=== libstdc++ Summary ===
# of expected passes 16092
# of unexpected failures 60
# of expected failures 128
# of unsupported tests 552
Compiler version: 6.2.0 20160914 (Debian 6.2.0-4)
Platform: i686-pc-gnu
configure flags: -v --with-pkgversion='Debian 6.2.0-4' --with-bugurl=file:///usr/share/doc/gcc-6/README.Bugs --enable-languages=c,ada,c++,java,d,fortran,objc,obj-c++ --prefix=/usr --program-suffix=-6 --program-prefix=i686-gnu- --enable-shared --enable-linker-build-id --libexecdir=/usr/lib --without-included-gettext --enable-threads=posix --libdir=/usr/lib --enable-nls --with-sysroot=/ --enable-clocale=gnu --enable-libstdcxx-debug --enable-libstdcxx-time=yes --with-default-libstdcxx-abi=new --disable-libitm --disable-libsanitizer --enable-plugin --with-system-zlib --disable-browser-plugin --enable-java-awt=gtk --enable-gtk-cairo --with-java-home=/usr/lib/jvm/java-1.5.0-gcj-6-hurd-i386/jre --enable-java-home --with-jvm-root-dir=/usr/lib/jvm/java-1.5.0-gcj-6-hurd-i386 --with-jvm-jar-dir=/usr/lib/jvm-exports/java-1.5.0-gcj-6-hurd-i386 --with-arch-directory=i386 --with-ecj-jar=/usr/share/java/eclipse-ecj.jar --enable-multiarch --with-arch=i586 --with-tune=generic --enable-checking=release --build=i686-gnu --host=i686-gnu --target=i686-gnu
BOOT_CFLAGS=
Build Dependencies:
Desired=Unknown/Install/Remove/Purge/Hold
| Status=Not/Inst/Conf-files/Unpacked/halF-conf/Half-inst/trig-aWait/Trig-pend
|/ Err?=(none)/Reinst-required (Status,Err: uppercase=bad)
||/ Name Version Architecture Description
+++-=========================-==============-============-===============================================================================
ii binutils 2.27-8 hurd-i386 GNU assembler, linker and binary utilities
ii g++-6 6.2.0-3 hurd-i386 GNU C++ compiler
ii libc0.3:hurd-i386 2.24-2 hurd-i386 GNU C Library: Shared libraries
ii libgmp-dev:hurd-i386 2:6.1.1+dfsg-1 hurd-i386 Multiprecision arithmetic library developers tools
ii libisl-dev:hurd-i386 0.17.1-1 hurd-i386 manipulating sets and relations of integer points bounded by linear constraints
ii libmpc-dev:hurd-i386 1.0.3-1 hurd-i386 multiple precision complex floating-point library development package
ii libmpfr-dev:hurd-i386 3.1.4-2 hurd-i386 multiple precision floating-point computation developers tools
svn-updates:
updates from the 6 branch upto 20160914 (r240133).
gcc-gfdl-build:
Build a dummy s-tm-texi without access to the texinfo sources
gcc-textdomain:
Set gettext's domain and textdomain to the versioned package name.
gcc-driver-extra-langs:
Add options and specs for languages that are not built from a source
(but built from separate sources).
gcc-hash-style-gnu:
Link using --hash-style=gnu (aarch64, alpha, amd64, armel, armhf, ia64,
i386, powerpc, ppc64, s390, sparc)
libstdc++-pic:
Build and install libstdc++_pic.a library.
libstdc++-doclink:
adjust hrefs to point to the local documentation
libstdc++-man-3cxx:
Install libstdc++ man pages with suffix .3cxx instead of .3
libstdc++-test-installed:
Add support to run the libstdc++-v3 testsuite using the
installed shared libraries.
libjava-stacktrace:
libgcj: Lookup source file name and line number in separated
debug files found in /usr/lib/debug
libjava-jnipath:
- Add /usr/lib/jni and /usr/lib/<multiarch>/jni to java.library.path.
- When running the i386 binaries on amd64, look in
- /usr/lib32/gcj-x.y and /usr/lib32/jni instead.
libjava-sjlj:
Don't try to use _Unwind_Backtrace on SJLJ targets.
See bug #387875, #388505, GCC PR 29206.
libjava-disable-plugin:
Don't build the gcjwebplugin, even when configured with --enable-plugin
alpha-no-ev4-directive:
never emit .ev4 directive.
boehm-gc-getnprocs:
boehm-gc/pthread_support.c (GC_get_nprocs): Use sysconf as fallback.
note-gnu-stack:
Add .note.GNU-stack sections for gcc's crt files, libffi and boehm-gc
Taken from FC.
libgomp-omp_h-multilib:
Fix up omp.h for multilibs.
gccgo-version:
Omit the subminor number from the go libdir
pr47818:
Fix PR ada/47818: Pragma Assert is rejected with No_Implementation_Pragmas restriction.
gcc-base-version:
Set base version to 5, introduce full version 5.x.y.
libgo-testsuite:
Only run the libgo testsuite for flags configured in RUNTESTFLAGS
gcc-target-include-asm:
Search \$(builddir)/sys-include for the asm header files
libgo-revert-timeout-exp:
libgo-setcontext-config:
libgo: Overwrite the setcontext_clobbers_tls check on mips*
gcc-auto-build:
Fix cross building a native compiler.
kfreebsd-unwind:
DWARF2 EH unwinding support for AMD x86-64 and x86 KFreeBSD.
libitm-no-fortify-source:
Build libitm with -U_FORTIFY_SOURCE on x86 and x86_64.
sparc64-biarch-long-double-128:
Fix --with-long-double-128 for sparc32 when defaulting to 64-bit.
gcc-ia64-bootstrap-ignore:
Ignore bootstrap comparison failure on ia64. Filed upstream as
PR middle-end/65874.
gotools-configury:
Fix gotools cross build.
pr66368:
PR go/66368, build libgo with -fno-stack-protector
pr67590:
Fix PR67590, setting objdump macro.
ada-gnattools-ldflags:
Link gnat tools with the defaults LDFLAGS
libjit-ldflags:
gcc-SOURCE_DATE_EPOCH:
Allow embedded timestamps by C/C++ macros to be set externally
gcc-SOURCE_DATE_EPOCH-2:
cmd-go-combine-gccgo-s-ld-and-ldShared-methods:
cmd/go: combine gccgo's ld() and ldShared() methods
libjava-mips64el:
PR55947-revert:
Revert fix for PR target/55947, causing PR libstdc++/72813
gccgo-issue16780:
gccgo: Call default_file_start from s390_asm_file_start
pr77379:
Fix PR c++/77379, taken from the trunk.
vulcan-cpu:
Accept vulcan as a cpu name for the AArch64 port of GCC
vulcan-costs:
Add cost model for vulcan CPU
libffi-pax:
libffi-race-condition:
libstdc++-functexcept:
PR libstdc++/66145, std::ios_base::failure objects thrown from libstdc++.so use old ABI
Just build src/c++11/functexcept.cc using the new ABI. It will break
code, which will be handled in the archive by adding Breaks for the
affected packages. Third party code using such code will need a rebuild.
ada-arm:
ada-kfreebsd:
add support for GNU/kFreeBSD.
ada-revert-pr63225:
Revert the changes made to allow bootstrapping with -fno-inline.
We allow inlining during bootstrap and this change breaks aliversion compatibility
with earlier uploads of libgnatvsn5. This patch shall be removed in the next
major version of GNAT.
ada-driver-check:
Simplify Ada driver check (we always build using the required
Ada version. Needed for warnings on alpha.
ada-gcc-name:
use gcc-6 instead of gcc as the command name.
ada-default-project-path:
- Change the default search path for project files to the one specified
by the Debian Policy for Ada: /usr/share/ada/adainclude.
ada-library-project-files-soname:
- in project files, use the exact Library_Version provided, if any, as
the soname of libraries; do not strip minor version numbers
(PR ada/40025).
ada-link-lib:
- Install the shared Ada libraries as '.so.1', not '.so' to conform
to the Debian policy.
- Don't include a runtime link path (-rpath), when linking binaries.
- Build the shared libraries on hppa-linux.
- Instead of building libada as a target library only, build it as
both a host and, if different, target library.
- Build the GNAT tools in their top-level directory; do not use
recursive makefiles.
- Link the GNAT tools dynamically.
ada-libgnatvsn:
- Introduce a new shared library named libgnatvsn, containing
common components of GNAT under the GNAT-Modified GPL, for
use in GNAT tools, ASIS, GLADE and GPS. Link the gnat tools
against this new library.
ada-libgnatprj:
- Introduce a new shared library named libgnatprj, containing
the GNAT project file manager licensed under the pure GPL, for
use in GNAT tools, GLADE and GPS. Link the GNAT tools against
this new library.
ada-gnattools-cross:
- When building the native gnat, link the gnat tools against
the build tree (build/\$(host_alias)/{libgnatvsn,libgnatprj}.)
- When building a cross gnat, link against the libgnatvsn-6-dev
and libgnatprj-6-dev packages.
This link will be done by /usr/bin/\$(host_alias)-gnat*, thus
the native gnat with the same major version will be required.
ada-acats:
- When running the ACATS, look for the gnat tools in their new
directory (build/gnattools), and for the shared libraries in
build/gcc/ada/rts, build/libgnatvsn and build/libgnatprj.
libgnatprj-cross-hack:
ada-sjlj:
ada-link-shlib:
In gnatlink, pass the options and libraries after objects to the
linker to avoid link failures with --as-needed. Closes: #680292.
gdc-6:
This implements D language support in the GCC back end, and adds
relevant documentation about the GDC front end (code part).
gdc-updates:
gdc updates up to 20160115.
gdc-versym-cpu:
Implements D CPU version conditions.
gdc-versym-os:
Implements D OS version conditions.
gdc-frontend-posix:
Fix build of the D frontend on the Hurd and KFreeBSD.
gdc-base-version:
Use the GCC base version for the D include dir name
gdc-profiledbuild:
Don't build gdc build tools idgen and impcnvgen with profiling flags
gdc-libphobos-link:
gdc: Always link with -ldl when linking with -lgphobos.
gdc-symbol-mangling:
gdc-texinfo:
Add macros for the gdc texinfo documentation.
gdc-driver-nophobos:
Modify gdc driver to have no libphobos by default.
disable-gdc-tests:
Disable D tests, hang on many buildds
sys-auxv-header:
Check for the sys/auxv.h header file.
libcilkrts-targets:
Disable libcilkrts on KFreeBSD and the Hurd. See #734973.
arm-multilib-defaults:
Set MULTILIB_DEFAULTS for ARM multilib builds
hurd-changes:
Traditional GNU systems don't have a /usr directory. However, Debian
systems do, and we support both having a /usr -> . symlink, and having a
/usr directory like the other ports. So this patch should NOT go
upstream.
gcc-ice-dump:
For ICEs, dump the preprocessed source file to stderr
when in a distro build environment.
gcc-ice-apport:
Report an ICE to apport (if apport is available
and the environment variable GCC_NOAPPORT is not set)
skip-bootstrap-multilib:
Skip non-default multilib and libstdc++-v3 debug builds in bootstrap builds
libjava-fixed-symlinks:
Remove unneed '..' elements from symlinks in JAVA_HOME
libffi-ro-eh_frame_sect:
PR libffi/47248, force a read only eh frame section.
pr67899:
Proposed patch for PR sanitizer/67899
gcc-multiarch:
- Remaining multiarch patches, not yet submitted upstream.
- Add MULTIARCH_DIRNAME definitions for multilib configurations,
which are used for the non-multilib builds.
libjava-multiarch:
Install libjava libraries to multiarch location
libjava-nobiarch-check:
For biarch builds, disable the testsuite for the non-default architecture
for runtime libraries, which are not built by default (libjava).
config-ml:
- Disable some biarch libraries for biarch builds.
- Fix multilib builds on kernels which don't support all multilibs.
g++-multiarch-incdir:
Use /usr/include/<multiarch>/c++/4.x as the include directory
for host dependent c++ header files.
canonical-cpppath:
Don't use any relative path names for the standard include paths.
gcc-multilib-multiarch:
Don't auto-detect multilib osdirnames.
libgomp-kfreebsd-testsuite:
Disable lock-2.c test on kfreebsd-*
go-testsuite:
Skip Go testcase on AArch64 which hangs on the buildds.
ada-749574:
ada-mips:
Improve support for mips.
ada-bootstrap-compare:
For the bootstrap comparison, ignore gcc/ada/a-except.o on
mips and mipsel. See PR ada/65618.
Counting all warnings,
there are 0 warnings in stage3 of this bootstrap.
Number of warnings per file:
Number of warning types:
More information about the Gcc-testresults
mailing list