Results for 7.0.0 20160911 (experimental) [master revision 764943c:29ff6d9:32254b7fe01a4305ea6b0e9f7d269371ce6a8a3d] (Cavium Inc. (Build 442)) testsuite on aarch64-unknown-linux-gnu
Jenkins
jenkins@cavium.com
Sun Sep 11 13:09:00 GMT 2016
LAST_UPDATED: Sun Sep 11 11:23:52 UTC 2016 (revision 764943c:29ff6d9:32254b7fe01a4305ea6b0e9f7d269371ce6a8a3d)
Native configuration is aarch64-unknown-linux-gnu
=== libatomic tests ===
Running target unix
=== libatomic Summary ===
# of expected passes 54
=== libffi tests ===
Running target unix
=== libffi Summary ===
# of expected passes 2214
=== libgo tests ===
Running target unix
=== libgo Summary ===
# of expected passes 138
/home/jenkins/workspace/BuildThunderX_native_gcc_upstream/objdir/./gcc/gccgo version 7.0.0 20160911 (experimental) [master revision 764943c:29ff6d9:32254b7fe01a4305ea6b0e9f7d269371ce6a8a3d] (Cavium Inc. (Build 442))
=== libgomp tests ===
Running target unix
=== libgomp Summary ===
# of expected passes 4930
# of unsupported tests 380
=== libitm tests ===
Running target unix
=== libitm Summary ===
# of expected passes 42
# of expected failures 3
# of unsupported tests 1
=== libstdc++ tests ===
Running target unix
FAIL: 27_io/manipulators/extended/get_money/char/1.cc execution test
=== libstdc++ Summary ===
# of expected passes 10844
# of unexpected failures 1
# of expected failures 65
# of unsupported tests 545
=== gcc tests ===
Running target unix
FAIL: gcc.c-torture/compile/20020604-1.c -O1 (internal compiler error)
FAIL: gcc.c-torture/compile/20020604-1.c -O1 (test for excess errors)
FAIL: gcc.c-torture/compile/complex-6.c -O2 (internal compiler error)
FAIL: gcc.c-torture/compile/complex-6.c -O2 (test for excess errors)
FAIL: gcc.c-torture/compile/complex-6.c -O2 -flto -fno-use-linker-plugin -flto-partition=none (internal compiler error)
FAIL: gcc.c-torture/compile/complex-6.c -O2 -flto -fno-use-linker-plugin -flto-partition=none (test for excess errors)
FAIL: gcc.c-torture/compile/complex-6.c -O3 -g (internal compiler error)
FAIL: gcc.c-torture/compile/complex-6.c -O3 -g (test for excess errors)
FAIL: gcc.c-torture/compile/complex-6.c -Os (internal compiler error)
FAIL: gcc.c-torture/compile/complex-6.c -Os (test for excess errors)
FAIL: gcc.c-torture/compile/pr22422.c -O1 (internal compiler error)
FAIL: gcc.c-torture/compile/pr22422.c -O1 (test for excess errors)
FAIL: gcc.c-torture/compile/pr22422.c -O2 (internal compiler error)
FAIL: gcc.c-torture/compile/pr22422.c -O2 (test for excess errors)
FAIL: gcc.c-torture/compile/pr22422.c -O2 -flto -fno-use-linker-plugin -flto-partition=none (internal compiler error)
FAIL: gcc.c-torture/compile/pr22422.c -O2 -flto -fno-use-linker-plugin -flto-partition=none (test for excess errors)
FAIL: gcc.c-torture/compile/pr22422.c -O3 -g (internal compiler error)
FAIL: gcc.c-torture/compile/pr22422.c -O3 -g (test for excess errors)
FAIL: gcc.c-torture/compile/pr22422.c -Os (internal compiler error)
FAIL: gcc.c-torture/compile/pr22422.c -Os (test for excess errors)
FAIL: c-c++-common/va-arg-va-list-type.c -Wc++-compat (test for errors, line 8)
FAIL: gcc.dg/ipa/ipcp-cstagg-5.c (internal compiler error)
FAIL: gcc.dg/ipa/ipcp-cstagg-5.c (test for excess errors)
FAIL: gcc.dg/ipa/ipcp-cstagg-6.c (internal compiler error)
FAIL: gcc.dg/ipa/ipcp-cstagg-6.c (test for excess errors)
FAIL: gcc.dg/torture/pr39074.c -Os (internal compiler error)
FAIL: gcc.dg/torture/pr39074.c -Os (test for excess errors)
UNRESOLVED: gcc.dg/torture/pr39074.c -Os compilation failed to produce executable
FAIL: gcc.dg/torture/pr55882.c -O1 (internal compiler error)
FAIL: gcc.dg/torture/pr55882.c -O1 (test for excess errors)
UNRESOLVED: gcc.dg/torture/pr55882.c -O1 compilation failed to produce executable
FAIL: gcc.dg/torture/pr55882.c -O2 (internal compiler error)
FAIL: gcc.dg/torture/pr55882.c -O2 (test for excess errors)
UNRESOLVED: gcc.dg/torture/pr55882.c -O2 compilation failed to produce executable
FAIL: gcc.dg/torture/pr55882.c -O2 -flto -fno-use-linker-plugin -flto-partition=none (internal compiler error)
FAIL: gcc.dg/torture/pr55882.c -O2 -flto -fno-use-linker-plugin -flto-partition=none (test for excess errors)
UNRESOLVED: gcc.dg/torture/pr55882.c -O2 -flto -fno-use-linker-plugin -flto-partition=none compilation failed to produce executable
FAIL: gcc.dg/torture/pr55882.c -O3 -g (internal compiler error)
FAIL: gcc.dg/torture/pr55882.c -O3 -g (test for excess errors)
UNRESOLVED: gcc.dg/torture/pr55882.c -O3 -g compilation failed to produce executable
FAIL: gcc.dg/torture/pr55882.c -Os (internal compiler error)
FAIL: gcc.dg/torture/pr55882.c -Os (test for excess errors)
UNRESOLVED: gcc.dg/torture/pr55882.c -Os compilation failed to produce executable
FAIL: gcc.dg/torture/pr57569.c -O1 (internal compiler error)
FAIL: gcc.dg/torture/pr57569.c -O1 (test for excess errors)
UNRESOLVED: gcc.dg/torture/pr57569.c -O1 compilation failed to produce executable
FAIL: gcc.dg/torture/pr57569.c -O2 (internal compiler error)
FAIL: gcc.dg/torture/pr57569.c -O2 (test for excess errors)
UNRESOLVED: gcc.dg/torture/pr57569.c -O2 compilation failed to produce executable
FAIL: gcc.dg/torture/pr57569.c -O2 -flto -fno-use-linker-plugin -flto-partition=none (internal compiler error)
FAIL: gcc.dg/torture/pr57569.c -O2 -flto -fno-use-linker-plugin -flto-partition=none (test for excess errors)
UNRESOLVED: gcc.dg/torture/pr57569.c -O2 -flto -fno-use-linker-plugin -flto-partition=none compilation failed to produce executable
FAIL: gcc.dg/torture/pr57569.c -O2 -flto -fuse-linker-plugin -fno-fat-lto-objects (internal compiler error)
FAIL: gcc.dg/torture/pr57569.c -O2 -flto -fuse-linker-plugin -fno-fat-lto-objects (test for excess errors)
UNRESOLVED: gcc.dg/torture/pr57569.c -O2 -flto -fuse-linker-plugin -fno-fat-lto-objects compilation failed to produce executable
FAIL: gcc.dg/torture/pr57569.c -Os (internal compiler error)
FAIL: gcc.dg/torture/pr57569.c -Os (test for excess errors)
UNRESOLVED: gcc.dg/torture/pr57569.c -Os compilation failed to produce executable
FAIL: gcc.dg/tree-ssa/pr69270-3.c scan-tree-dump-times uncprop1 ", 1" 4
FAIL: gcc.dg/tree-ssa/scev-4.c scan-tree-dump-times optimized "&a" 1
FAIL: gcc.dg/tree-ssa/slsr-8.c scan-tree-dump-times optimized " w?\\\\* " 7
FAIL: gcc.dg/tree-ssa/ssa-fre-13.c (internal compiler error)
FAIL: gcc.dg/tree-ssa/ssa-fre-13.c (test for excess errors)
FAIL: gcc.dg/tree-ssa/ssa-fre-42.c (internal compiler error)
FAIL: gcc.dg/tree-ssa/ssa-fre-42.c (test for excess errors)
UNRESOLVED: gcc.dg/tree-ssa/ssa-fre-42.c compilation failed to produce executable
XPASS: gcc.dg/vect/vect-24.c -flto -ffat-lto-objects scan-tree-dump-times vect "vectorized 3 loops" 1
XPASS: gcc.dg/vect/vect-24.c scan-tree-dump-times vect "vectorized 3 loops" 1
FAIL: gcc.target/aarch64/fmaxmin.c scan-assembler-times fmaxnm\\tv[0-9]+.2d, v[0-9]+.2d, v[0-9]+.2d 1
FAIL: gcc.target/aarch64/fmaxmin.c scan-assembler-times fminnm\\tv[0-9]+.2d, v[0-9]+.2d, v[0-9]+.2d 1
FAIL: gcc.target/aarch64/fmul_fcvt_2.c scan-assembler-times fcvtzs\\tv[0-9].4s, v[0-9].4s*.*#2 1
FAIL: gcc.target/aarch64/fmul_fcvt_2.c scan-assembler-times fcvtzs\\tv[0-9].4s, v[0-9].4s*.*#3 1
FAIL: gcc.target/aarch64/fmul_fcvt_2.c scan-assembler-times fcvtzs\\tv[0-9].4s, v[0-9].4s*.*#4 1
FAIL: gcc.target/aarch64/ldp_vec_64_1.c scan-assembler ldp\\td[0-9]+, d[0-9]
FAIL: gcc.target/aarch64/vect-abs-compile.c scan-assembler abs\\\\tv[0-9]+.16b
FAIL: gcc.target/aarch64/vect-abs-compile.c scan-assembler abs\\\\tv[0-9]+.2d
FAIL: gcc.target/aarch64/vect-abs-compile.c scan-assembler abs\\\\tv[0-9]+.8h
FAIL: gcc.target/aarch64/vect-clz.c scan-assembler clz\\tv[0-9]+.4s
FAIL: gcc.target/aarch64/vect-fcm-eq-d.c scan-assembler fcmeq\\\\tv[0-9]+.2d, v[0-9]+.2d, 0
FAIL: gcc.target/aarch64/vect-fcm-eq-d.c scan-assembler fcmeq\\\\tv[0-9]+.2d, v[0-9]+.2d, v[0-9]+.2d
FAIL: gcc.target/aarch64/vect-fcm-eq-d.c scan-tree-dump-times vect "vectorized 1 loops" 8
FAIL: gcc.target/aarch64/vect-fcm-ge-d.c scan-assembler fcmge\\\\tv[0-9]+.2d, v[0-9]+.2d, 0
FAIL: gcc.target/aarch64/vect-fcm-ge-d.c scan-assembler fcmge\\\\tv[0-9]+.2d, v[0-9]+.2d, v[0-9]+.2d
FAIL: gcc.target/aarch64/vect-fcm-ge-d.c scan-assembler fcmlt\\\\tv[0-9]+.2d, v[0-9]+.2d, 0
FAIL: gcc.target/aarch64/vect-fcm-ge-d.c scan-tree-dump-times vect "vectorized 1 loops" 8
FAIL: gcc.target/aarch64/vect-fcm-gt-d.c scan-assembler fcmgt\\\\tv[0-9]+.2d, v[0-9]+.2d, 0
FAIL: gcc.target/aarch64/vect-fcm-gt-d.c scan-assembler fcmgt\\\\tv[0-9]+.2d, v[0-9]+.2d, v[0-9]+.2d
FAIL: gcc.target/aarch64/vect-fcm-gt-d.c scan-assembler fcmle\\\\tv[0-9]+.2d, v[0-9]+.2d, 0
FAIL: gcc.target/aarch64/vect-fcm-gt-d.c scan-tree-dump-times vect "vectorized 1 loops" 8
FAIL: gcc.target/aarch64/vect-fmovd-zero.c scan-assembler movi\\\\tv[0-9]+\\\\.2d, 0
FAIL: gcc.target/aarch64/vect-fmovd-zero.c scan-tree-dump-times vect "vectorized 1 loops" 1
FAIL: gcc.target/aarch64/vect-fmovd.c scan-assembler fmov\\\\tv[0-9]+\\\\.2d, 4\\\\.25
FAIL: gcc.target/aarch64/vect-fmovd.c scan-tree-dump-times vect "vectorized 1 loops" 1
FAIL: gcc.target/aarch64/vect-fmovf-zero.c scan-assembler movi\\\\tv[0-9]+\\\\.[24]s, 0
FAIL: gcc.target/aarch64/vect-fmovf-zero.c scan-tree-dump-times vect "vectorized 1 loops" 1
FAIL: gcc.target/aarch64/vect-fmovf.c scan-assembler fmov\\\\tv[0-9]+\\\\.[24]s, 4\\\\.25
FAIL: gcc.target/aarch64/vect-fmovf.c scan-tree-dump-times vect "vectorized 1 loops" 1
FAIL: gcc.target/aarch64/vect_ctz_1.c scan-assembler clz\\tv[0-9]+.2s
FAIL: gcc.target/aarch64/vect_ctz_1.c scan-assembler clz\\tv[0-9]+.4s
=== gcc Summary ===
# of expected passes 101821
# of unexpected failures 85
# of unexpected successes 2
# of expected failures 278
# of unresolved testcases 12
# of unsupported tests 1881
/home/jenkins/workspace/BuildThunderX_native_gcc_upstream/objdir/gcc/xgcc version 7.0.0 20160911 (experimental) [master revision 764943c:29ff6d9:32254b7fe01a4305ea6b0e9f7d269371ce6a8a3d] (Cavium Inc. (Build 442))
=== gfortran tests ===
Running target unix
FAIL: gfortran.dg/ieee/ieee_6.f90 -O0 execution test
FAIL: gfortran.dg/ieee/ieee_6.f90 -O1 execution test
FAIL: gfortran.dg/ieee/ieee_6.f90 -O2 execution test
FAIL: gfortran.dg/ieee/ieee_6.f90 -O3 -fomit-frame-pointer -funroll-loops -fpeel-loops -ftracer -finline-functions execution test
FAIL: gfortran.dg/ieee/ieee_6.f90 -O3 -g execution test
FAIL: gfortran.dg/ieee/ieee_6.f90 -Os execution test
FAIL: gfortran.dg/vect/fast-math-mgrid-resid.f -O scan-tree-dump-times pcom "Executing predictive commoning without unrolling" 1
FAIL: gfortran.dg/vect/pr62283.f -O scan-tree-dump-times vect "vectorized 1 loops" 2
=== gfortran Summary ===
# of expected passes 42340
# of unexpected failures 8
# of expected failures 67
# of unsupported tests 60
/home/jenkins/workspace/BuildThunderX_native_gcc_upstream/objdir/gcc/testsuite/gfortran/../../gfortran version 7.0.0 20160911 (experimental) [master revision 764943c:29ff6d9:32254b7fe01a4305ea6b0e9f7d269371ce6a8a3d] (Cavium Inc. (Build 442))
=== g++ tests ===
Running target unix
FAIL: c-c++-common/va-arg-va-list-type.c -std=c++11 (test for errors, line 8)
FAIL: c-c++-common/va-arg-va-list-type.c -std=c++14 (test for errors, line 8)
FAIL: c-c++-common/va-arg-va-list-type.c -std=c++98 (test for errors, line 8)
XPASS: g++.dg/tls/thread_local-order2.C -std=c++11 execution test
XPASS: g++.dg/tls/thread_local-order2.C -std=c++14 execution test
FAIL: g++.dg/vect/slp-pr56812.cc -std=c++11 scan-tree-dump-times slp1 "basic block vectorized" 1
FAIL: g++.dg/vect/slp-pr56812.cc -std=c++14 scan-tree-dump-times slp1 "basic block vectorized" 1
FAIL: g++.dg/vect/slp-pr56812.cc -std=c++98 scan-tree-dump-times slp1 "basic block vectorized" 1
=== g++ Summary ===
# of expected passes 96401
# of unexpected failures 6
# of unexpected successes 2
# of expected failures 318
# of unsupported tests 3965
/home/jenkins/workspace/BuildThunderX_native_gcc_upstream/objdir/gcc/testsuite/g++/../../xg++ version 7.0.0 20160911 (experimental) [master revision 764943c:29ff6d9:32254b7fe01a4305ea6b0e9f7d269371ce6a8a3d] (Cavium Inc. (Build 442))
=== go tests ===
Running target unix
FAIL: go.test/test/ken/cplx2.go execution, -O2 -g
=== go Summary ===
# of expected passes 7244
# of unexpected failures 1
# of expected failures 1
# of untested testcases 10
# of unsupported tests 3
/home/jenkins/workspace/BuildThunderX_native_gcc_upstream/objdir/gcc/testsuite/go/../../gccgo version 7.0.0 20160911 (experimental) [master revision 764943c:29ff6d9:32254b7fe01a4305ea6b0e9f7d269371ce6a8a3d] (Cavium Inc. (Build 442))
Compiler version: 7.0.0 20160911 (experimental) [master revision 764943c:29ff6d9:32254b7fe01a4305ea6b0e9f7d269371ce6a8a3d] (Cavium Inc. (Build 442))
Platform: aarch64-unknown-linux-gnu
configure flags: --disable-libsanitizer --prefix=/home/jenkins/workspace/BuildThunderX_native_gcc_upstream/objdir/../tools --with-cpu=thunderx+lse --enable-languages=c,c++,fortran,go --disable-werror --with-sysroot=/ --enable-plugins --enable-gnu-indirect-function --with-pkgversion='Cavium Inc. (Build 442)'
More information about the Gcc-testresults
mailing list