Results for 7.0.0 20160904 (experimental) [trunk revision 239978] (GCC) testsuite on hppa64-hp-hpux11.11
John David Anglin
dave@hiauly3.hia.nrc.ca
Tue Sep 6 19:12:00 GMT 2016
Native configuration is hppa64-hp-hpux11.11
=== g++ tests ===
Running target unix
FAIL: g++.dg/ipa/nothrow-1.C -std=gnu++98 scan-tree-dump optimized "__cxa_begin_catch"
FAIL: g++.dg/ipa/nothrow-1.C -std=gnu++11 scan-tree-dump optimized "__cxa_begin_catch"
FAIL: g++.dg/ipa/nothrow-1.C -std=gnu++14 scan-tree-dump optimized "__cxa_begin_catch"
FAIL: g++.dg/gcov/gcov-dump-1.C -std=gnu++98 (test for excess errors)
FAIL: g++.dg/gcov/gcov-dump-1.C -std=gnu++98 execution test
FAIL: g++.dg/gcov/gcov-dump-1.C -std=gnu++98 line 10: is #####:should be 1
FAIL: g++.dg/gcov/gcov-dump-1.C -std=gnu++98 line 13: is #####:should be 100
FAIL: g++.dg/gcov/gcov-dump-1.C -std=gnu++98 gcov: 2 failures in line counts, 0 in branch percentages, 0 in return percentages, 0 in intermediate format
FAIL: g++.dg/gcov/gcov-dump-1.C -std=gnu++11 (test for excess errors)
FAIL: g++.dg/gcov/gcov-dump-1.C -std=gnu++11 execution test
FAIL: g++.dg/gcov/gcov-dump-1.C -std=gnu++11 line 10: is #####:should be 1
FAIL: g++.dg/gcov/gcov-dump-1.C -std=gnu++11 line 13: is #####:should be 100
FAIL: g++.dg/gcov/gcov-dump-1.C -std=gnu++11 gcov: 2 failures in line counts, 0 in branch percentages, 0 in return percentages, 0 in intermediate format
FAIL: g++.dg/gcov/gcov-dump-1.C -std=gnu++14 (test for excess errors)
FAIL: g++.dg/gcov/gcov-dump-1.C -std=gnu++14 execution test
FAIL: g++.dg/gcov/gcov-dump-1.C -std=gnu++14 line 10: is #####:should be 1
FAIL: g++.dg/gcov/gcov-dump-1.C -std=gnu++14 line 13: is #####:should be 100
FAIL: g++.dg/gcov/gcov-dump-1.C -std=gnu++14 gcov: 2 failures in line counts, 0 in branch percentages, 0 in return percentages, 0 in intermediate format
FAIL: g++.dg/gcov/gcov-dump-2.C -std=gnu++98 (test for excess errors)
FAIL: g++.dg/gcov/gcov-dump-2.C -std=gnu++98 execution test
FAIL: g++.dg/gcov/gcov-dump-2.C -std=gnu++98 line 14: is #####:should be 1
FAIL: g++.dg/gcov/gcov-dump-2.C -std=gnu++98 line 17: is #####:should be 100
FAIL: g++.dg/gcov/gcov-dump-2.C -std=gnu++98 line 26: is #####:should be 10001
FAIL: g++.dg/gcov/gcov-dump-2.C -std=gnu++98 line 29: is #####:should be 1
FAIL: g++.dg/gcov/gcov-dump-2.C -std=gnu++98 gcov: 4 failures in line counts, 0 in branch percentages, 0 in return percentages, 0 in intermediate format
FAIL: g++.dg/gcov/gcov-dump-2.C -std=gnu++11 (test for excess errors)
FAIL: g++.dg/gcov/gcov-dump-2.C -std=gnu++11 execution test
FAIL: g++.dg/gcov/gcov-dump-2.C -std=gnu++11 line 14: is #####:should be 1
FAIL: g++.dg/gcov/gcov-dump-2.C -std=gnu++11 line 17: is #####:should be 100
FAIL: g++.dg/gcov/gcov-dump-2.C -std=gnu++11 line 26: is #####:should be 10001
FAIL: g++.dg/gcov/gcov-dump-2.C -std=gnu++11 line 29: is #####:should be 1
FAIL: g++.dg/gcov/gcov-dump-2.C -std=gnu++11 gcov: 4 failures in line counts, 0 in branch percentages, 0 in return percentages, 0 in intermediate format
FAIL: g++.dg/gcov/gcov-dump-2.C -std=gnu++14 (test for excess errors)
FAIL: g++.dg/gcov/gcov-dump-2.C -std=gnu++14 execution test
FAIL: g++.dg/gcov/gcov-dump-2.C -std=gnu++14 line 14: is #####:should be 1
FAIL: g++.dg/gcov/gcov-dump-2.C -std=gnu++14 line 17: is #####:should be 100
FAIL: g++.dg/gcov/gcov-dump-2.C -std=gnu++14 line 26: is #####:should be 10001
FAIL: g++.dg/gcov/gcov-dump-2.C -std=gnu++14 line 29: is #####:should be 1
FAIL: g++.dg/gcov/gcov-dump-2.C -std=gnu++14 gcov: 4 failures in line counts, 0 in branch percentages, 0 in return percentages, 0 in intermediate format
FAIL: g++.dg/gcov/gcov-threads-1.C -std=gnu++98 (test for excess errors)
FAIL: g++.dg/gcov/gcov-threads-1.C -std=gnu++98 execution test
FAIL: g++.dg/gcov/gcov-threads-1.C -std=gnu++98 line 13: is #####:should be 500005
FAIL: g++.dg/gcov/gcov-threads-1.C -std=gnu++98 line 15: is #####:should be 500000
FAIL: g++.dg/gcov/gcov-threads-1.C -std=gnu++98 line 33: is #####:should be 5
FAIL: g++.dg/gcov/gcov-threads-1.C -std=gnu++98 line 40: is #####:should be 5
FAIL: g++.dg/gcov/gcov-threads-1.C -std=gnu++98 line 43: is #####:should be 1
FAIL: g++.dg/gcov/gcov-threads-1.C -std=gnu++98 gcov: 5 failures in line counts, 0 in branch percentages, 0 in return percentages, 0 in intermediate format
FAIL: g++.dg/gcov/gcov-threads-1.C -std=gnu++11 (test for excess errors)
FAIL: g++.dg/gcov/gcov-threads-1.C -std=gnu++11 execution test
FAIL: g++.dg/gcov/gcov-threads-1.C -std=gnu++11 line 13: is #####:should be 500005
FAIL: g++.dg/gcov/gcov-threads-1.C -std=gnu++11 line 15: is #####:should be 500000
FAIL: g++.dg/gcov/gcov-threads-1.C -std=gnu++11 line 33: is #####:should be 5
FAIL: g++.dg/gcov/gcov-threads-1.C -std=gnu++11 line 40: is #####:should be 5
FAIL: g++.dg/gcov/gcov-threads-1.C -std=gnu++11 line 43: is #####:should be 1
FAIL: g++.dg/gcov/gcov-threads-1.C -std=gnu++11 gcov: 5 failures in line counts, 0 in branch percentages, 0 in return percentages, 0 in intermediate format
FAIL: g++.dg/gcov/gcov-threads-1.C -std=gnu++14 (test for excess errors)
FAIL: g++.dg/gcov/gcov-threads-1.C -std=gnu++14 execution test
FAIL: g++.dg/gcov/gcov-threads-1.C -std=gnu++14 line 13: is #####:should be 500005
FAIL: g++.dg/gcov/gcov-threads-1.C -std=gnu++14 line 15: is #####:should be 500000
FAIL: g++.dg/gcov/gcov-threads-1.C -std=gnu++14 line 33: is #####:should be 5
FAIL: g++.dg/gcov/gcov-threads-1.C -std=gnu++14 line 40: is #####:should be 5
FAIL: g++.dg/gcov/gcov-threads-1.C -std=gnu++14 line 43: is #####:should be 1
FAIL: g++.dg/gcov/gcov-threads-1.C -std=gnu++14 gcov: 5 failures in line counts, 0 in branch percentages, 0 in return percentages, 0 in intermediate format
FAIL: c-c++-common/gomp/clauses-2.c -std=c++98 (test for errors, line 51)
FAIL: c-c++-common/gomp/clauses-2.c -std=c++98 (test for excess errors)
FAIL: c-c++-common/gomp/clauses-2.c -std=c++11 (test for errors, line 51)
FAIL: c-c++-common/gomp/clauses-2.c -std=c++11 (test for excess errors)
FAIL: c-c++-common/gomp/clauses-2.c -std=c++14 (test for errors, line 51)
FAIL: c-c++-common/gomp/clauses-2.c -std=c++14 (test for excess errors)
WARNING: program timed out.
FAIL: g++.old-deja/g++.abi/vtable2.C -std=gnu++98 execution test
FAIL: g++.old-deja/g++.abi/vtable2.C -std=gnu++11 execution test
FAIL: g++.old-deja/g++.abi/vtable2.C -std=gnu++14 execution test
=== g++ Summary ===
# of expected passes 93106
# of unexpected failures 72
# of expected failures 320
# of unsupported tests 4347
/test/gnu/gcc/objdir/gcc/testsuite/g++/../../xg++ version 7.0.0 20160904 (experimental) [trunk revision 239978] (GCC)
=== gcc tests ===
Running target unix
FAIL: gcc.dg/atomic/c11-atomic-exec-5.c -O0 execution test
FAIL: gcc.dg/atomic/c11-atomic-exec-5.c -O1 execution test
FAIL: gcc.dg/atomic/c11-atomic-exec-5.c -O2 execution test
FAIL: gcc.dg/atomic/c11-atomic-exec-5.c -O3 -fomit-frame-pointer -funroll-loops -fpeel-loops -ftracer -finline-functions execution test
FAIL: gcc.dg/atomic/c11-atomic-exec-5.c -O3 -g execution test
FAIL: gcc.dg/atomic/c11-atomic-exec-5.c -Os execution test
FAIL: gcc.dg/atomic/c11-atomic-exec-5.c -O2 -flto -flto-partition=none execution test
FAIL: gcc.dg/atomic/c11-atomic-exec-5.c -O2 -flto execution test
XPASS: gcc.dg/sibcall-3.c execution test
XPASS: gcc.dg/sibcall-4.c execution test
FAIL: c-c++-common/gomp/clauses-2.c (test for errors, line 51)
FAIL: c-c++-common/gomp/clauses-2.c (test for excess errors)
FAIL: gcc.dg/graphite/scop-19.c scan-tree-dump-times graphite "number of SCoPs: 0" 1
WARNING: program timed out.
FAIL: gcc.dg/plugin/must-tail-call-1.c -fplugin=./must_tail_call_plugin.so (test for excess errors)
FAIL: gcc.dg/tree-ssa/pr69270-3.c scan-tree-dump-times uncprop1 ", 1" 4
FAIL: gcc.dg/tree-ssa/scev-3.c scan-tree-dump-times optimized "&a" 1
FAIL: gcc.dg/tree-ssa/scev-4.c scan-tree-dump-times optimized "&a" 1
FAIL: gcc.dg/tree-ssa/slsr-8.c scan-tree-dump-times optimized " w?\\\\* " 7
FAIL: gcc.dg/tree-ssa/sra-17.c scan-tree-dump-times esra "Removing load: a = \\\\*.?L.?C.?.?.?0;" 1
FAIL: gcc.dg/tree-ssa/sra-17.c scan-tree-dump-times esra "SR\\\\.[0-9_]+ = \\\\*.?L.?C.?.?.?0\\\\[" 4
FAIL: gcc.dg/tree-ssa/sra-18.c scan-tree-dump-times esra "Removing load: a = \\\\*.?L.?C.?.?.?0;" 1
FAIL: gcc.dg/tree-ssa/sra-18.c scan-tree-dump-times esra "SR\\\\.[0-9_]+ = \\\\*.?L.?C.?.?.?0\\\\.b\\\\[0\\\\]\\\\.f\\\\[0\\\\]\\\\.x" 1
FAIL: gcc.dg/tree-ssa/sra-18.c scan-tree-dump-times esra "SR\\\\.[0-9_]+ = \\\\*.?L.?C.?.?.?0\\\\.b\\\\[0\\\\]\\\\.f\\\\[1\\\\]\\\\.x" 1
FAIL: gcc.dg/tree-ssa/sra-18.c scan-tree-dump-times esra "SR\\\\.[0-9_]+ = \\\\*.?L.?C.?.?.?0\\\\.b\\\\[1\\\\]\\\\.f\\\\[0\\\\]\\\\.x" 1
FAIL: gcc.dg/tree-ssa/sra-18.c scan-tree-dump-times esra "SR\\\\.[0-9_]+ = \\\\*.?L.?C.?.?.?0\\\\.b\\\\[1\\\\]\\\\.f\\\\[1\\\\]\\\\.x" 1
FAIL: gcc.target/hppa/shadd-3.c scan-assembler-times sh.add 6
=== gcc Summary ===
# of expected passes 85509
# of unexpected failures 24
# of unexpected successes 2
# of expected failures 167
# of unsupported tests 2163
/test/gnu/gcc/objdir/gcc/xgcc version 7.0.0 20160904 (experimental) [trunk revision 239978] (GCC)
=== gfortran tests ===
Running target unix
FAIL: gfortran.dg/coarray/event_2.f90 -fcoarray=lib -O2 -lcaf_single -latomic execution test
FAIL: gfortran.dg/actual_array_offset_1.f90 -O0 execution test
FAIL: gfortran.dg/actual_array_offset_1.f90 -O1 execution test
FAIL: gfortran.dg/actual_array_offset_1.f90 -O2 execution test
FAIL: gfortran.dg/actual_array_offset_1.f90 -O3 -fomit-frame-pointer -funroll-loops -fpeel-loops -ftracer -finline-functions execution test
FAIL: gfortran.dg/actual_array_offset_1.f90 -O3 -g execution test
FAIL: gfortran.dg/actual_array_offset_1.f90 -Os execution test
FAIL: gfortran.dg/allocate_with_source_9.f08 -O0 execution test
FAIL: gfortran.dg/allocate_with_source_9.f08 -O1 execution test
FAIL: gfortran.dg/allocate_with_source_9.f08 -O2 execution test
FAIL: gfortran.dg/allocate_with_source_9.f08 -O3 -fomit-frame-pointer -funroll-loops -fpeel-loops -ftracer -finline-functions execution test
FAIL: gfortran.dg/allocate_with_source_9.f08 -O3 -g execution test
FAIL: gfortran.dg/allocate_with_source_9.f08 -Os execution test
FAIL: gfortran.dg/class_result_1.f03 -O0 execution test
FAIL: gfortran.dg/class_result_1.f03 -O1 execution test
FAIL: gfortran.dg/class_result_1.f03 -O2 execution test
FAIL: gfortran.dg/class_result_1.f03 -O3 -fomit-frame-pointer -funroll-loops -fpeel-loops -ftracer -finline-functions execution test
FAIL: gfortran.dg/class_result_1.f03 -O3 -g execution test
FAIL: gfortran.dg/class_result_1.f03 -Os execution test
FAIL: gfortran.dg/deferred_type_param_8.f90 -O0 execution test
FAIL: gfortran.dg/deferred_type_param_8.f90 -O1 execution test
FAIL: gfortran.dg/deferred_type_param_8.f90 -O2 execution test
FAIL: gfortran.dg/deferred_type_param_8.f90 -O3 -fomit-frame-pointer -funroll-loops -fpeel-loops -ftracer -finline-functions execution test
FAIL: gfortran.dg/deferred_type_param_8.f90 -O3 -g execution test
FAIL: gfortran.dg/deferred_type_param_8.f90 -Os execution test
FAIL: gfortran.dg/direct_io_12.f90 -O0 execution test
FAIL: gfortran.dg/direct_io_12.f90 -O1 execution test
FAIL: gfortran.dg/direct_io_12.f90 -O2 execution test
FAIL: gfortran.dg/direct_io_12.f90 -O3 -fomit-frame-pointer -funroll-loops -fpeel-loops -ftracer -finline-functions execution test
FAIL: gfortran.dg/direct_io_12.f90 -O3 -g execution test
FAIL: gfortran.dg/direct_io_12.f90 -Os execution test
FAIL: gfortran.dg/elemental_subroutine_7.f90 -O0 execution test
FAIL: gfortran.dg/elemental_subroutine_7.f90 -O1 execution test
FAIL: gfortran.dg/elemental_subroutine_7.f90 -O2 execution test
FAIL: gfortran.dg/elemental_subroutine_7.f90 -O3 -fomit-frame-pointer -funroll-loops -fpeel-loops -ftracer -finline-functions execution test
FAIL: gfortran.dg/elemental_subroutine_7.f90 -O3 -g execution test
FAIL: gfortran.dg/elemental_subroutine_7.f90 -Os execution test
FAIL: gfortran.dg/fmt_fw_d.f90 -O0 execution test
FAIL: gfortran.dg/fmt_fw_d.f90 -O1 execution test
FAIL: gfortran.dg/fmt_fw_d.f90 -O2 execution test
FAIL: gfortran.dg/fmt_fw_d.f90 -O3 -fomit-frame-pointer -funroll-loops -fpeel-loops -ftracer -finline-functions execution test
FAIL: gfortran.dg/fmt_fw_d.f90 -O3 -g execution test
FAIL: gfortran.dg/fmt_fw_d.f90 -Os execution test
FAIL: gfortran.dg/pack_mask_1.f90 -O0 execution test
FAIL: gfortran.dg/pack_mask_1.f90 -O1 execution test
FAIL: gfortran.dg/pack_mask_1.f90 -O2 execution test
FAIL: gfortran.dg/pack_mask_1.f90 -O3 -fomit-frame-pointer -funroll-loops -fpeel-loops -ftracer -finline-functions execution test
FAIL: gfortran.dg/pack_mask_1.f90 -O3 -g execution test
FAIL: gfortran.dg/pack_mask_1.f90 -Os execution test
FAIL: gfortran.dg/realloc_on_assign_7.f03 -O0 execution test
FAIL: gfortran.dg/realloc_on_assign_7.f03 -O1 execution test
FAIL: gfortran.dg/realloc_on_assign_7.f03 -O2 execution test
FAIL: gfortran.dg/realloc_on_assign_7.f03 -O3 -fomit-frame-pointer -funroll-loops -fpeel-loops -ftracer -finline-functions execution test
FAIL: gfortran.dg/realloc_on_assign_7.f03 -O3 -g execution test
FAIL: gfortran.dg/realloc_on_assign_7.f03 -Os execution test
FAIL: gfortran.dg/reshape_4.f90 -O0 execution test
FAIL: gfortran.dg/reshape_4.f90 -O1 execution test
FAIL: gfortran.dg/reshape_4.f90 -O2 execution test
FAIL: gfortran.dg/reshape_4.f90 -O3 -fomit-frame-pointer -funroll-loops -fpeel-loops -ftracer -finline-functions execution test
FAIL: gfortran.dg/reshape_4.f90 -O3 -g execution test
FAIL: gfortran.dg/reshape_4.f90 -Os execution test
FAIL: gfortran.dg/graphite/pr68279.f90 -O (internal compiler error)
FAIL: gfortran.dg/graphite/pr68279.f90 -O (test for excess errors)
FAIL: gfortran.dg/graphite/pr68565.f90 -O0 execution test
FAIL: gfortran.dg/graphite/pr68565.f90 -O1 execution test
FAIL: gfortran.dg/graphite/pr68565.f90 -O2 execution test
FAIL: gfortran.dg/graphite/pr68565.f90 -O3 -fomit-frame-pointer -funroll-loops -fpeel-loops -ftracer -finline-functions execution test
FAIL: gfortran.dg/graphite/pr68565.f90 -O3 -g execution test
FAIL: gfortran.dg/graphite/pr68565.f90 -Os execution test
FAIL: gfortran.fortran-torture/execute/iolength_1.f90 execution, -O0
FAIL: gfortran.fortran-torture/execute/iolength_1.f90 execution, -O1
FAIL: gfortran.fortran-torture/execute/iolength_1.f90 execution, -O2
FAIL: gfortran.fortran-torture/execute/iolength_1.f90 execution, -O2 -fomit-frame-pointer -finline-functions
FAIL: gfortran.fortran-torture/execute/iolength_1.f90 execution, -O2 -fomit-frame-pointer -finline-functions -funroll-loops
FAIL: gfortran.fortran-torture/execute/iolength_1.f90 execution, -O2 -fbounds-check
FAIL: gfortran.fortran-torture/execute/iolength_1.f90 execution, -O3 -g
FAIL: gfortran.fortran-torture/execute/iolength_1.f90 execution, -Os
FAIL: gfortran.fortran-torture/execute/random_1.f90 execution, -O0
FAIL: gfortran.fortran-torture/execute/random_1.f90 execution, -O1
FAIL: gfortran.fortran-torture/execute/random_1.f90 execution, -O2
FAIL: gfortran.fortran-torture/execute/random_1.f90 execution, -O2 -fomit-frame-pointer -finline-functions
FAIL: gfortran.fortran-torture/execute/random_1.f90 execution, -O2 -fomit-frame-pointer -finline-functions -funroll-loops
FAIL: gfortran.fortran-torture/execute/random_1.f90 execution, -O2 -fbounds-check
FAIL: gfortran.fortran-torture/execute/random_1.f90 execution, -O3 -g
FAIL: gfortran.fortran-torture/execute/random_1.f90 execution, -Os
FAIL: gfortran.fortran-torture/execute/random_2.f90 execution, -O0
FAIL: gfortran.fortran-torture/execute/random_2.f90 execution, -O1
FAIL: gfortran.fortran-torture/execute/random_2.f90 execution, -O2
FAIL: gfortran.fortran-torture/execute/random_2.f90 execution, -O2 -fomit-frame-pointer -finline-functions
FAIL: gfortran.fortran-torture/execute/random_2.f90 execution, -O2 -fomit-frame-pointer -finline-functions -funroll-loops
FAIL: gfortran.fortran-torture/execute/random_2.f90 execution, -O2 -fbounds-check
FAIL: gfortran.fortran-torture/execute/random_2.f90 execution, -O3 -g
FAIL: gfortran.fortran-torture/execute/random_2.f90 execution, -Os
FAIL: gfortran.fortran-torture/execute/random_init.f90 execution, -O0
FAIL: gfortran.fortran-torture/execute/random_init.f90 execution, -O1
FAIL: gfortran.fortran-torture/execute/random_init.f90 execution, -O2
FAIL: gfortran.fortran-torture/execute/random_init.f90 execution, -O2 -fomit-frame-pointer -finline-functions
FAIL: gfortran.fortran-torture/execute/random_init.f90 execution, -O2 -fomit-frame-pointer -finline-functions -funroll-loops
FAIL: gfortran.fortran-torture/execute/random_init.f90 execution, -O2 -fbounds-check
FAIL: gfortran.fortran-torture/execute/random_init.f90 execution, -O3 -g
FAIL: gfortran.fortran-torture/execute/random_init.f90 execution, -Os
=== gfortran Summary ===
# of expected passes 41475
# of unexpected failures 101
# of expected failures 94
# of unsupported tests 327
/test/gnu/gcc/objdir/gcc/testsuite/gfortran/../../gfortran version 7.0.0 20160904 (experimental) [trunk revision 239978] (GCC)
=== obj-c++ tests ===
Running target unix
=== obj-c++ Summary ===
# of expected passes 1446
# of expected failures 10
# of unsupported tests 77
/test/gnu/gcc/objdir/gcc/testsuite/obj-c++/../../xg++ version 7.0.0 20160904 (experimental) [trunk revision 239978] (GCC)
=== objc tests ===
Running target unix
=== objc Summary ===
# of expected passes 2787
# of unsupported tests 69
/test/gnu/gcc/objdir/gcc/xgcc version 7.0.0 20160904 (experimental) [trunk revision 239978] (GCC)
=== libatomic tests ===
Running target unix
=== libatomic Summary ===
# of expected passes 44
# of unsupported tests 5
=== libgomp tests ===
Running target unix
FAIL: libgomp.fortran/strassen.f90 -O execution test
FAIL: libgomp.oacc-c++/../libgomp.oacc-c-c++-common/loop-dim-default.c -DACC_DEVICE_TYPE_host=1 -DACC_MEM_SHARED=1 -O2 (test for excess errors)
UNRESOLVED: libgomp.oacc-c++/../libgomp.oacc-c-c++-common/loop-dim-default.c -DACC_DEVICE_TYPE_host=1 -DACC_MEM_SHARED=1 -O2 compilation failed to produce executable
=== libgomp Summary ===
# of expected passes 4943
# of unexpected failures 2
# of unresolved testcases 1
# of unsupported tests 395
=== libstdc++ tests ===
Running target unix
FAIL: 20_util/variant/compile.cc (test for excess errors)
FAIL: 20_util/variant/run.cc (test for excess errors)
UNRESOLVED: 20_util/variant/run.cc compilation failed to produce executable
FAIL: 22_locale/locale/cons/unicode.cc (test for excess errors)
FAIL: 22_locale/locale/cons/unicode.cc execution test
FAIL: 22_locale/num_put/put/char/14220.cc execution test
FAIL: 22_locale/num_put/put/wchar_t/14220.cc execution test
FAIL: 25_algorithms/pop_heap/complexity.cc (test for excess errors)
UNRESOLVED: 25_algorithms/pop_heap/complexity.cc compilation failed to produce executable
FAIL: 25_algorithms/push_heap/complexity.cc (test for excess errors)
UNRESOLVED: 25_algorithms/push_heap/complexity.cc compilation failed to produce executable
FAIL: 25_algorithms/sort_heap/complexity.cc (test for excess errors)
UNRESOLVED: 25_algorithms/sort_heap/complexity.cc compilation failed to produce executable
FAIL: 27_io/basic_ostream/inserters_arithmetic/char/4402.cc execution test
FAIL: 27_io/basic_ostream/inserters_arithmetic/wchar_t/4402.cc execution test
FAIL: 29_atomics/atomic/operators/51811.cc (test for excess errors)
FAIL: 29_atomics/atomic/operators/51811.cc execution test
FAIL: 29_atomics/atomic/operators/pointer_partial_void.cc (test for excess errors)
FAIL: 29_atomics/atomic/operators/pointer_partial_void.cc execution test
FAIL: 30_threads/call_once/constexpr.cc (test for excess errors)
FAIL: 30_threads/mutex/cons/constexpr.cc (test for excess errors)
FAIL: 30_threads/once_flag/cons/constexpr.cc (test for excess errors)
FAIL: experimental/numeric/gcd.cc (test for excess errors)
FAIL: experimental/numeric/lcm.cc (test for excess errors)
=== libstdc++ Summary ===
# of expected passes 9553
# of unexpected failures 20
# of expected failures 65
# of unresolved testcases 4
# of unsupported tests 1036
Compiler version: 7.0.0 20160904 (experimental) [trunk revision 239978] (GCC)
Platform: hppa64-hp-hpux11.11
configure flags:Test Run By dave on Mon Sep 5 14:52:48 2016
More information about the Gcc-testresults
mailing list