Results for 7.0.0 20160830 (experimental) [trunk revision 239874] (GCC) testsuite on hppa2.0w-hp-hpux11.11

John David Anglin dave@hiauly3.hia.nrc.ca
Sun Sep 4 15:41:00 GMT 2016


		=== acats tests ===
FAIL:	c974013
FAIL:	c9a011b

		=== acats Summary ===
# of expected passes		2318
# of unexpected failures	2
Native configuration is hppa2.0w-hp-hpux11.11

		=== g++ tests ===


Running target unix
FAIL: g++.dg/abi/abi-tag18a.C  -std=gnu++98  scan-assembler _ZZ1fB7__test1vEN1T1gB7__test2Ev
FAIL: g++.dg/abi/abi-tag18a.C  -std=gnu++98  scan-assembler _ZZZ1fB7__test1vEN1T1gEvE1x
FAIL: g++.dg/abi/abi-tag18a.C  -std=gnu++11  scan-assembler _ZZ1fB7__test1vEN1T1gB7__test2Ev
FAIL: g++.dg/abi/abi-tag18a.C  -std=gnu++11  scan-assembler _ZZZ1fB7__test1vEN1T1gEvE1x
FAIL: g++.dg/abi/abi-tag18a.C  -std=gnu++14  scan-assembler _ZZ1fB7__test1vEN1T1gB7__test2Ev
FAIL: g++.dg/abi/abi-tag18a.C  -std=gnu++14  scan-assembler _ZZZ1fB7__test1vEN1T1gEvE1x
FAIL: g++.dg/abi/abi-tag23.C  -std=gnu++98  scan-assembler _ZThn16_N7Derived7get_fooB3barEv
FAIL: g++.dg/abi/abi-tag23.C  -std=gnu++11  scan-assembler _ZThn16_N7Derived7get_fooB3barEv
FAIL: g++.dg/abi/abi-tag23.C  -std=gnu++14  scan-assembler _ZThn16_N7Derived7get_fooB3barEv
FAIL: g++.dg/abi/abi-tag23a.C  -std=gnu++98  scan-assembler _ZThn16_N7Derived7get_fooEv
FAIL: g++.dg/abi/abi-tag23a.C  -std=gnu++11  scan-assembler _ZThn16_N7Derived7get_fooEv
FAIL: g++.dg/abi/abi-tag23a.C  -std=gnu++14  scan-assembler _ZThn16_N7Derived7get_fooEv
UNRESOLVED: g++.dg/cpp0x/explicit12.C  -std=c++11  scan-assembler-not _ZN1AIiEC1Ev
UNRESOLVED: g++.dg/cpp0x/explicit12.C  -std=c++14  scan-assembler-not _ZN1AIiEC1Ev
FAIL: g++.dg/ipa/nothrow-1.C  -std=gnu++98  scan-tree-dump optimized "__cxa_begin_catch"
FAIL: g++.dg/ipa/nothrow-1.C  -std=gnu++11  scan-tree-dump optimized "__cxa_begin_catch"
FAIL: g++.dg/ipa/nothrow-1.C  -std=gnu++14  scan-tree-dump optimized "__cxa_begin_catch"
FAIL: g++.dg/gcov/gcov-dump-1.C  -std=gnu++98 (test for excess errors)
FAIL: g++.dg/gcov/gcov-dump-1.C  -std=gnu++98 execution test
FAIL: g++.dg/gcov/gcov-dump-1.C  -std=gnu++98  line 10: is #####:should be 1
FAIL: g++.dg/gcov/gcov-dump-1.C  -std=gnu++98  line 13: is #####:should be 100
FAIL: g++.dg/gcov/gcov-dump-1.C  -std=gnu++98  gcov: 2 failures in line counts, 0 in branch percentages, 0 in return percentages, 0 in intermediate format
FAIL: g++.dg/gcov/gcov-dump-1.C  -std=gnu++11 (test for excess errors)
FAIL: g++.dg/gcov/gcov-dump-1.C  -std=gnu++11 execution test
FAIL: g++.dg/gcov/gcov-dump-1.C  -std=gnu++11  line 10: is #####:should be 1
FAIL: g++.dg/gcov/gcov-dump-1.C  -std=gnu++11  line 13: is #####:should be 100
FAIL: g++.dg/gcov/gcov-dump-1.C  -std=gnu++11  gcov: 2 failures in line counts, 0 in branch percentages, 0 in return percentages, 0 in intermediate format
FAIL: g++.dg/gcov/gcov-dump-1.C  -std=gnu++14 (test for excess errors)
FAIL: g++.dg/gcov/gcov-dump-1.C  -std=gnu++14 execution test
FAIL: g++.dg/gcov/gcov-dump-1.C  -std=gnu++14  line 10: is #####:should be 1
FAIL: g++.dg/gcov/gcov-dump-1.C  -std=gnu++14  line 13: is #####:should be 100
FAIL: g++.dg/gcov/gcov-dump-1.C  -std=gnu++14  gcov: 2 failures in line counts, 0 in branch percentages, 0 in return percentages, 0 in intermediate format
FAIL: g++.dg/gcov/gcov-dump-2.C  -std=gnu++98 (test for excess errors)
FAIL: g++.dg/gcov/gcov-dump-2.C  -std=gnu++98 execution test
FAIL: g++.dg/gcov/gcov-dump-2.C  -std=gnu++98  line 14: is #####:should be 1
FAIL: g++.dg/gcov/gcov-dump-2.C  -std=gnu++98  line 17: is #####:should be 100
FAIL: g++.dg/gcov/gcov-dump-2.C  -std=gnu++98  line 26: is #####:should be 10001
FAIL: g++.dg/gcov/gcov-dump-2.C  -std=gnu++98  line 29: is #####:should be 1
FAIL: g++.dg/gcov/gcov-dump-2.C  -std=gnu++98  gcov: 4 failures in line counts, 0 in branch percentages, 0 in return percentages, 0 in intermediate format
FAIL: g++.dg/gcov/gcov-dump-2.C  -std=gnu++11 (test for excess errors)
FAIL: g++.dg/gcov/gcov-dump-2.C  -std=gnu++11 execution test
FAIL: g++.dg/gcov/gcov-dump-2.C  -std=gnu++11  line 14: is #####:should be 1
FAIL: g++.dg/gcov/gcov-dump-2.C  -std=gnu++11  line 17: is #####:should be 100
FAIL: g++.dg/gcov/gcov-dump-2.C  -std=gnu++11  line 26: is #####:should be 10001
FAIL: g++.dg/gcov/gcov-dump-2.C  -std=gnu++11  line 29: is #####:should be 1
FAIL: g++.dg/gcov/gcov-dump-2.C  -std=gnu++11  gcov: 4 failures in line counts, 0 in branch percentages, 0 in return percentages, 0 in intermediate format
FAIL: g++.dg/gcov/gcov-dump-2.C  -std=gnu++14 (test for excess errors)
FAIL: g++.dg/gcov/gcov-dump-2.C  -std=gnu++14 execution test
FAIL: g++.dg/gcov/gcov-dump-2.C  -std=gnu++14  line 14: is #####:should be 1
FAIL: g++.dg/gcov/gcov-dump-2.C  -std=gnu++14  line 17: is #####:should be 100
FAIL: g++.dg/gcov/gcov-dump-2.C  -std=gnu++14  line 26: is #####:should be 10001
FAIL: g++.dg/gcov/gcov-dump-2.C  -std=gnu++14  line 29: is #####:should be 1
FAIL: g++.dg/gcov/gcov-dump-2.C  -std=gnu++14  gcov: 4 failures in line counts, 0 in branch percentages, 0 in return percentages, 0 in intermediate format
FAIL: g++.dg/gcov/gcov-threads-1.C  -std=gnu++98 (test for excess errors)
FAIL: g++.dg/gcov/gcov-threads-1.C  -std=gnu++98 execution test
FAIL: g++.dg/gcov/gcov-threads-1.C  -std=gnu++98  line 13: is #####:should be 500005
FAIL: g++.dg/gcov/gcov-threads-1.C  -std=gnu++98  line 15: is #####:should be 500000
FAIL: g++.dg/gcov/gcov-threads-1.C  -std=gnu++98  line 33: is #####:should be 5
FAIL: g++.dg/gcov/gcov-threads-1.C  -std=gnu++98  line 40: is #####:should be 5
FAIL: g++.dg/gcov/gcov-threads-1.C  -std=gnu++98  line 43: is #####:should be 1
FAIL: g++.dg/gcov/gcov-threads-1.C  -std=gnu++98  gcov: 5 failures in line counts, 0 in branch percentages, 0 in return percentages, 0 in intermediate format
FAIL: g++.dg/gcov/gcov-threads-1.C  -std=gnu++11 (test for excess errors)
FAIL: g++.dg/gcov/gcov-threads-1.C  -std=gnu++11 execution test
FAIL: g++.dg/gcov/gcov-threads-1.C  -std=gnu++11  line 13: is #####:should be 500005
FAIL: g++.dg/gcov/gcov-threads-1.C  -std=gnu++11  line 15: is #####:should be 500000
FAIL: g++.dg/gcov/gcov-threads-1.C  -std=gnu++11  line 33: is #####:should be 5
FAIL: g++.dg/gcov/gcov-threads-1.C  -std=gnu++11  line 40: is #####:should be 5
FAIL: g++.dg/gcov/gcov-threads-1.C  -std=gnu++11  line 43: is #####:should be 1
FAIL: g++.dg/gcov/gcov-threads-1.C  -std=gnu++11  gcov: 5 failures in line counts, 0 in branch percentages, 0 in return percentages, 0 in intermediate format
FAIL: g++.dg/gcov/gcov-threads-1.C  -std=gnu++14 (test for excess errors)
FAIL: g++.dg/gcov/gcov-threads-1.C  -std=gnu++14 execution test
FAIL: g++.dg/gcov/gcov-threads-1.C  -std=gnu++14  line 13: is #####:should be 500005
FAIL: g++.dg/gcov/gcov-threads-1.C  -std=gnu++14  line 15: is #####:should be 500000
FAIL: g++.dg/gcov/gcov-threads-1.C  -std=gnu++14  line 33: is #####:should be 5
FAIL: g++.dg/gcov/gcov-threads-1.C  -std=gnu++14  line 40: is #####:should be 5
FAIL: g++.dg/gcov/gcov-threads-1.C  -std=gnu++14  line 43: is #####:should be 1
FAIL: g++.dg/gcov/gcov-threads-1.C  -std=gnu++14  gcov: 5 failures in line counts, 0 in branch percentages, 0 in return percentages, 0 in intermediate format
FAIL: c-c++-common/gomp/clauses-2.c  -std=c++98  (test for errors, line 51)
FAIL: c-c++-common/gomp/clauses-2.c  -std=c++98 (test for excess errors)
FAIL: c-c++-common/gomp/clauses-2.c  -std=c++11  (test for errors, line 51)
FAIL: c-c++-common/gomp/clauses-2.c  -std=c++11 (test for excess errors)
FAIL: c-c++-common/gomp/clauses-2.c  -std=c++14  (test for errors, line 51)
FAIL: c-c++-common/gomp/clauses-2.c  -std=c++14 (test for excess errors)
WARNING: program timed out.

		=== g++ Summary ===

# of expected passes		88526
# of unexpected failures	81
# of expected failures		304
# of unresolved testcases	2
# of unsupported tests		4489
/test/gnu/gcc/objdir/gcc/testsuite/g++/../../xg++  version 7.0.0 20160830 (experimental) [trunk revision 239874] (GCC) 

		=== gcc tests ===


Running target unix
FAIL: gcc.c-torture/compile/limits-exprparen.c   -O0  (internal compiler error)
FAIL: gcc.c-torture/compile/limits-exprparen.c   -O0  (test for excess errors)
FAIL: gcc.c-torture/compile/limits-exprparen.c   -O1  (internal compiler error)
FAIL: gcc.c-torture/compile/limits-exprparen.c   -O1  (test for excess errors)
FAIL: gcc.c-torture/compile/limits-exprparen.c   -O2  (internal compiler error)
FAIL: gcc.c-torture/compile/limits-exprparen.c   -O2  (test for excess errors)
FAIL: gcc.c-torture/compile/limits-exprparen.c   -O3 -g  (internal compiler error)
FAIL: gcc.c-torture/compile/limits-exprparen.c   -O3 -g  (test for excess errors)
FAIL: gcc.c-torture/compile/limits-exprparen.c   -Os  (internal compiler error)
FAIL: gcc.c-torture/compile/limits-exprparen.c   -Os  (test for excess errors)
FAIL: gcc.dg/atomic/c11-atomic-exec-5.c   -O0  execution test
FAIL: gcc.dg/atomic/c11-atomic-exec-5.c   -O1  execution test
FAIL: gcc.dg/atomic/c11-atomic-exec-5.c   -O2  execution test
FAIL: gcc.dg/atomic/c11-atomic-exec-5.c   -O3 -fomit-frame-pointer -funroll-loops -fpeel-loops -ftracer -finline-functions  execution test
FAIL: gcc.dg/atomic/c11-atomic-exec-5.c   -O3 -g  execution test
FAIL: gcc.dg/atomic/c11-atomic-exec-5.c   -Os  execution test
FAIL: c-c++-common/Wunused-var-15.c  -Wc++-compat  (test for excess errors)
FAIL: c-c++-common/gomp/clauses-2.c  (test for errors, line 51)
FAIL: c-c++-common/gomp/clauses-2.c (test for excess errors)
FAIL: gcc.dg/graphite/scop-dsyr2k.c scan-tree-dump-times graphite "number of SCoPs: 1" 1
FAIL: gcc.dg/graphite/scop-dsyrk.c scan-tree-dump-times graphite "number of SCoPs: 1" 1
WARNING: program timed out.
FAIL: gcc.dg/ipa/ipcp-cstagg-7.c scan-ipa-dump-times cp "Discovered an indirect call to a known target" 3
FAIL: gcc.dg/tree-ssa/pr69270-3.c scan-tree-dump-times uncprop1 ", 1" 4
FAIL: gcc.dg/tree-ssa/scev-4.c scan-tree-dump-times optimized "&a" 1
FAIL: gcc.dg/tree-ssa/scev-5.c scan-tree-dump-times optimized "&a" 1
FAIL: gcc.dg/tree-ssa/slsr-8.c scan-tree-dump-times optimized " w?\\\\* " 7
FAIL: gcc.target/hppa/shadd-3.c scan-assembler-times sh.add 6

		=== gcc Summary ===

# of expected passes		69889
# of unexpected failures	27
# of expected failures		158
# of unsupported tests		2065
/test/gnu/gcc/objdir/gcc/xgcc  version 7.0.0 20160830 (experimental) [trunk revision 239874] (GCC) 

		=== gfortran tests ===


Running target unix
FAIL: gfortran.dg/coarray/event_2.f90 -fcoarray=lib  -O2  -lcaf_single -latomic execution test
FAIL: gfortran.dg/pr70937.f90   -O  (test for excess errors)
FAIL: gfortran.fortran-torture/execute/random_1.f90 execution,  -O0 
FAIL: gfortran.fortran-torture/execute/random_1.f90 execution,  -O1 
FAIL: gfortran.fortran-torture/execute/random_1.f90 execution,  -O2 
FAIL: gfortran.fortran-torture/execute/random_1.f90 execution,  -O2 -fomit-frame-pointer -finline-functions 
FAIL: gfortran.fortran-torture/execute/random_1.f90 execution,  -O2 -fomit-frame-pointer -finline-functions -funroll-loops 
FAIL: gfortran.fortran-torture/execute/random_1.f90 execution,  -O2 -fbounds-check 
FAIL: gfortran.fortran-torture/execute/random_1.f90 execution,  -O3 -g 
FAIL: gfortran.fortran-torture/execute/random_1.f90 execution,  -Os 

		=== gfortran Summary ===

# of expected passes		41007
# of unexpected failures	10
# of expected failures		92
# of unsupported tests		419
/test/gnu/gcc/objdir/gcc/testsuite/gfortran/../../gfortran  version 7.0.0 20160830 (experimental) [trunk revision 239874] (GCC) 

		=== gnat tests ===


Running target unix

		=== gnat Summary ===

# of expected passes		2476
# of expected failures		22
# of unsupported tests		24
/test/gnu/gcc/objdir/gcc/gnatmake version 7.0.0 20160830 (experimental) [trunk revision 239874]

		=== obj-c++ tests ===


Running target unix

		=== obj-c++ Summary ===

# of expected passes		1396
# of expected failures		2
# of unsupported tests		60
/test/gnu/gcc/objdir/gcc/testsuite/obj-c++/../../xg++  version 7.0.0 20160830 (experimental) [trunk revision 239874] (GCC) 

		=== objc tests ===


Running target unix

		=== objc Summary ===

# of expected passes		2691
# of unsupported tests		61
/test/gnu/gcc/objdir/gcc/xgcc  version 7.0.0 20160830 (experimental) [trunk revision 239874] (GCC) 

		=== boehm-gc tests ===


Running target unix

		=== boehm-gc Summary ===

# of expected passes		12
# of unsupported tests		1
		=== libatomic tests ===


Running target unix

		=== libatomic Summary ===

# of expected passes		44
# of unsupported tests		5
		=== libffi tests ===


Running target unix

		=== libffi Summary ===

# of expected passes		1924
# of unsupported tests		33
		=== libgomp tests ===


Running target unix
FAIL: libgomp.c/target-29.c (internal compiler error)
FAIL: libgomp.c/target-29.c (test for excess errors)
UNRESOLVED: libgomp.c/target-29.c compilation failed to produce executable
FAIL: libgomp.c++/member-5.C execution test
FAIL: libgomp.c++/target-15.C (internal compiler error)
FAIL: libgomp.c++/target-15.C (test for excess errors)
UNRESOLVED: libgomp.c++/target-15.C compilation failed to produce executable
FAIL: libgomp.c++/target-16.C (internal compiler error)
FAIL: libgomp.c++/target-16.C (test for excess errors)
UNRESOLVED: libgomp.c++/target-16.C compilation failed to produce executable
FAIL: libgomp.c++/target-17.C (internal compiler error)
FAIL: libgomp.c++/target-17.C (test for excess errors)
UNRESOLVED: libgomp.c++/target-17.C compilation failed to produce executable
FAIL: libgomp.c++/target-19.C (internal compiler error)
FAIL: libgomp.c++/target-19.C (test for excess errors)
UNRESOLVED: libgomp.c++/target-19.C compilation failed to produce executable
FAIL: libgomp.oacc-c/../libgomp.oacc-c-c++-common/atomic_update-1.c -DACC_DEVICE_TYPE_host=1 -DACC_MEM_SHARED=1  -O2  execution test
FAIL: libgomp.oacc-c++/../libgomp.oacc-c-c++-common/atomic_update-1.c -DACC_DEVICE_TYPE_host=1 -DACC_MEM_SHARED=1  -O2  execution test
FAIL: libgomp.oacc-c++/../libgomp.oacc-c-c++-common/loop-dim-default.c -DACC_DEVICE_TYPE_host=1 -DACC_MEM_SHARED=1  -O2  (test for excess errors)
UNRESOLVED: libgomp.oacc-c++/../libgomp.oacc-c-c++-common/loop-dim-default.c -DACC_DEVICE_TYPE_host=1 -DACC_MEM_SHARED=1  -O2  compilation failed to produce executable

		=== libgomp Summary ===

# of expected passes		4917
# of unexpected failures	14
# of unresolved testcases	6
# of unsupported tests		402
		=== libjava tests ===


Running target unix
FAIL: LargeFile execution - source compiled test
FAIL: LargeFile -findirect-dispatch execution - source compiled test
FAIL: LargeFile -O3 execution - source compiled test
FAIL: LargeFile -O3 -findirect-dispatch execution - source compiled test
XPASS: sourcelocation output - source compiled test
XPASS: sourcelocation -findirect-dispatch output - source compiled test
XPASS: sourcelocation -O3 output - source compiled test
XPASS: sourcelocation -O3 -findirect-dispatch output - source compiled test

		=== libjava Summary ===

# of expected passes		2606
# of unexpected failures	4
# of unexpected successes	4
# of untested testcases		4
		=== libstdc++ tests ===


Running target unix
FAIL: 20_util/variant/compile.cc (test for excess errors)
FAIL: 20_util/variant/run.cc (test for excess errors)
UNRESOLVED: 20_util/variant/run.cc compilation failed to produce executable
FAIL: 22_locale/locale/cons/unicode.cc (test for excess errors)
FAIL: 22_locale/locale/cons/unicode.cc execution test
FAIL: 22_locale/num_put/put/char/14220.cc execution test
FAIL: 22_locale/num_put/put/wchar_t/14220.cc execution test
FAIL: 25_algorithms/pop_heap/complexity.cc (test for excess errors)
UNRESOLVED: 25_algorithms/pop_heap/complexity.cc compilation failed to produce executable
FAIL: 25_algorithms/push_heap/complexity.cc (test for excess errors)
UNRESOLVED: 25_algorithms/push_heap/complexity.cc compilation failed to produce executable
FAIL: 25_algorithms/sort_heap/complexity.cc (test for excess errors)
UNRESOLVED: 25_algorithms/sort_heap/complexity.cc compilation failed to produce executable
FAIL: 27_io/basic_ostream/inserters_arithmetic/char/4402.cc execution test
FAIL: 27_io/basic_ostream/inserters_arithmetic/wchar_t/4402.cc execution test
FAIL: 29_atomics/atomic/operators/51811.cc (test for excess errors)
FAIL: 29_atomics/atomic/operators/51811.cc execution test
FAIL: 29_atomics/atomic/operators/pointer_partial_void.cc (test for excess errors)
FAIL: 29_atomics/atomic/operators/pointer_partial_void.cc execution test
FAIL: 30_threads/call_once/constexpr.cc (test for excess errors)
FAIL: 30_threads/mutex/cons/constexpr.cc (test for excess errors)
FAIL: 30_threads/once_flag/cons/constexpr.cc (test for excess errors)

		=== libstdc++ Summary ===

# of expected passes		9570
# of unexpected failures	18
# of expected failures		65
# of unresolved testcases	4
# of unsupported tests		1049

Compiler version: 7.0.0 20160830 (experimental) [trunk revision 239874] (GCC) 
Platform: hppa2.0w-hp-hpux11.11
configure flags:Test Run By dave on Thu Sep  1 15:23:57  2016



More information about the Gcc-testresults mailing list