Results for 7.0.0 20160902 (experimental) [trunk revision 239953] (GCC) testsuite on i386-pc-solaris2.12
Rainer Orth
ro@CeBiTec.Uni-Bielefeld.DE
Sat Sep 3 13:46:00 GMT 2016
LAST_UPDATED: Fri Sep 2 09:00:06 2016 (revision 239953)
=== acats tests ===
=== acats Summary ===
# of expected passes 2320
# of unexpected failures 0
Native configuration is i386-pc-solaris2.12
=== g++ tests ===
Running target unix
FAIL: g++.dg/abi/abi-tag23.C -std=gnu++11 scan-assembler _ZThn16_N7Derived7get_fooB3barEv
FAIL: g++.dg/abi/abi-tag23.C -std=gnu++14 scan-assembler _ZThn16_N7Derived7get_fooB3barEv
FAIL: g++.dg/abi/abi-tag23.C -std=gnu++98 scan-assembler _ZThn16_N7Derived7get_fooB3barEv
FAIL: g++.dg/abi/abi-tag23a.C -std=gnu++11 scan-assembler _ZThn16_N7Derived7get_fooEv
FAIL: g++.dg/abi/abi-tag23a.C -std=gnu++14 scan-assembler _ZThn16_N7Derived7get_fooEv
FAIL: g++.dg/abi/abi-tag23a.C -std=gnu++98 scan-assembler _ZThn16_N7Derived7get_fooEv
=== g++ Summary for unix ===
# of expected passes 99349
# of unexpected failures 6
# of expected failures 326
# of unsupported tests 3625
Running target unix/-m64
UNRESOLVED: g++.dg/lto/20090312 cp_lto_20090312_0.o-cp_lto_20090312_1.o execute -O0 -flto -flto-partition=none -fuse-linker-plugin
UNRESOLVED: g++.dg/lto/20090312 cp_lto_20090312_0.o-cp_lto_20090312_1.o link -O0 -flto -flto-partition=none -fuse-linker-plugin
FAIL: g++.dg/lto/20090312 cp_lto_20090312_1.o assemble, -O0 -flto -flto-partition=none -fuse-linker-plugin
WARNING: program timed out.
FAIL: g++.old-deja/g++.robertl/eb113.C -std=c++14 (test for excess errors)
FAIL: g++.old-deja/g++.robertl/eb129a.C -std=c++11 (test for errors, line 19)
FAIL: g++.old-deja/g++.robertl/eb129a.C -std=c++11 (test for excess errors)
FAIL: g++.old-deja/g++.robertl/eb21.C -std=c++11 (test for excess errors)
WARNING: g++.old-deja/g++.robertl/eb21.C -std=c++11 compilation failed to produce executable
FAIL: g++.old-deja/g++.robertl/eb21.C -std=c++14 (test for excess errors)
WARNING: g++.old-deja/g++.robertl/eb21.C -std=c++14 compilation failed to produce executable
FAIL: g++.old-deja/g++.robertl/eb39.C -std=c++11 (test for excess errors)
FAIL: g++.old-deja/g++.robertl/eb55.C -std=c++14 (test for errors, line 10)
FAIL: g++.old-deja/g++.robertl/eb55.C -std=c++14 (test for excess errors)
FAIL: g++.old-deja/g++.robertl/eb66.C -std=c++11 (test for excess errors)
WARNING: g++.old-deja/g++.robertl/eb66.C -std=c++11 compilation failed to produce executable
FAIL: g++.old-deja/g++.robertl/eb79.C -std=c++11 (test for errors, line 21)
FAIL: g++.old-deja/g++.robertl/eb79.C -std=c++11 (test for errors, line 30)
FAIL: g++.old-deja/g++.robertl/eb79.C -std=c++11 (test for errors, line 31)
FAIL: g++.old-deja/g++.robertl/eb79.C -std=c++11 (test for excess errors)
FAIL: g++.old-deja/g++.warn/iomanip.C -std=gnu++14 (test for excess errors)
WARNING: program timed out.
WARNING: program timed out.
WARNING: program timed out.
WARNING: program timed out.
WARNING: program timed out.
WARNING: program timed out.
WARNING: program timed out.
WARNING: program timed out.
WARNING: program timed out.
WARNING: program timed out.
=== g++ Summary for unix/-m64 ===
# of expected passes 100696
# of unexpected failures 15
# of expected failures 326
# of unresolved testcases 2
# of unsupported tests 3869
=== g++ Summary ===
# of expected passes 200045
# of unexpected failures 21
# of expected failures 652
# of unresolved testcases 2
# of unsupported tests 7494
/var/gcc/regression/trunk/12-gcc-gas-gld/build/gcc/testsuite/g++/../../xg++ version 7.0.0 20160902 (experimental) [trunk revision 239953] (GCC)
=== gcc tests ===
Running target unix
FAIL: gcc.dg/graphite/scop-dsyr2k.c scan-tree-dump-times graphite "number of SCoPs: 1" 1
FAIL: gcc.dg/graphite/scop-dsyrk.c scan-tree-dump-times graphite "number of SCoPs: 1" 1
FAIL: gcc.dg/tree-ssa/pr69270-3.c scan-tree-dump-times uncprop1 ", 1" 4
FAIL: gcc.dg/tree-ssa/scev-5.c scan-tree-dump-times optimized "&a" 1
FAIL: gcc.dg/tree-ssa/slsr-8.c scan-tree-dump-times optimized " w?\\\\* " 7
FAIL: gcc.target/i386/mask-unpack.c scan-assembler-not maskmov
FAIL: gcc.target/i386/pr65105-1.c scan-assembler pand
FAIL: gcc.target/i386/pr65105-1.c scan-assembler por
FAIL: gcc.target/i386/pr65105-2.c scan-assembler por
FAIL: gcc.target/i386/pr65105-3.c scan-assembler pand
FAIL: gcc.target/i386/pr65105-3.c scan-assembler por
FAIL: gcc.target/i386/pr65105-3.c scan-assembler ptest
FAIL: gcc.target/i386/pr65105-5.c scan-assembler pandn
FAIL: gcc.target/i386/pr65105-5.c scan-assembler ptest
FAIL: gcc.target/i386/pr65105-5.c scan-assembler pxor
FAIL: gcc.target/i386/pr67761.c scan-assembler paddq
FAIL: gcc.target/i386/pr70799-1.c scan-assembler movdqa[ \\\\t]+.?LC0
FAIL: gcc.target/i386/pr70799-1.c scan-assembler pcmpeqd
FAIL: gcc.target/i386/pr70799-1.c scan-assembler pxor
=== gcc Summary for unix ===
# of expected passes 110867
# of unexpected failures 19
# of expected failures 329
# of unsupported tests 1938
Running target unix/-m64
FAIL: gcc.dg/tree-ssa/pr69270-3.c scan-tree-dump-times uncprop1 ", 1" 4
FAIL: gcc.dg/tree-ssa/slsr-8.c scan-tree-dump-times optimized " w?\\\\* " 7
=== gcc Summary for unix/-m64 ===
# of expected passes 112317
# of unexpected failures 2
# of expected failures 327
# of unsupported tests 1975
=== gcc Summary ===
# of expected passes 223184
# of unexpected failures 21
# of expected failures 656
# of unsupported tests 3913
/var/gcc/regression/trunk/12-gcc-gas-gld/build/gcc/xgcc version 7.0.0 20160902 (experimental) [trunk revision 239953] (GCC)
=== gfortran tests ===
Running target unix
FAIL: gfortran.dg/coarray/event_1.f90 -fcoarray=lib -O2 -lcaf_single -latomic execution test
FAIL: gfortran.dg/coarray/event_2.f90 -fcoarray=lib -O2 -lcaf_single -latomic execution test
FAIL: gfortran.dg/fmt_f0_2.f90 -O0 execution test
FAIL: gfortran.dg/fmt_f0_2.f90 -O1 execution test
FAIL: gfortran.dg/fmt_f0_2.f90 -O2 execution test
FAIL: gfortran.dg/fmt_f0_2.f90 -O3 -fomit-frame-pointer -funroll-loops -fpeel-loops -ftracer -finline-functions execution test
FAIL: gfortran.dg/fmt_f0_2.f90 -O3 -g execution test
FAIL: gfortran.dg/fmt_f0_2.f90 -Os execution test
=== gfortran Summary for unix ===
# of expected passes 42777
# of unexpected failures 8
# of expected failures 76
# of unsupported tests 175
Running target unix/-m64
FAIL: gfortran.dg/coarray/event_1.f90 -fcoarray=lib -O2 -lcaf_single -latomic execution test
FAIL: gfortran.dg/fmt_f0_2.f90 -O0 execution test
FAIL: gfortran.dg/fmt_f0_2.f90 -O1 execution test
FAIL: gfortran.dg/fmt_f0_2.f90 -O2 execution test
FAIL: gfortran.dg/fmt_f0_2.f90 -O3 -fomit-frame-pointer -funroll-loops -fpeel-loops -ftracer -finline-functions execution test
FAIL: gfortran.dg/fmt_f0_2.f90 -O3 -g execution test
FAIL: gfortran.dg/fmt_f0_2.f90 -Os execution test
FAIL: gfortran.dg/graphite/pr68279.f90 -O (internal compiler error)
FAIL: gfortran.dg/graphite/pr68279.f90 -O (test for excess errors)
=== gfortran Summary for unix/-m64 ===
# of expected passes 42994
# of unexpected failures 9
# of expected failures 76
# of unsupported tests 72
=== gfortran Summary ===
# of expected passes 85771
# of unexpected failures 17
# of expected failures 152
# of unsupported tests 247
/var/gcc/regression/trunk/12-gcc-gas-gld/build/gcc/testsuite/gfortran/../../gfortran version 7.0.0 20160902 (experimental) [trunk revision 239953] (GCC)
=== gnat tests ===
Running target unix
FAIL: gnat.dg/vect3.adb scan-tree-dump-times vect "vectorized 1 loops" 15
FAIL: gnat.dg/vect6.adb scan-tree-dump-times vect "vectorized 1 loops" 15
=== gnat Summary for unix ===
# of expected passes 2513
# of unexpected failures 2
# of expected failures 22
# of unsupported tests 5
Running target unix/-m64
FAIL: gnat.dg/vect3.adb scan-tree-dump-times vect "vectorized 1 loops" 15
FAIL: gnat.dg/vect6.adb scan-tree-dump-times vect "vectorized 1 loops" 15
=== gnat Summary for unix/-m64 ===
# of expected passes 2513
# of unexpected failures 2
# of expected failures 22
# of unsupported tests 5
=== gnat Summary ===
# of expected passes 5026
# of unexpected failures 4
# of expected failures 44
# of unsupported tests 10
/var/gcc/regression/trunk/12-gcc-gas-gld/build/gcc/gnatmake version 7.0.0 20160902 (experimental) [trunk revision 239953]
=== go tests ===
Running target unix
=== go Summary for unix ===
# of expected passes 7366
# of expected failures 1
# of untested testcases 10
# of unsupported tests 2
Running target unix/-m64
=== go Summary for unix/-m64 ===
# of expected passes 7247
# of expected failures 1
# of untested testcases 10
# of unsupported tests 1
=== go Summary ===
# of expected passes 14613
# of expected failures 2
# of untested testcases 20
# of unsupported tests 3
/var/gcc/regression/trunk/12-gcc-gas-gld/build/gcc/testsuite/go/../../gccgo version 7.0.0 20160902 (experimental) [trunk revision 239953] (GCC)
=== obj-c++ tests ===
Running target unix
=== obj-c++ Summary for unix ===
# of expected passes 1454
# of expected failures 2
# of unsupported tests 77
Running target unix/-m64
=== obj-c++ Summary for unix/-m64 ===
# of expected passes 1446
# of expected failures 10
# of unsupported tests 77
=== obj-c++ Summary ===
# of expected passes 2900
# of expected failures 12
# of unsupported tests 154
/var/gcc/regression/trunk/12-gcc-gas-gld/build/gcc/testsuite/obj-c++/../../xg++ version 7.0.0 20160902 (experimental) [trunk revision 239953] (GCC)
=== objc tests ===
Running target unix
=== objc Summary for unix ===
# of expected passes 2783
# of expected failures 6
# of unsupported tests 68
Running target unix/-m64
=== objc Summary for unix/-m64 ===
# of expected passes 2783
# of expected failures 6
# of unsupported tests 68
=== objc Summary ===
# of expected passes 5566
# of expected failures 12
# of unsupported tests 136
/var/gcc/regression/trunk/12-gcc-gas-gld/build/gcc/xgcc version 7.0.0 20160902 (experimental) [trunk revision 239953] (GCC)
=== boehm-gc tests ===
Running target unix
=== boehm-gc Summary for unix ===
# of expected passes 12
# of unsupported tests 1
Running target unix/-m64
=== boehm-gc Summary for unix/-m64 ===
# of expected passes 12
# of unsupported tests 1
=== boehm-gc Summary ===
# of expected passes 24
# of unsupported tests 2
=== libatomic tests ===
Running target unix
=== libatomic Summary for unix ===
# of expected passes 44
# of unsupported tests 5
Running target unix/-m64
=== libatomic Summary for unix/-m64 ===
# of expected passes 54
=== libatomic Summary ===
# of expected passes 98
# of unsupported tests 5
=== libffi tests ===
Running target unix
=== libffi Summary for unix ===
# of expected passes 2799
Running target unix/-m64
=== libffi Summary for unix/-m64 ===
# of expected passes 2214
=== libffi Summary ===
# of expected passes 5013
=== libgo tests ===
Running target unix
FAIL: net
FAIL: syscall
FAIL: go/build
=== libgo Summary for unix ===
# of expected passes 134
# of unexpected failures 3
Running target unix/-m64
FAIL: net
FAIL: syscall
FAIL: go/build
=== libgo Summary for unix/-m64 ===
# of expected passes 134
# of unexpected failures 3
=== libgo Summary ===
# of expected passes 268
# of unexpected failures 6
/var/gcc/regression/trunk/12-gcc-gas-gld/build/./gcc/gccgo version 7.0.0 20160902 (experimental) [trunk revision 239953] (GCC)
=== libgomp tests ===
Running target unix
=== libgomp Summary for unix ===
# of expected passes 5068
# of unsupported tests 334
Running target unix/-m64
=== libgomp Summary for unix/-m64 ===
# of expected passes 5068
# of unsupported tests 334
=== libgomp Summary ===
# of expected passes 10136
# of unsupported tests 668
=== libitm tests ===
Running target unix
=== libitm Summary for unix ===
# of expected passes 42
# of expected failures 3
# of unsupported tests 1
Running target unix/-m64
=== libitm Summary for unix/-m64 ===
# of expected passes 42
# of expected failures 3
# of unsupported tests 1
=== libitm Summary ===
# of expected passes 84
# of expected failures 6
# of unsupported tests 2
=== libjava tests ===
Running target unix
=== libjava Summary for unix ===
# of expected passes 2614
# of expected failures 4
Running target unix/-m64
=== libjava Summary for unix/-m64 ===
# of expected passes 2614
# of expected failures 4
=== libjava Summary ===
# of expected passes 5228
# of expected failures 8
=== libstdc++ tests ===
Running target unix
FAIL: experimental/filesystem/operations/copy.cc execution test
FAIL: experimental/filesystem/operations/copy_file.cc execution test
FAIL: experimental/numeric/gcd.cc (test for excess errors)
FAIL: experimental/numeric/lcm.cc (test for excess errors)
=== libstdc++ Summary for unix ===
# of expected passes 10292
# of unexpected failures 4
# of expected failures 66
# of unsupported tests 674
Running target unix/-m64
FAIL: experimental/filesystem/operations/copy.cc execution test
FAIL: experimental/filesystem/operations/copy_file.cc execution test
FAIL: experimental/numeric/gcd.cc (test for excess errors)
FAIL: experimental/numeric/lcm.cc (test for excess errors)
=== libstdc++ Summary for unix/-m64 ===
# of expected passes 10284
# of unexpected failures 4
# of expected failures 66
# of unsupported tests 678
=== libstdc++ Summary ===
# of expected passes 20576
# of unexpected failures 8
# of expected failures 132
# of unsupported tests 1352
Compiler version: 7.0.0 20160902 (experimental) [trunk revision 239953] (GCC)
Platform: i386-pc-solaris2.12
configure flags: --prefix=/vol/gcc --target=i386-pc-solaris2.12 --enable-objc-gc --with-as=/vol/gcc/bin/gas-2.27 --with-gnu-as --with-ld=/vol/gcc/bin/gld-2.27 --with-gnu-ld --with-gmp-include=/vol/gcc/include --with-gmp-lib=/vol/gcc/lib --with-mpfr-include=/vol/gcc/include --with-mpfr-lib=/vol/gcc/lib --with-mpc-include=/vol/gcc/include --with-mpc-lib=/vol/gcc/lib --enable-languages=all,ada,obj-c++,go --with-isl-include=/vol/gcc/include --with-isl-lib=/vol/gcc/lib
BOOT_CFLAGS=-g -O2
More information about the Gcc-testresults
mailing list