Results for 7.0.0 20160901 (experimental) [master revision 6ac3840:beb58f7:986530da4bad1e6b66640f7c1120a018482b78fc] (Cavium Inc. (Build 622)) testsuite on aarch64-thunderx-elf
jenkins@cavium.com
jenkins@cavium.com
Fri Sep 2 22:36:00 GMT 2016
Target is aarch64-thunderx-elf
Host is x86_64-unknown-linux-gnu
=== gcc tests ===
Running target thunderx-elf-sim
FAIL: gcc.c-torture/execute/931002-1.c -O2 execution test
FAIL: gcc.c-torture/execute/950628-1.c -O2 execution test
FAIL: gcc.c-torture/execute/pr34415.c -O2 -flto -fno-use-linker-plugin -flto-partition=none execution test
FAIL: gcc.c-torture/execute/string-opt-17.c -O2 -flto -fno-use-linker-plugin -flto-partition=none execution test
FAIL: gcc.c-torture/unsorted/dump-noaddr.c, -O0 -dumpbase dump1/dump-noaddr.c -DMASK=1 -x c --param ggc-min-heapsize=1 -fdump-ipa-all -fdump-rtl-all -fdump-tree-all -fdump-noaddr
FAIL: gcc.c-torture/unsorted/dump-noaddr.c, -O0 -dumpbase dump2/dump-noaddr.c -DMASK=2 -x c -fdump-ipa-all -fdump-rtl-all -fdump-tree-all -fdump-noaddr
FAIL: gcc.c-torture/unsorted/dump-noaddr.c, -O1 -dumpbase dump1/dump-noaddr.c -DMASK=1 -x c --param ggc-min-heapsize=1 -fdump-ipa-all -fdump-rtl-all -fdump-tree-all -fdump-noaddr
FAIL: gcc.c-torture/unsorted/dump-noaddr.c, -O1 -dumpbase dump2/dump-noaddr.c -DMASK=2 -x c -fdump-ipa-all -fdump-rtl-all -fdump-tree-all -fdump-noaddr
FAIL: gcc.c-torture/unsorted/dump-noaddr.c, -O2 -dumpbase dump1/dump-noaddr.c -DMASK=1 -x c --param ggc-min-heapsize=1 -fdump-ipa-all -fdump-rtl-all -fdump-tree-all -fdump-noaddr
FAIL: gcc.c-torture/unsorted/dump-noaddr.c, -O2 -dumpbase dump2/dump-noaddr.c -DMASK=2 -x c -fdump-ipa-all -fdump-rtl-all -fdump-tree-all -fdump-noaddr
FAIL: gcc.c-torture/unsorted/dump-noaddr.c, -O3 -fomit-frame-pointer -funroll-loops -fpeel-loops -ftracer -finline-functions -dumpbase dump1/dump-noaddr.c -DMASK=1 -x c --param ggc-min-heapsize=1 -fdump-ipa-all -fdump-rtl-all -fdump-tree-all -fdump-noaddr
FAIL: gcc.c-torture/unsorted/dump-noaddr.c, -O3 -fomit-frame-pointer -funroll-loops -fpeel-loops -ftracer -finline-functions -dumpbase dump2/dump-noaddr.c -DMASK=2 -x c -fdump-ipa-all -fdump-rtl-all -fdump-tree-all -fdump-noaddr
FAIL: gcc.c-torture/unsorted/dump-noaddr.c, -O3 -g -dumpbase dump1/dump-noaddr.c -DMASK=1 -x c --param ggc-min-heapsize=1 -fdump-ipa-all -fdump-rtl-all -fdump-tree-all -fdump-noaddr
FAIL: gcc.c-torture/unsorted/dump-noaddr.c, -O3 -g -dumpbase dump2/dump-noaddr.c -DMASK=2 -x c -fdump-ipa-all -fdump-rtl-all -fdump-tree-all -fdump-noaddr
FAIL: gcc.c-torture/unsorted/dump-noaddr.c, -Os -dumpbase dump1/dump-noaddr.c -DMASK=1 -x c --param ggc-min-heapsize=1 -fdump-ipa-all -fdump-rtl-all -fdump-tree-all -fdump-noaddr
FAIL: gcc.c-torture/unsorted/dump-noaddr.c, -Os -dumpbase dump2/dump-noaddr.c -DMASK=2 -x c -fdump-ipa-all -fdump-rtl-all -fdump-tree-all -fdump-noaddr
FAIL: gcc.c-torture/unsorted/dump-noaddr.c, -Og -g -dumpbase dump1/dump-noaddr.c -DMASK=1 -x c --param ggc-min-heapsize=1 -fdump-ipa-all -fdump-rtl-all -fdump-tree-all -fdump-noaddr
FAIL: gcc.c-torture/unsorted/dump-noaddr.c, -Og -g -dumpbase dump2/dump-noaddr.c -DMASK=2 -x c -fdump-ipa-all -fdump-rtl-all -fdump-tree-all -fdump-noaddr
FAIL: gcc.c-torture/unsorted/dump-noaddr.c, -O2 -flto -fno-use-linker-plugin -flto-partition=none -dumpbase dump1/dump-noaddr.c -DMASK=1 -x c --param ggc-min-heapsize=1 -fdump-ipa-all -fdump-rtl-all -fdump-tree-all -fdump-noaddr
FAIL: gcc.c-torture/unsorted/dump-noaddr.c, -O2 -flto -fno-use-linker-plugin -flto-partition=none -dumpbase dump2/dump-noaddr.c -DMASK=2 -x c -fdump-ipa-all -fdump-rtl-all -fdump-tree-all -fdump-noaddr
FAIL: gcc.c-torture/unsorted/dump-noaddr.c, -O2 -flto -fuse-linker-plugin -fno-fat-lto-objects -dumpbase dump1/dump-noaddr.c -DMASK=1 -x c --param ggc-min-heapsize=1 -fdump-ipa-all -fdump-rtl-all -fdump-tree-all -fdump-noaddr
FAIL: gcc.c-torture/unsorted/dump-noaddr.c, -O2 -flto -fuse-linker-plugin -fno-fat-lto-objects -dumpbase dump2/dump-noaddr.c -DMASK=2 -x c -fdump-ipa-all -fdump-rtl-all -fdump-tree-all -fdump-noaddr
FAIL: gcc.dg/lto/pr54709 c_lto_pr54709_0.o-c_lto_pr54709_1.o link, -fPIC -fvisibility=hidden -flto
UNRESOLVED: gcc.dg/lto/pr54709 c_lto_pr54709_0.o-c_lto_pr54709_1.o execute -fPIC -fvisibility=hidden -flto
FAIL: gcc.dg/lto/pr61526 c_lto_pr61526_0.o-c_lto_pr61526_1.o link, -fPIC -flto -flto-partition=1to1
UNRESOLVED: gcc.dg/lto/pr61526 c_lto_pr61526_0.o-c_lto_pr61526_1.o execute -fPIC -flto -flto-partition=1to1
FAIL: gcc.dg/lto/pr64415 c_lto_pr64415_0.o-c_lto_pr64415_1.o link, -O -flto -fpic
UNRESOLVED: gcc.dg/lto/pr64415 c_lto_pr64415_0.o-c_lto_pr64415_1.o execute -O -flto -fpic
FAIL: gcc.dg/tree-ssa/pr69270-3.c scan-tree-dump-times uncprop1 ", 1" 4
FAIL: gcc.dg/tree-ssa/scev-4.c scan-tree-dump-times optimized "&a" 1
FAIL: gcc.dg/tree-ssa/slsr-8.c scan-tree-dump-times optimized " w?\\\\* " 7
XPASS: gcc.dg/vect/vect-24.c scan-tree-dump-times vect "vectorized 3 loops" 1
XPASS: gcc.dg/vect/vect-24.c -flto -ffat-lto-objects scan-tree-dump-times vect "vectorized 3 loops" 1
FAIL: gcc.target/aarch64/fmaxmin.c scan-assembler-times fmaxnm\\tv[0-9]+.2d, v[0-9]+.2d, v[0-9]+.2d 1
FAIL: gcc.target/aarch64/fmaxmin.c scan-assembler-times fminnm\\tv[0-9]+.2d, v[0-9]+.2d, v[0-9]+.2d 1
FAIL: gcc.target/aarch64/fmul_fcvt_2.c scan-assembler-times fcvtzs\\tv[0-9].4s, v[0-9].4s*.*#2 1
FAIL: gcc.target/aarch64/fmul_fcvt_2.c scan-assembler-times fcvtzs\\tv[0-9].4s, v[0-9].4s*.*#3 1
FAIL: gcc.target/aarch64/fmul_fcvt_2.c scan-assembler-times fcvtzs\\tv[0-9].4s, v[0-9].4s*.*#4 1
FAIL: gcc.target/aarch64/vect-abs-compile.c scan-assembler abs\\\\tv[0-9]+.16b
FAIL: gcc.target/aarch64/vect-abs-compile.c scan-assembler abs\\\\tv[0-9]+.8h
FAIL: gcc.target/aarch64/vect-abs-compile.c scan-assembler abs\\\\tv[0-9]+.2d
FAIL: gcc.target/aarch64/vect-clz.c scan-assembler clz\\tv[0-9]+.4s
FAIL: gcc.target/aarch64/vect-fcm-eq-d.c scan-tree-dump-times vect "vectorized 1 loops" 8
FAIL: gcc.target/aarch64/vect-fcm-eq-d.c scan-assembler fcmeq\\\\tv[0-9]+.2d, v[0-9]+.2d, v[0-9]+.2d
FAIL: gcc.target/aarch64/vect-fcm-eq-d.c scan-assembler fcmeq\\\\tv[0-9]+.2d, v[0-9]+.2d, 0
FAIL: gcc.target/aarch64/vect-fcm-ge-d.c scan-tree-dump-times vect "vectorized 1 loops" 8
FAIL: gcc.target/aarch64/vect-fcm-ge-d.c scan-assembler fcmge\\\\tv[0-9]+.2d, v[0-9]+.2d, v[0-9]+.2d
FAIL: gcc.target/aarch64/vect-fcm-ge-d.c scan-assembler fcmge\\\\tv[0-9]+.2d, v[0-9]+.2d, 0
FAIL: gcc.target/aarch64/vect-fcm-ge-d.c scan-assembler fcmlt\\\\tv[0-9]+.2d, v[0-9]+.2d, 0
FAIL: gcc.target/aarch64/vect-fcm-gt-d.c scan-tree-dump-times vect "vectorized 1 loops" 8
FAIL: gcc.target/aarch64/vect-fcm-gt-d.c scan-assembler fcmgt\\\\tv[0-9]+.2d, v[0-9]+.2d, v[0-9]+.2d
FAIL: gcc.target/aarch64/vect-fcm-gt-d.c scan-assembler fcmgt\\\\tv[0-9]+.2d, v[0-9]+.2d, 0
FAIL: gcc.target/aarch64/vect-fcm-gt-d.c scan-assembler fcmle\\\\tv[0-9]+.2d, v[0-9]+.2d, 0
FAIL: gcc.target/aarch64/vect-fmovd-zero.c scan-assembler movi\\\\tv[0-9]+\\\\.2d, 0
FAIL: gcc.target/aarch64/vect-fmovd-zero.c scan-tree-dump-times vect "vectorized 1 loops" 1
FAIL: gcc.target/aarch64/vect-fmovd.c scan-tree-dump-times vect "vectorized 1 loops" 1
FAIL: gcc.target/aarch64/vect-fmovd.c scan-assembler fmov\\\\tv[0-9]+\\\\.2d, 4\\\\.25
FAIL: gcc.target/aarch64/vect-fmovf-zero.c scan-assembler movi\\\\tv[0-9]+\\\\.[24]s, 0
FAIL: gcc.target/aarch64/vect-fmovf-zero.c scan-tree-dump-times vect "vectorized 1 loops" 1
FAIL: gcc.target/aarch64/vect-fmovf.c scan-tree-dump-times vect "vectorized 1 loops" 1
FAIL: gcc.target/aarch64/vect-fmovf.c scan-assembler fmov\\\\tv[0-9]+\\\\.[24]s, 4\\\\.25
FAIL: gcc.target/aarch64/vect_ctz_1.c scan-assembler clz\\tv[0-9]+.4s
FAIL: gcc.target/aarch64/vect_ctz_1.c scan-assembler clz\\tv[0-9]+.2s
=== gcc Summary for thunderx-elf-sim ===
# of expected passes 95244
# of unexpected failures 58
# of unexpected successes 2
# of expected failures 236
# of unresolved testcases 3
# of unsupported tests 2140
Running target thunderx-elf-sim/-fPIC
FAIL: gcc.c-torture/execute/20000603-1.c -O2 execution test
FAIL: gcc.c-torture/execute/20000603-1.c -O3 -g execution test
FAIL: gcc.c-torture/execute/20000603-1.c -Os execution test
FAIL: gcc.c-torture/unsorted/dump-noaddr.c, -O0 -dumpbase dump1/dump-noaddr.c -DMASK=1 -x c --param ggc-min-heapsize=1 -fdump-ipa-all -fdump-rtl-all -fdump-tree-all -fdump-noaddr
FAIL: gcc.c-torture/unsorted/dump-noaddr.c, -O0 -dumpbase dump2/dump-noaddr.c -DMASK=2 -x c -fdump-ipa-all -fdump-rtl-all -fdump-tree-all -fdump-noaddr
FAIL: gcc.c-torture/unsorted/dump-noaddr.c, -O1 -dumpbase dump1/dump-noaddr.c -DMASK=1 -x c --param ggc-min-heapsize=1 -fdump-ipa-all -fdump-rtl-all -fdump-tree-all -fdump-noaddr
FAIL: gcc.c-torture/unsorted/dump-noaddr.c, -O1 -dumpbase dump2/dump-noaddr.c -DMASK=2 -x c -fdump-ipa-all -fdump-rtl-all -fdump-tree-all -fdump-noaddr
FAIL: gcc.c-torture/unsorted/dump-noaddr.c, -O2 -dumpbase dump1/dump-noaddr.c -DMASK=1 -x c --param ggc-min-heapsize=1 -fdump-ipa-all -fdump-rtl-all -fdump-tree-all -fdump-noaddr
FAIL: gcc.c-torture/unsorted/dump-noaddr.c, -O2 -dumpbase dump2/dump-noaddr.c -DMASK=2 -x c -fdump-ipa-all -fdump-rtl-all -fdump-tree-all -fdump-noaddr
FAIL: gcc.c-torture/unsorted/dump-noaddr.c, -O3 -fomit-frame-pointer -funroll-loops -fpeel-loops -ftracer -finline-functions -dumpbase dump1/dump-noaddr.c -DMASK=1 -x c --param ggc-min-heapsize=1 -fdump-ipa-all -fdump-rtl-all -fdump-tree-all -fdump-noaddr
FAIL: gcc.c-torture/unsorted/dump-noaddr.c, -O3 -fomit-frame-pointer -funroll-loops -fpeel-loops -ftracer -finline-functions -dumpbase dump2/dump-noaddr.c -DMASK=2 -x c -fdump-ipa-all -fdump-rtl-all -fdump-tree-all -fdump-noaddr
FAIL: gcc.c-torture/unsorted/dump-noaddr.c, -O3 -g -dumpbase dump1/dump-noaddr.c -DMASK=1 -x c --param ggc-min-heapsize=1 -fdump-ipa-all -fdump-rtl-all -fdump-tree-all -fdump-noaddr
FAIL: gcc.c-torture/unsorted/dump-noaddr.c, -O3 -g -dumpbase dump2/dump-noaddr.c -DMASK=2 -x c -fdump-ipa-all -fdump-rtl-all -fdump-tree-all -fdump-noaddr
FAIL: gcc.c-torture/unsorted/dump-noaddr.c, -Os -dumpbase dump1/dump-noaddr.c -DMASK=1 -x c --param ggc-min-heapsize=1 -fdump-ipa-all -fdump-rtl-all -fdump-tree-all -fdump-noaddr
FAIL: gcc.c-torture/unsorted/dump-noaddr.c, -Os -dumpbase dump2/dump-noaddr.c -DMASK=2 -x c -fdump-ipa-all -fdump-rtl-all -fdump-tree-all -fdump-noaddr
FAIL: gcc.c-torture/unsorted/dump-noaddr.c, -Og -g -dumpbase dump1/dump-noaddr.c -DMASK=1 -x c --param ggc-min-heapsize=1 -fdump-ipa-all -fdump-rtl-all -fdump-tree-all -fdump-noaddr
FAIL: gcc.c-torture/unsorted/dump-noaddr.c, -Og -g -dumpbase dump2/dump-noaddr.c -DMASK=2 -x c -fdump-ipa-all -fdump-rtl-all -fdump-tree-all -fdump-noaddr
FAIL: gcc.c-torture/unsorted/dump-noaddr.c, -O2 -flto -fno-use-linker-plugin -flto-partition=none -dumpbase dump1/dump-noaddr.c -DMASK=1 -x c --param ggc-min-heapsize=1 -fdump-ipa-all -fdump-rtl-all -fdump-tree-all -fdump-noaddr
FAIL: gcc.c-torture/unsorted/dump-noaddr.c, -O2 -flto -fno-use-linker-plugin -flto-partition=none -dumpbase dump2/dump-noaddr.c -DMASK=2 -x c -fdump-ipa-all -fdump-rtl-all -fdump-tree-all -fdump-noaddr
FAIL: gcc.c-torture/unsorted/dump-noaddr.c, -O2 -flto -fuse-linker-plugin -fno-fat-lto-objects -dumpbase dump1/dump-noaddr.c -DMASK=1 -x c --param ggc-min-heapsize=1 -fdump-ipa-all -fdump-rtl-all -fdump-tree-all -fdump-noaddr
FAIL: gcc.c-torture/unsorted/dump-noaddr.c, -O2 -flto -fuse-linker-plugin -fno-fat-lto-objects -dumpbase dump2/dump-noaddr.c -DMASK=2 -x c -fdump-ipa-all -fdump-rtl-all -fdump-tree-all -fdump-noaddr
FAIL: gcc.dg/ipa/inline-7.c scan-tree-dump-times einline "Inlining a into m" 1
FAIL: gcc.dg/ipa/ipa-icf-28.c scan-ipa-dump icf "different decl attributes"
FAIL: gcc.dg/ipa/ipa-icf-merge-1.c scan-ipa-dump icf "= foo \\\\(\\\\);"
FAIL: gcc.dg/lto/pr54709 c_lto_pr54709_0.o-c_lto_pr54709_1.o link, -fPIC -fvisibility=hidden -flto
UNRESOLVED: gcc.dg/lto/pr54709 c_lto_pr54709_0.o-c_lto_pr54709_1.o execute -fPIC -fvisibility=hidden -flto
FAIL: gcc.dg/lto/pr61526 c_lto_pr61526_0.o-c_lto_pr61526_1.o link, -fPIC -flto -flto-partition=1to1
UNRESOLVED: gcc.dg/lto/pr61526 c_lto_pr61526_0.o-c_lto_pr61526_1.o execute -fPIC -flto -flto-partition=1to1
FAIL: gcc.dg/lto/pr64415 c_lto_pr64415_0.o-c_lto_pr64415_1.o link, -O -flto -fpic
UNRESOLVED: gcc.dg/lto/pr64415 c_lto_pr64415_0.o-c_lto_pr64415_1.o execute -O -flto -fpic
FAIL: gcc.dg/tree-ssa/ifc-10.c scan-tree-dump-times ifcvt "Applying if-conversion" 1
FAIL: gcc.dg/tree-ssa/ifc-12.c scan-tree-dump-times ifcvt "Applying if-conversion" 1
FAIL: gcc.dg/tree-ssa/inline-10.c scan-tree-dump-times optimized "do_something2" 1
FAIL: gcc.dg/tree-ssa/inline-10.c scan-tree-dump-times optimized "do_something3" 1
FAIL: gcc.dg/tree-ssa/inline-10.c scan-tree-dump-not optimized "do_something \\\\(70\\\\)"
FAIL: gcc.dg/tree-ssa/inline-8.c scan-tree-dump-times einline "Inlining" 5
FAIL: gcc.dg/tree-ssa/inline-9.c scan-tree-dump-times optimized "q \\\\(15\\\\)" 1
FAIL: gcc.dg/tree-ssa/ipa-split-6.c scan-tree-dump optimized "part"
FAIL: gcc.dg/tree-ssa/pr69270-3.c scan-tree-dump-times uncprop1 ", 1" 4
FAIL: gcc.dg/tree-ssa/scev-4.c scan-tree-dump-times optimized "&a" 1
FAIL: gcc.dg/tree-ssa/slsr-8.c scan-tree-dump-times optimized " w?\\\\* " 7
FAIL: gcc.dg/vect/pr65947-1.c scan-tree-dump-times vect "LOOP VECTORIZED" 2
FAIL: gcc.dg/vect/pr65947-1.c scan-tree-dump-times vect "condition expression based on integer induction." 4
FAIL: gcc.dg/vect/pr65947-10.c scan-tree-dump-times vect "LOOP VECTORIZED" 2
FAIL: gcc.dg/vect/pr65947-12.c scan-tree-dump-times vect "LOOP VECTORIZED" 2
FAIL: gcc.dg/vect/pr65947-13.c scan-tree-dump-times vect "LOOP VECTORIZED" 2
FAIL: gcc.dg/vect/pr65947-2.c scan-tree-dump-times vect "LOOP VECTORIZED" 2
FAIL: gcc.dg/vect/pr65947-3.c scan-tree-dump-times vect "LOOP VECTORIZED" 2
FAIL: gcc.dg/vect/pr65947-4.c scan-tree-dump-times vect "LOOP VECTORIZED" 2
FAIL: gcc.dg/vect/pr65947-4.c scan-tree-dump-times vect "condition expression based on integer induction." 4
FAIL: gcc.dg/vect/pr65947-5.c scan-tree-dump-times vect "LOOP VECTORIZED" 1
FAIL: gcc.dg/vect/pr65947-6.c scan-tree-dump-times vect "LOOP VECTORIZED" 2
XPASS: gcc.dg/vect/vect-24.c scan-tree-dump-times vect "vectorized 3 loops" 1
FAIL: gcc.dg/vect/pr65947-1.c -flto -ffat-lto-objects scan-tree-dump-times vect "LOOP VECTORIZED" 2
FAIL: gcc.dg/vect/pr65947-1.c -flto -ffat-lto-objects scan-tree-dump-times vect "condition expression based on integer induction." 4
FAIL: gcc.dg/vect/pr65947-10.c -flto -ffat-lto-objects scan-tree-dump-times vect "LOOP VECTORIZED" 2
FAIL: gcc.dg/vect/pr65947-12.c -flto -ffat-lto-objects scan-tree-dump-times vect "LOOP VECTORIZED" 2
FAIL: gcc.dg/vect/pr65947-13.c -flto -ffat-lto-objects scan-tree-dump-times vect "LOOP VECTORIZED" 2
FAIL: gcc.dg/vect/pr65947-2.c -flto -ffat-lto-objects scan-tree-dump-times vect "LOOP VECTORIZED" 2
FAIL: gcc.dg/vect/pr65947-3.c -flto -ffat-lto-objects scan-tree-dump-times vect "LOOP VECTORIZED" 2
FAIL: gcc.dg/vect/pr65947-4.c -flto -ffat-lto-objects scan-tree-dump-times vect "LOOP VECTORIZED" 2
FAIL: gcc.dg/vect/pr65947-4.c -flto -ffat-lto-objects scan-tree-dump-times vect "condition expression based on integer induction." 4
FAIL: gcc.dg/vect/pr65947-5.c -flto -ffat-lto-objects scan-tree-dump-times vect "LOOP VECTORIZED" 1
FAIL: gcc.dg/vect/pr65947-6.c -flto -ffat-lto-objects scan-tree-dump-times vect "LOOP VECTORIZED" 2
XPASS: gcc.dg/vect/vect-24.c -flto -ffat-lto-objects scan-tree-dump-times vect "vectorized 3 loops" 1
FAIL: gcc.dg/vect/section-anchors-vect-69.c scan-tree-dump-times vect "Alignment of access forced using peeling" 2
FAIL: gcc.target/aarch64/fmaxmin.c scan-assembler-times fmaxnm\\tv[0-9]+.2d, v[0-9]+.2d, v[0-9]+.2d 1
FAIL: gcc.target/aarch64/fmaxmin.c scan-assembler-times fminnm\\tv[0-9]+.2d, v[0-9]+.2d, v[0-9]+.2d 1
FAIL: gcc.target/aarch64/fmul_fcvt_2.c scan-assembler-times fcvtzs\\tv[0-9].4s, v[0-9].4s*.*#2 1
FAIL: gcc.target/aarch64/fmul_fcvt_2.c scan-assembler-times fcvtzs\\tv[0-9].4s, v[0-9].4s*.*#3 1
FAIL: gcc.target/aarch64/fmul_fcvt_2.c scan-assembler-times fcvtzs\\tv[0-9].4s, v[0-9].4s*.*#4 1
FAIL: gcc.target/aarch64/fuse_adrp_add_1.c scan-assembler adrp\\tx.*, fixed_regs\\n\\tadd\\tx.*, x.*fixed_regs
FAIL: gcc.target/aarch64/pr63304_1.c (test for excess errors)
FAIL: gcc.target/aarch64/pr63304_1.c scan-assembler-times adrp 6
FAIL: gcc.target/aarch64/pr70120-2.c (test for excess errors)
FAIL: gcc.target/aarch64/vec_init_1.c scan-assembler-not stp\\\\t
FAIL: gcc.target/aarch64/vect-abs-compile.c scan-assembler abs\\\\tv[0-9]+.16b
FAIL: gcc.target/aarch64/vect-abs-compile.c scan-assembler abs\\\\tv[0-9]+.8h
FAIL: gcc.target/aarch64/vect-abs-compile.c scan-assembler abs\\\\tv[0-9]+.2d
FAIL: gcc.target/aarch64/vect-add-sub-cond.c scan-assembler-not \\tld[^\\t]*\\t[wx]
FAIL: gcc.target/aarch64/vect-clz.c scan-assembler clz\\tv[0-9]+.4s
FAIL: gcc.target/aarch64/vect-fcm-eq-d.c scan-tree-dump-times vect "vectorized 1 loops" 8
FAIL: gcc.target/aarch64/vect-fcm-eq-d.c scan-assembler fcmeq\\\\tv[0-9]+.2d, v[0-9]+.2d, v[0-9]+.2d
FAIL: gcc.target/aarch64/vect-fcm-eq-d.c scan-assembler fcmeq\\\\tv[0-9]+.2d, v[0-9]+.2d, 0
FAIL: gcc.target/aarch64/vect-fcm-ge-d.c scan-tree-dump-times vect "vectorized 1 loops" 8
FAIL: gcc.target/aarch64/vect-fcm-ge-d.c scan-assembler fcmge\\\\tv[0-9]+.2d, v[0-9]+.2d, v[0-9]+.2d
FAIL: gcc.target/aarch64/vect-fcm-ge-d.c scan-assembler fcmge\\\\tv[0-9]+.2d, v[0-9]+.2d, 0
FAIL: gcc.target/aarch64/vect-fcm-ge-d.c scan-assembler fcmlt\\\\tv[0-9]+.2d, v[0-9]+.2d, 0
FAIL: gcc.target/aarch64/vect-fcm-gt-d.c scan-tree-dump-times vect "vectorized 1 loops" 8
FAIL: gcc.target/aarch64/vect-fcm-gt-d.c scan-assembler fcmgt\\\\tv[0-9]+.2d, v[0-9]+.2d, v[0-9]+.2d
FAIL: gcc.target/aarch64/vect-fcm-gt-d.c scan-assembler fcmgt\\\\tv[0-9]+.2d, v[0-9]+.2d, 0
FAIL: gcc.target/aarch64/vect-fcm-gt-d.c scan-assembler fcmle\\\\tv[0-9]+.2d, v[0-9]+.2d, 0
FAIL: gcc.target/aarch64/vect-fmovd-zero.c scan-assembler movi\\\\tv[0-9]+\\\\.2d, 0
FAIL: gcc.target/aarch64/vect-fmovd-zero.c scan-tree-dump-times vect "vectorized 1 loops" 1
FAIL: gcc.target/aarch64/vect-fmovd.c scan-tree-dump-times vect "vectorized 1 loops" 1
FAIL: gcc.target/aarch64/vect-fmovd.c scan-assembler fmov\\\\tv[0-9]+\\\\.2d, 4\\\\.25
FAIL: gcc.target/aarch64/vect-fmovf-zero.c scan-assembler movi\\\\tv[0-9]+\\\\.[24]s, 0
FAIL: gcc.target/aarch64/vect-fmovf-zero.c scan-tree-dump-times vect "vectorized 1 loops" 1
FAIL: gcc.target/aarch64/vect-fmovf.c scan-tree-dump-times vect "vectorized 1 loops" 1
FAIL: gcc.target/aarch64/vect-fmovf.c scan-assembler fmov\\\\tv[0-9]+\\\\.[24]s, 4\\\\.25
FAIL: gcc.target/aarch64/vect_ctz_1.c scan-assembler clz\\tv[0-9]+.4s
FAIL: gcc.target/aarch64/vect_ctz_1.c scan-assembler clz\\tv[0-9]+.2s
=== gcc Summary for thunderx-elf-sim/-fPIC ===
# of expected passes 95139
# of unexpected failures 97
# of unexpected successes 2
# of expected failures 236
# of unresolved testcases 3
# of unsupported tests 2162
Running target thunderx-elf-sim/-mabi=ilp32
FAIL: gcc.c-torture/unsorted/dump-noaddr.c, -O0 -dumpbase dump1/dump-noaddr.c -DMASK=1 -x c --param ggc-min-heapsize=1 -fdump-ipa-all -fdump-rtl-all -fdump-tree-all -fdump-noaddr
FAIL: gcc.c-torture/unsorted/dump-noaddr.c, -O0 -dumpbase dump2/dump-noaddr.c -DMASK=2 -x c -fdump-ipa-all -fdump-rtl-all -fdump-tree-all -fdump-noaddr
FAIL: gcc.c-torture/unsorted/dump-noaddr.c, -O1 -dumpbase dump1/dump-noaddr.c -DMASK=1 -x c --param ggc-min-heapsize=1 -fdump-ipa-all -fdump-rtl-all -fdump-tree-all -fdump-noaddr
FAIL: gcc.c-torture/unsorted/dump-noaddr.c, -O1 -dumpbase dump2/dump-noaddr.c -DMASK=2 -x c -fdump-ipa-all -fdump-rtl-all -fdump-tree-all -fdump-noaddr
FAIL: gcc.c-torture/unsorted/dump-noaddr.c, -O2 -dumpbase dump1/dump-noaddr.c -DMASK=1 -x c --param ggc-min-heapsize=1 -fdump-ipa-all -fdump-rtl-all -fdump-tree-all -fdump-noaddr
FAIL: gcc.c-torture/unsorted/dump-noaddr.c, -O2 -dumpbase dump2/dump-noaddr.c -DMASK=2 -x c -fdump-ipa-all -fdump-rtl-all -fdump-tree-all -fdump-noaddr
FAIL: gcc.c-torture/unsorted/dump-noaddr.c, -O3 -fomit-frame-pointer -funroll-loops -fpeel-loops -ftracer -finline-functions -dumpbase dump1/dump-noaddr.c -DMASK=1 -x c --param ggc-min-heapsize=1 -fdump-ipa-all -fdump-rtl-all -fdump-tree-all -fdump-noaddr
FAIL: gcc.c-torture/unsorted/dump-noaddr.c, -O3 -fomit-frame-pointer -funroll-loops -fpeel-loops -ftracer -finline-functions -dumpbase dump2/dump-noaddr.c -DMASK=2 -x c -fdump-ipa-all -fdump-rtl-all -fdump-tree-all -fdump-noaddr
FAIL: gcc.c-torture/unsorted/dump-noaddr.c, -O3 -g -dumpbase dump1/dump-noaddr.c -DMASK=1 -x c --param ggc-min-heapsize=1 -fdump-ipa-all -fdump-rtl-all -fdump-tree-all -fdump-noaddr
FAIL: gcc.c-torture/unsorted/dump-noaddr.c, -O3 -g -dumpbase dump2/dump-noaddr.c -DMASK=2 -x c -fdump-ipa-all -fdump-rtl-all -fdump-tree-all -fdump-noaddr
FAIL: gcc.c-torture/unsorted/dump-noaddr.c, -Os -dumpbase dump1/dump-noaddr.c -DMASK=1 -x c --param ggc-min-heapsize=1 -fdump-ipa-all -fdump-rtl-all -fdump-tree-all -fdump-noaddr
FAIL: gcc.c-torture/unsorted/dump-noaddr.c, -Os -dumpbase dump2/dump-noaddr.c -DMASK=2 -x c -fdump-ipa-all -fdump-rtl-all -fdump-tree-all -fdump-noaddr
FAIL: gcc.c-torture/unsorted/dump-noaddr.c, -Og -g -dumpbase dump1/dump-noaddr.c -DMASK=1 -x c --param ggc-min-heapsize=1 -fdump-ipa-all -fdump-rtl-all -fdump-tree-all -fdump-noaddr
FAIL: gcc.c-torture/unsorted/dump-noaddr.c, -Og -g -dumpbase dump2/dump-noaddr.c -DMASK=2 -x c -fdump-ipa-all -fdump-rtl-all -fdump-tree-all -fdump-noaddr
FAIL: gcc.c-torture/unsorted/dump-noaddr.c, -O2 -flto -fno-use-linker-plugin -flto-partition=none -dumpbase dump1/dump-noaddr.c -DMASK=1 -x c --param ggc-min-heapsize=1 -fdump-ipa-all -fdump-rtl-all -fdump-tree-all -fdump-noaddr
FAIL: gcc.c-torture/unsorted/dump-noaddr.c, -O2 -flto -fno-use-linker-plugin -flto-partition=none -dumpbase dump2/dump-noaddr.c -DMASK=2 -x c -fdump-ipa-all -fdump-rtl-all -fdump-tree-all -fdump-noaddr
FAIL: gcc.c-torture/unsorted/dump-noaddr.c, -O2 -flto -fuse-linker-plugin -fno-fat-lto-objects -dumpbase dump1/dump-noaddr.c -DMASK=1 -x c --param ggc-min-heapsize=1 -fdump-ipa-all -fdump-rtl-all -fdump-tree-all -fdump-noaddr
FAIL: gcc.c-torture/unsorted/dump-noaddr.c, -O2 -flto -fuse-linker-plugin -fno-fat-lto-objects -dumpbase dump2/dump-noaddr.c -DMASK=2 -x c -fdump-ipa-all -fdump-rtl-all -fdump-tree-all -fdump-noaddr
FAIL: gcc.dg/pr64434.c scan-rtl-dump-times expand "Swap operands" 1
FAIL: gcc.dg/lto/pr54709 c_lto_pr54709_0.o-c_lto_pr54709_1.o link, -fPIC -fvisibility=hidden -flto
UNRESOLVED: gcc.dg/lto/pr54709 c_lto_pr54709_0.o-c_lto_pr54709_1.o execute -fPIC -fvisibility=hidden -flto
FAIL: gcc.dg/lto/pr61526 c_lto_pr61526_0.o-c_lto_pr61526_1.o link, -fPIC -flto -flto-partition=1to1
UNRESOLVED: gcc.dg/lto/pr61526 c_lto_pr61526_0.o-c_lto_pr61526_1.o execute -fPIC -flto -flto-partition=1to1
FAIL: gcc.dg/lto/pr64415 c_lto_pr64415_0.o-c_lto_pr64415_1.o link, -O -flto -fpic
UNRESOLVED: gcc.dg/lto/pr64415 c_lto_pr64415_0.o-c_lto_pr64415_1.o execute -O -flto -fpic
FAIL: gcc.dg/tree-ssa/pr69270-3.c scan-tree-dump-times uncprop1 ", 1" 4
FAIL: gcc.dg/tree-ssa/scev-4.c scan-tree-dump-times optimized "&a" 1
FAIL: gcc.dg/tree-ssa/scev-5.c scan-tree-dump-times optimized "&a" 1
FAIL: gcc.dg/tree-ssa/slsr-8.c scan-tree-dump-times optimized " w?\\\\* " 7
FAIL: gcc.dg/tree-ssa/sra-17.c scan-tree-dump-times esra "Removing load: a = \\\\*.?L.?C.?.?.?0;" 1
FAIL: gcc.dg/tree-ssa/sra-17.c scan-tree-dump-times esra "SR\\\\.[0-9_]+ = \\\\*.?L.?C.?.?.?0\\\\[" 4
FAIL: gcc.dg/tree-ssa/sra-18.c scan-tree-dump-times esra "Removing load: a = \\\\*.?L.?C.?.?.?0;" 1
FAIL: gcc.dg/tree-ssa/sra-18.c scan-tree-dump-times esra "SR\\\\.[0-9_]+ = \\\\*.?L.?C.?.?.?0\\\\.b\\\\[0\\\\]\\\\.f\\\\[0\\\\]\\\\.x" 1
FAIL: gcc.dg/tree-ssa/sra-18.c scan-tree-dump-times esra "SR\\\\.[0-9_]+ = \\\\*.?L.?C.?.?.?0\\\\.b\\\\[0\\\\]\\\\.f\\\\[1\\\\]\\\\.x" 1
FAIL: gcc.dg/tree-ssa/sra-18.c scan-tree-dump-times esra "SR\\\\.[0-9_]+ = \\\\*.?L.?C.?.?.?0\\\\.b\\\\[1\\\\]\\\\.f\\\\[0\\\\]\\\\.x" 1
FAIL: gcc.dg/tree-ssa/sra-18.c scan-tree-dump-times esra "SR\\\\.[0-9_]+ = \\\\*.?L.?C.?.?.?0\\\\.b\\\\[1\\\\]\\\\.f\\\\[1\\\\]\\\\.x" 1
XPASS: gcc.dg/vect/vect-24.c scan-tree-dump-times vect "vectorized 3 loops" 1
FAIL: gcc.dg/vect/vect-mult-const-pattern-1.c scan-tree-dump-times vect "vect_recog_mult_pattern: detected" 2
FAIL: gcc.dg/vect/vect-mult-const-pattern-2.c scan-tree-dump-times vect "vect_recog_mult_pattern: detected" 2
FAIL: gcc.dg/vect/vect-rounding-lceil.c scan-tree-dump-times vect "vectorized 1 loops" 1
FAIL: gcc.dg/vect/vect-rounding-lfloor.c scan-tree-dump-times vect "vectorized 1 loops" 1
XPASS: gcc.dg/vect/vect-24.c -flto -ffat-lto-objects scan-tree-dump-times vect "vectorized 3 loops" 1
FAIL: gcc.dg/vect/vect-mult-const-pattern-1.c -flto -ffat-lto-objects scan-tree-dump-times vect "vect_recog_mult_pattern: detected" 2
FAIL: gcc.dg/vect/vect-mult-const-pattern-2.c -flto -ffat-lto-objects scan-tree-dump-times vect "vect_recog_mult_pattern: detected" 2
FAIL: gcc.dg/vect/vect-rounding-lceil.c -flto -ffat-lto-objects scan-tree-dump-times vect "vectorized 1 loops" 1
FAIL: gcc.dg/vect/vect-rounding-lfloor.c -flto -ffat-lto-objects scan-tree-dump-times vect "vectorized 1 loops" 1
FAIL: gcc.target/aarch64/aapcs64/test_align-7.c execution, -O0
FAIL: gcc.target/aarch64/aapcs64/test_align-7.c execution, -O1
FAIL: gcc.target/aarch64/aapcs64/test_align-7.c execution, -O2
FAIL: gcc.target/aarch64/aapcs64/test_align-7.c execution, -O3 -g
FAIL: gcc.target/aarch64/aapcs64/test_align-7.c execution, -Os
FAIL: gcc.target/aarch64/aapcs64/test_align-7.c execution, -Og -g
FAIL: gcc.target/aarch64/cinc_common_1.c scan-assembler-times cs?inc\\tw[0-9]* 2
FAIL: gcc.target/aarch64/cinc_common_1.c scan-assembler-times cs?inc\\tx[0-9]* 2
FAIL: gcc.target/aarch64/combine_bfi_1.c scan-rtl-dump-times combine "\\\\*aarch64_bfi" 5
FAIL: gcc.target/aarch64/extend.c scan-assembler ldr\\tw[0-9]+,.*uxtw #?2]
FAIL: gcc.target/aarch64/extend.c scan-assembler ldr\\tw[0-9]+,.*uxtw]
FAIL: gcc.target/aarch64/extend.c scan-assembler ldr\\tw[0-9]+,.*sxtw #?2]
FAIL: gcc.target/aarch64/extend.c scan-assembler ldr\\tw[0-9]+,.*sxtw]
FAIL: gcc.target/aarch64/fmaxmin.c scan-assembler-times fmaxnm\\tv[0-9]+.4s, v[0-9]+.4s, v[0-9]+.4s 1
FAIL: gcc.target/aarch64/fmaxmin.c scan-assembler-times fmaxnm\\tv[0-9]+.2d, v[0-9]+.2d, v[0-9]+.2d 1
FAIL: gcc.target/aarch64/fmaxmin.c scan-assembler-times fminnm\\tv[0-9]+.4s, v[0-9]+.4s, v[0-9]+.4s 1
FAIL: gcc.target/aarch64/fmaxmin.c scan-assembler-times fminnm\\tv[0-9]+.2d, v[0-9]+.2d, v[0-9]+.2d 1
FAIL: gcc.target/aarch64/fmul_fcvt_1.c scan-assembler-times fcvtzs\\tx[0-9], s[0-9]*.*#2 1
FAIL: gcc.target/aarch64/fmul_fcvt_1.c scan-assembler-times fcvtzs\\tx[0-9], d[0-9]*.*#2 1
FAIL: gcc.target/aarch64/fmul_fcvt_1.c scan-assembler-times fcvtzu\\tx[0-9], s[0-9]*.*#2 1
FAIL: gcc.target/aarch64/fmul_fcvt_1.c scan-assembler-times fcvtzu\\tx[0-9], d[0-9]*.*#2 1
FAIL: gcc.target/aarch64/fmul_fcvt_1.c scan-assembler-times fcvtzs\\tx[0-9], s[0-9]*.*#3 1
FAIL: gcc.target/aarch64/fmul_fcvt_1.c scan-assembler-times fcvtzs\\tx[0-9], d[0-9]*.*#3 1
FAIL: gcc.target/aarch64/fmul_fcvt_1.c scan-assembler-times fcvtzu\\tx[0-9], s[0-9]*.*#3 1
FAIL: gcc.target/aarch64/fmul_fcvt_1.c scan-assembler-times fcvtzu\\tx[0-9], d[0-9]*.*#3 1
FAIL: gcc.target/aarch64/fmul_fcvt_1.c scan-assembler-times fcvtzs\\tx[0-9], s[0-9]*.*#4 1
FAIL: gcc.target/aarch64/fmul_fcvt_1.c scan-assembler-times fcvtzs\\tx[0-9], d[0-9]*.*#4 1
FAIL: gcc.target/aarch64/fmul_fcvt_1.c scan-assembler-times fcvtzu\\tx[0-9], s[0-9]*.*#4 1
FAIL: gcc.target/aarch64/fmul_fcvt_1.c scan-assembler-times fcvtzu\\tx[0-9], d[0-9]*.*#4 1
FAIL: gcc.target/aarch64/fmul_fcvt_1.c scan-assembler-times fcvtzs\\tx[0-9], s[0-9]*.*#5 1
FAIL: gcc.target/aarch64/fmul_fcvt_1.c scan-assembler-times fcvtzs\\tx[0-9], d[0-9]*.*#5 1
FAIL: gcc.target/aarch64/fmul_fcvt_1.c scan-assembler-times fcvtzu\\tx[0-9], s[0-9]*.*#5 1
FAIL: gcc.target/aarch64/fmul_fcvt_1.c scan-assembler-times fcvtzu\\tx[0-9], d[0-9]*.*#5 1
FAIL: gcc.target/aarch64/fmul_fcvt_2.c scan-assembler-times fcvtzs\\tv[0-9].4s, v[0-9].4s*.*#2 1
FAIL: gcc.target/aarch64/fmul_fcvt_2.c scan-assembler-times fcvtzs\\tv[0-9].4s, v[0-9].4s*.*#3 1
FAIL: gcc.target/aarch64/fmul_fcvt_2.c scan-assembler-times fcvtzs\\tv[0-9].4s, v[0-9].4s*.*#4 1
FAIL: gcc.target/aarch64/index.c scan-assembler-not [us]xtw\\t
FAIL: gcc.target/aarch64/mult-synth_4.c scan-assembler-times smull\\tx[0-9]+, w[0-9]+, w[0-9]+ 1
FAIL: gcc.target/aarch64/pr68102_1.c (test for excess errors)
FAIL: gcc.target/aarch64/subsp.c scan-assembler sub\\tsp, sp, x[0-9]*, sxtw 4\\n
FAIL: gcc.target/aarch64/symbol-range.c (test for excess errors)
UNRESOLVED: gcc.target/aarch64/symbol-range.c scan-assembler-not adrp\\tx[0-9]+, fixed_regs\\\\+
FAIL: gcc.target/aarch64/target_attr_3.c scan-assembler-times between mem op and 1
FAIL: gcc.target/aarch64/vect-abs-compile.c scan-assembler abs\\\\tv[0-9]+.16b
FAIL: gcc.target/aarch64/vect-abs-compile.c scan-assembler abs\\\\tv[0-9]+.8h
FAIL: gcc.target/aarch64/vect-abs-compile.c scan-assembler abs\\\\tv[0-9]+.2d
FAIL: gcc.target/aarch64/vect-clz.c scan-assembler clz\\tv[0-9]+.4s
FAIL: gcc.target/aarch64/vect-compile.c scan-assembler-times addp 2
FAIL: gcc.target/aarch64/vect-fcm-eq-d.c scan-tree-dump-times vect "vectorized 1 loops" 8
FAIL: gcc.target/aarch64/vect-fcm-eq-d.c scan-assembler fcmeq\\\\tv[0-9]+.2d, v[0-9]+.2d, v[0-9]+.2d
FAIL: gcc.target/aarch64/vect-fcm-eq-d.c scan-assembler fcmeq\\\\tv[0-9]+.2d, v[0-9]+.2d, 0
FAIL: gcc.target/aarch64/vect-fcm-eq-f.c scan-tree-dump-times vect "vectorized 1 loops" 8
FAIL: gcc.target/aarch64/vect-fcm-eq-f.c scan-assembler fcmeq\\\\tv[0-9]+.[24]s, v[0-9]+.[24]s, 0
FAIL: gcc.target/aarch64/vect-fcm-ge-d.c scan-tree-dump-times vect "vectorized 1 loops" 8
FAIL: gcc.target/aarch64/vect-fcm-ge-d.c scan-assembler fcmge\\\\tv[0-9]+.2d, v[0-9]+.2d, v[0-9]+.2d
FAIL: gcc.target/aarch64/vect-fcm-ge-d.c scan-assembler fcmge\\\\tv[0-9]+.2d, v[0-9]+.2d, 0
FAIL: gcc.target/aarch64/vect-fcm-ge-d.c scan-assembler fcmlt\\\\tv[0-9]+.2d, v[0-9]+.2d, 0
FAIL: gcc.target/aarch64/vect-fcm-ge-f.c scan-tree-dump-times vect "vectorized 1 loops" 8
FAIL: gcc.target/aarch64/vect-fcm-ge-f.c scan-assembler fcmge\\\\tv[0-9]+.[24]s, v[0-9]+.[24]s, 0
FAIL: gcc.target/aarch64/vect-fcm-ge-f.c scan-assembler fcmlt\\\\tv[0-9]+.[24]s, v[0-9]+.[24]s, 0
FAIL: gcc.target/aarch64/vect-fcm-gt-d.c scan-tree-dump-times vect "vectorized 1 loops" 8
FAIL: gcc.target/aarch64/vect-fcm-gt-d.c scan-assembler fcmgt\\\\tv[0-9]+.2d, v[0-9]+.2d, v[0-9]+.2d
FAIL: gcc.target/aarch64/vect-fcm-gt-d.c scan-assembler fcmgt\\\\tv[0-9]+.2d, v[0-9]+.2d, 0
FAIL: gcc.target/aarch64/vect-fcm-gt-d.c scan-assembler fcmle\\\\tv[0-9]+.2d, v[0-9]+.2d, 0
FAIL: gcc.target/aarch64/vect-fcm-gt-f.c scan-tree-dump-times vect "vectorized 1 loops" 8
FAIL: gcc.target/aarch64/vect-fcm-gt-f.c scan-assembler fcmgt\\\\tv[0-9]+.[24]s, v[0-9]+.[24]s, 0
FAIL: gcc.target/aarch64/vect-fcm-gt-f.c scan-assembler fcmle\\\\tv[0-9]+.[24]s, v[0-9]+.[24]s, 0
FAIL: gcc.target/aarch64/vect-fmovd-zero.c scan-assembler movi\\\\tv[0-9]+\\\\.2d, 0
FAIL: gcc.target/aarch64/vect-fmovd-zero.c scan-tree-dump-times vect "vectorized 1 loops" 1
FAIL: gcc.target/aarch64/vect-fmovd.c scan-tree-dump-times vect "vectorized 1 loops" 1
FAIL: gcc.target/aarch64/vect-fmovd.c scan-assembler fmov\\\\tv[0-9]+\\\\.2d, 4\\\\.25
FAIL: gcc.target/aarch64/vect-fmovf-zero.c scan-assembler movi\\\\tv[0-9]+\\\\.[24]s, 0
FAIL: gcc.target/aarch64/vect-fmovf-zero.c scan-tree-dump-times vect "vectorized 1 loops" 1
FAIL: gcc.target/aarch64/vect-fmovf.c scan-tree-dump-times vect "vectorized 1 loops" 1
FAIL: gcc.target/aarch64/vect-fmovf.c scan-assembler fmov\\\\tv[0-9]+\\\\.[24]s, 4\\\\.25
FAIL: gcc.target/aarch64/vect-fp-compile.c scan-assembler fneg\\\\tv
FAIL: gcc.target/aarch64/vect-fp-compile.c scan-assembler fabs\\\\tv
FAIL: gcc.target/aarch64/vect-mull-compile.c scan-assembler smull\\\\tv[0-9]+.2d
FAIL: gcc.target/aarch64/vect-mull-compile.c scan-assembler umull\\\\tv[0-9]+.2d
FAIL: gcc.target/aarch64/vect-mull-compile.c scan-assembler smull2\\\\tv[0-9]+.2d
FAIL: gcc.target/aarch64/vect-mull-compile.c scan-assembler umull2\\\\tv[0-9]+.2d
FAIL: gcc.target/aarch64/vect_ctz_1.c scan-assembler clz\\tv[0-9]+.4s
FAIL: gcc.target/aarch64/vect_ctz_1.c scan-assembler clz\\tv[0-9]+.2s
=== gcc Summary for thunderx-elf-sim/-mabi=ilp32 ===
# of expected passes 95070
# of unexpected failures 123
# of unexpected successes 2
# of expected failures 235
# of unresolved testcases 4
# of unsupported tests 2196
Running target thunderx-elf-sim/-mabi=ilp32/-fPIC
FAIL: gcc.c-torture/execute/builtins/strncpy-chk.c execution, -O3 -fomit-frame-pointer -funroll-loops -fpeel-loops -ftracer -finline-functions
FAIL: gcc.c-torture/execute/20000603-1.c -O2 execution test
FAIL: gcc.c-torture/execute/20000603-1.c -O3 -g execution test
FAIL: gcc.c-torture/execute/20000603-1.c -Os execution test
FAIL: gcc.c-torture/unsorted/dump-noaddr.c, -O0 -dumpbase dump1/dump-noaddr.c -DMASK=1 -x c --param ggc-min-heapsize=1 -fdump-ipa-all -fdump-rtl-all -fdump-tree-all -fdump-noaddr
FAIL: gcc.c-torture/unsorted/dump-noaddr.c, -O0 -dumpbase dump2/dump-noaddr.c -DMASK=2 -x c -fdump-ipa-all -fdump-rtl-all -fdump-tree-all -fdump-noaddr
FAIL: gcc.c-torture/unsorted/dump-noaddr.c, -O1 -dumpbase dump1/dump-noaddr.c -DMASK=1 -x c --param ggc-min-heapsize=1 -fdump-ipa-all -fdump-rtl-all -fdump-tree-all -fdump-noaddr
FAIL: gcc.c-torture/unsorted/dump-noaddr.c, -O1 -dumpbase dump2/dump-noaddr.c -DMASK=2 -x c -fdump-ipa-all -fdump-rtl-all -fdump-tree-all -fdump-noaddr
FAIL: gcc.c-torture/unsorted/dump-noaddr.c, -O2 -dumpbase dump1/dump-noaddr.c -DMASK=1 -x c --param ggc-min-heapsize=1 -fdump-ipa-all -fdump-rtl-all -fdump-tree-all -fdump-noaddr
FAIL: gcc.c-torture/unsorted/dump-noaddr.c, -O2 -dumpbase dump2/dump-noaddr.c -DMASK=2 -x c -fdump-ipa-all -fdump-rtl-all -fdump-tree-all -fdump-noaddr
FAIL: gcc.c-torture/unsorted/dump-noaddr.c, -O3 -fomit-frame-pointer -funroll-loops -fpeel-loops -ftracer -finline-functions -dumpbase dump1/dump-noaddr.c -DMASK=1 -x c --param ggc-min-heapsize=1 -fdump-ipa-all -fdump-rtl-all -fdump-tree-all -fdump-noaddr
FAIL: gcc.c-torture/unsorted/dump-noaddr.c, -O3 -fomit-frame-pointer -funroll-loops -fpeel-loops -ftracer -finline-functions -dumpbase dump2/dump-noaddr.c -DMASK=2 -x c -fdump-ipa-all -fdump-rtl-all -fdump-tree-all -fdump-noaddr
FAIL: gcc.c-torture/unsorted/dump-noaddr.c, -O3 -g -dumpbase dump1/dump-noaddr.c -DMASK=1 -x c --param ggc-min-heapsize=1 -fdump-ipa-all -fdump-rtl-all -fdump-tree-all -fdump-noaddr
FAIL: gcc.c-torture/unsorted/dump-noaddr.c, -O3 -g -dumpbase dump2/dump-noaddr.c -DMASK=2 -x c -fdump-ipa-all -fdump-rtl-all -fdump-tree-all -fdump-noaddr
FAIL: gcc.c-torture/unsorted/dump-noaddr.c, -Os -dumpbase dump1/dump-noaddr.c -DMASK=1 -x c --param ggc-min-heapsize=1 -fdump-ipa-all -fdump-rtl-all -fdump-tree-all -fdump-noaddr
FAIL: gcc.c-torture/unsorted/dump-noaddr.c, -Os -dumpbase dump2/dump-noaddr.c -DMASK=2 -x c -fdump-ipa-all -fdump-rtl-all -fdump-tree-all -fdump-noaddr
FAIL: gcc.c-torture/unsorted/dump-noaddr.c, -Og -g -dumpbase dump1/dump-noaddr.c -DMASK=1 -x c --param ggc-min-heapsize=1 -fdump-ipa-all -fdump-rtl-all -fdump-tree-all -fdump-noaddr
FAIL: gcc.c-torture/unsorted/dump-noaddr.c, -Og -g -dumpbase dump2/dump-noaddr.c -DMASK=2 -x c -fdump-ipa-all -fdump-rtl-all -fdump-tree-all -fdump-noaddr
FAIL: gcc.c-torture/unsorted/dump-noaddr.c, -O2 -flto -fno-use-linker-plugin -flto-partition=none -dumpbase dump1/dump-noaddr.c -DMASK=1 -x c --param ggc-min-heapsize=1 -fdump-ipa-all -fdump-rtl-all -fdump-tree-all -fdump-noaddr
FAIL: gcc.c-torture/unsorted/dump-noaddr.c, -O2 -flto -fno-use-linker-plugin -flto-partition=none -dumpbase dump2/dump-noaddr.c -DMASK=2 -x c -fdump-ipa-all -fdump-rtl-all -fdump-tree-all -fdump-noaddr
FAIL: gcc.c-torture/unsorted/dump-noaddr.c, -O2 -flto -fuse-linker-plugin -fno-fat-lto-objects -dumpbase dump1/dump-noaddr.c -DMASK=1 -x c --param ggc-min-heapsize=1 -fdump-ipa-all -fdump-rtl-all -fdump-tree-all -fdump-noaddr
FAIL: gcc.c-torture/unsorted/dump-noaddr.c, -O2 -flto -fuse-linker-plugin -fno-fat-lto-objects -dumpbase dump2/dump-noaddr.c -DMASK=2 -x c -fdump-ipa-all -fdump-rtl-all -fdump-tree-all -fdump-noaddr
FAIL: gcc.dg/pr64434.c scan-rtl-dump-times expand "Swap operands" 1
FAIL: gcc.dg/ipa/inline-7.c scan-tree-dump-times einline "Inlining a into m" 1
FAIL: gcc.dg/ipa/ipa-icf-28.c scan-ipa-dump icf "different decl attributes"
FAIL: gcc.dg/ipa/ipa-icf-merge-1.c scan-ipa-dump icf "= foo \\\\(\\\\);"
FAIL: gcc.dg/lto/pr54709 c_lto_pr54709_0.o-c_lto_pr54709_1.o link, -fPIC -fvisibility=hidden -flto
UNRESOLVED: gcc.dg/lto/pr54709 c_lto_pr54709_0.o-c_lto_pr54709_1.o execute -fPIC -fvisibility=hidden -flto
FAIL: gcc.dg/lto/pr61526 c_lto_pr61526_0.o-c_lto_pr61526_1.o link, -fPIC -flto -flto-partition=1to1
UNRESOLVED: gcc.dg/lto/pr61526 c_lto_pr61526_0.o-c_lto_pr61526_1.o execute -fPIC -flto -flto-partition=1to1
FAIL: gcc.dg/lto/pr64415 c_lto_pr64415_0.o-c_lto_pr64415_1.o link, -O -flto -fpic
UNRESOLVED: gcc.dg/lto/pr64415 c_lto_pr64415_0.o-c_lto_pr64415_1.o execute -O -flto -fpic
FAIL: gcc.dg/torture/asm-subreg-1.c -O1 (internal compiler error)
FAIL: gcc.dg/torture/asm-subreg-1.c -O1 (test for excess errors)
FAIL: gcc.dg/tree-ssa/ifc-10.c scan-tree-dump-times ifcvt "Applying if-conversion" 1
FAIL: gcc.dg/tree-ssa/ifc-12.c scan-tree-dump-times ifcvt "Applying if-conversion" 1
FAIL: gcc.dg/tree-ssa/inline-10.c scan-tree-dump-times optimized "do_something2" 1
FAIL: gcc.dg/tree-ssa/inline-10.c scan-tree-dump-times optimized "do_something3" 1
FAIL: gcc.dg/tree-ssa/inline-10.c scan-tree-dump-not optimized "do_something \\\\(70\\\\)"
FAIL: gcc.dg/tree-ssa/inline-8.c scan-tree-dump-times einline "Inlining" 5
FAIL: gcc.dg/tree-ssa/inline-9.c scan-tree-dump-times optimized "q \\\\(15\\\\)" 1
FAIL: gcc.dg/tree-ssa/ipa-split-6.c scan-tree-dump optimized "part"
FAIL: gcc.dg/tree-ssa/pr69270-3.c scan-tree-dump-times uncprop1 ", 1" 4
FAIL: gcc.dg/tree-ssa/scev-4.c scan-tree-dump-times optimized "&a" 1
FAIL: gcc.dg/tree-ssa/scev-5.c scan-tree-dump-times optimized "&a" 1
FAIL: gcc.dg/tree-ssa/slsr-8.c scan-tree-dump-times optimized " w?\\\\* " 7
FAIL: gcc.dg/tree-ssa/sra-17.c scan-tree-dump-times esra "Removing load: a = \\\\*.?L.?C.?.?.?0;" 1
FAIL: gcc.dg/tree-ssa/sra-17.c scan-tree-dump-times esra "SR\\\\.[0-9_]+ = \\\\*.?L.?C.?.?.?0\\\\[" 4
FAIL: gcc.dg/tree-ssa/sra-18.c scan-tree-dump-times esra "Removing load: a = \\\\*.?L.?C.?.?.?0;" 1
FAIL: gcc.dg/tree-ssa/sra-18.c scan-tree-dump-times esra "SR\\\\.[0-9_]+ = \\\\*.?L.?C.?.?.?0\\\\.b\\\\[0\\\\]\\\\.f\\\\[0\\\\]\\\\.x" 1
FAIL: gcc.dg/tree-ssa/sra-18.c scan-tree-dump-times esra "SR\\\\.[0-9_]+ = \\\\*.?L.?C.?.?.?0\\\\.b\\\\[0\\\\]\\\\.f\\\\[1\\\\]\\\\.x" 1
FAIL: gcc.dg/tree-ssa/sra-18.c scan-tree-dump-times esra "SR\\\\.[0-9_]+ = \\\\*.?L.?C.?.?.?0\\\\.b\\\\[1\\\\]\\\\.f\\\\[0\\\\]\\\\.x" 1
FAIL: gcc.dg/tree-ssa/sra-18.c scan-tree-dump-times esra "SR\\\\.[0-9_]+ = \\\\*.?L.?C.?.?.?0\\\\.b\\\\[1\\\\]\\\\.f\\\\[1\\\\]\\\\.x" 1
FAIL: gcc.dg/vect/pr65947-1.c scan-tree-dump-times vect "LOOP VECTORIZED" 2
FAIL: gcc.dg/vect/pr65947-1.c scan-tree-dump-times vect "condition expression based on integer induction." 4
FAIL: gcc.dg/vect/pr65947-10.c scan-tree-dump-times vect "LOOP VECTORIZED" 2
FAIL: gcc.dg/vect/pr65947-12.c scan-tree-dump-times vect "LOOP VECTORIZED" 2
FAIL: gcc.dg/vect/pr65947-13.c scan-tree-dump-times vect "LOOP VECTORIZED" 2
FAIL: gcc.dg/vect/pr65947-2.c scan-tree-dump-times vect "LOOP VECTORIZED" 2
FAIL: gcc.dg/vect/pr65947-3.c scan-tree-dump-times vect "LOOP VECTORIZED" 2
FAIL: gcc.dg/vect/pr65947-4.c scan-tree-dump-times vect "LOOP VECTORIZED" 2
FAIL: gcc.dg/vect/pr65947-4.c scan-tree-dump-times vect "condition expression based on integer induction." 4
FAIL: gcc.dg/vect/pr65947-5.c scan-tree-dump-times vect "LOOP VECTORIZED" 1
FAIL: gcc.dg/vect/pr65947-6.c scan-tree-dump-times vect "LOOP VECTORIZED" 2
XPASS: gcc.dg/vect/vect-24.c scan-tree-dump-times vect "vectorized 3 loops" 1
FAIL: gcc.dg/vect/vect-mult-const-pattern-1.c scan-tree-dump-times vect "vect_recog_mult_pattern: detected" 2
FAIL: gcc.dg/vect/vect-mult-const-pattern-2.c scan-tree-dump-times vect "vect_recog_mult_pattern: detected" 2
FAIL: gcc.dg/vect/vect-rounding-lceil.c scan-tree-dump-times vect "vectorized 1 loops" 1
FAIL: gcc.dg/vect/vect-rounding-lfloor.c scan-tree-dump-times vect "vectorized 1 loops" 1
FAIL: gcc.dg/vect/pr65947-1.c -flto -ffat-lto-objects scan-tree-dump-times vect "LOOP VECTORIZED" 2
FAIL: gcc.dg/vect/pr65947-1.c -flto -ffat-lto-objects scan-tree-dump-times vect "condition expression based on integer induction." 4
FAIL: gcc.dg/vect/pr65947-10.c -flto -ffat-lto-objects scan-tree-dump-times vect "LOOP VECTORIZED" 2
FAIL: gcc.dg/vect/pr65947-12.c -flto -ffat-lto-objects scan-tree-dump-times vect "LOOP VECTORIZED" 2
FAIL: gcc.dg/vect/pr65947-13.c -flto -ffat-lto-objects scan-tree-dump-times vect "LOOP VECTORIZED" 2
FAIL: gcc.dg/vect/pr65947-2.c -flto -ffat-lto-objects scan-tree-dump-times vect "LOOP VECTORIZED" 2
FAIL: gcc.dg/vect/pr65947-3.c -flto -ffat-lto-objects scan-tree-dump-times vect "LOOP VECTORIZED" 2
FAIL: gcc.dg/vect/pr65947-4.c -flto -ffat-lto-objects scan-tree-dump-times vect "LOOP VECTORIZED" 2
FAIL: gcc.dg/vect/pr65947-4.c -flto -ffat-lto-objects scan-tree-dump-times vect "condition expression based on integer induction." 4
FAIL: gcc.dg/vect/pr65947-5.c -flto -ffat-lto-objects scan-tree-dump-times vect "LOOP VECTORIZED" 1
FAIL: gcc.dg/vect/pr65947-6.c -flto -ffat-lto-objects scan-tree-dump-times vect "LOOP VECTORIZED" 2
XPASS: gcc.dg/vect/vect-24.c -flto -ffat-lto-objects scan-tree-dump-times vect "vectorized 3 loops" 1
FAIL: gcc.dg/vect/vect-mult-const-pattern-1.c -flto -ffat-lto-objects scan-tree-dump-times vect "vect_recog_mult_pattern: detected" 2
FAIL: gcc.dg/vect/vect-mult-const-pattern-2.c -flto -ffat-lto-objects scan-tree-dump-times vect "vect_recog_mult_pattern: detected" 2
FAIL: gcc.dg/vect/vect-rounding-lceil.c -flto -ffat-lto-objects scan-tree-dump-times vect "vectorized 1 loops" 1
FAIL: gcc.dg/vect/vect-rounding-lfloor.c -flto -ffat-lto-objects scan-tree-dump-times vect "vectorized 1 loops" 1
FAIL: gcc.dg/vect/section-anchors-vect-69.c scan-tree-dump-times vect "Alignment of access forced using peeling" 2
FAIL: gcc.target/aarch64/aapcs64/test_align-7.c execution, -O0
FAIL: gcc.target/aarch64/aapcs64/test_align-7.c execution, -O1
FAIL: gcc.target/aarch64/aapcs64/test_align-7.c execution, -O2
FAIL: gcc.target/aarch64/aapcs64/test_align-7.c execution, -O3 -g
FAIL: gcc.target/aarch64/aapcs64/test_align-7.c execution, -Os
FAIL: gcc.target/aarch64/aapcs64/test_align-7.c execution, -Og -g
FAIL: gcc.target/aarch64/cinc_common_1.c scan-assembler-times cs?inc\\tw[0-9]* 2
FAIL: gcc.target/aarch64/cinc_common_1.c scan-assembler-times cs?inc\\tx[0-9]* 2
FAIL: gcc.target/aarch64/combine_bfi_1.c scan-rtl-dump-times combine "\\\\*aarch64_bfi" 5
FAIL: gcc.target/aarch64/extend.c scan-assembler ldr\\tw[0-9]+,.*uxtw #?2]
FAIL: gcc.target/aarch64/extend.c scan-assembler ldr\\tw[0-9]+,.*uxtw]
FAIL: gcc.target/aarch64/extend.c scan-assembler ldr\\tw[0-9]+,.*sxtw #?2]
FAIL: gcc.target/aarch64/extend.c scan-assembler ldr\\tw[0-9]+,.*sxtw]
FAIL: gcc.target/aarch64/fmaxmin.c scan-assembler-times fmaxnm\\tv[0-9]+.4s, v[0-9]+.4s, v[0-9]+.4s 1
FAIL: gcc.target/aarch64/fmaxmin.c scan-assembler-times fmaxnm\\tv[0-9]+.2d, v[0-9]+.2d, v[0-9]+.2d 1
FAIL: gcc.target/aarch64/fmaxmin.c scan-assembler-times fminnm\\tv[0-9]+.4s, v[0-9]+.4s, v[0-9]+.4s 1
FAIL: gcc.target/aarch64/fmaxmin.c scan-assembler-times fminnm\\tv[0-9]+.2d, v[0-9]+.2d, v[0-9]+.2d 1
FAIL: gcc.target/aarch64/fmul_fcvt_1.c scan-assembler-times fcvtzs\\tx[0-9], s[0-9]*.*#2 1
FAIL: gcc.target/aarch64/fmul_fcvt_1.c scan-assembler-times fcvtzs\\tx[0-9], d[0-9]*.*#2 1
FAIL: gcc.target/aarch64/fmul_fcvt_1.c scan-assembler-times fcvtzu\\tx[0-9], s[0-9]*.*#2 1
FAIL: gcc.target/aarch64/fmul_fcvt_1.c scan-assembler-times fcvtzu\\tx[0-9], d[0-9]*.*#2 1
FAIL: gcc.target/aarch64/fmul_fcvt_1.c scan-assembler-times fcvtzs\\tx[0-9], s[0-9]*.*#3 1
FAIL: gcc.target/aarch64/fmul_fcvt_1.c scan-assembler-times fcvtzs\\tx[0-9], d[0-9]*.*#3 1
FAIL: gcc.target/aarch64/fmul_fcvt_1.c scan-assembler-times fcvtzu\\tx[0-9], s[0-9]*.*#3 1
FAIL: gcc.target/aarch64/fmul_fcvt_1.c scan-assembler-times fcvtzu\\tx[0-9], d[0-9]*.*#3 1
FAIL: gcc.target/aarch64/fmul_fcvt_1.c scan-assembler-times fcvtzs\\tx[0-9], s[0-9]*.*#4 1
FAIL: gcc.target/aarch64/fmul_fcvt_1.c scan-assembler-times fcvtzs\\tx[0-9], d[0-9]*.*#4 1
FAIL: gcc.target/aarch64/fmul_fcvt_1.c scan-assembler-times fcvtzu\\tx[0-9], s[0-9]*.*#4 1
FAIL: gcc.target/aarch64/fmul_fcvt_1.c scan-assembler-times fcvtzu\\tx[0-9], d[0-9]*.*#4 1
FAIL: gcc.target/aarch64/fmul_fcvt_1.c scan-assembler-times fcvtzs\\tx[0-9], s[0-9]*.*#5 1
FAIL: gcc.target/aarch64/fmul_fcvt_1.c scan-assembler-times fcvtzs\\tx[0-9], d[0-9]*.*#5 1
FAIL: gcc.target/aarch64/fmul_fcvt_1.c scan-assembler-times fcvtzu\\tx[0-9], s[0-9]*.*#5 1
FAIL: gcc.target/aarch64/fmul_fcvt_1.c scan-assembler-times fcvtzu\\tx[0-9], d[0-9]*.*#5 1
FAIL: gcc.target/aarch64/fmul_fcvt_2.c scan-assembler-times fcvtzs\\tv[0-9].4s, v[0-9].4s*.*#2 1
FAIL: gcc.target/aarch64/fmul_fcvt_2.c scan-assembler-times fcvtzs\\tv[0-9].4s, v[0-9].4s*.*#3 1
FAIL: gcc.target/aarch64/fmul_fcvt_2.c scan-assembler-times fcvtzs\\tv[0-9].4s, v[0-9].4s*.*#4 1
FAIL: gcc.target/aarch64/fuse_adrp_add_1.c scan-assembler adrp\\tx.*, fixed_regs\\n\\tadd\\tx.*, x.*fixed_regs
FAIL: gcc.target/aarch64/index.c scan-assembler-not [us]xtw\\t
FAIL: gcc.target/aarch64/mult-synth_4.c scan-assembler-times smull\\tx[0-9]+, w[0-9]+, w[0-9]+ 1
FAIL: gcc.target/aarch64/pr63304_1.c (test for excess errors)
FAIL: gcc.target/aarch64/pr63304_1.c scan-assembler-times adrp 6
FAIL: gcc.target/aarch64/pr68102_1.c (test for excess errors)
FAIL: gcc.target/aarch64/pr70120-2.c (test for excess errors)
FAIL: gcc.target/aarch64/subsp.c scan-assembler sub\\tsp, sp, x[0-9]*, sxtw 4\\n
FAIL: gcc.target/aarch64/symbol-range.c (test for excess errors)
UNRESOLVED: gcc.target/aarch64/symbol-range.c scan-assembler-not adrp\\tx[0-9]+, fixed_regs\\\\+
FAIL: gcc.target/aarch64/target_attr_3.c scan-assembler-times between mem op and 1
FAIL: gcc.target/aarch64/vec_init_1.c scan-assembler-not stp\\\\t
FAIL: gcc.target/aarch64/vect-abs-compile.c scan-assembler abs\\\\tv[0-9]+.16b
FAIL: gcc.target/aarch64/vect-abs-compile.c scan-assembler abs\\\\tv[0-9]+.8h
FAIL: gcc.target/aarch64/vect-abs-compile.c scan-assembler abs\\\\tv[0-9]+.2d
FAIL: gcc.target/aarch64/vect-add-sub-cond.c scan-assembler-not \\tld[^\\t]*\\t[wx]
FAIL: gcc.target/aarch64/vect-clz.c scan-assembler clz\\tv[0-9]+.4s
FAIL: gcc.target/aarch64/vect-compile.c scan-assembler-times addp 2
FAIL: gcc.target/aarch64/vect-fcm-eq-d.c scan-tree-dump-times vect "vectorized 1 loops" 8
FAIL: gcc.target/aarch64/vect-fcm-eq-d.c scan-assembler fcmeq\\\\tv[0-9]+.2d, v[0-9]+.2d, v[0-9]+.2d
FAIL: gcc.target/aarch64/vect-fcm-eq-d.c scan-assembler fcmeq\\\\tv[0-9]+.2d, v[0-9]+.2d, 0
FAIL: gcc.target/aarch64/vect-fcm-eq-f.c scan-tree-dump-times vect "vectorized 1 loops" 8
FAIL: gcc.target/aarch64/vect-fcm-eq-f.c scan-assembler fcmeq\\\\tv[0-9]+.[24]s, v[0-9]+.[24]s, 0
FAIL: gcc.target/aarch64/vect-fcm-ge-d.c scan-tree-dump-times vect "vectorized 1 loops" 8
FAIL: gcc.target/aarch64/vect-fcm-ge-d.c scan-assembler fcmge\\\\tv[0-9]+.2d, v[0-9]+.2d, v[0-9]+.2d
FAIL: gcc.target/aarch64/vect-fcm-ge-d.c scan-assembler fcmge\\\\tv[0-9]+.2d, v[0-9]+.2d, 0
FAIL: gcc.target/aarch64/vect-fcm-ge-d.c scan-assembler fcmlt\\\\tv[0-9]+.2d, v[0-9]+.2d, 0
FAIL: gcc.target/aarch64/vect-fcm-ge-f.c scan-tree-dump-times vect "vectorized 1 loops" 8
FAIL: gcc.target/aarch64/vect-fcm-ge-f.c scan-assembler fcmge\\\\tv[0-9]+.[24]s, v[0-9]+.[24]s, 0
FAIL: gcc.target/aarch64/vect-fcm-ge-f.c scan-assembler fcmlt\\\\tv[0-9]+.[24]s, v[0-9]+.[24]s, 0
FAIL: gcc.target/aarch64/vect-fcm-gt-d.c scan-tree-dump-times vect "vectorized 1 loops" 8
FAIL: gcc.target/aarch64/vect-fcm-gt-d.c scan-assembler fcmgt\\\\tv[0-9]+.2d, v[0-9]+.2d, v[0-9]+.2d
FAIL: gcc.target/aarch64/vect-fcm-gt-d.c scan-assembler fcmgt\\\\tv[0-9]+.2d, v[0-9]+.2d, 0
FAIL: gcc.target/aarch64/vect-fcm-gt-d.c scan-assembler fcmle\\\\tv[0-9]+.2d, v[0-9]+.2d, 0
FAIL: gcc.target/aarch64/vect-fcm-gt-f.c scan-tree-dump-times vect "vectorized 1 loops" 8
FAIL: gcc.target/aarch64/vect-fcm-gt-f.c scan-assembler fcmgt\\\\tv[0-9]+.[24]s, v[0-9]+.[24]s, 0
FAIL: gcc.target/aarch64/vect-fcm-gt-f.c scan-assembler fcmle\\\\tv[0-9]+.[24]s, v[0-9]+.[24]s, 0
FAIL: gcc.target/aarch64/vect-fmovd-zero.c scan-assembler movi\\\\tv[0-9]+\\\\.2d, 0
FAIL: gcc.target/aarch64/vect-fmovd-zero.c scan-tree-dump-times vect "vectorized 1 loops" 1
FAIL: gcc.target/aarch64/vect-fmovd.c scan-tree-dump-times vect "vectorized 1 loops" 1
FAIL: gcc.target/aarch64/vect-fmovd.c scan-assembler fmov\\\\tv[0-9]+\\\\.2d, 4\\\\.25
FAIL: gcc.target/aarch64/vect-fmovf-zero.c scan-assembler movi\\\\tv[0-9]+\\\\.[24]s, 0
FAIL: gcc.target/aarch64/vect-fmovf-zero.c scan-tree-dump-times vect "vectorized 1 loops" 1
FAIL: gcc.target/aarch64/vect-fmovf.c scan-tree-dump-times vect "vectorized 1 loops" 1
FAIL: gcc.target/aarch64/vect-fmovf.c scan-assembler fmov\\\\tv[0-9]+\\\\.[24]s, 4\\\\.25
FAIL: gcc.target/aarch64/vect-fp-compile.c scan-assembler fneg\\\\tv
FAIL: gcc.target/aarch64/vect-fp-compile.c scan-assembler fabs\\\\tv
FAIL: gcc.target/aarch64/vect-mull-compile.c scan-assembler smull\\\\tv[0-9]+.2d
FAIL: gcc.target/aarch64/vect-mull-compile.c scan-assembler umull\\\\tv[0-9]+.2d
FAIL: gcc.target/aarch64/vect-mull-compile.c scan-assembler smull2\\\\tv[0-9]+.2d
FAIL: gcc.target/aarch64/vect-mull-compile.c scan-assembler umull2\\\\tv[0-9]+.2d
FAIL: gcc.target/aarch64/vect_ctz_1.c scan-assembler clz\\tv[0-9]+.4s
FAIL: gcc.target/aarch64/vect_ctz_1.c scan-assembler clz\\tv[0-9]+.2s
=== gcc Summary for thunderx-elf-sim/-mabi=ilp32/-fPIC ===
# of expected passes 94960
# of unexpected failures 169
# of unexpected successes 2
# of expected failures 235
# of unresolved testcases 4
# of unsupported tests 2218
=== gcc Summary ===
# of expected passes 380413
# of unexpected failures 447
# of unexpected successes 8
# of expected failures 942
# of unresolved testcases 14
# of unsupported tests 8716
/home/jenkins/workspace/BuildToolchainThunder_elf_test_upstream/toolchain/src/../thunderx-tools/bin/aarch64-thunderx-elf-gcc version 7.0.0 20160901 (experimental) [master revision 6ac3840:beb58f7:986530da4bad1e6b66640f7c1120a018482b78fc] (Cavium Inc. (Build 622))
Host is x86_64-unknown-linux-gnu
=== g++ tests ===
Running target thunderx-elf-sim
UNRESOLVED: g++.dg/cpp0x/explicit12.C -std=c++11 scan-assembler-not _ZN1AIiEC1Ev
UNRESOLVED: g++.dg/cpp0x/explicit12.C -std=c++14 scan-assembler-not _ZN1AIiEC1Ev
FAIL: g++.dg/vect/slp-pr56812.cc -std=c++98 scan-tree-dump-times slp1 "basic block vectorized" 1
FAIL: g++.dg/vect/slp-pr56812.cc -std=c++11 scan-tree-dump-times slp1 "basic block vectorized" 1
FAIL: g++.dg/vect/slp-pr56812.cc -std=c++14 scan-tree-dump-times slp1 "basic block vectorized" 1
=== g++ Summary for thunderx-elf-sim ===
# of expected passes 86351
# of unexpected failures 3
# of expected failures 258
# of unresolved testcases 2
# of unsupported tests 4176
Running target thunderx-elf-sim/-fPIC
UNRESOLVED: g++.dg/cpp0x/explicit12.C -std=c++11 scan-assembler-not _ZN1AIiEC1Ev
UNRESOLVED: g++.dg/cpp0x/explicit12.C -std=c++14 scan-assembler-not _ZN1AIiEC1Ev
FAIL: g++.dg/ipa/devirt-40.C -std=gnu++98 scan-tree-dump-not fre3 "\\\\n OBJ_TYPE_REF"
FAIL: g++.dg/ipa/devirt-40.C -std=gnu++11 scan-tree-dump-not fre3 "\\\\n OBJ_TYPE_REF"
FAIL: g++.dg/ipa/devirt-40.C -std=gnu++14 scan-tree-dump-not fre3 "\\\\n OBJ_TYPE_REF"
FAIL: g++.dg/ipa/devirt-42.C -std=gnu++98 scan-ipa-dump-times inline "Discovered a virtual call to a known target" 2
FAIL: g++.dg/ipa/devirt-42.C -std=gnu++98 scan-tree-dump-times optimized "return 2" 3
FAIL: g++.dg/ipa/devirt-42.C -std=gnu++11 scan-ipa-dump-times inline "Discovered a virtual call to a known target" 2
FAIL: g++.dg/ipa/devirt-42.C -std=gnu++11 scan-tree-dump-times optimized "return 2" 3
FAIL: g++.dg/ipa/devirt-42.C -std=gnu++14 scan-ipa-dump-times inline "Discovered a virtual call to a known target" 2
FAIL: g++.dg/ipa/devirt-42.C -std=gnu++14 scan-tree-dump-times optimized "return 2" 3
FAIL: g++.dg/ipa/devirt-c-8.C -std=gnu++98 scan-ipa-dump cp "Discovered a virtual call to a known target.*A::foo"
FAIL: g++.dg/ipa/devirt-c-8.C -std=gnu++98 scan-tree-dump-times optimized "OBJ_TYPE_REF" 0
FAIL: g++.dg/ipa/devirt-c-8.C -std=gnu++11 scan-ipa-dump cp "Discovered a virtual call to a known target.*A::foo"
FAIL: g++.dg/ipa/devirt-c-8.C -std=gnu++11 scan-tree-dump-times optimized "OBJ_TYPE_REF" 0
FAIL: g++.dg/ipa/devirt-c-8.C -std=gnu++14 scan-ipa-dump cp "Discovered a virtual call to a known target.*A::foo"
FAIL: g++.dg/ipa/devirt-c-8.C -std=gnu++14 scan-tree-dump-times optimized "OBJ_TYPE_REF" 0
FAIL: g++.dg/ipa/ipa-icf-3.C -std=gnu++98 scan-ipa-dump icf "Semantic equality hit:.*bar.*->.*foo.*"
FAIL: g++.dg/ipa/ipa-icf-3.C -std=gnu++98 scan-ipa-dump icf "Equal symbols: 2"
FAIL: g++.dg/ipa/ipa-icf-3.C -std=gnu++11 scan-ipa-dump icf "Semantic equality hit:.*bar.*->.*foo.*"
FAIL: g++.dg/ipa/ipa-icf-3.C -std=gnu++11 scan-ipa-dump icf "Equal symbols: 2"
FAIL: g++.dg/ipa/ipa-icf-3.C -std=gnu++14 scan-ipa-dump icf "Semantic equality hit:.*bar.*->.*foo.*"
FAIL: g++.dg/ipa/ipa-icf-3.C -std=gnu++14 scan-ipa-dump icf "Equal symbols: 2"
FAIL: g++.dg/vect/slp-pr56812.cc -std=c++98 scan-tree-dump-times slp1 "basic block vectorized" 1
FAIL: g++.dg/vect/slp-pr56812.cc -std=c++11 scan-tree-dump-times slp1 "basic block vectorized" 1
FAIL: g++.dg/vect/slp-pr56812.cc -std=c++14 scan-tree-dump-times slp1 "basic block vectorized" 1
=== g++ Summary for thunderx-elf-sim/-fPIC ===
# of expected passes 86232
# of unexpected failures 24
# of expected failures 258
# of unresolved testcases 2
# of unsupported tests 4205
Running target thunderx-elf-sim/-mabi=ilp32
FAIL: g++.dg/abi/abi-tag23.C -std=gnu++98 scan-assembler _ZThn16_N7Derived7get_fooB3barEv
FAIL: g++.dg/abi/abi-tag23.C -std=gnu++11 scan-assembler _ZThn16_N7Derived7get_fooB3barEv
FAIL: g++.dg/abi/abi-tag23.C -std=gnu++14 scan-assembler _ZThn16_N7Derived7get_fooB3barEv
FAIL: g++.dg/abi/abi-tag23a.C -std=gnu++98 scan-assembler _ZThn16_N7Derived7get_fooEv
FAIL: g++.dg/abi/abi-tag23a.C -std=gnu++11 scan-assembler _ZThn16_N7Derived7get_fooEv
FAIL: g++.dg/abi/abi-tag23a.C -std=gnu++14 scan-assembler _ZThn16_N7Derived7get_fooEv
UNRESOLVED: g++.dg/cpp0x/explicit12.C -std=c++11 scan-assembler-not _ZN1AIiEC1Ev
UNRESOLVED: g++.dg/cpp0x/explicit12.C -std=c++14 scan-assembler-not _ZN1AIiEC1Ev
FAIL: g++.dg/vect/slp-pr56812.cc -std=c++98 scan-tree-dump-times slp1 "basic block vectorized" 1
FAIL: g++.dg/vect/slp-pr56812.cc -std=c++11 scan-tree-dump-times slp1 "basic block vectorized" 1
FAIL: g++.dg/vect/slp-pr56812.cc -std=c++14 scan-tree-dump-times slp1 "basic block vectorized" 1
=== g++ Summary for thunderx-elf-sim/-mabi=ilp32 ===
# of expected passes 86459
# of unexpected failures 9
# of expected failures 258
# of unresolved testcases 2
# of unsupported tests 4168
Running target thunderx-elf-sim/-mabi=ilp32/-fPIC
FAIL: g++.dg/abi/abi-tag23.C -std=gnu++98 scan-assembler _ZThn16_N7Derived7get_fooB3barEv
FAIL: g++.dg/abi/abi-tag23.C -std=gnu++11 scan-assembler _ZThn16_N7Derived7get_fooB3barEv
FAIL: g++.dg/abi/abi-tag23.C -std=gnu++14 scan-assembler _ZThn16_N7Derived7get_fooB3barEv
FAIL: g++.dg/abi/abi-tag23a.C -std=gnu++98 scan-assembler _ZThn16_N7Derived7get_fooEv
FAIL: g++.dg/abi/abi-tag23a.C -std=gnu++11 scan-assembler _ZThn16_N7Derived7get_fooEv
FAIL: g++.dg/abi/abi-tag23a.C -std=gnu++14 scan-assembler _ZThn16_N7Derived7get_fooEv
UNRESOLVED: g++.dg/cpp0x/explicit12.C -std=c++11 scan-assembler-not _ZN1AIiEC1Ev
UNRESOLVED: g++.dg/cpp0x/explicit12.C -std=c++14 scan-assembler-not _ZN1AIiEC1Ev
FAIL: g++.dg/ipa/devirt-40.C -std=gnu++98 scan-tree-dump-not fre3 "\\\\n OBJ_TYPE_REF"
FAIL: g++.dg/ipa/devirt-40.C -std=gnu++11 scan-tree-dump-not fre3 "\\\\n OBJ_TYPE_REF"
FAIL: g++.dg/ipa/devirt-40.C -std=gnu++14 scan-tree-dump-not fre3 "\\\\n OBJ_TYPE_REF"
FAIL: g++.dg/ipa/devirt-42.C -std=gnu++98 scan-ipa-dump-times inline "Discovered a virtual call to a known target" 2
FAIL: g++.dg/ipa/devirt-42.C -std=gnu++98 scan-tree-dump-times optimized "return 2" 3
FAIL: g++.dg/ipa/devirt-42.C -std=gnu++11 scan-ipa-dump-times inline "Discovered a virtual call to a known target" 2
FAIL: g++.dg/ipa/devirt-42.C -std=gnu++11 scan-tree-dump-times optimized "return 2" 3
FAIL: g++.dg/ipa/devirt-42.C -std=gnu++14 scan-ipa-dump-times inline "Discovered a virtual call to a known target" 2
FAIL: g++.dg/ipa/devirt-42.C -std=gnu++14 scan-tree-dump-times optimized "return 2" 3
FAIL: g++.dg/ipa/devirt-c-8.C -std=gnu++98 scan-ipa-dump cp "Discovered a virtual call to a known target.*A::foo"
FAIL: g++.dg/ipa/devirt-c-8.C -std=gnu++98 scan-tree-dump-times optimized "OBJ_TYPE_REF" 0
FAIL: g++.dg/ipa/devirt-c-8.C -std=gnu++11 scan-ipa-dump cp "Discovered a virtual call to a known target.*A::foo"
FAIL: g++.dg/ipa/devirt-c-8.C -std=gnu++11 scan-tree-dump-times optimized "OBJ_TYPE_REF" 0
FAIL: g++.dg/ipa/devirt-c-8.C -std=gnu++14 scan-ipa-dump cp "Discovered a virtual call to a known target.*A::foo"
FAIL: g++.dg/ipa/devirt-c-8.C -std=gnu++14 scan-tree-dump-times optimized "OBJ_TYPE_REF" 0
FAIL: g++.dg/ipa/ipa-icf-3.C -std=gnu++98 scan-ipa-dump icf "Semantic equality hit:.*bar.*->.*foo.*"
FAIL: g++.dg/ipa/ipa-icf-3.C -std=gnu++98 scan-ipa-dump icf "Equal symbols: 2"
FAIL: g++.dg/ipa/ipa-icf-3.C -std=gnu++11 scan-ipa-dump icf "Semantic equality hit:.*bar.*->.*foo.*"
FAIL: g++.dg/ipa/ipa-icf-3.C -std=gnu++11 scan-ipa-dump icf "Equal symbols: 2"
FAIL: g++.dg/ipa/ipa-icf-3.C -std=gnu++14 scan-ipa-dump icf "Semantic equality hit:.*bar.*->.*foo.*"
FAIL: g++.dg/ipa/ipa-icf-3.C -std=gnu++14 scan-ipa-dump icf "Equal symbols: 2"
FAIL: g++.dg/lookup/using42.C -std=c++11 execution test
FAIL: g++.dg/vect/slp-pr56812.cc -std=c++98 scan-tree-dump-times slp1 "basic block vectorized" 1
FAIL: g++.dg/vect/slp-pr56812.cc -std=c++11 scan-tree-dump-times slp1 "basic block vectorized" 1
FAIL: g++.dg/vect/slp-pr56812.cc -std=c++14 scan-tree-dump-times slp1 "basic block vectorized" 1
FAIL: g++.old-deja/g++.law/ctors2.C -std=c++11 execution test
=== g++ Summary for thunderx-elf-sim/-mabi=ilp32/-fPIC ===
# of expected passes 86338
# of unexpected failures 32
# of expected failures 258
# of unresolved testcases 2
# of unsupported tests 4197
=== g++ Summary ===
# of expected passes 345380
# of unexpected failures 68
# of expected failures 1032
# of unresolved testcases 8
# of unsupported tests 16746
/home/jenkins/workspace/BuildToolchainThunder_elf_test_upstream/toolchain/src/../thunderx-tools/bin/aarch64-thunderx-elf-c++ version 7.0.0 20160901 (experimental) [master revision 6ac3840:beb58f7:986530da4bad1e6b66640f7c1120a018482b78fc] (Cavium Inc. (Build 622))
Host is x86_64-unknown-linux-gnu
=== libstdc++ tests ===
Running target thunderx-elf-sim
FAIL: 20_util/bind/ref_neg.cc (test for excess errors)
FAIL: 20_util/pair/cons/explicit_construct.cc (test for errors, line 55)
FAIL: 21_strings/basic_string/inserters_extractors/wchar_t/10.cc execution test
FAIL: 21_strings/basic_string/inserters_extractors/wchar_t/11.cc execution test
FAIL: 21_strings/basic_string/inserters_extractors/wchar_t/5.cc execution test
FAIL: 21_strings/basic_string/numeric_conversions/char/stod.cc execution test
FAIL: 21_strings/basic_string/numeric_conversions/char/stof.cc execution test
FAIL: 21_strings/basic_string/numeric_conversions/char/stold.cc execution test
FAIL: 21_strings/basic_string/numeric_conversions/wchar_t/stod.cc execution test
FAIL: 21_strings/basic_string/numeric_conversions/wchar_t/stof.cc execution test
FAIL: 21_strings/basic_string/numeric_conversions/wchar_t/stold.cc execution test
FAIL: 21_strings/basic_string_view/inserters/wchar_t/2.cc execution test
FAIL: 22_locale/locale/cons/unicode.cc (test for excess errors)
UNRESOLVED: 22_locale/locale/cons/unicode.cc compilation failed to produce executable
FAIL: 25_algorithms/copy/streambuf_iterators/wchar_t/4.cc execution test
FAIL: 25_algorithms/find/istreambuf_iterators/wchar_t/2.cc execution test
FAIL: 25_algorithms/pop_heap/complexity.cc (test for excess errors)
UNRESOLVED: 25_algorithms/pop_heap/complexity.cc compilation failed to produce executable
FAIL: 25_algorithms/push_heap/complexity.cc (test for excess errors)
UNRESOLVED: 25_algorithms/push_heap/complexity.cc compilation failed to produce executable
FAIL: 25_algorithms/sort_heap/complexity.cc (test for excess errors)
UNRESOLVED: 25_algorithms/sort_heap/complexity.cc compilation failed to produce executable
FAIL: 27_io/basic_istream/extractors_character/wchar_t/4.cc execution test
FAIL: 27_io/basic_istream/extractors_other/wchar_t/2.cc execution test
FAIL: 27_io/basic_istream/get/wchar_t/2.cc execution test
FAIL: 27_io/basic_istream/getline/wchar_t/5.cc execution test
FAIL: 27_io/basic_istream/ignore/wchar_t/2.cc execution test
FAIL: 27_io/basic_istream/ignore/wchar_t/3.cc execution test
FAIL: 27_io/basic_istream/seekg/wchar_t/sstream.cc execution test
FAIL: 27_io/basic_istream/tellg/wchar_t/sstream.cc execution test
FAIL: 27_io/basic_ostream/inserters_arithmetic/char/hexfloat.cc execution test
FAIL: 27_io/basic_ostream/inserters_other/wchar_t/1.cc execution test
FAIL: 27_io/ios_base/sync_with_stdio/1.cc execution test
FAIL: 27_io/objects/wchar_t/12048-1.cc execution test
FAIL: 27_io/objects/wchar_t/12048-2.cc execution test
FAIL: 27_io/objects/wchar_t/12048-3.cc execution test
FAIL: 27_io/objects/wchar_t/12048-4.cc execution test
FAIL: 28_regex/iterators/regex_token_iterator/ctors/char/dr2332_neg.cc (test for errors, line 37)
FAIL: experimental/string_view/inserters/wchar_t/2.cc execution test
=== libstdc++ Summary for thunderx-elf-sim ===
# of expected passes 9185
# of unexpected failures 35
# of expected failures 64
# of unresolved testcases 4
# of unsupported tests 693
Running target thunderx-elf-sim/-fPIC
FAIL: 20_util/bind/ref_neg.cc (test for excess errors)
FAIL: 20_util/pair/cons/explicit_construct.cc (test for errors, line 55)
FAIL: 21_strings/basic_string/inserters_extractors/wchar_t/10.cc execution test
FAIL: 21_strings/basic_string/inserters_extractors/wchar_t/11.cc execution test
FAIL: 21_strings/basic_string/inserters_extractors/wchar_t/5.cc execution test
FAIL: 21_strings/basic_string/numeric_conversions/char/stod.cc execution test
FAIL: 21_strings/basic_string/numeric_conversions/char/stof.cc execution test
FAIL: 21_strings/basic_string/numeric_conversions/char/stold.cc execution test
FAIL: 21_strings/basic_string/numeric_conversions/wchar_t/stod.cc execution test
FAIL: 21_strings/basic_string/numeric_conversions/wchar_t/stof.cc execution test
FAIL: 21_strings/basic_string/numeric_conversions/wchar_t/stold.cc execution test
FAIL: 21_strings/basic_string_view/inserters/wchar_t/2.cc execution test
FAIL: 22_locale/locale/cons/unicode.cc (test for excess errors)
UNRESOLVED: 22_locale/locale/cons/unicode.cc compilation failed to produce executable
FAIL: 25_algorithms/copy/streambuf_iterators/wchar_t/4.cc execution test
FAIL: 25_algorithms/find/istreambuf_iterators/wchar_t/2.cc execution test
FAIL: 25_algorithms/pop_heap/complexity.cc (test for excess errors)
UNRESOLVED: 25_algorithms/pop_heap/complexity.cc compilation failed to produce executable
FAIL: 25_algorithms/push_heap/complexity.cc (test for excess errors)
UNRESOLVED: 25_algorithms/push_heap/complexity.cc compilation failed to produce executable
FAIL: 25_algorithms/sort_heap/complexity.cc (test for excess errors)
UNRESOLVED: 25_algorithms/sort_heap/complexity.cc compilation failed to produce executable
FAIL: 27_io/basic_istream/extractors_character/wchar_t/4.cc execution test
FAIL: 27_io/basic_istream/extractors_other/wchar_t/2.cc execution test
FAIL: 27_io/basic_istream/get/wchar_t/2.cc execution test
FAIL: 27_io/basic_istream/getline/wchar_t/5.cc execution test
FAIL: 27_io/basic_istream/ignore/wchar_t/2.cc execution test
FAIL: 27_io/basic_istream/ignore/wchar_t/3.cc execution test
FAIL: 27_io/basic_istream/seekg/wchar_t/sstream.cc execution test
FAIL: 27_io/basic_istream/tellg/wchar_t/sstream.cc execution test
FAIL: 27_io/basic_ostream/inserters_arithmetic/char/hexfloat.cc execution test
FAIL: 27_io/basic_ostream/inserters_other/wchar_t/1.cc execution test
FAIL: 27_io/ios_base/sync_with_stdio/1.cc execution test
FAIL: 27_io/objects/wchar_t/12048-1.cc execution test
FAIL: 27_io/objects/wchar_t/12048-2.cc execution test
FAIL: 27_io/objects/wchar_t/12048-3.cc execution test
FAIL: 27_io/objects/wchar_t/12048-4.cc execution test
FAIL: 28_regex/iterators/regex_token_iterator/ctors/char/dr2332_neg.cc (test for errors, line 37)
FAIL: experimental/string_view/inserters/wchar_t/2.cc execution test
=== libstdc++ Summary for thunderx-elf-sim/-fPIC ===
# of expected passes 9185
# of unexpected failures 35
# of expected failures 64
# of unresolved testcases 4
# of unsupported tests 693
Running target thunderx-elf-sim/-mabi=ilp32
FAIL: 20_util/bind/ref_neg.cc (test for excess errors)
FAIL: 20_util/pair/cons/explicit_construct.cc (test for errors, line 55)
FAIL: 21_strings/basic_string/inserters_extractors/wchar_t/10.cc execution test
FAIL: 21_strings/basic_string/inserters_extractors/wchar_t/11.cc execution test
FAIL: 21_strings/basic_string/inserters_extractors/wchar_t/5.cc execution test
FAIL: 21_strings/basic_string/numeric_conversions/char/stod.cc execution test
FAIL: 21_strings/basic_string/numeric_conversions/char/stof.cc execution test
FAIL: 21_strings/basic_string/numeric_conversions/char/stold.cc execution test
FAIL: 21_strings/basic_string/numeric_conversions/wchar_t/stod.cc execution test
FAIL: 21_strings/basic_string/numeric_conversions/wchar_t/stof.cc execution test
FAIL: 21_strings/basic_string/numeric_conversions/wchar_t/stold.cc execution test
FAIL: 21_strings/basic_string_view/inserters/wchar_t/2.cc execution test
FAIL: 22_locale/locale/cons/unicode.cc (test for excess errors)
UNRESOLVED: 22_locale/locale/cons/unicode.cc compilation failed to produce executable
FAIL: 25_algorithms/copy/streambuf_iterators/wchar_t/4.cc execution test
FAIL: 25_algorithms/find/istreambuf_iterators/wchar_t/2.cc execution test
FAIL: 25_algorithms/pop_heap/complexity.cc (test for excess errors)
UNRESOLVED: 25_algorithms/pop_heap/complexity.cc compilation failed to produce executable
FAIL: 25_algorithms/push_heap/complexity.cc (test for excess errors)
UNRESOLVED: 25_algorithms/push_heap/complexity.cc compilation failed to produce executable
FAIL: 25_algorithms/sort_heap/complexity.cc (test for excess errors)
UNRESOLVED: 25_algorithms/sort_heap/complexity.cc compilation failed to produce executable
FAIL: 27_io/basic_istream/extractors_character/wchar_t/4.cc execution test
FAIL: 27_io/basic_istream/extractors_other/wchar_t/2.cc execution test
FAIL: 27_io/basic_istream/get/wchar_t/2.cc execution test
FAIL: 27_io/basic_istream/getline/wchar_t/5.cc execution test
FAIL: 27_io/basic_istream/ignore/wchar_t/2.cc execution test
FAIL: 27_io/basic_istream/ignore/wchar_t/3.cc execution test
FAIL: 27_io/basic_istream/seekg/wchar_t/sstream.cc execution test
FAIL: 27_io/basic_istream/tellg/wchar_t/sstream.cc execution test
FAIL: 27_io/basic_ostream/inserters_arithmetic/char/hexfloat.cc execution test
FAIL: 27_io/basic_ostream/inserters_other/wchar_t/1.cc execution test
FAIL: 27_io/ios_base/sync_with_stdio/1.cc execution test
FAIL: 27_io/objects/wchar_t/12048-1.cc execution test
FAIL: 27_io/objects/wchar_t/12048-2.cc execution test
FAIL: 27_io/objects/wchar_t/12048-3.cc execution test
FAIL: 27_io/objects/wchar_t/12048-4.cc execution test
FAIL: 28_regex/iterators/regex_token_iterator/ctors/char/dr2332_neg.cc (test for errors, line 37)
FAIL: experimental/string_view/inserters/wchar_t/2.cc execution test
=== libstdc++ Summary for thunderx-elf-sim/-mabi=ilp32 ===
# of expected passes 9185
# of unexpected failures 35
# of expected failures 64
# of unresolved testcases 4
# of unsupported tests 693
Running target thunderx-elf-sim/-mabi=ilp32/-fPIC
FAIL: 20_util/bind/ref_neg.cc (test for excess errors)
FAIL: 20_util/pair/cons/explicit_construct.cc (test for errors, line 55)
FAIL: 21_strings/basic_string/inserters_extractors/wchar_t/10.cc execution test
FAIL: 21_strings/basic_string/inserters_extractors/wchar_t/11.cc execution test
FAIL: 21_strings/basic_string/inserters_extractors/wchar_t/5.cc execution test
FAIL: 21_strings/basic_string/numeric_conversions/char/stod.cc execution test
FAIL: 21_strings/basic_string/numeric_conversions/char/stof.cc execution test
FAIL: 21_strings/basic_string/numeric_conversions/char/stold.cc execution test
FAIL: 21_strings/basic_string/numeric_conversions/wchar_t/stod.cc execution test
FAIL: 21_strings/basic_string/numeric_conversions/wchar_t/stof.cc execution test
FAIL: 21_strings/basic_string/numeric_conversions/wchar_t/stold.cc execution test
FAIL: 21_strings/basic_string_view/inserters/wchar_t/2.cc execution test
FAIL: 22_locale/locale/cons/unicode.cc (test for excess errors)
UNRESOLVED: 22_locale/locale/cons/unicode.cc compilation failed to produce executable
FAIL: 25_algorithms/copy/streambuf_iterators/wchar_t/4.cc execution test
FAIL: 25_algorithms/find/istreambuf_iterators/wchar_t/2.cc execution test
FAIL: 25_algorithms/pop_heap/complexity.cc (test for excess errors)
UNRESOLVED: 25_algorithms/pop_heap/complexity.cc compilation failed to produce executable
FAIL: 25_algorithms/push_heap/complexity.cc (test for excess errors)
UNRESOLVED: 25_algorithms/push_heap/complexity.cc compilation failed to produce executable
FAIL: 25_algorithms/sort_heap/complexity.cc (test for excess errors)
UNRESOLVED: 25_algorithms/sort_heap/complexity.cc compilation failed to produce executable
FAIL: 27_io/basic_istream/extractors_character/wchar_t/4.cc execution test
FAIL: 27_io/basic_istream/extractors_other/wchar_t/2.cc execution test
FAIL: 27_io/basic_istream/get/wchar_t/2.cc execution test
FAIL: 27_io/basic_istream/getline/wchar_t/5.cc execution test
FAIL: 27_io/basic_istream/ignore/wchar_t/2.cc execution test
FAIL: 27_io/basic_istream/ignore/wchar_t/3.cc execution test
FAIL: 27_io/basic_istream/seekg/wchar_t/sstream.cc execution test
FAIL: 27_io/basic_istream/tellg/wchar_t/sstream.cc execution test
FAIL: 27_io/basic_ostream/inserters_arithmetic/char/hexfloat.cc execution test
FAIL: 27_io/basic_ostream/inserters_other/wchar_t/1.cc execution test
FAIL: 27_io/ios_base/sync_with_stdio/1.cc execution test
FAIL: 27_io/objects/wchar_t/12048-1.cc execution test
FAIL: 27_io/objects/wchar_t/12048-2.cc execution test
FAIL: 27_io/objects/wchar_t/12048-3.cc execution test
FAIL: 27_io/objects/wchar_t/12048-4.cc execution test
FAIL: 28_regex/iterators/regex_token_iterator/ctors/char/dr2332_neg.cc (test for errors, line 37)
FAIL: experimental/string_view/inserters/wchar_t/2.cc execution test
=== libstdc++ Summary for thunderx-elf-sim/-mabi=ilp32/-fPIC ===
# of expected passes 9185
# of unexpected failures 35
# of expected failures 64
# of unresolved testcases 4
# of unsupported tests 693
=== libstdc++ Summary ===
# of expected passes 36740
# of unexpected failures 140
# of expected failures 256
# of unresolved testcases 16
# of unsupported tests 2772
Compiler version: 7.0.0 20160901 (experimental) [master revision 6ac3840:beb58f7:986530da4bad1e6b66640f7c1120a018482b78fc] (Cavium Inc. (Build 622))
Platform: aarch64-thunderx-elf
configure flags:Test Run By jenkins on Thu Sep 1 02:31:59 2016
More information about the Gcc-testresults
mailing list