Results for 7.0.0 20161005 (experimental) [trunk revision 240820] (GCC) testsuite on hppa2.0w-hp-hpux11.00
John David Anglin
dave@hiauly2.hia.nrc.ca
Sat Oct 29 22:12:00 GMT 2016
=== acats tests ===
=== acats Summary ===
# of expected passes 2320
# of unexpected failures 0
Native configuration is hppa2.0w-hp-hpux11.00
=== g++ tests ===
Running target unix
FAIL: g++.dg/abi/abi-tag18a.C -std=gnu++98 scan-assembler _ZZ1fB7__test1vEN1T1gB7__test2Ev
FAIL: g++.dg/abi/abi-tag18a.C -std=gnu++98 scan-assembler _ZZZ1fB7__test1vEN1T1gEvE1x
FAIL: g++.dg/abi/abi-tag18a.C -std=gnu++11 scan-assembler _ZZ1fB7__test1vEN1T1gB7__test2Ev
FAIL: g++.dg/abi/abi-tag18a.C -std=gnu++11 scan-assembler _ZZZ1fB7__test1vEN1T1gEvE1x
FAIL: g++.dg/abi/abi-tag18a.C -std=gnu++14 scan-assembler _ZZ1fB7__test1vEN1T1gB7__test2Ev
FAIL: g++.dg/abi/abi-tag18a.C -std=gnu++14 scan-assembler _ZZZ1fB7__test1vEN1T1gEvE1x
WARNING: program timed out.
FAIL: g++.dg/cpp0x/constexpr-70001-3.C -std=c++11 (test for excess errors)
WARNING: program timed out.
FAIL: g++.dg/cpp0x/constexpr-70001-3.C -std=c++14 (test for excess errors)
WARNING: program timed out.
FAIL: g++.dg/cpp0x/constexpr-70001-4.C -std=c++11 (test for excess errors)
WARNING: program timed out.
FAIL: g++.dg/cpp0x/constexpr-70001-4.C -std=c++14 (test for excess errors)
FAIL: g++.dg/cpp1z/aligned-new1.C execution test
FAIL: g++.dg/cpp1z/aligned-new2.C execution test
FAIL: g++.dg/cpp1z/aligned-new3.C execution test
FAIL: g++.dg/cpp1z/aligned-new5.C -std=gnu++98 execution test
FAIL: g++.dg/cpp1z/aligned-new5.C -std=gnu++11 execution test
FAIL: g++.dg/cpp1z/aligned-new5.C -std=gnu++14 execution test
FAIL: g++.dg/cpp1z/aligned-new6.C -std=gnu++11 execution test
FAIL: g++.dg/cpp1z/aligned-new6.C -std=gnu++14 execution test
FAIL: g++.dg/cpp1z/init-statement6.C (test for excess errors)
FAIL: g++.dg/ipa/nothrow-1.C -std=gnu++98 scan-tree-dump optimized "__cxa_begin_catch"
FAIL: g++.dg/ipa/nothrow-1.C -std=gnu++11 scan-tree-dump optimized "__cxa_begin_catch"
FAIL: g++.dg/ipa/nothrow-1.C -std=gnu++14 scan-tree-dump optimized "__cxa_begin_catch"
FAIL: c-c++-common/gomp/clauses-2.c -std=c++98 (internal compiler error)
FAIL: c-c++-common/gomp/clauses-2.c -std=c++98 (test for errors, line 25)
FAIL: c-c++-common/gomp/clauses-2.c -std=c++98 (test for errors, line 39)
FAIL: c-c++-common/gomp/clauses-2.c -std=c++98 (test for errors, line 41)
FAIL: c-c++-common/gomp/clauses-2.c -std=c++98 (test for errors, line 43)
FAIL: c-c++-common/gomp/clauses-2.c -std=c++98 (test for excess errors)
FAIL: c-c++-common/gomp/clauses-2.c -std=c++11 (internal compiler error)
FAIL: c-c++-common/gomp/clauses-2.c -std=c++11 (test for errors, line 25)
FAIL: c-c++-common/gomp/clauses-2.c -std=c++11 (test for errors, line 39)
FAIL: c-c++-common/gomp/clauses-2.c -std=c++11 (test for errors, line 41)
FAIL: c-c++-common/gomp/clauses-2.c -std=c++11 (test for errors, line 43)
FAIL: c-c++-common/gomp/clauses-2.c -std=c++11 (test for excess errors)
FAIL: c-c++-common/gomp/clauses-2.c -std=c++14 (internal compiler error)
FAIL: c-c++-common/gomp/clauses-2.c -std=c++14 (test for errors, line 25)
FAIL: c-c++-common/gomp/clauses-2.c -std=c++14 (test for errors, line 39)
FAIL: c-c++-common/gomp/clauses-2.c -std=c++14 (test for errors, line 41)
FAIL: c-c++-common/gomp/clauses-2.c -std=c++14 (test for errors, line 43)
FAIL: c-c++-common/gomp/clauses-2.c -std=c++14 (test for excess errors)
WARNING: program timed out.
WARNING: program timed out.
FAIL: g++.dg/torture/pr65655.C -O0 (test for excess errors)
WARNING: program timed out.
FAIL: g++.dg/torture/pr65655.C -O1 (test for excess errors)
WARNING: program timed out.
FAIL: g++.dg/torture/pr65655.C -O2 (test for excess errors)
WARNING: program timed out.
FAIL: g++.dg/torture/pr65655.C -O3 -g (test for excess errors)
WARNING: program timed out.
FAIL: g++.dg/torture/pr65655.C -Os (test for excess errors)
=== g++ Summary ===
# of expected passes 89667
# of unexpected failures 45
# of expected failures 313
# of unsupported tests 4516
/home/gnu/gcc/objdir/gcc/testsuite/g++/../../xg++ version 7.0.0 20161005 (experimental) [trunk revision 240820] (GCC)
=== gcc tests ===
Running target unix
WARNING: program timed out.
FAIL: gcc.c-torture/compile/limits-structnest.c -O0 (test for excess errors)
WARNING: program timed out.
FAIL: gcc.c-torture/compile/limits-structnest.c -O1 (test for excess errors)
WARNING: program timed out.
FAIL: gcc.c-torture/compile/limits-structnest.c -O2 (test for excess errors)
WARNING: program timed out.
FAIL: gcc.c-torture/compile/limits-structnest.c -O3 -g (test for excess errors)
WARNING: program timed out.
FAIL: gcc.c-torture/compile/limits-structnest.c -Os (test for excess errors)
FAIL: gcc.dg/atomic/c11-atomic-exec-5.c -O0 execution test
FAIL: gcc.dg/atomic/c11-atomic-exec-5.c -O1 execution test
FAIL: gcc.dg/atomic/c11-atomic-exec-5.c -O2 execution test
FAIL: gcc.dg/atomic/c11-atomic-exec-5.c -O3 -fomit-frame-pointer -funroll-loops -fpeel-loops -ftracer -finline-functions execution test
FAIL: gcc.dg/atomic/c11-atomic-exec-5.c -O3 -g execution test
FAIL: gcc.dg/atomic/c11-atomic-exec-5.c -Os execution test
WARNING: program timed out.
FAIL: gcc.dg/c11-atomic-2.c (test for excess errors)
WARNING: program timed out.
FAIL: gcc.dg/c99-intconst-1.c (test for excess errors)
WARNING: program timed out.
FAIL: gcc.dg/pr48141.c (test for excess errors)
FAIL: gcc.dg/pr77587.c (test for excess errors)
UNRESOLVED: gcc.dg/pr77587.c compilation failed to produce executable
FAIL: gcc.dg/pr77587a.c (test for excess errors)
FAIL: c-c++-common/Wunused-var-15.c -Wc++-compat (test for excess errors)
FAIL: c-c++-common/gomp/clauses-2.c (internal compiler error)
FAIL: c-c++-common/gomp/clauses-2.c (test for errors, line 25)
FAIL: c-c++-common/gomp/clauses-2.c (test for errors, line 39)
FAIL: c-c++-common/gomp/clauses-2.c (test for errors, line 41)
FAIL: c-c++-common/gomp/clauses-2.c (test for errors, line 43)
FAIL: c-c++-common/gomp/clauses-2.c (test for excess errors)
WARNING: program timed out.
FAIL: gcc.dg/ipa/ipcp-cstagg-7.c scan-ipa-dump-times cp "Discovered an indirect call to a known target" 3
FAIL: gcc.dg/ipa/pr77653.c scan-ipa-dump icf "Not unifying; address of original may be compared."
FAIL: gcc.dg/tree-ssa/builtin-sprintf-warn-1.c (test for warnings, line 359)
FAIL: gcc.dg/tree-ssa/builtin-sprintf-warn-1.c (test for warnings, line 1229)
FAIL: gcc.dg/tree-ssa/builtin-sprintf-warn-1.c (test for warnings, line 1279)
FAIL: gcc.dg/tree-ssa/builtin-sprintf-warn-1.c (test for warnings, line 1390)
FAIL: gcc.dg/tree-ssa/builtin-sprintf-warn-1.c (test for excess errors)
FAIL: gcc.dg/tree-ssa/builtin-sprintf-warn-2.c (test for warnings, line 50)
FAIL: gcc.dg/tree-ssa/builtin-sprintf-warn-4.c (test for excess errors)
XPASS: gcc.dg/tree-ssa/builtin-sprintf-warn-6.c unsigned long long (test for bogus messages, line 91)
FAIL: gcc.dg/tree-ssa/builtin-sprintf.c execution test
FAIL: gcc.dg/tree-ssa/pr69270-3.c scan-tree-dump-times uncprop1 ", 1" 4
FAIL: gcc.dg/tree-ssa/scev-4.c scan-tree-dump-times optimized "&a" 1
FAIL: gcc.dg/tree-ssa/scev-5.c scan-tree-dump-times optimized "&a" 1
FAIL: gcc.dg/tree-ssa/slsr-8.c scan-tree-dump-times optimized " w?\\\\* " 7
FAIL: gcc.target/hppa/shadd-3.c scan-assembler-times sh.add 5
=== gcc Summary ===
# of expected passes 70823
# of unexpected failures 38
# of unexpected successes 1
# of expected failures 160
# of unresolved testcases 1
# of unsupported tests 2085
/home/gnu/gcc/objdir/gcc/xgcc version 7.0.0 20161005 (experimental) [trunk revision 240820] (GCC)
=== gfortran tests ===
Running target unix
FAIL: gfortran.dg/coarray/event_2.f90 -fcoarray=lib -O2 -lcaf_single -latomic execution test
FAIL: gfortran.dg/coarray_alloc_comp_1.f08 -O0 (test for excess errors)
FAIL: gfortran.dg/coarray_alloc_comp_1.f08 -O0 execution test
FAIL: gfortran.dg/coarray_alloc_comp_1.f08 -O1 (test for excess errors)
FAIL: gfortran.dg/coarray_alloc_comp_1.f08 -O1 execution test
FAIL: gfortran.dg/coarray_alloc_comp_1.f08 -O2 (test for excess errors)
FAIL: gfortran.dg/coarray_alloc_comp_1.f08 -O2 execution test
FAIL: gfortran.dg/coarray_alloc_comp_1.f08 -O3 -fomit-frame-pointer -funroll-loops -fpeel-loops -ftracer -finline-functions (test for excess errors)
FAIL: gfortran.dg/coarray_alloc_comp_1.f08 -O3 -fomit-frame-pointer -funroll-loops -fpeel-loops -ftracer -finline-functions execution test
FAIL: gfortran.dg/coarray_alloc_comp_1.f08 -O3 -g (test for excess errors)
FAIL: gfortran.dg/coarray_alloc_comp_1.f08 -O3 -g execution test
FAIL: gfortran.dg/coarray_alloc_comp_1.f08 -Os (test for excess errors)
FAIL: gfortran.dg/coarray_alloc_comp_1.f08 -Os execution test
FAIL: gfortran.dg/coarray_allocate_10.f08 -O0 (test for excess errors)
FAIL: gfortran.dg/coarray_allocate_10.f08 -O0 execution test
FAIL: gfortran.dg/coarray_allocate_10.f08 -O1 (test for excess errors)
FAIL: gfortran.dg/coarray_allocate_10.f08 -O1 execution test
FAIL: gfortran.dg/coarray_allocate_10.f08 -O2 (test for excess errors)
FAIL: gfortran.dg/coarray_allocate_10.f08 -O2 execution test
FAIL: gfortran.dg/coarray_allocate_10.f08 -O3 -fomit-frame-pointer -funroll-loops -fpeel-loops -ftracer -finline-functions (test for excess errors)
FAIL: gfortran.dg/coarray_allocate_10.f08 -O3 -fomit-frame-pointer -funroll-loops -fpeel-loops -ftracer -finline-functions execution test
FAIL: gfortran.dg/coarray_allocate_10.f08 -O3 -g (test for excess errors)
FAIL: gfortran.dg/coarray_allocate_10.f08 -O3 -g execution test
FAIL: gfortran.dg/coarray_allocate_10.f08 -Os (test for excess errors)
FAIL: gfortran.dg/coarray_allocate_10.f08 -Os execution test
FAIL: gfortran.dg/coarray_allocate_7.f08 -O0 (test for excess errors)
FAIL: gfortran.dg/coarray_allocate_7.f08 -O0 execution test
FAIL: gfortran.dg/coarray_allocate_7.f08 -O1 (test for excess errors)
FAIL: gfortran.dg/coarray_allocate_7.f08 -O1 execution test
FAIL: gfortran.dg/coarray_allocate_7.f08 -O2 (test for excess errors)
FAIL: gfortran.dg/coarray_allocate_7.f08 -O2 execution test
FAIL: gfortran.dg/coarray_allocate_7.f08 -O3 -fomit-frame-pointer -funroll-loops -fpeel-loops -ftracer -finline-functions (test for excess errors)
FAIL: gfortran.dg/coarray_allocate_7.f08 -O3 -fomit-frame-pointer -funroll-loops -fpeel-loops -ftracer -finline-functions execution test
FAIL: gfortran.dg/coarray_allocate_7.f08 -O3 -g (test for excess errors)
FAIL: gfortran.dg/coarray_allocate_7.f08 -O3 -g execution test
FAIL: gfortran.dg/coarray_allocate_7.f08 -Os (test for excess errors)
FAIL: gfortran.dg/coarray_allocate_7.f08 -Os execution test
FAIL: gfortran.dg/coarray_allocate_8.f08 -O0 (test for excess errors)
FAIL: gfortran.dg/coarray_allocate_8.f08 -O0 execution test
FAIL: gfortran.dg/coarray_allocate_8.f08 -O1 (test for excess errors)
FAIL: gfortran.dg/coarray_allocate_8.f08 -O1 execution test
FAIL: gfortran.dg/coarray_allocate_8.f08 -O2 (test for excess errors)
FAIL: gfortran.dg/coarray_allocate_8.f08 -O2 execution test
FAIL: gfortran.dg/coarray_allocate_8.f08 -O3 -fomit-frame-pointer -funroll-loops -fpeel-loops -ftracer -finline-functions (test for excess errors)
FAIL: gfortran.dg/coarray_allocate_8.f08 -O3 -fomit-frame-pointer -funroll-loops -fpeel-loops -ftracer -finline-functions execution test
FAIL: gfortran.dg/coarray_allocate_8.f08 -O3 -g (test for excess errors)
FAIL: gfortran.dg/coarray_allocate_8.f08 -O3 -g execution test
FAIL: gfortran.dg/coarray_allocate_8.f08 -Os (test for excess errors)
FAIL: gfortran.dg/coarray_allocate_8.f08 -Os execution test
FAIL: gfortran.dg/coarray_allocate_9.f08 -O0 (test for excess errors)
FAIL: gfortran.dg/coarray_allocate_9.f08 -O0 execution test
FAIL: gfortran.dg/coarray_allocate_9.f08 -O1 (test for excess errors)
FAIL: gfortran.dg/coarray_allocate_9.f08 -O1 execution test
FAIL: gfortran.dg/coarray_allocate_9.f08 -O2 (test for excess errors)
FAIL: gfortran.dg/coarray_allocate_9.f08 -O2 execution test
FAIL: gfortran.dg/coarray_allocate_9.f08 -O3 -fomit-frame-pointer -funroll-loops -fpeel-loops -ftracer -finline-functions (test for excess errors)
FAIL: gfortran.dg/coarray_allocate_9.f08 -O3 -fomit-frame-pointer -funroll-loops -fpeel-loops -ftracer -finline-functions execution test
FAIL: gfortran.dg/coarray_allocate_9.f08 -O3 -g (test for excess errors)
FAIL: gfortran.dg/coarray_allocate_9.f08 -O3 -g execution test
FAIL: gfortran.dg/coarray_allocate_9.f08 -Os (test for excess errors)
FAIL: gfortran.dg/coarray_allocate_9.f08 -Os execution test
FAIL: gfortran.dg/coarray_send_by_ref_1.f08 -O0 (test for excess errors)
FAIL: gfortran.dg/coarray_send_by_ref_1.f08 -O0 execution test
FAIL: gfortran.dg/coarray_send_by_ref_1.f08 -O1 (test for excess errors)
FAIL: gfortran.dg/coarray_send_by_ref_1.f08 -O1 execution test
FAIL: gfortran.dg/coarray_send_by_ref_1.f08 -O2 (test for excess errors)
FAIL: gfortran.dg/coarray_send_by_ref_1.f08 -O2 execution test
FAIL: gfortran.dg/coarray_send_by_ref_1.f08 -O3 -fomit-frame-pointer -funroll-loops -fpeel-loops -ftracer -finline-functions (test for excess errors)
FAIL: gfortran.dg/coarray_send_by_ref_1.f08 -O3 -fomit-frame-pointer -funroll-loops -fpeel-loops -ftracer -finline-functions execution test
FAIL: gfortran.dg/coarray_send_by_ref_1.f08 -O3 -g (test for excess errors)
FAIL: gfortran.dg/coarray_send_by_ref_1.f08 -O3 -g execution test
FAIL: gfortran.dg/coarray_send_by_ref_1.f08 -Os (test for excess errors)
FAIL: gfortran.dg/coarray_send_by_ref_1.f08 -Os execution test
FAIL: gfortran.dg/coarray_stat_2.f90 -O0 (test for excess errors)
FAIL: gfortran.dg/coarray_stat_2.f90 -O0 execution test
FAIL: gfortran.dg/coarray_stat_2.f90 -O1 (test for excess errors)
FAIL: gfortran.dg/coarray_stat_2.f90 -O1 execution test
FAIL: gfortran.dg/coarray_stat_2.f90 -O2 (test for excess errors)
FAIL: gfortran.dg/coarray_stat_2.f90 -O2 execution test
FAIL: gfortran.dg/coarray_stat_2.f90 -O3 -fomit-frame-pointer -funroll-loops -fpeel-loops -ftracer -finline-functions (test for excess errors)
FAIL: gfortran.dg/coarray_stat_2.f90 -O3 -fomit-frame-pointer -funroll-loops -fpeel-loops -ftracer -finline-functions execution test
FAIL: gfortran.dg/coarray_stat_2.f90 -O3 -g (test for excess errors)
FAIL: gfortran.dg/coarray_stat_2.f90 -O3 -g execution test
FAIL: gfortran.dg/coarray_stat_2.f90 -Os (test for excess errors)
FAIL: gfortran.dg/coarray_stat_2.f90 -Os execution test
FAIL: gfortran.dg/coindexed_1.f90 -O0 (test for excess errors)
FAIL: gfortran.dg/coindexed_1.f90 -O0 execution test
FAIL: gfortran.dg/coindexed_1.f90 -O1 (test for excess errors)
FAIL: gfortran.dg/coindexed_1.f90 -O1 execution test
FAIL: gfortran.dg/coindexed_1.f90 -O2 (test for excess errors)
FAIL: gfortran.dg/coindexed_1.f90 -O2 execution test
FAIL: gfortran.dg/coindexed_1.f90 -O3 -fomit-frame-pointer -funroll-loops -fpeel-loops -ftracer -finline-functions (test for excess errors)
FAIL: gfortran.dg/coindexed_1.f90 -O3 -fomit-frame-pointer -funroll-loops -fpeel-loops -ftracer -finline-functions execution test
FAIL: gfortran.dg/coindexed_1.f90 -O3 -g (test for excess errors)
FAIL: gfortran.dg/coindexed_1.f90 -O3 -g execution test
FAIL: gfortran.dg/coindexed_1.f90 -Os (test for excess errors)
FAIL: gfortran.dg/coindexed_1.f90 -Os execution test
WARNING: program timed out.
FAIL: gfortran.dg/minlocval_3.f90 -O3 -fomit-frame-pointer -funroll-loops -fpeel-loops -ftracer -finline-functions (test for excess errors)
UNRESOLVED: gfortran.dg/minlocval_3.f90 -O3 -fomit-frame-pointer -funroll-loops -fpeel-loops -ftracer -finline-functions compilation failed to produce executable
WARNING: program timed out.
FAIL: gfortran.dg/minlocval_3.f90 -O3 -g (test for excess errors)
UNRESOLVED: gfortran.dg/minlocval_3.f90 -O3 -g compilation failed to produce executable
FAIL: gfortran.dg/pr70937.f90 -O (test for excess errors)
=== gfortran Summary ===
# of expected passes 41239
# of unexpected failures 100
# of expected failures 82
# of unresolved testcases 2
# of unsupported tests 424
/home/gnu/gcc/objdir/gcc/testsuite/gfortran/../../gfortran version 7.0.0 20161005 (experimental) [trunk revision 240820] (GCC)
=== gnat tests ===
Running target unix
FAIL: gnat.dg/debug7.adb (test for excess errors)
UNRESOLVED: gnat.dg/debug7.adb scan-assembler DW_TAG_imported_decl
=== gnat Summary ===
# of expected passes 2477
# of unexpected failures 1
# of expected failures 22
# of unresolved testcases 1
# of unsupported tests 24
/home/gnu/gcc/objdir/gcc/gnatmake version 7.0.0 20161005 (experimental) [trunk revision 240820]
=== obj-c++ tests ===
Running target unix
=== obj-c++ Summary ===
# of expected passes 1400
# of expected failures 2
# of unsupported tests 60
/home/gnu/gcc/objdir/gcc/testsuite/obj-c++/../../xg++ version 7.0.0 20161005 (experimental) [trunk revision 240820] (GCC)
=== objc tests ===
Running target unix
=== objc Summary ===
# of expected passes 2705
# of unsupported tests 61
/home/gnu/gcc/objdir/gcc/xgcc version 7.0.0 20161005 (experimental) [trunk revision 240820] (GCC)
=== libatomic tests ===
Running target unix
=== libatomic Summary ===
# of expected passes 44
# of unsupported tests 5
=== libgomp tests ===
Running target unix
WARNING: program timed out.
FAIL: libgomp.c/for-3.c (test for excess errors)
UNRESOLVED: libgomp.c/for-3.c compilation failed to produce executable
WARNING: program timed out.
FAIL: libgomp.c/for-5.c (test for excess errors)
UNRESOLVED: libgomp.c/for-5.c compilation failed to produce executable
WARNING: program timed out.
FAIL: libgomp.c/for-6.c (test for excess errors)
UNRESOLVED: libgomp.c/for-6.c compilation failed to produce executable
FAIL: libgomp.c/target-29.c (internal compiler error)
FAIL: libgomp.c/target-29.c (test for excess errors)
UNRESOLVED: libgomp.c/target-29.c compilation failed to produce executable
WARNING: program timed out.
FAIL: libgomp.c++/for-11.C (test for excess errors)
UNRESOLVED: libgomp.c++/for-11.C compilation failed to produce executable
WARNING: program timed out.
FAIL: libgomp.c++/for-13.C (test for excess errors)
UNRESOLVED: libgomp.c++/for-13.C compilation failed to produce executable
WARNING: program timed out.
FAIL: libgomp.c++/for-14.C (test for excess errors)
UNRESOLVED: libgomp.c++/for-14.C compilation failed to produce executable
FAIL: libgomp.c++/member-5.C execution test
FAIL: libgomp.c++/target-15.C (internal compiler error)
FAIL: libgomp.c++/target-15.C (test for excess errors)
UNRESOLVED: libgomp.c++/target-15.C compilation failed to produce executable
FAIL: libgomp.c++/target-16.C (internal compiler error)
FAIL: libgomp.c++/target-16.C (test for excess errors)
UNRESOLVED: libgomp.c++/target-16.C compilation failed to produce executable
FAIL: libgomp.c++/target-17.C (internal compiler error)
FAIL: libgomp.c++/target-17.C (test for excess errors)
UNRESOLVED: libgomp.c++/target-17.C compilation failed to produce executable
FAIL: libgomp.c++/target-19.C (internal compiler error)
FAIL: libgomp.c++/target-19.C (test for excess errors)
UNRESOLVED: libgomp.c++/target-19.C compilation failed to produce executable
FAIL: libgomp.oacc-c/../libgomp.oacc-c-c++-common/atomic_update-1.c -DACC_DEVICE_TYPE_host=1 -DACC_MEM_SHARED=1 -O2 execution test
FAIL: libgomp.oacc-c/../libgomp.oacc-c-c++-common/reduction-cplx-dbl.c -DACC_DEVICE_TYPE_host=1 -DACC_MEM_SHARED=1 -O2 (test for excess errors)
UNRESOLVED: libgomp.oacc-c/../libgomp.oacc-c-c++-common/reduction-cplx-dbl.c -DACC_DEVICE_TYPE_host=1 -DACC_MEM_SHARED=1 -O2 compilation failed to produce executable
FAIL: libgomp.oacc-c/../libgomp.oacc-c-c++-common/reduction-cplx-flt.c -DACC_DEVICE_TYPE_host=1 -DACC_MEM_SHARED=1 -O2 (test for excess errors)
UNRESOLVED: libgomp.oacc-c/../libgomp.oacc-c-c++-common/reduction-cplx-flt.c -DACC_DEVICE_TYPE_host=1 -DACC_MEM_SHARED=1 -O2 compilation failed to produce executable
FAIL: libgomp.oacc-c++/../libgomp.oacc-c-c++-common/atomic_update-1.c -DACC_DEVICE_TYPE_host=1 -DACC_MEM_SHARED=1 -O2 execution test
FAIL: libgomp.oacc-c++/../libgomp.oacc-c-c++-common/loop-dim-default.c -DACC_DEVICE_TYPE_host=1 -DACC_MEM_SHARED=1 -O2 (test for excess errors)
UNRESOLVED: libgomp.oacc-c++/../libgomp.oacc-c-c++-common/loop-dim-default.c -DACC_DEVICE_TYPE_host=1 -DACC_MEM_SHARED=1 -O2 compilation failed to produce executable
=== libgomp Summary ===
# of expected passes 4863
# of unexpected failures 22
# of unresolved testcases 14
# of unsupported tests 398
=== libstdc++ tests ===
Running target unix
FAIL: 20_util/variant/compile.cc (test for excess errors)
FAIL: 20_util/variant/run.cc (test for excess errors)
UNRESOLVED: 20_util/variant/run.cc compilation failed to produce executable
FAIL: 22_locale/conversions/buffer/1.cc (test for excess errors)
UNRESOLVED: 22_locale/conversions/buffer/1.cc compilation failed to produce executable
FAIL: 22_locale/conversions/buffer/requirements/typedefs.cc (test for excess errors)
FAIL: 22_locale/conversions/string/1.cc (test for excess errors)
UNRESOLVED: 22_locale/conversions/string/1.cc compilation failed to produce executable
FAIL: 22_locale/conversions/string/2.cc (test for excess errors)
UNRESOLVED: 22_locale/conversions/string/2.cc compilation failed to produce executable
FAIL: 22_locale/conversions/string/3.cc (test for excess errors)
UNRESOLVED: 22_locale/conversions/string/3.cc compilation failed to produce executable
FAIL: 22_locale/conversions/string/66441.cc (test for excess errors)
UNRESOLVED: 22_locale/conversions/string/66441.cc compilation failed to produce executable
FAIL: 22_locale/conversions/string/requirements/typedefs-2.cc (test for excess errors)
FAIL: 22_locale/conversions/string/requirements/typedefs.cc (test for excess errors)
FAIL: 22_locale/num_put/put/char/14220.cc execution test
WARNING: program timed out.
FAIL: 23_containers/vector/bool/modifiers/insert/31370.cc execution test
FAIL: 27_io/basic_ostream/inserters_arithmetic/char/4402.cc execution test
FAIL: 30_threads/call_once/constexpr.cc (test for excess errors)
FAIL: 30_threads/mutex/cons/constexpr.cc (test for excess errors)
FAIL: 30_threads/once_flag/cons/constexpr.cc (test for excess errors)
=== libstdc++ Summary ===
# of expected passes 8440
# of unexpected failures 16
# of expected failures 64
# of unresolved testcases 6
# of unsupported tests 907
Compiler version: 7.0.0 20161005 (experimental) [trunk revision 240820] (GCC)
Platform: hppa2.0w-hp-hpux11.00
configure flags:Test Run By dave on Thu Oct 13 04:46:34 EDT 2016
More information about the Gcc-testresults
mailing list