Results for 7.0.0 20161021 (experimental) [trunk revision 241395] (GCC) testsuite on sparc-sun-solaris2.12
Rainer Orth
ro@CeBiTec.Uni-Bielefeld.DE
Sat Oct 22 20:23:00 GMT 2016
LAST_UPDATED: Fri Oct 21 09:00:27 2016 (revision 241395)
=== acats tests ===
=== acats Summary ===
# of expected passes 2320
# of unexpected failures 0
Native configuration is sparc-sun-solaris2.12
=== g++ tests ===
Running target unix
FAIL: g++.dg/gcov/pr16855.C -std=gnu++11 gcov: 1 failures in line counts, 0 in branch percentages, 0 in return percentages, 0 in intermediate format
FAIL: g++.dg/gcov/pr16855.C -std=gnu++11 line 21: is #####:should be 1
FAIL: g++.dg/gcov/pr16855.C -std=gnu++14 gcov: 1 failures in line counts, 0 in branch percentages, 0 in return percentages, 0 in intermediate format
FAIL: g++.dg/gcov/pr16855.C -std=gnu++14 line 21: is #####:should be 1
FAIL: g++.dg/gcov/pr16855.C -std=gnu++98 gcov: 1 failures in line counts, 0 in branch percentages, 0 in return percentages, 0 in intermediate format
FAIL: g++.dg/gcov/pr16855.C -std=gnu++98 line 21: is #####:should be 1
=== g++ Summary for unix ===
# of expected passes 100028
# of unexpected failures 6
# of expected failures 338
# of unsupported tests 4184
Running target unix/-m64
FAIL: g++.dg/gcov/pr16855.C -std=gnu++11 gcov: 1 failures in line counts, 0 in branch percentages, 0 in return percentages, 0 in intermediate format
FAIL: g++.dg/gcov/pr16855.C -std=gnu++11 line 21: is #####:should be 1
FAIL: g++.dg/gcov/pr16855.C -std=gnu++14 gcov: 1 failures in line counts, 0 in branch percentages, 0 in return percentages, 0 in intermediate format
FAIL: g++.dg/gcov/pr16855.C -std=gnu++14 line 21: is #####:should be 1
FAIL: g++.dg/gcov/pr16855.C -std=gnu++98 gcov: 1 failures in line counts, 0 in branch percentages, 0 in return percentages, 0 in intermediate format
FAIL: g++.dg/gcov/pr16855.C -std=gnu++98 line 21: is #####:should be 1
=== g++ Summary for unix/-m64 ===
# of expected passes 101916
# of unexpected failures 6
# of expected failures 338
# of unsupported tests 4153
=== g++ Summary ===
# of expected passes 201944
# of unexpected failures 12
# of expected failures 676
# of unsupported tests 8337
/var/gcc/regression/trunk/12-gcc/build/gcc/testsuite/g++/../../xg++ version 7.0.0 20161021 (experimental) [trunk revision 241395] (GCC)
=== gcc tests ===
Running target unix
FAIL: c-c++-common/cilk-plus/CK/spawner_inline.c -O3 -g execution test
FAIL: gcc.dg/graphite/scop-dsyr2k.c scan-tree-dump-times graphite "number of SCoPs: 1" 1
FAIL: gcc.dg/graphite/scop-dsyrk.c scan-tree-dump-times graphite "number of SCoPs: 1" 1
FAIL: gcc.dg/plugin/must-tail-call-1.c -fplugin=./must_tail_call_plugin.so (test for excess errors)
FAIL: gcc.dg/simulate-thread/atomic-other-int.c -O2 -g thread simulation test
FAIL: gcc.dg/simulate-thread/atomic-other-int.c -O3 -g thread simulation test
FAIL: gcc.dg/simulate-thread/speculative-store-4.c -O0 -g thread simulation test
FAIL: gcc.dg/simulate-thread/speculative-store.c -O0 -g thread simulation test
FAIL: gcc.dg/tree-ssa/pr69270-3.c scan-tree-dump-times uncprop1 ", 1" 4
XPASS: gcc.dg/tree-ssa/pr71347.c scan-tree-dump-not optimized ".* = MEM.*;"
FAIL: gcc.dg/tree-ssa/scev-3.c scan-tree-dump-times optimized "&a" 1
FAIL: gcc.dg/tree-ssa/scev-4.c scan-tree-dump-times optimized "&a" 1
FAIL: gcc.dg/tree-ssa/scev-5.c scan-tree-dump-times optimized "&a" 1
FAIL: gcc.dg/tree-ssa/slsr-8.c scan-tree-dump-times optimized " w?\\\\* " 7
FAIL: gcc.dg/vect/pr71264.c -flto -ffat-lto-objects scan-tree-dump vect "vectorized 1 loops in function"
FAIL: gcc.dg/vect/pr71264.c scan-tree-dump vect "vectorized 1 loops in function"
FAIL: gcc.dg/vect/slp-43.c -flto -ffat-lto-objects scan-tree-dump-times vect "vectorized 1 loops" 13
FAIL: gcc.dg/vect/slp-43.c scan-tree-dump-times vect "vectorized 1 loops" 13
FAIL: gcc.dg/vect/slp-45.c -flto -ffat-lto-objects scan-tree-dump-times vect "vectorized 1 loops" 13
FAIL: gcc.dg/vect/slp-45.c scan-tree-dump-times vect "vectorized 1 loops" 13
=== gcc Summary for unix ===
# of expected passes 95585
# of unexpected failures 19
# of unexpected successes 1
# of expected failures 372
# of unsupported tests 2498
Running target unix/-m64
FAIL: gcc.dg/plugin/must-tail-call-1.c -fplugin=./must_tail_call_plugin.so (test for excess errors)
FAIL: gcc.dg/tree-ssa/pr69270-3.c scan-tree-dump-times uncprop1 ", 1" 4
XPASS: gcc.dg/tree-ssa/pr71347.c scan-tree-dump-not optimized ".* = MEM.*;"
FAIL: gcc.dg/tree-ssa/scev-3.c scan-tree-dump-times optimized "&a" 1
FAIL: gcc.dg/tree-ssa/scev-4.c scan-tree-dump-times optimized "&a" 1
FAIL: gcc.dg/tree-ssa/scev-5.c scan-tree-dump-times optimized "&a" 1
FAIL: gcc.dg/tree-ssa/slsr-8.c scan-tree-dump-times optimized " w?\\\\* " 7
FAIL: gcc.dg/vect/pr71264.c -flto -ffat-lto-objects scan-tree-dump vect "vectorized 1 loops in function"
FAIL: gcc.dg/vect/pr71264.c scan-tree-dump vect "vectorized 1 loops in function"
FAIL: gcc.dg/vect/slp-43.c -flto -ffat-lto-objects scan-tree-dump-times vect "vectorized 1 loops" 13
FAIL: gcc.dg/vect/slp-43.c scan-tree-dump-times vect "vectorized 1 loops" 13
FAIL: gcc.dg/vect/slp-45.c -flto -ffat-lto-objects scan-tree-dump-times vect "vectorized 1 loops" 13
FAIL: gcc.dg/vect/slp-45.c scan-tree-dump-times vect "vectorized 1 loops" 13
=== gcc Summary for unix/-m64 ===
# of expected passes 96561
# of unexpected failures 12
# of unexpected successes 1
# of expected failures 360
# of unsupported tests 2334
=== gcc Summary ===
# of expected passes 192146
# of unexpected failures 31
# of unexpected successes 2
# of expected failures 732
# of unsupported tests 4832
/var/gcc/regression/trunk/12-gcc/build/gcc/xgcc version 7.0.0 20161021 (experimental) [trunk revision 241395] (GCC)
=== gfortran tests ===
Running target unix
FAIL: gfortran.dg/coarray/event_1.f90 -fcoarray=lib -O2 -lcaf_single -latomic execution test
FAIL: gfortran.dg/coarray/event_2.f90 -fcoarray=lib -O2 -lcaf_single -latomic execution test
=== gfortran Summary for unix ===
# of expected passes 43150
# of unexpected failures 2
# of expected failures 78
# of unsupported tests 236
Running target unix/-m64
FAIL: gfortran.dg/coarray/event_1.f90 -fcoarray=lib -O2 -lcaf_single -latomic execution test
FAIL: gfortran.dg/coarray/event_2.f90 -fcoarray=lib -O2 -lcaf_single -latomic execution test
FAIL: gfortran.dg/graphite/pr68279.f90 -O (internal compiler error)
FAIL: gfortran.dg/graphite/pr68279.f90 -O (test for excess errors)
=== gfortran Summary for unix/-m64 ===
# of expected passes 43396
# of unexpected failures 4
# of expected failures 78
# of unsupported tests 115
=== gfortran Summary ===
# of expected passes 86546
# of unexpected failures 6
# of expected failures 156
# of unsupported tests 351
/var/gcc/regression/trunk/12-gcc/build/gcc/testsuite/gfortran/../../gfortran version 7.0.0 20161021 (experimental) [trunk revision 241395] (GCC)
=== gnat tests ===
Running target unix
=== gnat Summary for unix ===
# of expected passes 2505
# of expected failures 24
# of unsupported tests 23
Running target unix/-m64
=== gnat Summary for unix/-m64 ===
# of expected passes 2505
# of expected failures 24
# of unsupported tests 23
=== gnat Summary ===
# of expected passes 5010
# of expected failures 48
# of unsupported tests 46
/var/gcc/regression/trunk/12-gcc/build/gcc/gnatmake version 7.0.0 20161021 (experimental) [trunk revision 241395]
=== go tests ===
Running target unix
FAIL: ./select5-out.go execution, -O0 -g -fno-var-tracking-assignments
FAIL: go.test/test/chan/select.go execution, -O2 -g
FAIL: go.test/test/chan/select3.go execution, -O2 -g
FAIL: go.test/test/chan/select7.go execution, -O2 -g
FAIL: go.test/test/closedchan.go execution, -O2 -g
FAIL: go.test/test/escape.go execution, -O2 -g
FAIL: go.test/test/fixedbugs/bug114.go compilation, -O2 -g
FAIL: go.test/test/fixedbugs/bug312.go execution, -O2 -g
FAIL: go.test/test/ken/chan1.go execution, -O2 -g
FAIL: go.test/test/printbig.go -O (test for excess errors)
FAIL: go.test/test/printbig.go execution
=== go Summary for unix ===
# of expected passes 7350
# of unexpected failures 11
# of expected failures 1
# of untested testcases 13
# of unsupported tests 3
Running target unix/-m64
=== go Summary for unix/-m64 ===
# of expected passes 7243
# of expected failures 1
# of untested testcases 11
# of unsupported tests 3
=== go Summary ===
# of expected passes 14593
# of unexpected failures 11
# of expected failures 2
# of untested testcases 24
# of unsupported tests 6
=== obj-c++ tests ===
Running target unix
=== obj-c++ Summary for unix ===
# of expected passes 1458
# of expected failures 2
# of unsupported tests 77
Running target unix/-m64
=== obj-c++ Summary for unix/-m64 ===
# of expected passes 1450
# of expected failures 10
# of unsupported tests 77
=== obj-c++ Summary ===
# of expected passes 2908
# of expected failures 12
# of unsupported tests 154
/var/gcc/regression/trunk/12-gcc/build/gcc/testsuite/obj-c++/../../xg++ version 7.0.0 20161021 (experimental) [trunk revision 241395] (GCC)
=== objc tests ===
Running target unix
=== objc Summary for unix ===
# of expected passes 2803
# of unsupported tests 68
Running target unix/-m64
=== objc Summary for unix/-m64 ===
# of expected passes 2803
# of unsupported tests 68
=== objc Summary ===
# of expected passes 5606
# of unsupported tests 136
/var/gcc/regression/trunk/12-gcc/build/gcc/xgcc version 7.0.0 20161021 (experimental) [trunk revision 241395] (GCC)
=== boehm-gc tests ===
Running target unix
=== boehm-gc Summary for unix ===
# of expected passes 12
# of unsupported tests 1
Running target unix/-m64
=== boehm-gc Summary for unix/-m64 ===
# of expected passes 12
# of unsupported tests 1
=== boehm-gc Summary ===
# of expected passes 24
# of unsupported tests 2
=== libatomic tests ===
Running target unix
=== libatomic Summary for unix ===
# of expected passes 44
# of unsupported tests 5
Running target unix/-m64
=== libatomic Summary for unix/-m64 ===
# of expected passes 54
=== libatomic Summary ===
# of expected passes 98
# of unsupported tests 5
=== libffi tests ===
Running target unix
=== libffi Summary for unix ===
# of expected passes 2214
Running target unix/-m64
=== libffi Summary for unix/-m64 ===
# of expected passes 2214
=== libffi Summary ===
# of expected passes 4428
=== libgo tests ===
Running target unix
FAIL: context
FAIL: net
FAIL: runtime
FAIL: time
FAIL: encoding/json
FAIL: go/build
FAIL: net/http
FAIL: net/http/httptest
FAIL: net/http/httputil
FAIL: os/exec
FAIL: runtime/internal/atomic
=== libgo Summary for unix ===
# of expected passes 129
# of unexpected failures 11
Running target unix/-m64
FAIL: go/build
FAIL: runtime/pprof
=== libgo Summary for unix/-m64 ===
# of expected passes 138
# of unexpected failures 2
=== libgo Summary ===
# of expected passes 267
# of unexpected failures 13
/var/gcc/regression/trunk/12-gcc/build/./gcc/gccgo version 7.0.0 20161021 (experimental) [trunk revision 241395] (GCC)
=== libgomp tests ===
Running target unix
=== libgomp Summary for unix ===
# of expected passes 4972
# of unsupported tests 382
Running target unix/-m64
=== libgomp Summary for unix/-m64 ===
# of expected passes 4972
# of unsupported tests 382
=== libgomp Summary ===
# of expected passes 9944
# of unsupported tests 764
=== libitm tests ===
Running target unix
=== libitm Summary for unix ===
# of expected passes 42
# of expected failures 3
# of unsupported tests 1
Running target unix/-m64
=== libitm Summary for unix/-m64 ===
# of expected passes 42
# of expected failures 3
# of unsupported tests 1
=== libitm Summary ===
# of expected passes 84
# of expected failures 6
# of unsupported tests 2
=== libstdc++ tests ===
Running target unix
FAIL: 27_io/headers/cstdio/functions_neg.cc (test for errors, line 24)
FAIL: experimental/filesystem/operations/copy.cc execution test
FAIL: experimental/filesystem/operations/copy_file.cc execution test
=== libstdc++ Summary for unix ===
# of expected passes 10408
# of unexpected failures 3
# of expected failures 66
# of unsupported tests 705
Running target unix/-m64
FAIL: 27_io/headers/cstdio/functions_neg.cc (test for errors, line 24)
FAIL: experimental/filesystem/operations/copy.cc execution test
FAIL: experimental/filesystem/operations/copy_file.cc execution test
=== libstdc++ Summary for unix/-m64 ===
# of expected passes 10408
# of unexpected failures 3
# of expected failures 66
# of unsupported tests 705
=== libstdc++ Summary ===
# of expected passes 20816
# of unexpected failures 6
# of expected failures 132
# of unsupported tests 1410
Compiler version: 7.0.0 20161021 (experimental) [trunk revision 241395] (GCC)
Platform: sparc-sun-solaris2.12
configure flags: --prefix=/vol/gcc --target=sparc-sun-solaris2.12 --enable-objc-gc --with-as=/usr/ccs/bin/as --without-gnu-as --with-gmp-include=/vol/gcc/include --with-gmp-lib=/vol/gcc/lib --with-mpfr-include=/vol/gcc/include --with-mpfr-lib=/vol/gcc/lib --with-mpc-include=/vol/gcc/include --with-mpc-lib=/vol/gcc/lib --enable-languages=all,ada,obj-c++,go --with-isl-include=/vol/gcc/include --with-isl-lib=/vol/gcc/lib
BOOT_CFLAGS=-g -O2
More information about the Gcc-testresults
mailing list