Results for 7.0.0 20161005 (experimental) (GCC) testsuite on i386-apple-darwin9.8.0
System Administrator
root@ian-gallagers-macbook.local
Thu Oct 6 21:21:00 GMT 2016
Native configuration is i386-apple-darwin9.8.0
=== g++ tests ===
Running target unix
FAIL: c-c++-common/Wpointer-compare-1.c (test for warnings, line 11)
FAIL: c-c++-common/Wpointer-compare-1.c (test for warnings, line 12)
FAIL: c-c++-common/Wpointer-compare-1.c (test for warnings, line 13)
FAIL: c-c++-common/Wpointer-compare-1.c (test for warnings, line 14)
FAIL: c-c++-common/Wpointer-compare-1.c (test for warnings, line 15)
FAIL: c-c++-common/Wpointer-compare-1.c (test for warnings, line 16)
FAIL: c-c++-common/Wpointer-compare-1.c (test for warnings, line 17)
FAIL: c-c++-common/Wpointer-compare-1.c (test for warnings, line 18)
FAIL: c-c++-common/Wpointer-compare-1.c (test for warnings, line 20)
FAIL: c-c++-common/Wpointer-compare-1.c (test for warnings, line 21)
FAIL: c-c++-common/Wpointer-compare-1.c (test for warnings, line 22)
FAIL: c-c++-common/Wpointer-compare-1.c (test for warnings, line 23)
FAIL: c-c++-common/Wpointer-compare-1.c (test for warnings, line 24)
FAIL: c-c++-common/Wpointer-compare-1.c (test for warnings, line 25)
FAIL: c-c++-common/Wpointer-compare-1.c (test for warnings, line 26)
FAIL: c-c++-common/Wpointer-compare-1.c (test for warnings, line 27)
FAIL: c-c++-common/Wpointer-compare-1.c (test for warnings, line 29)
FAIL: c-c++-common/Wpointer-compare-1.c (test for warnings, line 30)
FAIL: c-c++-common/Wpointer-compare-1.c (test for warnings, line 31)
FAIL: c-c++-common/Wpointer-compare-1.c (test for warnings, line 32)
FAIL: c-c++-common/Wpointer-compare-1.c (test for warnings, line 33)
FAIL: c-c++-common/Wpointer-compare-1.c (test for warnings, line 34)
FAIL: c-c++-common/Wpointer-compare-1.c (test for warnings, line 35)
FAIL: c-c++-common/Wpointer-compare-1.c (test for warnings, line 36)
FAIL: c-c++-common/Wpointer-compare-1.c (test for warnings, line 38)
FAIL: c-c++-common/Wpointer-compare-1.c (test for warnings, line 39)
FAIL: c-c++-common/Wpointer-compare-1.c (test for warnings, line 40)
FAIL: c-c++-common/Wpointer-compare-1.c (test for warnings, line 41)
FAIL: c-c++-common/Wpointer-compare-1.c (test for warnings, line 42)
FAIL: c-c++-common/Wpointer-compare-1.c (test for warnings, line 43)
FAIL: c-c++-common/Wpointer-compare-1.c (test for warnings, line 44)
FAIL: c-c++-common/Wpointer-compare-1.c (test for warnings, line 45)
FAIL: c-c++-common/Wpointer-compare-1.c (test for excess errors)
FAIL: c-c++-common/pr35503-1.c -std=gnu++11 (test for warnings, line 9)
FAIL: c-c++-common/pr35503-1.c -std=gnu++11 (test for excess errors)
FAIL: c-c++-common/pr35503-1.c -std=gnu++14 (test for warnings, line 9)
FAIL: c-c++-common/pr35503-1.c -std=gnu++14 (test for excess errors)
FAIL: c-c++-common/pr35503-1.c -std=gnu++98 (test for warnings, line 9)
FAIL: c-c++-common/pr35503-1.c -std=gnu++98 (test for excess errors)
FAIL: c-c++-common/pr35503-2.c -std=gnu++11 (test for warnings, line 8)
FAIL: c-c++-common/pr35503-2.c -std=gnu++11 expected multiline pattern lines 11-12 not found: "\\s*f \\(&alpha, &beta, &alpha, &alpha\\);.*\\n \\^~~~~~ ~~~~~~ ~~~~~~\\n"
FAIL: c-c++-common/pr35503-2.c -std=gnu++11 (test for excess errors)
FAIL: c-c++-common/pr35503-2.c -std=gnu++14 (test for warnings, line 8)
FAIL: c-c++-common/pr35503-2.c -std=gnu++14 expected multiline pattern lines 11-12 not found: "\\s*f \\(&alpha, &beta, &alpha, &alpha\\);.*\\n \\^~~~~~ ~~~~~~ ~~~~~~\\n"
FAIL: c-c++-common/pr35503-2.c -std=gnu++14 (test for excess errors)
FAIL: c-c++-common/pr35503-2.c -std=gnu++98 (test for warnings, line 8)
FAIL: c-c++-common/pr35503-2.c -std=gnu++98 expected multiline pattern lines 11-12 not found: "\\s*f \\(&alpha, &beta, &alpha, &alpha\\);.*\\n \\^~~~~~ ~~~~~~ ~~~~~~\\n"
FAIL: c-c++-common/pr35503-2.c -std=gnu++98 (test for excess errors)
FAIL: c-c++-common/pr35503-3.c -std=gnu++11 (test for warnings, line 8)
FAIL: c-c++-common/pr35503-3.c -std=gnu++11 (test for excess errors)
FAIL: c-c++-common/pr35503-3.c -std=gnu++14 (test for warnings, line 8)
FAIL: c-c++-common/pr35503-3.c -std=gnu++14 (test for excess errors)
FAIL: c-c++-common/pr35503-3.c -std=gnu++98 (test for warnings, line 8)
FAIL: c-c++-common/pr35503-3.c -std=gnu++98 (test for excess errors)
FAIL: c-c++-common/pr35503.c -std=gnu++11 (test for warnings, line 9)
FAIL: c-c++-common/pr35503.c -std=gnu++11 (test for excess errors)
FAIL: c-c++-common/pr35503.c -std=gnu++14 (test for warnings, line 9)
FAIL: c-c++-common/pr35503.c -std=gnu++14 (test for excess errors)
FAIL: c-c++-common/pr35503.c -std=gnu++98 (test for warnings, line 9)
FAIL: c-c++-common/pr35503.c -std=gnu++98 (test for excess errors)
FAIL: g++.dg/cpp0x/constexpr-70001-3.C -std=c++14 (test for excess errors)
FAIL: g++.dg/cpp1z/aligned-new1.C execution test
FAIL: g++.dg/cpp1z/aligned-new2.C execution test
FAIL: g++.dg/cpp1z/aligned-new3.C execution test
FAIL: g++.dg/cpp1z/aligned-new5.C -std=gnu++11 execution test
FAIL: g++.dg/cpp1z/aligned-new5.C -std=gnu++14 execution test
FAIL: g++.dg/cpp1z/aligned-new5.C -std=gnu++98 execution test
FAIL: g++.dg/cpp1z/aligned-new6.C -std=gnu++11 execution test
FAIL: g++.dg/cpp1z/aligned-new6.C -std=gnu++14 execution test
FAIL: g++.dg/cpp1z/init-statement1.C -std=gnu++11 (test for excess errors)
FAIL: g++.dg/cpp1z/init-statement1.C -std=gnu++14 (test for excess errors)
FAIL: g++.dg/cpp1z/init-statement2.C (test for excess errors)
FAIL: g++.dg/cpp1z/init-statement3.C (test for excess errors)
WARNING: g++.dg/cpp1z/init-statement3.C compilation failed to produce executable
FAIL: g++.dg/cpp1z/init-statement4.C (test for excess errors)
FAIL: g++.dg/cpp1z/init-statement5.C (test for excess errors)
FAIL: g++.dg/cpp1z/init-statement6.C (test for excess errors)
FAIL: g++.dg/cpp1z/init-statement7.C (test for excess errors)
WARNING: g++.dg/cpp1z/init-statement7.C compilation failed to produce executable
FAIL: g++.dg/cpp1z/init-statement8.C (test for excess errors)
FAIL: g++.dg/ext/builtin6.C -std=c++11 (test for excess errors)
FAIL: g++.dg/ipa/pr67056.C scan-ipa-dump cp "Speculative outer type:struct CompositeClass"
FAIL: g++.dg/warn/Wimplicit-fallthrough-1.C -std=gnu++98 expected multiline pattern lines 19-26 not found: "\\s*bar \\(0\\);.*\\n \\^\\n case 1:.*\\n \\^~~~\\n __attribute__ \\(\\(fallthrough\\)\\);.*\\n case 1:.*\\n \\^~~~\\n break;.*\\n"
FAIL: g++.dg/warn/Wimplicit-fallthrough-1.C -std=gnu++98 (test for excess errors)
FAIL: g++.dg/warn/Wimplicit-fallthrough-2.C -std=gnu++11 expected multiline pattern lines 19-26 not found: "\\s*bar \\(0\\);.*\\n \\^\\n case 1:.*\\n \\^~~~\\n \\[\\[gnu::fallthrough\\]\\];.*\\n case 1:.*\\n \\^~~~\\n break;.*\\n"
FAIL: g++.dg/warn/Wimplicit-fallthrough-2.C -std=gnu++11 (test for excess errors)
FAIL: g++.dg/warn/Wimplicit-fallthrough-2.C -std=gnu++14 expected multiline pattern lines 19-26 not found: "\\s*bar \\(0\\);.*\\n \\^\\n case 1:.*\\n \\^~~~\\n \\[\\[gnu::fallthrough\\]\\];.*\\n case 1:.*\\n \\^~~~\\n break;.*\\n"
FAIL: g++.dg/warn/Wimplicit-fallthrough-2.C -std=gnu++14 (test for excess errors)
WARNING: program timed out.
WARNING: program timed out.
FAIL: g++.dg/gcov/pr16855.C -std=gnu++11 gcov: 1 failures in line counts, 0 in branch percentages, 0 in return percentages, 0 in intermediate format
FAIL: g++.dg/gcov/pr16855.C -std=gnu++11 line 21: is #####:should be 1
FAIL: g++.dg/gcov/pr16855.C -std=gnu++14 gcov: 1 failures in line counts, 0 in branch percentages, 0 in return percentages, 0 in intermediate format
FAIL: g++.dg/gcov/pr16855.C -std=gnu++14 line 21: is #####:should be 1
FAIL: g++.dg/gcov/pr16855.C -std=gnu++98 gcov: 1 failures in line counts, 0 in branch percentages, 0 in return percentages, 0 in intermediate format
FAIL: g++.dg/gcov/pr16855.C -std=gnu++98 line 21: is #####:should be 1
UNRESOLVED: g++.dg/lto/20100603-1 cp_lto_20100603-1_0.o-cp_lto_20100603-1_1.o execute -O0 -flto -flto-partition=1to1
FAIL: g++.dg/lto/20100603-1 cp_lto_20100603-1_0.o-cp_lto_20100603-1_1.o link, -O0 -flto -flto-partition=1to1 (internal compiler error)
UNRESOLVED: g++.dg/lto/pr54625-1 cp_lto_pr54625-1_0.o-cp_lto_pr54625-1_1.o execute -O0 -flto -flto-partition=1to1
UNRESOLVED: g++.dg/lto/pr54625-1 cp_lto_pr54625-1_0.o-cp_lto_pr54625-1_1.o execute -O2 -flto -flto-partition=1to1
FAIL: g++.dg/lto/pr54625-1 cp_lto_pr54625-1_0.o-cp_lto_pr54625-1_1.o link, -O0 -flto -flto-partition=1to1 (internal compiler error)
FAIL: g++.dg/lto/pr54625-1 cp_lto_pr54625-1_0.o-cp_lto_pr54625-1_1.o link, -O2 -flto -flto-partition=1to1 (internal compiler error)
UNRESOLVED: g++.dg/lto/pr54625-2 cp_lto_pr54625-2_0.o-cp_lto_pr54625-2_1.o execute -O0 -flto -flto-partition=1to1
UNRESOLVED: g++.dg/lto/pr54625-2 cp_lto_pr54625-2_0.o-cp_lto_pr54625-2_1.o execute -O2 -flto -flto-partition=1to1
FAIL: g++.dg/lto/pr54625-2 cp_lto_pr54625-2_0.o-cp_lto_pr54625-2_1.o link, -O0 -flto -flto-partition=1to1 (internal compiler error)
FAIL: g++.dg/lto/pr54625-2 cp_lto_pr54625-2_0.o-cp_lto_pr54625-2_1.o link, -O2 -flto -flto-partition=1to1 (internal compiler error)
UNRESOLVED: g++.dg/lto/pr65276 cp_lto_pr65276_0.o-cp_lto_pr65276_1.o execute -flto -O0 -std=c++11
FAIL: g++.dg/lto/pr65276 cp_lto_pr65276_0.o-cp_lto_pr65276_1.o link, -flto -O0 -std=c++11
FAIL: g++.dg/torture/darwin-cfstring-3.C -O0 scan-assembler \\\\.long[ \\\\t]+___CFConstantStringClassReference\\n[ \\\\t]*\\\\.long[ \\\\t]+1992\\n[ \\\\t]*\\\\.long[ \\\\t]+LC.*\\n[ \\\\t]*\\\\.long[ \\\\t]+10\\n
FAIL: g++.dg/torture/darwin-cfstring-3.C -O0 scan-assembler \\\\.long[ \\\\t]+___CFConstantStringClassReference\\n[ \\\\t]*\\\\.long[ \\\\t]+1992\\n[ \\\\t]*\\\\.long[ \\\\t]+LC.*\\n[ \\\\t]*\\\\.long[ \\\\t]+4\\n
FAIL: g++.dg/torture/darwin-cfstring-3.C -O1 scan-assembler \\\\.long[ \\\\t]+___CFConstantStringClassReference\\n[ \\\\t]*\\\\.long[ \\\\t]+1992\\n[ \\\\t]*\\\\.long[ \\\\t]+LC.*\\n[ \\\\t]*\\\\.long[ \\\\t]+10\\n
FAIL: g++.dg/torture/darwin-cfstring-3.C -O1 scan-assembler \\\\.long[ \\\\t]+___CFConstantStringClassReference\\n[ \\\\t]*\\\\.long[ \\\\t]+1992\\n[ \\\\t]*\\\\.long[ \\\\t]+LC.*\\n[ \\\\t]*\\\\.long[ \\\\t]+4\\n
FAIL: g++.dg/torture/darwin-cfstring-3.C -O2 scan-assembler \\\\.long[ \\\\t]+___CFConstantStringClassReference\\n[ \\\\t]*\\\\.long[ \\\\t]+1992\\n[ \\\\t]*\\\\.long[ \\\\t]+LC.*\\n[ \\\\t]*\\\\.long[ \\\\t]+10\\n
FAIL: g++.dg/torture/darwin-cfstring-3.C -O2 scan-assembler \\\\.long[ \\\\t]+___CFConstantStringClassReference\\n[ \\\\t]*\\\\.long[ \\\\t]+1992\\n[ \\\\t]*\\\\.long[ \\\\t]+LC.*\\n[ \\\\t]*\\\\.long[ \\\\t]+4\\n
FAIL: g++.dg/torture/darwin-cfstring-3.C -O2 -flto scan-assembler \\\\.long[ \\\\t]+___CFConstantStringClassReference\\n[ \\\\t]*\\\\.long[ \\\\t]+1992\\n[ \\\\t]*\\\\.long[ \\\\t]+LC.*\\n[ \\\\t]*\\\\.long[ \\\\t]+10\\n
FAIL: g++.dg/torture/darwin-cfstring-3.C -O2 -flto scan-assembler \\\\.long[ \\\\t]+___CFConstantStringClassReference\\n[ \\\\t]*\\\\.long[ \\\\t]+1992\\n[ \\\\t]*\\\\.long[ \\\\t]+LC.*\\n[ \\\\t]*\\\\.long[ \\\\t]+4\\n
FAIL: g++.dg/torture/darwin-cfstring-3.C -O2 -flto -flto-partition=none scan-assembler \\\\.long[ \\\\t]+___CFConstantStringClassReference\\n[ \\\\t]*\\\\.long[ \\\\t]+1992\\n[ \\\\t]*\\\\.long[ \\\\t]+LC.*\\n[ \\\\t]*\\\\.long[ \\\\t]+10\\n
FAIL: g++.dg/torture/darwin-cfstring-3.C -O2 -flto -flto-partition=none scan-assembler \\\\.long[ \\\\t]+___CFConstantStringClassReference\\n[ \\\\t]*\\\\.long[ \\\\t]+1992\\n[ \\\\t]*\\\\.long[ \\\\t]+LC.*\\n[ \\\\t]*\\\\.long[ \\\\t]+4\\n
FAIL: g++.dg/torture/darwin-cfstring-3.C -O3 -g scan-assembler \\\\.long[ \\\\t]+___CFConstantStringClassReference\\n[ \\\\t]*\\\\.long[ \\\\t]+1992\\n[ \\\\t]*\\\\.long[ \\\\t]+LC.*\\n[ \\\\t]*\\\\.long[ \\\\t]+10\\n
FAIL: g++.dg/torture/darwin-cfstring-3.C -O3 -g scan-assembler \\\\.long[ \\\\t]+___CFConstantStringClassReference\\n[ \\\\t]*\\\\.long[ \\\\t]+1992\\n[ \\\\t]*\\\\.long[ \\\\t]+LC.*\\n[ \\\\t]*\\\\.long[ \\\\t]+4\\n
FAIL: g++.dg/torture/darwin-cfstring-3.C -Os scan-assembler \\\\.long[ \\\\t]+___CFConstantStringClassReference\\n[ \\\\t]*\\\\.long[ \\\\t]+1992\\n[ \\\\t]*\\\\.long[ \\\\t]+LC.*\\n[ \\\\t]*\\\\.long[ \\\\t]+10\\n
FAIL: g++.dg/torture/darwin-cfstring-3.C -Os scan-assembler \\\\.long[ \\\\t]+___CFConstantStringClassReference\\n[ \\\\t]*\\\\.long[ \\\\t]+1992\\n[ \\\\t]*\\\\.long[ \\\\t]+LC.*\\n[ \\\\t]*\\\\.long[ \\\\t]+4\\n
=== g++ Summary ===
# of expected passes 100146
# of unexpected failures 112
# of expected failures 336
# of unresolved testcases 6
# of unsupported tests 3725
/private/var/root/gcc-git/my_oddly_named_builddir/gcc/testsuite/g++/../../xg++ version 7.0.0 20161005 (experimental) (GCC)
=== obj-c++ tests ===
Running target unix
=== obj-c++ Summary ===
# of expected passes 3115
# of expected failures 2
# of unsupported tests 62
/private/var/root/gcc-git/my_oddly_named_builddir/gcc/testsuite/obj-c++/../../xg++ version 7.0.0 20161005 (experimental) (GCC)
=== objc tests ===
Running target unix
FAIL: objc.dg/ivar-scope-4.m -fnext-runtime execution test
=== objc Summary ===
# of expected passes 5669
# of unexpected failures 1
# of expected failures 6
# of unsupported tests 79
/private/var/root/gcc-git/my_oddly_named_builddir/gcc/xgcc version 7.0.0 20161005 (experimental) (GCC)
=== boehm-gc tests ===
Running target unix
=== boehm-gc Summary ===
# of expected passes 12
# of unsupported tests 1
=== libatomic tests ===
Running target unix
=== libatomic Summary ===
# of expected passes 44
# of unsupported tests 5
=== libitm tests ===
Running target unix
=== libitm Summary ===
# of expected passes 40
# of expected failures 3
# of unsupported tests 2
Compiler version: 7.0.0 20161005 (experimental) (GCC)
Platform: i386-apple-darwin9.8.0
configure flags: --disable-werror --disable-werror-always --enable-languages=c,c++,lto,objc,obj-c++ --enable-stage1-checking=release -C --with-system-libunwind --enable-secureplt --enable-frame-pointer --enable-debug --with-isl --enable-objc-gc --enable-host-shared --enable-maintainer-mode --with-ld64 CC=/usr/local/bin/gcc CXX=/usr/local/bin/g++
BOOT_CFLAGS=-g -O2 \`case i386-apple-darwin9.8.0 in i?86-*-darwin* | powerpc-*-darwin*) /usr/local/bin/gcc -S -xc /dev/null -o /dev/null -mno-dynamic-no-pic 2>/dev/null && echo -mdynamic-no-pic ;; esac\`
More information about the Gcc-testresults
mailing list