Results for 7.0.0 20161129 (experimental) [trunk revision 242975] (GCC) testsuite on x86_64-pc-linux-gnu
H.J. Lu Intel64 LTO/FDO
intel64profiled@gnu-mic-1.sc.intel.com
Wed Nov 30 02:57:00 GMT 2016
Native configuration is x86_64-pc-linux-gnu
=== gcc tests ===
Running target unix
FAIL: gcc.c-torture/execute/pr59747.c -O1 (internal compiler error)
FAIL: gcc.c-torture/execute/pr59747.c -O1 (test for excess errors)
UNRESOLVED: gcc.c-torture/execute/pr59747.c -O1 compilation failed to produce executable
FAIL: gcc.c-torture/execute/pr59747.c -O2 (internal compiler error)
FAIL: gcc.c-torture/execute/pr59747.c -O2 (test for excess errors)
UNRESOLVED: gcc.c-torture/execute/pr59747.c -O2 compilation failed to produce executable
FAIL: gcc.c-torture/execute/pr59747.c -O2 -flto -fno-use-linker-plugin -flto-partition=none (internal compiler error)
FAIL: gcc.c-torture/execute/pr59747.c -O2 -flto -fno-use-linker-plugin -flto-partition=none (test for excess errors)
UNRESOLVED: gcc.c-torture/execute/pr59747.c -O2 -flto -fno-use-linker-plugin -flto-partition=none compilation failed to produce executable
FAIL: gcc.c-torture/execute/pr59747.c -O2 -flto -fuse-linker-plugin -fno-fat-lto-objects (internal compiler error)
FAIL: gcc.c-torture/execute/pr59747.c -O2 -flto -fuse-linker-plugin -fno-fat-lto-objects (test for excess errors)
UNRESOLVED: gcc.c-torture/execute/pr59747.c -O2 -flto -fuse-linker-plugin -fno-fat-lto-objects compilation failed to produce executable
FAIL: gcc.c-torture/execute/pr59747.c -O3 -g (internal compiler error)
FAIL: gcc.c-torture/execute/pr59747.c -O3 -g (test for excess errors)
UNRESOLVED: gcc.c-torture/execute/pr59747.c -O3 -g compilation failed to produce executable
FAIL: gcc.c-torture/execute/pr59747.c -Os (internal compiler error)
FAIL: gcc.c-torture/execute/pr59747.c -Os (test for excess errors)
UNRESOLVED: gcc.c-torture/execute/pr59747.c -Os compilation failed to produce executable
XPASS: gcc.dg/guality/example.c -O0 execution test
XPASS: gcc.dg/guality/example.c -O1 execution test
XPASS: gcc.dg/guality/example.c -O2 execution test
XPASS: gcc.dg/guality/example.c -O2 -flto -fno-use-linker-plugin -flto-partition=none execution test
XPASS: gcc.dg/guality/guality.c -O0 execution test
XPASS: gcc.dg/guality/guality.c -O1 execution test
XPASS: gcc.dg/guality/guality.c -O2 execution test
XPASS: gcc.dg/guality/guality.c -O2 -flto -fno-use-linker-plugin -flto-partition=none execution test
XPASS: gcc.dg/guality/guality.c -O2 -flto -fuse-linker-plugin -fno-fat-lto-objects execution test
XPASS: gcc.dg/guality/guality.c -O3 -g execution test
XPASS: gcc.dg/guality/guality.c -Os execution test
XPASS: gcc.dg/guality/inline-params.c -O2 execution test
XPASS: gcc.dg/guality/inline-params.c -O2 -flto -fno-use-linker-plugin -flto-partition=none execution test
XPASS: gcc.dg/guality/inline-params.c -O3 -g execution test
XPASS: gcc.dg/guality/inline-params.c -Os execution test
XPASS: gcc.dg/guality/pr41353-1.c -O0 line 28 j == 28 + 37
XPASS: gcc.dg/guality/pr41353-1.c -O1 line 28 j == 28 + 37
XPASS: gcc.dg/guality/pr41353-1.c -O2 line 28 j == 28 + 37
XPASS: gcc.dg/guality/pr41353-1.c -O2 -flto -fno-use-linker-plugin -flto-partition=none line 28 j == 28 + 37
XPASS: gcc.dg/guality/pr41353-1.c -O2 -flto -fuse-linker-plugin -fno-fat-lto-objects line 28 j == 28 + 37
XPASS: gcc.dg/guality/pr41353-1.c -O3 -g line 28 j == 28 + 37
XPASS: gcc.dg/guality/pr41353-1.c -Os line 28 j == 28 + 37
FAIL: gcc.dg/guality/pr41616-1.c -O2 -flto -fuse-linker-plugin -fno-fat-lto-objects execution test
FAIL: gcc.dg/guality/pr45882.c -O2 -flto -fuse-linker-plugin -fno-fat-lto-objects line 16 d == 112
FAIL: gcc.dg/guality/pr45882.c -O2 -flto -fuse-linker-plugin -fno-fat-lto-objects line 16 e == 142
FAIL: gcc.dg/guality/pr54200.c -Os line 20 z == 3
FAIL: gcc.dg/guality/pr54519-1.c -O2 -flto -fno-use-linker-plugin -flto-partition=none line 20 y == 25
FAIL: gcc.dg/guality/pr54519-1.c -O2 -flto -fno-use-linker-plugin -flto-partition=none line 20 z == 6
FAIL: gcc.dg/guality/pr54519-1.c -O2 -flto -fno-use-linker-plugin -flto-partition=none line 23 y == 117
FAIL: gcc.dg/guality/pr54519-1.c -O2 -flto -fno-use-linker-plugin -flto-partition=none line 23 z == 8
FAIL: gcc.dg/guality/pr54519-2.c -O2 -flto -fno-use-linker-plugin -flto-partition=none line 17 y == 25
FAIL: gcc.dg/guality/pr54519-2.c -O2 -flto -fuse-linker-plugin -fno-fat-lto-objects line 17 y == 25
FAIL: gcc.dg/guality/pr54519-3.c -O2 -flto -fno-use-linker-plugin -flto-partition=none line 20 y == 25
FAIL: gcc.dg/guality/pr54519-3.c -O2 -flto -fno-use-linker-plugin -flto-partition=none line 20 z == 6
FAIL: gcc.dg/guality/pr54519-3.c -O2 -flto -fno-use-linker-plugin -flto-partition=none line 23 y == 117
FAIL: gcc.dg/guality/pr54519-3.c -O2 -flto -fno-use-linker-plugin -flto-partition=none line 23 z == 8
FAIL: gcc.dg/guality/pr54519-3.c -O2 -flto -fuse-linker-plugin -fno-fat-lto-objects line 20 y == 25
FAIL: gcc.dg/guality/pr54519-3.c -O2 -flto -fuse-linker-plugin -fno-fat-lto-objects line 20 z == 6
FAIL: gcc.dg/guality/pr54519-3.c -O2 -flto -fuse-linker-plugin -fno-fat-lto-objects line 23 y == 117
FAIL: gcc.dg/guality/pr54519-3.c -O2 -flto -fuse-linker-plugin -fno-fat-lto-objects line 23 z == 8
FAIL: gcc.dg/guality/pr54519-4.c -O2 -flto -fno-use-linker-plugin -flto-partition=none line 17 y == 25
FAIL: gcc.dg/guality/pr54519-4.c -O2 -flto -fuse-linker-plugin -fno-fat-lto-objects line 17 y == 25
FAIL: gcc.dg/guality/pr54519-5.c -O2 -flto -fno-use-linker-plugin -flto-partition=none line 17 y == 25
FAIL: gcc.dg/guality/pr54519-5.c -O2 -flto -fuse-linker-plugin -fno-fat-lto-objects line 17 y == 25
FAIL: gcc.dg/guality/pr54693-2.c -Os line 21 x == 10 - i
FAIL: gcc.dg/guality/pr54693-2.c -Os line 21 y == 20 - 2 * i
FAIL: gcc.dg/guality/pr68860-1.c -O2 -flto -fno-use-linker-plugin -flto-partition=none line 14 arg1 == 1
FAIL: gcc.dg/guality/pr68860-1.c -O2 -flto -fno-use-linker-plugin -flto-partition=none line 14 arg2 == 2
FAIL: gcc.dg/guality/pr68860-1.c -O2 -flto -fno-use-linker-plugin -flto-partition=none line 14 arg3 == 3
FAIL: gcc.dg/guality/pr68860-1.c -O2 -flto -fno-use-linker-plugin -flto-partition=none line 14 arg4 == 4
FAIL: gcc.dg/guality/pr68860-1.c -O2 -flto -fno-use-linker-plugin -flto-partition=none line 14 arg5 == 5
FAIL: gcc.dg/guality/pr68860-1.c -O2 -flto -fno-use-linker-plugin -flto-partition=none line 14 arg6 == 6
FAIL: gcc.dg/guality/pr68860-1.c -O2 -flto -fno-use-linker-plugin -flto-partition=none line 16 arg1 == 1
FAIL: gcc.dg/guality/pr68860-1.c -O2 -flto -fno-use-linker-plugin -flto-partition=none line 16 arg2 == 2
FAIL: gcc.dg/guality/pr68860-1.c -O2 -flto -fno-use-linker-plugin -flto-partition=none line 16 arg3 == 3
FAIL: gcc.dg/guality/pr68860-1.c -O2 -flto -fno-use-linker-plugin -flto-partition=none line 16 arg4 == 4
FAIL: gcc.dg/guality/pr68860-1.c -O2 -flto -fno-use-linker-plugin -flto-partition=none line 16 arg5 == 5
FAIL: gcc.dg/guality/pr68860-1.c -O2 -flto -fno-use-linker-plugin -flto-partition=none line 16 arg6 == 6
FAIL: gcc.dg/guality/pr68860-1.c -O2 -flto -fuse-linker-plugin -fno-fat-lto-objects line 14 arg1 == 1
FAIL: gcc.dg/guality/pr68860-1.c -O2 -flto -fuse-linker-plugin -fno-fat-lto-objects line 14 arg2 == 2
FAIL: gcc.dg/guality/pr68860-1.c -O2 -flto -fuse-linker-plugin -fno-fat-lto-objects line 14 arg3 == 3
FAIL: gcc.dg/guality/pr68860-1.c -O2 -flto -fuse-linker-plugin -fno-fat-lto-objects line 14 arg4 == 4
FAIL: gcc.dg/guality/pr68860-1.c -O2 -flto -fuse-linker-plugin -fno-fat-lto-objects line 14 arg5 == 5
FAIL: gcc.dg/guality/pr68860-1.c -O2 -flto -fuse-linker-plugin -fno-fat-lto-objects line 14 arg6 == 6
FAIL: gcc.dg/guality/pr68860-1.c -O2 -flto -fuse-linker-plugin -fno-fat-lto-objects line 16 arg1 == 1
FAIL: gcc.dg/guality/pr68860-1.c -O2 -flto -fuse-linker-plugin -fno-fat-lto-objects line 16 arg2 == 2
FAIL: gcc.dg/guality/pr68860-1.c -O2 -flto -fuse-linker-plugin -fno-fat-lto-objects line 16 arg3 == 3
FAIL: gcc.dg/guality/pr68860-1.c -O2 -flto -fuse-linker-plugin -fno-fat-lto-objects line 16 arg4 == 4
FAIL: gcc.dg/guality/pr68860-1.c -O2 -flto -fuse-linker-plugin -fno-fat-lto-objects line 16 arg5 == 5
FAIL: gcc.dg/guality/pr68860-1.c -O2 -flto -fuse-linker-plugin -fno-fat-lto-objects line 16 arg6 == 6
FAIL: gcc.dg/guality/vla-1.c -O1 line 17 sizeof (a) == 6
FAIL: gcc.dg/guality/vla-1.c -O2 line 17 sizeof (a) == 6
FAIL: gcc.dg/guality/vla-1.c -O2 -flto -fno-use-linker-plugin -flto-partition=none line 17 sizeof (a) == 6
FAIL: gcc.dg/guality/vla-1.c -O2 -flto -fuse-linker-plugin -fno-fat-lto-objects line 17 sizeof (a) == 6
FAIL: gcc.dg/guality/vla-1.c -O3 -g line 17 sizeof (a) == 6
FAIL: gcc.dg/guality/vla-1.c -Os line 17 sizeof (a) == 6
FAIL: gcc.dg/tree-ssa/pr69270-3.c scan-tree-dump-times uncprop1 ", 1" 4
FAIL: gcc.target/i386/pr45685.c scan-assembler-times cmov 6
=== gcc Summary for unix ===
# of expected passes 128728
# of unexpected failures 68
# of unexpected successes 22
# of expected failures 345
# of unresolved testcases 6
# of unsupported tests 2089
Running target unix/-m32
FAIL: gcc.dg/graphite/scop-dsyr2k.c scan-tree-dump-times graphite "number of SCoPs: 1" 1
FAIL: gcc.dg/graphite/scop-dsyrk.c scan-tree-dump-times graphite "number of SCoPs: 1" 1
XPASS: gcc.dg/guality/example.c -O0 execution test
XPASS: gcc.dg/guality/example.c -O1 execution test
XPASS: gcc.dg/guality/guality.c -O0 execution test
XPASS: gcc.dg/guality/guality.c -O1 execution test
XPASS: gcc.dg/guality/guality.c -O2 execution test
XPASS: gcc.dg/guality/guality.c -O2 -flto -fno-use-linker-plugin -flto-partition=none execution test
XPASS: gcc.dg/guality/guality.c -O2 -flto -fuse-linker-plugin -fno-fat-lto-objects execution test
XPASS: gcc.dg/guality/guality.c -O3 -g execution test
XPASS: gcc.dg/guality/guality.c -Os execution test
XPASS: gcc.dg/guality/inline-params.c -O2 execution test
XPASS: gcc.dg/guality/inline-params.c -O2 -flto -fno-use-linker-plugin -flto-partition=none execution test
XPASS: gcc.dg/guality/inline-params.c -O3 -g execution test
XPASS: gcc.dg/guality/inline-params.c -Os execution test
XPASS: gcc.dg/guality/pr41353-1.c -O0 line 28 j == 28 + 37
XPASS: gcc.dg/guality/pr41353-1.c -O1 line 28 j == 28 + 37
XPASS: gcc.dg/guality/pr41353-1.c -O2 line 28 j == 28 + 37
XPASS: gcc.dg/guality/pr41353-1.c -O2 -flto -fno-use-linker-plugin -flto-partition=none line 28 j == 28 + 37
XPASS: gcc.dg/guality/pr41353-1.c -O2 -flto -fuse-linker-plugin -fno-fat-lto-objects line 28 j == 28 + 37
XPASS: gcc.dg/guality/pr41353-1.c -O3 -g line 28 j == 28 + 37
XPASS: gcc.dg/guality/pr41353-1.c -Os line 28 j == 28 + 37
FAIL: gcc.dg/guality/pr41447-1.c -O2 execution test
FAIL: gcc.dg/guality/pr41447-1.c -O2 -flto -fno-use-linker-plugin -flto-partition=none execution test
FAIL: gcc.dg/guality/pr41447-1.c -O3 -g execution test
FAIL: gcc.dg/guality/pr41616-1.c -O2 -flto -fuse-linker-plugin -fno-fat-lto-objects execution test
FAIL: gcc.dg/guality/pr45882.c -O2 -flto -fuse-linker-plugin -fno-fat-lto-objects line 16 d == 112
FAIL: gcc.dg/guality/pr45882.c -O2 -flto -fuse-linker-plugin -fno-fat-lto-objects line 16 e == 142
FAIL: gcc.dg/guality/pr54519-1.c -O2 -flto -fno-use-linker-plugin -flto-partition=none line 20 y == 25
FAIL: gcc.dg/guality/pr54519-1.c -O2 -flto -fno-use-linker-plugin -flto-partition=none line 20 z == 6
FAIL: gcc.dg/guality/pr54519-1.c -O2 -flto -fno-use-linker-plugin -flto-partition=none line 23 y == 117
FAIL: gcc.dg/guality/pr54519-1.c -O2 -flto -fno-use-linker-plugin -flto-partition=none line 23 z == 8
FAIL: gcc.dg/guality/pr54519-2.c -O2 -flto -fno-use-linker-plugin -flto-partition=none line 17 y == 25
FAIL: gcc.dg/guality/pr54519-2.c -O2 -flto -fuse-linker-plugin -fno-fat-lto-objects line 17 y == 25
FAIL: gcc.dg/guality/pr54519-3.c -O2 -flto -fno-use-linker-plugin -flto-partition=none line 20 y == 25
FAIL: gcc.dg/guality/pr54519-3.c -O2 -flto -fno-use-linker-plugin -flto-partition=none line 20 z == 6
FAIL: gcc.dg/guality/pr54519-3.c -O2 -flto -fno-use-linker-plugin -flto-partition=none line 23 y == 117
FAIL: gcc.dg/guality/pr54519-3.c -O2 -flto -fno-use-linker-plugin -flto-partition=none line 23 z == 8
FAIL: gcc.dg/guality/pr54519-3.c -O2 -flto -fuse-linker-plugin -fno-fat-lto-objects line 20 y == 25
FAIL: gcc.dg/guality/pr54519-3.c -O2 -flto -fuse-linker-plugin -fno-fat-lto-objects line 20 z == 6
FAIL: gcc.dg/guality/pr54519-3.c -O2 -flto -fuse-linker-plugin -fno-fat-lto-objects line 23 y == 117
FAIL: gcc.dg/guality/pr54519-3.c -O2 -flto -fuse-linker-plugin -fno-fat-lto-objects line 23 z == 8
FAIL: gcc.dg/guality/pr54519-4.c -O2 -flto -fno-use-linker-plugin -flto-partition=none line 17 y == 25
FAIL: gcc.dg/guality/pr54519-4.c -O2 -flto -fuse-linker-plugin -fno-fat-lto-objects line 17 y == 25
FAIL: gcc.dg/guality/pr54519-5.c -O2 -flto -fno-use-linker-plugin -flto-partition=none line 17 y == 25
FAIL: gcc.dg/guality/pr54519-5.c -O2 -flto -fuse-linker-plugin -fno-fat-lto-objects line 17 y == 25
FAIL: gcc.dg/guality/pr68860-1.c -O2 -flto -fno-use-linker-plugin -flto-partition=none line 14 arg1 == 1
FAIL: gcc.dg/guality/pr68860-1.c -O2 -flto -fno-use-linker-plugin -flto-partition=none line 14 arg2 == 2
FAIL: gcc.dg/guality/pr68860-1.c -O2 -flto -fno-use-linker-plugin -flto-partition=none line 14 arg3 == 3
FAIL: gcc.dg/guality/pr68860-1.c -O2 -flto -fno-use-linker-plugin -flto-partition=none line 14 arg4 == 4
FAIL: gcc.dg/guality/pr68860-1.c -O2 -flto -fno-use-linker-plugin -flto-partition=none line 14 arg5 == 5
FAIL: gcc.dg/guality/pr68860-1.c -O2 -flto -fno-use-linker-plugin -flto-partition=none line 14 arg6 == 6
FAIL: gcc.dg/guality/pr68860-1.c -O2 -flto -fno-use-linker-plugin -flto-partition=none line 16 arg1 == 1
FAIL: gcc.dg/guality/pr68860-1.c -O2 -flto -fno-use-linker-plugin -flto-partition=none line 16 arg2 == 2
FAIL: gcc.dg/guality/pr68860-1.c -O2 -flto -fno-use-linker-plugin -flto-partition=none line 16 arg3 == 3
FAIL: gcc.dg/guality/pr68860-1.c -O2 -flto -fno-use-linker-plugin -flto-partition=none line 16 arg4 == 4
FAIL: gcc.dg/guality/pr68860-1.c -O2 -flto -fno-use-linker-plugin -flto-partition=none line 16 arg5 == 5
FAIL: gcc.dg/guality/pr68860-1.c -O2 -flto -fno-use-linker-plugin -flto-partition=none line 16 arg6 == 6
FAIL: gcc.dg/guality/pr68860-1.c -O2 -flto -fuse-linker-plugin -fno-fat-lto-objects line 14 arg1 == 1
FAIL: gcc.dg/guality/pr68860-1.c -O2 -flto -fuse-linker-plugin -fno-fat-lto-objects line 14 arg2 == 2
FAIL: gcc.dg/guality/pr68860-1.c -O2 -flto -fuse-linker-plugin -fno-fat-lto-objects line 14 arg3 == 3
FAIL: gcc.dg/guality/pr68860-1.c -O2 -flto -fuse-linker-plugin -fno-fat-lto-objects line 14 arg4 == 4
FAIL: gcc.dg/guality/pr68860-1.c -O2 -flto -fuse-linker-plugin -fno-fat-lto-objects line 14 arg5 == 5
FAIL: gcc.dg/guality/pr68860-1.c -O2 -flto -fuse-linker-plugin -fno-fat-lto-objects line 14 arg6 == 6
FAIL: gcc.dg/guality/pr68860-1.c -O2 -flto -fuse-linker-plugin -fno-fat-lto-objects line 16 arg1 == 1
FAIL: gcc.dg/guality/pr68860-1.c -O2 -flto -fuse-linker-plugin -fno-fat-lto-objects line 16 arg2 == 2
FAIL: gcc.dg/guality/pr68860-1.c -O2 -flto -fuse-linker-plugin -fno-fat-lto-objects line 16 arg3 == 3
FAIL: gcc.dg/guality/pr68860-1.c -O2 -flto -fuse-linker-plugin -fno-fat-lto-objects line 16 arg4 == 4
FAIL: gcc.dg/guality/pr68860-1.c -O2 -flto -fuse-linker-plugin -fno-fat-lto-objects line 16 arg5 == 5
FAIL: gcc.dg/guality/pr68860-1.c -O2 -flto -fuse-linker-plugin -fno-fat-lto-objects line 16 arg6 == 6
FAIL: gcc.dg/guality/vla-1.c -O1 line 17 sizeof (a) == 6
FAIL: gcc.dg/guality/vla-1.c -O2 line 17 sizeof (a) == 6
FAIL: gcc.dg/guality/vla-1.c -O2 -flto -fno-use-linker-plugin -flto-partition=none line 17 sizeof (a) == 6
FAIL: gcc.dg/guality/vla-1.c -O2 -flto -fuse-linker-plugin -fno-fat-lto-objects line 17 sizeof (a) == 6
FAIL: gcc.dg/guality/vla-1.c -O3 -g line 17 sizeof (a) == 6
FAIL: gcc.dg/guality/vla-1.c -Os line 17 sizeof (a) == 6
FAIL: gcc.dg/tree-ssa/builtin-sprintf-warn-1.c (test for excess errors)
FAIL: gcc.dg/tree-ssa/builtin-sprintf-warn-3.c target lp64 (test for warnings, line 256)
FAIL: gcc.dg/tree-ssa/builtin-sprintf-warn-3.c target lp64 (test for warnings, line 260)
FAIL: gcc.dg/tree-ssa/builtin-sprintf-warn-3.c target lp64 (test for warnings, line 264)
FAIL: gcc.dg/tree-ssa/builtin-sprintf-warn-3.c (test for excess errors)
FAIL: gcc.dg/tree-ssa/pr69270-3.c scan-tree-dump-times uncprop1 ", 1" 4
FAIL: gcc.dg/tree-ssa/scev-5.c scan-tree-dump-times optimized "&a" 1
FAIL: gcc.target/i386/pr44578.c (internal compiler error)
FAIL: gcc.target/i386/pr44578.c (test for excess errors)
UNRESOLVED: gcc.target/i386/pr44578.c compilation failed to produce executable
=== gcc Summary for unix/-m32 ===
# of expected passes 126734
# of unexpected failures 65
# of unexpected successes 20
# of expected failures 349
# of unresolved testcases 1
# of unsupported tests 2154
=== gcc Summary ===
# of expected passes 255462
# of unexpected failures 133
# of unexpected successes 42
# of expected failures 694
# of unresolved testcases 7
# of unsupported tests 4243
/export/gnu/import/git/gcc-test-profiled/bld/gcc/xgcc version 7.0.0 20161129 (experimental) [trunk revision 242975] (GCC)
=== gfortran tests ===
Running target unix
FAIL: gfortran.dg/graphite/pr68279.f90 -O (internal compiler error)
FAIL: gfortran.dg/graphite/pr68279.f90 -O (test for excess errors)
=== gfortran Summary for unix ===
# of expected passes 44161
# of unexpected failures 2
# of expected failures 85
# of unsupported tests 67
Running target unix/-m32
FAIL: gfortran.dg/bessel_6.f90 -O0 execution test
FAIL: gfortran.dg/bessel_6.f90 -O1 execution test
FAIL: gfortran.dg/bessel_6.f90 -O2 execution test
FAIL: gfortran.dg/bessel_6.f90 -O3 -fomit-frame-pointer -funroll-loops -fpeel-loops -ftracer -finline-functions execution test
FAIL: gfortran.dg/bessel_6.f90 -O3 -g execution test
FAIL: gfortran.dg/bessel_6.f90 -Os execution test
=== gfortran Summary for unix/-m32 ===
# of expected passes 43939
# of unexpected failures 6
# of expected failures 85
# of unsupported tests 170
=== gfortran Summary ===
# of expected passes 88100
# of unexpected failures 8
# of expected failures 170
# of unsupported tests 237
/export/gnu/import/git/gcc-test-profiled/bld/gcc/gfortran version 7.0.0 20161129 (experimental) [trunk revision 242975] (GCC)
=== g++ tests ===
Running target unix
FAIL: g++.dg/guality/pr55665.C -O2 line 23 p == 40
FAIL: g++.dg/guality/pr55665.C -O3 -g line 23 p == 40
XPASS: g++.dg/tls/thread_local-order2.C -std=c++11 execution test
XPASS: g++.dg/tls/thread_local-order2.C -std=c++14 execution test
=== g++ Summary for unix ===
# of expected passes 111715
# of unexpected failures 2
# of unexpected successes 2
# of expected failures 335
# of unsupported tests 4062
Running target unix/-m32
FAIL: g++.dg/guality/pr55665.C -O2 line 23 p == 40
FAIL: g++.dg/guality/pr55665.C -O3 -g line 23 p == 40
XPASS: g++.dg/tls/thread_local-order2.C -std=c++11 execution test
XPASS: g++.dg/tls/thread_local-order2.C -std=c++14 execution test
=== g++ Summary for unix/-m32 ===
# of expected passes 110107
# of unexpected failures 2
# of unexpected successes 2
# of expected failures 335
# of unsupported tests 3834
=== g++ Summary ===
# of expected passes 221822
# of unexpected failures 4
# of unexpected successes 4
# of expected failures 670
# of unsupported tests 7896
/export/gnu/import/git/gcc-test-profiled/bld/gcc/xg++ version 7.0.0 20161129 (experimental) [trunk revision 242975] (GCC)
=== objc tests ===
Running target unix
=== objc Summary for unix ===
# of expected passes 2797
# of expected failures 6
# of unsupported tests 68
Running target unix/-m32
=== objc Summary for unix/-m32 ===
# of expected passes 2797
# of expected failures 6
# of unsupported tests 68
=== objc Summary ===
# of expected passes 5594
# of expected failures 12
# of unsupported tests 136
/export/gnu/import/git/gcc-test-profiled/bld/gcc/xgcc version 7.0.0 20161129 (experimental) [trunk revision 242975] (GCC)
=== libatomic tests ===
Running target unix/-m32
=== libatomic Summary for unix/-m32 ===
# of expected passes 44
# of unsupported tests 5
Running target unix
=== libatomic Summary for unix ===
# of expected passes 54
=== libatomic Summary ===
# of expected passes 98
# of unsupported tests 5
=== libgomp tests ===
Running target unix/-m32
=== libgomp Summary for unix/-m32 ===
# of expected passes 5148
# of unsupported tests 331
Running target unix
=== libgomp Summary for unix ===
# of expected passes 5148
# of unsupported tests 331
=== libgomp Summary ===
# of expected passes 10296
# of unsupported tests 662
=== libitm tests ===
Running target unix/-m32
=== libitm Summary for unix/-m32 ===
# of expected passes 42
# of expected failures 3
# of unsupported tests 1
Running target unix
=== libitm Summary for unix ===
# of expected passes 42
# of expected failures 3
# of unsupported tests 1
=== libitm Summary ===
# of expected passes 84
# of expected failures 6
# of unsupported tests 2
=== libstdc++ tests ===
Running target unix
=== libstdc++ Summary for unix ===
# of expected passes 11959
# of expected failures 65
# of unsupported tests 244
Running target unix/-m32
=== libstdc++ Summary for unix/-m32 ===
# of expected passes 11967
# of expected failures 65
# of unsupported tests 240
=== libstdc++ Summary ===
# of expected passes 23926
# of expected failures 130
# of unsupported tests 484
Compiler version: 7.0.0 20161129 (experimental) [trunk revision 242975] (GCC)
Platform: x86_64-pc-linux-gnu
configure flags: --prefix=/usr/7.0.0 --enable-clocale=gnu --with-system-zlib --enable-shared --with-demangler-in-ld --enable-libmpx --with-build-config=bootstrap-lto --disable-werror --with-fpmath=sse
More information about the Gcc-testresults
mailing list