Results for 7.0.0 20161123 (experimental) [trunk revision 242735] (GCC) testsuite on x86_64-pc-linux-gnu
H.J. Lu
hjl@gnu-skl-1.localdomain
Wed Nov 23 08:21:00 GMT 2016
Native configuration is x86_64-pc-linux-gnu
=== gcc tests ===
Running target unix
XPASS: gcc.dg/guality/example.c -O0 execution test
XPASS: gcc.dg/guality/example.c -O1 execution test
XPASS: gcc.dg/guality/example.c -O2 execution test
XPASS: gcc.dg/guality/example.c -O2 -flto -fno-use-linker-plugin -flto-partition=none execution test
XPASS: gcc.dg/guality/guality.c -O0 execution test
XPASS: gcc.dg/guality/guality.c -O1 execution test
XPASS: gcc.dg/guality/guality.c -O2 execution test
XPASS: gcc.dg/guality/guality.c -O2 -flto -fno-use-linker-plugin -flto-partition=none execution test
XPASS: gcc.dg/guality/guality.c -O2 -flto -fuse-linker-plugin -fno-fat-lto-objects execution test
XPASS: gcc.dg/guality/guality.c -O3 -g execution test
XPASS: gcc.dg/guality/guality.c -Os execution test
XPASS: gcc.dg/guality/inline-params.c -O2 execution test
XPASS: gcc.dg/guality/inline-params.c -O2 -flto -fno-use-linker-plugin -flto-partition=none execution test
XPASS: gcc.dg/guality/inline-params.c -O3 -g execution test
XPASS: gcc.dg/guality/inline-params.c -Os execution test
XPASS: gcc.dg/guality/pr41353-1.c -O0 line 28 j == 28 + 37
XPASS: gcc.dg/guality/pr41353-1.c -O1 line 28 j == 28 + 37
XPASS: gcc.dg/guality/pr41353-1.c -O2 line 28 j == 28 + 37
XPASS: gcc.dg/guality/pr41353-1.c -O2 -flto -fno-use-linker-plugin -flto-partition=none line 28 j == 28 + 37
XPASS: gcc.dg/guality/pr41353-1.c -O2 -flto -fuse-linker-plugin -fno-fat-lto-objects line 28 j == 28 + 37
XPASS: gcc.dg/guality/pr41353-1.c -O3 -g line 28 j == 28 + 37
XPASS: gcc.dg/guality/pr41353-1.c -Os line 28 j == 28 + 37
FAIL: gcc.dg/guality/pr41616-1.c -O2 -flto -fuse-linker-plugin -fno-fat-lto-objects execution test
FAIL: gcc.dg/guality/pr45882.c -O2 -flto -fuse-linker-plugin -fno-fat-lto-objects line 16 d == 112
FAIL: gcc.dg/guality/pr45882.c -O2 -flto -fuse-linker-plugin -fno-fat-lto-objects line 16 e == 142
FAIL: gcc.dg/guality/pr54200.c -Os line 20 z == 3
FAIL: gcc.dg/guality/pr54519-1.c -O2 -flto -fno-use-linker-plugin -flto-partition=none line 20 y == 25
FAIL: gcc.dg/guality/pr54519-1.c -O2 -flto -fno-use-linker-plugin -flto-partition=none line 20 z == 6
FAIL: gcc.dg/guality/pr54519-1.c -O2 -flto -fno-use-linker-plugin -flto-partition=none line 23 y == 117
FAIL: gcc.dg/guality/pr54519-1.c -O2 -flto -fno-use-linker-plugin -flto-partition=none line 23 z == 8
FAIL: gcc.dg/guality/pr54519-2.c -O2 -flto -fno-use-linker-plugin -flto-partition=none line 17 y == 25
FAIL: gcc.dg/guality/pr54519-2.c -O2 -flto -fuse-linker-plugin -fno-fat-lto-objects line 17 y == 25
FAIL: gcc.dg/guality/pr54519-3.c -O2 -flto -fno-use-linker-plugin -flto-partition=none line 20 y == 25
FAIL: gcc.dg/guality/pr54519-3.c -O2 -flto -fno-use-linker-plugin -flto-partition=none line 20 z == 6
FAIL: gcc.dg/guality/pr54519-3.c -O2 -flto -fno-use-linker-plugin -flto-partition=none line 23 y == 117
FAIL: gcc.dg/guality/pr54519-3.c -O2 -flto -fno-use-linker-plugin -flto-partition=none line 23 z == 8
FAIL: gcc.dg/guality/pr54519-3.c -O2 -flto -fuse-linker-plugin -fno-fat-lto-objects line 20 y == 25
FAIL: gcc.dg/guality/pr54519-3.c -O2 -flto -fuse-linker-plugin -fno-fat-lto-objects line 20 z == 6
FAIL: gcc.dg/guality/pr54519-3.c -O2 -flto -fuse-linker-plugin -fno-fat-lto-objects line 23 y == 117
FAIL: gcc.dg/guality/pr54519-3.c -O2 -flto -fuse-linker-plugin -fno-fat-lto-objects line 23 z == 8
FAIL: gcc.dg/guality/pr54519-4.c -O2 -flto -fno-use-linker-plugin -flto-partition=none line 17 y == 25
FAIL: gcc.dg/guality/pr54519-4.c -O2 -flto -fuse-linker-plugin -fno-fat-lto-objects line 17 y == 25
FAIL: gcc.dg/guality/pr54519-5.c -O2 -flto -fno-use-linker-plugin -flto-partition=none line 17 y == 25
FAIL: gcc.dg/guality/pr54519-5.c -O2 -flto -fuse-linker-plugin -fno-fat-lto-objects line 17 y == 25
FAIL: gcc.dg/guality/pr68860-1.c -O2 -flto -fno-use-linker-plugin -flto-partition=none line 14 arg1 == 1
FAIL: gcc.dg/guality/pr68860-1.c -O2 -flto -fno-use-linker-plugin -flto-partition=none line 14 arg2 == 2
FAIL: gcc.dg/guality/pr68860-1.c -O2 -flto -fno-use-linker-plugin -flto-partition=none line 14 arg3 == 3
FAIL: gcc.dg/guality/pr68860-1.c -O2 -flto -fno-use-linker-plugin -flto-partition=none line 14 arg4 == 4
FAIL: gcc.dg/guality/pr68860-1.c -O2 -flto -fno-use-linker-plugin -flto-partition=none line 14 arg5 == 5
FAIL: gcc.dg/guality/pr68860-1.c -O2 -flto -fno-use-linker-plugin -flto-partition=none line 14 arg6 == 6
FAIL: gcc.dg/guality/pr68860-1.c -O2 -flto -fno-use-linker-plugin -flto-partition=none line 16 arg1 == 1
FAIL: gcc.dg/guality/pr68860-1.c -O2 -flto -fno-use-linker-plugin -flto-partition=none line 16 arg2 == 2
FAIL: gcc.dg/guality/pr68860-1.c -O2 -flto -fno-use-linker-plugin -flto-partition=none line 16 arg3 == 3
FAIL: gcc.dg/guality/pr68860-1.c -O2 -flto -fno-use-linker-plugin -flto-partition=none line 16 arg4 == 4
FAIL: gcc.dg/guality/pr68860-1.c -O2 -flto -fno-use-linker-plugin -flto-partition=none line 16 arg5 == 5
FAIL: gcc.dg/guality/pr68860-1.c -O2 -flto -fno-use-linker-plugin -flto-partition=none line 16 arg6 == 6
FAIL: gcc.dg/guality/pr68860-1.c -O2 -flto -fuse-linker-plugin -fno-fat-lto-objects line 14 arg1 == 1
FAIL: gcc.dg/guality/pr68860-1.c -O2 -flto -fuse-linker-plugin -fno-fat-lto-objects line 14 arg2 == 2
FAIL: gcc.dg/guality/pr68860-1.c -O2 -flto -fuse-linker-plugin -fno-fat-lto-objects line 14 arg3 == 3
FAIL: gcc.dg/guality/pr68860-1.c -O2 -flto -fuse-linker-plugin -fno-fat-lto-objects line 14 arg4 == 4
FAIL: gcc.dg/guality/pr68860-1.c -O2 -flto -fuse-linker-plugin -fno-fat-lto-objects line 14 arg5 == 5
FAIL: gcc.dg/guality/pr68860-1.c -O2 -flto -fuse-linker-plugin -fno-fat-lto-objects line 14 arg6 == 6
FAIL: gcc.dg/guality/pr68860-1.c -O2 -flto -fuse-linker-plugin -fno-fat-lto-objects line 16 arg1 == 1
FAIL: gcc.dg/guality/pr68860-1.c -O2 -flto -fuse-linker-plugin -fno-fat-lto-objects line 16 arg2 == 2
FAIL: gcc.dg/guality/pr68860-1.c -O2 -flto -fuse-linker-plugin -fno-fat-lto-objects line 16 arg3 == 3
FAIL: gcc.dg/guality/pr68860-1.c -O2 -flto -fuse-linker-plugin -fno-fat-lto-objects line 16 arg4 == 4
FAIL: gcc.dg/guality/pr68860-1.c -O2 -flto -fuse-linker-plugin -fno-fat-lto-objects line 16 arg5 == 5
FAIL: gcc.dg/guality/pr68860-1.c -O2 -flto -fuse-linker-plugin -fno-fat-lto-objects line 16 arg6 == 6
FAIL: gcc.dg/guality/vla-1.c -O1 line 17 sizeof (a) == 6
FAIL: gcc.dg/guality/vla-1.c -O2 line 17 sizeof (a) == 6
FAIL: gcc.dg/guality/vla-1.c -O2 -flto -fno-use-linker-plugin -flto-partition=none line 17 sizeof (a) == 6
FAIL: gcc.dg/guality/vla-1.c -O2 -flto -fuse-linker-plugin -fno-fat-lto-objects line 17 sizeof (a) == 6
FAIL: gcc.dg/guality/vla-1.c -O3 -g line 17 sizeof (a) == 6
FAIL: gcc.dg/guality/vla-1.c -Os line 17 sizeof (a) == 6
UNRESOLVED: gcc.dg/tree-prof/cmpsf-1.c compilation, -fauto-profile
UNRESOLVED: gcc.dg/tree-prof/cmpsf-1.c execution, -fauto-profile
FAIL: gcc.dg/tree-prof/cmpsf-1.c execution, -g
UNRESOLVED: gcc.dg/tree-prof/ic-misattribution-1.c compilation, -fauto-profile
UNRESOLVED: gcc.dg/tree-prof/ic-misattribution-1.c execution, -fauto-profile
FAIL: gcc.dg/tree-prof/ic-misattribution-1.c execution, -g
UNRESOLVED: gcc.dg/tree-prof/merge_block.c compilation, -fauto-profile
UNRESOLVED: gcc.dg/tree-prof/merge_block.c execution, -fauto-profile
FAIL: gcc.dg/tree-prof/merge_block.c execution, -g
UNRESOLVED: gcc.dg/tree-prof/pr52027.c compilation, -fauto-profile
UNRESOLVED: gcc.dg/tree-prof/pr52027.c execution, -fauto-profile
FAIL: gcc.dg/tree-prof/pr52027.c execution, -g
UNRESOLVED: gcc.dg/tree-prof/switch-case-1.c scan-tree-dump-times ifcvt "Applying if-conversion" 1
FAIL: gcc.dg/tree-ssa/pr69270-3.c scan-tree-dump-times uncprop1 ", 1" 4
FAIL: gcc.dg/vect/bb-slp-cond-1.c -flto -ffat-lto-objects scan-tree-dump-times slp1 "basic block vectorized" 1
FAIL: gcc.dg/vect/bb-slp-cond-1.c scan-tree-dump-times slp1 "basic block vectorized" 1
FAIL: gcc.misc-tests/godump-1.c scan-file (?n)^type _ts2eg struct { e1 \\\\*byte; e2 int8; }\$
FAIL: gcc.misc-tests/godump-1.c scan-file (?n)^type _tsae struct { sa \\\\[2\\\\+1\\\\]int16; ca \\\\[2\\\\+1\\\\]int8; }\$
FAIL: gcc.misc-tests/godump-1.c scan-file (?n)^type _tsbf_pad16_2 struct { Godump_0_pad \\\\[2\\\\]byte; c uint8; Godump_1_align \\\\[0\\\\]int16; }\$
FAIL: gcc.misc-tests/godump-1.c scan-file (?n)^type _tsbf_pad16_3 struct { bf uint16; c uint8; }\$
FAIL: gcc.misc-tests/godump-1.c scan-file (?n)^type _tsbf_pad32_1 struct { Godump_0_pad \\\\[1\\\\]byte; c uint8; Godump_1_align \\\\[0\\\\]int32; }\$
FAIL: gcc.misc-tests/godump-1.c scan-file (?n)^type _tsbf_pad32_2 struct { Godump_0_pad \\\\[4\\\\]byte; c uint8; Godump_1_align \\\\[0\\\\]int32; }\$
FAIL: gcc.misc-tests/godump-1.c scan-file (?n)^type _tsbf_pad32_3 struct { bf uint32; c uint8; }\$
FAIL: gcc.misc-tests/godump-1.c scan-file (?n)^type _tsbf_pad64_1 struct { Godump_0_pad \\\\[1\\\\]byte; c uint8; Godump_1_align \\\\[0\\\\]int64; }\$
FAIL: gcc.misc-tests/godump-1.c scan-file (?n)^type _tsbf_pad64_2 struct { Godump_0_pad \\\\[8\\\\]byte; c uint8; Godump_1_align \\\\[0\\\\]int64; }\$
FAIL: gcc.misc-tests/godump-1.c scan-file (?n)^type _tsbf_pad64_3 struct { bf uint[0-9]*; c uint8; }\$
FAIL: gcc.misc-tests/godump-1.c scan-file (?n)^type _tsme struct { l int64; c int8; i int32; s int16; }\$
FAIL: gcc.misc-tests/godump-1.c scan-file (?n)^type _tsn_anon struct { a uint8; s uint16; b uint8; Godump_0_align \\\\[0\\\\]int16; }\$
FAIL: gcc.misc-tests/godump-1.c scan-file (?n)^type _tu1 struct { c uint8; Godump_0_align \\\\[0\\\\]u?int64; }\$
FAIL: gcc.misc-tests/godump-1.c scan-file (?n)^type _tu3_size struct { ca \\\\[4\\\\+1\\\\]uint8; Godump_0_align \\\\[0\\\\]u?int64; }\$
FAIL: gcc.misc-tests/godump-1.c scan-file (?n)^type _tu_size struct { ca \\\\[4\\\\+1\\\\]uint8; Godump_0_align \\\\[0\\\\]u?int64; }\$
FAIL: gcc.misc-tests/godump-1.c scan-file (?n)^var _s2eg struct { e1 \\\\*byte; e2 int8; }\$
FAIL: gcc.misc-tests/godump-1.c scan-file (?n)^var _sae struct { sa \\\\[2\\\\+1\\\\]int16; ca \\\\[2\\\\+1\\\\]int8; }\$
FAIL: gcc.misc-tests/godump-1.c scan-file (?n)^var _sbf_pad16_2 struct { Godump_0_pad \\\\[2\\\\]byte; c uint8; Godump_1_align \\\\[0\\\\]int16; }\$
FAIL: gcc.misc-tests/godump-1.c scan-file (?n)^var _sbf_pad16_3 struct { bf uint16; c uint8; }\$
FAIL: gcc.misc-tests/godump-1.c scan-file (?n)^var _sbf_pad32_1 struct { Godump_0_pad \\\\[1\\\\]byte; c uint8; Godump_1_align \\\\[0\\\\]int32; }\$
FAIL: gcc.misc-tests/godump-1.c scan-file (?n)^var _sbf_pad32_2 struct { Godump_0_pad \\\\[4\\\\]byte; c uint8; Godump_1_align \\\\[0\\\\]int32; }\$
FAIL: gcc.misc-tests/godump-1.c scan-file (?n)^var _sbf_pad32_3 struct { bf uint32; c uint8; }\$
FAIL: gcc.misc-tests/godump-1.c scan-file (?n)^var _sbf_pad64_1 struct { Godump_0_pad \\\\[1\\\\]byte; c uint8; Godump_1_align \\\\[0\\\\]int64; }\$
FAIL: gcc.misc-tests/godump-1.c scan-file (?n)^var _sbf_pad64_2 struct { Godump_0_pad \\\\[8\\\\]byte; c uint8; Godump_1_align \\\\[0\\\\]int64; }\$
FAIL: gcc.misc-tests/godump-1.c scan-file (?n)^var _sbf_pad64_3 struct { bf uint[0-9]*; c uint8; }\$
FAIL: gcc.misc-tests/godump-1.c scan-file (?n)^var _sme struct { l int64; c int8; i int32; s int16; }\$
FAIL: gcc.misc-tests/godump-1.c scan-file (?n)^var _sn_anon struct { a uint8; s uint16; b uint8; Godump_0_align \\\\[0\\\\]int16; }\$
FAIL: gcc.misc-tests/godump-1.c scan-file (?n)^var _u1 struct { c uint8; Godump_0_align \\\\[0\\\\]u?int64; }\$
FAIL: gcc.misc-tests/godump-1.c scan-file (?n)^var _u3_size struct { ca \\\\[4\\\\+1\\\\]uint8; Godump_0_align \\\\[0\\\\]u?int64; }\$
FAIL: gcc.misc-tests/godump-1.c scan-file (?n)^var _u_size struct { ca \\\\[4\\\\+1\\\\]uint8; Godump_0_align \\\\[0\\\\]u?int64; }\$
FAIL: gcc.target/i386/pr45685.c scan-assembler-times cmov 6
=== gcc Summary for unix ===
# of expected passes 128360
# of unexpected failures 90
# of unexpected successes 22
# of expected failures 343
# of unresolved testcases 9
# of unsupported tests 2068
Running target unix/-m32
FAIL: gcc.dg/graphite/scop-dsyr2k.c scan-tree-dump-times graphite "number of SCoPs: 1" 1
FAIL: gcc.dg/graphite/scop-dsyrk.c scan-tree-dump-times graphite "number of SCoPs: 1" 1
XPASS: gcc.dg/guality/example.c -O0 execution test
XPASS: gcc.dg/guality/example.c -O1 execution test
XPASS: gcc.dg/guality/guality.c -O0 execution test
XPASS: gcc.dg/guality/guality.c -O1 execution test
XPASS: gcc.dg/guality/guality.c -O2 execution test
XPASS: gcc.dg/guality/guality.c -O2 -flto -fno-use-linker-plugin -flto-partition=none execution test
XPASS: gcc.dg/guality/guality.c -O2 -flto -fuse-linker-plugin -fno-fat-lto-objects execution test
XPASS: gcc.dg/guality/guality.c -O3 -g execution test
XPASS: gcc.dg/guality/guality.c -Os execution test
XPASS: gcc.dg/guality/inline-params.c -O2 execution test
XPASS: gcc.dg/guality/inline-params.c -O2 -flto -fno-use-linker-plugin -flto-partition=none execution test
XPASS: gcc.dg/guality/inline-params.c -O3 -g execution test
XPASS: gcc.dg/guality/inline-params.c -Os execution test
XPASS: gcc.dg/guality/pr41353-1.c -O0 line 28 j == 28 + 37
XPASS: gcc.dg/guality/pr41353-1.c -O1 line 28 j == 28 + 37
XPASS: gcc.dg/guality/pr41353-1.c -O2 line 28 j == 28 + 37
XPASS: gcc.dg/guality/pr41353-1.c -O2 -flto -fno-use-linker-plugin -flto-partition=none line 28 j == 28 + 37
XPASS: gcc.dg/guality/pr41353-1.c -O2 -flto -fuse-linker-plugin -fno-fat-lto-objects line 28 j == 28 + 37
XPASS: gcc.dg/guality/pr41353-1.c -O3 -g line 28 j == 28 + 37
XPASS: gcc.dg/guality/pr41353-1.c -Os line 28 j == 28 + 37
FAIL: gcc.dg/guality/pr41447-1.c -O2 execution test
FAIL: gcc.dg/guality/pr41447-1.c -O2 -flto -fno-use-linker-plugin -flto-partition=none execution test
FAIL: gcc.dg/guality/pr41447-1.c -O3 -g execution test
FAIL: gcc.dg/guality/pr41616-1.c -O2 -flto -fuse-linker-plugin -fno-fat-lto-objects execution test
FAIL: gcc.dg/guality/pr45882.c -O2 -flto -fuse-linker-plugin -fno-fat-lto-objects line 16 d == 112
FAIL: gcc.dg/guality/pr45882.c -O2 -flto -fuse-linker-plugin -fno-fat-lto-objects line 16 e == 142
FAIL: gcc.dg/guality/pr54519-1.c -O2 -flto -fno-use-linker-plugin -flto-partition=none line 20 y == 25
FAIL: gcc.dg/guality/pr54519-1.c -O2 -flto -fno-use-linker-plugin -flto-partition=none line 20 z == 6
FAIL: gcc.dg/guality/pr54519-1.c -O2 -flto -fno-use-linker-plugin -flto-partition=none line 23 y == 117
FAIL: gcc.dg/guality/pr54519-1.c -O2 -flto -fno-use-linker-plugin -flto-partition=none line 23 z == 8
FAIL: gcc.dg/guality/pr54519-2.c -O2 -flto -fno-use-linker-plugin -flto-partition=none line 17 y == 25
FAIL: gcc.dg/guality/pr54519-2.c -O2 -flto -fuse-linker-plugin -fno-fat-lto-objects line 17 y == 25
FAIL: gcc.dg/guality/pr54519-3.c -O2 -flto -fno-use-linker-plugin -flto-partition=none line 20 y == 25
FAIL: gcc.dg/guality/pr54519-3.c -O2 -flto -fno-use-linker-plugin -flto-partition=none line 20 z == 6
FAIL: gcc.dg/guality/pr54519-3.c -O2 -flto -fno-use-linker-plugin -flto-partition=none line 23 y == 117
FAIL: gcc.dg/guality/pr54519-3.c -O2 -flto -fno-use-linker-plugin -flto-partition=none line 23 z == 8
FAIL: gcc.dg/guality/pr54519-3.c -O2 -flto -fuse-linker-plugin -fno-fat-lto-objects line 20 y == 25
FAIL: gcc.dg/guality/pr54519-3.c -O2 -flto -fuse-linker-plugin -fno-fat-lto-objects line 20 z == 6
FAIL: gcc.dg/guality/pr54519-3.c -O2 -flto -fuse-linker-plugin -fno-fat-lto-objects line 23 y == 117
FAIL: gcc.dg/guality/pr54519-3.c -O2 -flto -fuse-linker-plugin -fno-fat-lto-objects line 23 z == 8
FAIL: gcc.dg/guality/pr54519-4.c -O2 -flto -fno-use-linker-plugin -flto-partition=none line 17 y == 25
FAIL: gcc.dg/guality/pr54519-4.c -O2 -flto -fuse-linker-plugin -fno-fat-lto-objects line 17 y == 25
FAIL: gcc.dg/guality/pr54519-5.c -O2 -flto -fno-use-linker-plugin -flto-partition=none line 17 y == 25
FAIL: gcc.dg/guality/pr54519-5.c -O2 -flto -fuse-linker-plugin -fno-fat-lto-objects line 17 y == 25
FAIL: gcc.dg/guality/pr68860-1.c -O2 -flto -fno-use-linker-plugin -flto-partition=none line 14 arg1 == 1
FAIL: gcc.dg/guality/pr68860-1.c -O2 -flto -fno-use-linker-plugin -flto-partition=none line 14 arg2 == 2
FAIL: gcc.dg/guality/pr68860-1.c -O2 -flto -fno-use-linker-plugin -flto-partition=none line 14 arg3 == 3
FAIL: gcc.dg/guality/pr68860-1.c -O2 -flto -fno-use-linker-plugin -flto-partition=none line 14 arg4 == 4
FAIL: gcc.dg/guality/pr68860-1.c -O2 -flto -fno-use-linker-plugin -flto-partition=none line 14 arg5 == 5
FAIL: gcc.dg/guality/pr68860-1.c -O2 -flto -fno-use-linker-plugin -flto-partition=none line 14 arg6 == 6
FAIL: gcc.dg/guality/pr68860-1.c -O2 -flto -fno-use-linker-plugin -flto-partition=none line 16 arg1 == 1
FAIL: gcc.dg/guality/pr68860-1.c -O2 -flto -fno-use-linker-plugin -flto-partition=none line 16 arg2 == 2
FAIL: gcc.dg/guality/pr68860-1.c -O2 -flto -fno-use-linker-plugin -flto-partition=none line 16 arg3 == 3
FAIL: gcc.dg/guality/pr68860-1.c -O2 -flto -fno-use-linker-plugin -flto-partition=none line 16 arg4 == 4
FAIL: gcc.dg/guality/pr68860-1.c -O2 -flto -fno-use-linker-plugin -flto-partition=none line 16 arg5 == 5
FAIL: gcc.dg/guality/pr68860-1.c -O2 -flto -fno-use-linker-plugin -flto-partition=none line 16 arg6 == 6
FAIL: gcc.dg/guality/pr68860-1.c -O2 -flto -fuse-linker-plugin -fno-fat-lto-objects line 14 arg1 == 1
FAIL: gcc.dg/guality/pr68860-1.c -O2 -flto -fuse-linker-plugin -fno-fat-lto-objects line 14 arg2 == 2
FAIL: gcc.dg/guality/pr68860-1.c -O2 -flto -fuse-linker-plugin -fno-fat-lto-objects line 14 arg3 == 3
FAIL: gcc.dg/guality/pr68860-1.c -O2 -flto -fuse-linker-plugin -fno-fat-lto-objects line 14 arg4 == 4
FAIL: gcc.dg/guality/pr68860-1.c -O2 -flto -fuse-linker-plugin -fno-fat-lto-objects line 14 arg5 == 5
FAIL: gcc.dg/guality/pr68860-1.c -O2 -flto -fuse-linker-plugin -fno-fat-lto-objects line 14 arg6 == 6
FAIL: gcc.dg/guality/pr68860-1.c -O2 -flto -fuse-linker-plugin -fno-fat-lto-objects line 16 arg1 == 1
FAIL: gcc.dg/guality/pr68860-1.c -O2 -flto -fuse-linker-plugin -fno-fat-lto-objects line 16 arg2 == 2
FAIL: gcc.dg/guality/pr68860-1.c -O2 -flto -fuse-linker-plugin -fno-fat-lto-objects line 16 arg3 == 3
FAIL: gcc.dg/guality/pr68860-1.c -O2 -flto -fuse-linker-plugin -fno-fat-lto-objects line 16 arg4 == 4
FAIL: gcc.dg/guality/pr68860-1.c -O2 -flto -fuse-linker-plugin -fno-fat-lto-objects line 16 arg5 == 5
FAIL: gcc.dg/guality/pr68860-1.c -O2 -flto -fuse-linker-plugin -fno-fat-lto-objects line 16 arg6 == 6
FAIL: gcc.dg/guality/vla-1.c -O1 line 17 sizeof (a) == 6
FAIL: gcc.dg/guality/vla-1.c -O2 line 17 sizeof (a) == 6
FAIL: gcc.dg/guality/vla-1.c -O2 -flto -fno-use-linker-plugin -flto-partition=none line 17 sizeof (a) == 6
FAIL: gcc.dg/guality/vla-1.c -O2 -flto -fuse-linker-plugin -fno-fat-lto-objects line 17 sizeof (a) == 6
FAIL: gcc.dg/guality/vla-1.c -O3 -g line 17 sizeof (a) == 6
FAIL: gcc.dg/guality/vla-1.c -Os line 17 sizeof (a) == 6
UNRESOLVED: gcc.dg/tree-prof/section-attr-2.c compilation, -fauto-profile
UNRESOLVED: gcc.dg/tree-prof/section-attr-2.c execution, -fauto-profile
FAIL: gcc.dg/tree-prof/section-attr-2.c execution, -g
UNRESOLVED: gcc.dg/tree-prof/section-attr-3.c compilation, -fauto-profile
UNRESOLVED: gcc.dg/tree-prof/section-attr-3.c execution, -fauto-profile
FAIL: gcc.dg/tree-prof/section-attr-3.c execution, -g
UNRESOLVED: gcc.dg/tree-prof/switch-case-1.c compilation, -fauto-profile
UNRESOLVED: gcc.dg/tree-prof/switch-case-1.c execution, -fauto-profile
FAIL: gcc.dg/tree-prof/switch-case-1.c execution, -g
UNRESOLVED: gcc.dg/tree-prof/time-profiler-1.c scan-tree-dump-not dom2 "make_decl_rtl \\\\(\\\\)"
UNRESOLVED: gcc.dg/tree-prof/time-profiler-1.c scan-tree-dump-times dom2 "->alias" 1
UNRESOLVED: gcc.dg/tree-prof/time-profiler-1.c scan-tree-dump-times dom2 "decl\\\\.rtl" 1
UNRESOLVED: gcc.dg/tree-prof/time-profiler-1.c scan-tree-dump-times dom2 "if " 2
UNRESOLVED: gcc.dg/tree-prof/time-profiler-1.c scan-tree-dump-times dom2 "rtmem" 2
UNRESOLVED: gcc.dg/tree-prof/wcoverage-mismatch.c scan-tree-dump-times dom2 "\\\\+" 1
UNRESOLVED: gcc.dg/tree-prof/wcoverage-mismatch.c scan-tree-dump-times dom2 "first_gp_reg_save" 1
FAIL: gcc.dg/tree-ssa/pr69270-3.c scan-tree-dump-times uncprop1 ", 1" 4
FAIL: gcc.dg/tree-ssa/scev-5.c scan-tree-dump-times optimized "&a" 1
FAIL: gcc.dg/vect/bb-slp-cond-1.c -flto -ffat-lto-objects scan-tree-dump-times slp1 "basic block vectorized" 1
FAIL: gcc.dg/vect/bb-slp-cond-1.c scan-tree-dump-times slp1 "basic block vectorized" 1
=== gcc Summary for unix/-m32 ===
# of expected passes 126441
# of unexpected failures 63
# of unexpected successes 20
# of expected failures 347
# of unresolved testcases 13
# of unsupported tests 2118
=== gcc Summary ===
# of expected passes 254801
# of unexpected failures 153
# of unexpected successes 42
# of expected failures 690
# of unresolved testcases 22
# of unsupported tests 4186
/export/gnu/import/git/gcc-test/bld/gcc/xgcc version 7.0.0 20161123 (experimental) [trunk revision 242735] (GCC)
=== gfortran tests ===
Running target unix
FAIL: gfortran.dg/graphite/pr68279.f90 -O (internal compiler error)
FAIL: gfortran.dg/graphite/pr68279.f90 -O (test for excess errors)
UNRESOLVED: gfortran.dg/prof/dynamic_dispatch_6.f03 scan-tree-dump-times vect "vectorized 3 loops" 1
=== gfortran Summary for unix ===
# of expected passes 44139
# of unexpected failures 2
# of expected failures 84
# of unresolved testcases 1
# of unsupported tests 67
Running target unix/-m32
FAIL: gfortran.dg/bessel_6.f90 -O0 execution test
FAIL: gfortran.dg/bessel_6.f90 -O1 execution test
FAIL: gfortran.dg/bessel_6.f90 -O2 execution test
FAIL: gfortran.dg/bessel_6.f90 -O3 -fomit-frame-pointer -funroll-loops -fpeel-loops -ftracer -finline-functions execution test
FAIL: gfortran.dg/bessel_6.f90 -O3 -g execution test
FAIL: gfortran.dg/bessel_6.f90 -Os execution test
UNRESOLVED: gfortran.dg/prof/dynamic_dispatch_6.f03 scan-tree-dump-times vect "vectorized 3 loops" 1
=== gfortran Summary for unix/-m32 ===
# of expected passes 43917
# of unexpected failures 6
# of expected failures 84
# of unresolved testcases 1
# of unsupported tests 170
=== gfortran Summary ===
# of expected passes 88056
# of unexpected failures 8
# of expected failures 168
# of unresolved testcases 2
# of unsupported tests 237
/export/gnu/import/git/gcc-test/bld/gcc/gfortran version 7.0.0 20161123 (experimental) [trunk revision 242735] (GCC)
=== g++ tests ===
Running target unix
UNRESOLVED: g++.dg/bprob/g++-bprob-2.C scan-assembler .ascii bar
UNRESOLVED: g++.dg/bprob/g++-bprob-2.C scan-assembler .ascii foo
FAIL: g++.dg/guality/pr55665.C -O2 line 23 p == 40
FAIL: g++.dg/guality/pr55665.C -O3 -g line 23 p == 40
XPASS: g++.dg/tls/thread_local-order2.C -std=c++11 execution test
XPASS: g++.dg/tls/thread_local-order2.C -std=c++14 execution test
UNRESOLVED: g++.dg/tree-prof/pr53460.C scan-assembler-not __ubsan_handle
=== g++ Summary for unix ===
# of expected passes 111529
# of unexpected failures 2
# of unexpected successes 2
# of expected failures 335
# of unresolved testcases 3
# of unsupported tests 4047
Running target unix/-m32
UNRESOLVED: g++.dg/bprob/g++-bprob-2.C scan-assembler .ascii bar
UNRESOLVED: g++.dg/bprob/g++-bprob-2.C scan-assembler .ascii foo
FAIL: g++.dg/guality/pr55665.C -O2 line 23 p == 40
FAIL: g++.dg/guality/pr55665.C -O3 -g line 23 p == 40
XPASS: g++.dg/tls/thread_local-order2.C -std=c++11 execution test
XPASS: g++.dg/tls/thread_local-order2.C -std=c++14 execution test
=== g++ Summary for unix/-m32 ===
# of expected passes 109924
# of unexpected failures 2
# of unexpected successes 2
# of expected failures 335
# of unresolved testcases 2
# of unsupported tests 3819
=== g++ Summary ===
# of expected passes 221453
# of unexpected failures 4
# of unexpected successes 4
# of expected failures 670
# of unresolved testcases 5
# of unsupported tests 7866
/export/gnu/import/git/gcc-test/bld/gcc/xg++ version 7.0.0 20161123 (experimental) [trunk revision 242735] (GCC)
=== objc tests ===
Running target unix
=== objc Summary for unix ===
# of expected passes 2797
# of expected failures 6
# of unsupported tests 68
Running target unix/-m32
=== objc Summary for unix/-m32 ===
# of expected passes 2797
# of expected failures 6
# of unsupported tests 68
=== objc Summary ===
# of expected passes 5594
# of expected failures 12
# of unsupported tests 136
/export/gnu/import/git/gcc-test/bld/gcc/xgcc version 7.0.0 20161123 (experimental) [trunk revision 242735] (GCC)
=== libatomic tests ===
Running target unix/-m32
=== libatomic Summary for unix/-m32 ===
# of expected passes 44
# of unsupported tests 5
Running target unix
=== libatomic Summary for unix ===
# of expected passes 54
=== libatomic Summary ===
# of expected passes 98
# of unsupported tests 5
=== libgomp tests ===
Running target unix/-m32
=== libgomp Summary for unix/-m32 ===
# of expected passes 5172
# of unsupported tests 319
Running target unix
=== libgomp Summary for unix ===
# of expected passes 5172
# of unsupported tests 319
=== libgomp Summary ===
# of expected passes 10344
# of unsupported tests 638
=== libitm tests ===
Running target unix/-m32
=== libitm Summary for unix/-m32 ===
# of expected passes 42
# of expected failures 3
# of unsupported tests 1
Running target unix
=== libitm Summary for unix ===
# of expected passes 42
# of expected failures 3
# of unsupported tests 1
=== libitm Summary ===
# of expected passes 84
# of expected failures 6
# of unsupported tests 2
=== libstdc++ tests ===
Running target unix
=== libstdc++ Summary for unix ===
# of expected passes 11959
# of expected failures 65
# of unsupported tests 244
Running target unix/-m32
=== libstdc++ Summary for unix/-m32 ===
# of expected passes 11967
# of expected failures 65
# of unsupported tests 240
=== libstdc++ Summary ===
# of expected passes 23926
# of expected failures 130
# of unsupported tests 484
Compiler version: 7.0.0 20161123 (experimental) [trunk revision 242735] (GCC)
Platform: x86_64-pc-linux-gnu
configure flags: --prefix=/usr/7.0.0 --enable-clocale=gnu --with-system-zlib --enable-shared --with-demangler-in-ld --enable-libmpx --with-build-config='bootstrap-O3 bootstrap-debug' --disable-werror --with-fpmath=sse
More information about the Gcc-testresults
mailing list