Results for 7.0.0 20161122 (experimental) (GCC) testsuite on x86_64-pc-linux-gnu
jenkins@cavium.com
jenkins@cavium.com
Tue Nov 22 16:18:00 GMT 2016
Native configuration is x86_64-pc-linux-gnu
=== gcc tests ===
Running target unix//-m64
FAIL: gcc.dg/tree-ssa/pr69270-3.c scan-tree-dump-times uncprop1 ", 1" 4
FAIL: c-c++-common/ubsan/float-cast-overflow-10.c -O2 -flto -fno-use-linker-plugin -flto-partition=none output pattern test
FAIL: c-c++-common/ubsan/float-cast-overflow-10.c -O2 -flto -fuse-linker-plugin -fno-fat-lto-objects output pattern test
FAIL: c-c++-common/ubsan/float-cast-overflow-2.c -O0 output pattern test
FAIL: c-c++-common/ubsan/float-cast-overflow-2.c -O1 output pattern test
FAIL: c-c++-common/ubsan/float-cast-overflow-8.c -O2 -flto -fno-use-linker-plugin -flto-partition=none output pattern test
FAIL: c-c++-common/ubsan/overflow-mul-4.c -Os output pattern test
FAIL: gcc.dg/vect/bb-slp-cond-1.c -flto -ffat-lto-objects scan-tree-dump-times slp1 "basic block vectorized" 1
FAIL: gcc.dg/vect/bb-slp-cond-1.c scan-tree-dump-times slp1 "basic block vectorized" 1
FAIL: gcc.target/i386/pr45685.c scan-assembler-times cmov 6
FAIL: gcc.target/i386/sse-22a.c (test for excess errors)
=== gcc Summary ===
# of expected passes 124210
# of unexpected failures 11
# of expected failures 334
# of unsupported tests 2003
/home/jenkins/workspace/GCCupstream/objdir/gcc/xgcc version 7.0.0 20161122 (experimental) (GCC)
=== gfortran tests ===
Running target unix//-m64
=== gfortran Summary ===
# of expected passes 43976
# of expected failures 74
# of unsupported tests 77
/home/jenkins/workspace/GCCupstream/objdir/gcc/testsuite/gfortran/../../gfortran version 7.0.0 20161122 (experimental) (GCC)
=== g++ tests ===
Running target unix//-m64
XPASS: g++.dg/tls/thread_local-order2.C -std=c++11 execution test
XPASS: g++.dg/tls/thread_local-order2.C -std=c++14 execution test
FAIL: c-c++-common/ubsan/float-cast-overflow-10.c -O2 output pattern test
FAIL: c-c++-common/ubsan/float-cast-overflow-2.c -O2 output pattern test
FAIL: c-c++-common/ubsan/float-cast-overflow-2.c -O2 -flto -fno-use-linker-plugin -flto-partition=none output pattern test
FAIL: c-c++-common/ubsan/float-cast-overflow-2.c -O2 -flto -fuse-linker-plugin -fno-fat-lto-objects output pattern test
FAIL: c-c++-common/ubsan/float-cast-overflow-2.c -O3 -g output pattern test
FAIL: c-c++-common/ubsan/float-cast-overflow-8.c -O2 -flto -fno-use-linker-plugin -flto-partition=none output pattern test
FAIL: c-c++-common/ubsan/float-cast-overflow-8.c -O2 -flto -fuse-linker-plugin -fno-fat-lto-objects output pattern test
FAIL: c-c++-common/ubsan/overflow-mul-4.c -O0 output pattern test
FAIL: c-c++-common/ubsan/overflow-mul-4.c -O1 output pattern test
FAIL: c-c++-common/ubsan/overflow-mul-4.c -O2 output pattern test
FAIL: c-c++-common/ubsan/overflow-mul-4.c -O2 -flto -fno-use-linker-plugin -flto-partition=none output pattern test
FAIL: c-c++-common/ubsan/overflow-mul-4.c -O2 -flto -fuse-linker-plugin -fno-fat-lto-objects output pattern test
FAIL: c-c++-common/ubsan/overflow-mul-4.c -O3 -fomit-frame-pointer -funroll-loops -fpeel-loops -ftracer -finline-functions output pattern test
FAIL: c-c++-common/ubsan/overflow-mul-4.c -O3 -g output pattern test
FAIL: c-c++-common/ubsan/overflow-mul-4.c -Os output pattern test
=== g++ Summary ===
# of expected passes 111267
# of unexpected failures 15
# of unexpected successes 2
# of expected failures 335
# of unsupported tests 4030
/home/jenkins/workspace/GCCupstream/objdir/gcc/testsuite/g++/../../xg++ version 7.0.0 20161122 (experimental) (GCC)
=== objc tests ===
Running target unix//-m64
=== objc Summary ===
# of expected passes 2797
# of expected failures 6
# of unsupported tests 68
/home/jenkins/workspace/GCCupstream/objdir/gcc/xgcc version 7.0.0 20161122 (experimental) (GCC)
=== libatomic tests ===
Running target unix//-m64
=== libatomic Summary ===
# of expected passes 54
=== libgomp tests ===
Running target unix//-m64
=== libgomp Summary ===
# of expected passes 5126
# of unsupported tests 319
=== libitm tests ===
Running target unix//-m64
=== libitm Summary ===
# of expected passes 42
# of expected failures 3
# of unsupported tests 1
=== libstdc++ tests ===
Running target unix//-m64
=== libstdc++ Summary ===
# of expected passes 11010
# of expected failures 65
# of unsupported tests 562
Compiler version: 7.0.0 20161122 (experimental) (GCC)
Platform: x86_64-pc-linux-gnu
configure flags: --prefix=/home/jenkins/workspace/GCCupstream/objdir/install --disable-multilib
More information about the Gcc-testresults
mailing list