Results for 7.0.0 20161119 (experimental) (GCC) testsuite on x86_64-pc-linux-gnu
jenkins@cavium.com
jenkins@cavium.com
Sat Nov 19 06:32:00 GMT 2016
Native configuration is x86_64-pc-linux-gnu
=== gcc tests ===
Running target unix//-m64
FAIL: gcc.dg/tree-ssa/pr69270-3.c scan-tree-dump-times uncprop1 ", 1" 4
FAIL: c-c++-common/ubsan/float-cast-overflow-10.c -O2 -flto -fno-use-linker-plugin -flto-partition=none output pattern test
FAIL: c-c++-common/ubsan/float-cast-overflow-10.c -O2 -flto -fuse-linker-plugin -fno-fat-lto-objects output pattern test
FAIL: c-c++-common/ubsan/float-cast-overflow-2.c -O2 output pattern test
FAIL: c-c++-common/ubsan/float-cast-overflow-2.c -Os output pattern test
FAIL: c-c++-common/ubsan/overflow-mul-4.c -O0 output pattern test
FAIL: c-c++-common/ubsan/overflow-mul-4.c -O1 output pattern test
FAIL: c-c++-common/ubsan/overflow-mul-4.c -O2 -flto -fno-use-linker-plugin -flto-partition=none output pattern test
FAIL: c-c++-common/ubsan/overflow-mul-4.c -O2 -flto -fuse-linker-plugin -fno-fat-lto-objects output pattern test
FAIL: c-c++-common/ubsan/overflow-mul-4.c -O3 -g output pattern test
FAIL: c-c++-common/ubsan/overflow-mul-4.c -Os output pattern test
FAIL: gcc.dg/vect/bb-slp-cond-1.c -flto -ffat-lto-objects scan-tree-dump-times slp1 "basic block vectorized" 1
FAIL: gcc.dg/vect/bb-slp-cond-1.c scan-tree-dump-times slp1 "basic block vectorized" 1
FAIL: gcc.target/i386/avx-2.c (internal compiler error)
FAIL: gcc.target/i386/avx-2.c (test for excess errors)
FAIL: gcc.target/i386/avx2-gather-2.c scan-tree-dump-times vect "note: vectorized 1 loops in function" 16
FAIL: gcc.target/i386/avx2-gather-6.c scan-tree-dump-times vect "note: vectorized 1 loops in function" 1
FAIL: gcc.target/i386/avx512f-ceil-sfix-vec-2.c scan-assembler-times vcvttpd2dq[^\\n]*zmm[0-9].{7}(?:\\n|[ \\\\t]+#) 2
FAIL: gcc.target/i386/avx512f-ceil-sfix-vec-2.c scan-assembler-times vrndscalepd[^\\n]*zmm[0-9](?:\\n|[ \\\\t]+#) 2
FAIL: gcc.target/i386/avx512f-ceil-vec-2.c scan-assembler-times vrndscalepd[^\\n]+zmm[0-9](?:\\n|[ \\\\t]+#) 1
FAIL: gcc.target/i386/avx512f-ceilf-sfix-vec-2.c scan-assembler-times vcvttps2dq[^\\n]+zmm[0-9].{7}(?:\\n|[ \\\\t]+#) 1
FAIL: gcc.target/i386/avx512f-ceilf-sfix-vec-2.c scan-assembler-times vrndscaleps[^\\n]+zmm[0-9](?:\\n|[ \\\\t]+#) 1
FAIL: gcc.target/i386/avx512f-ceilf-vec-2.c scan-assembler-times vrndscaleps[^\\n]+zmm[0-9](?:\\n|[ \\\\t]+#) 1
FAIL: gcc.target/i386/avx512f-floor-sfix-vec-2.c scan-assembler-times vcvttpd2dq[^\\n]*zmm[0-9].{7}(?:\\n|[ \\\\t]+#) 2
FAIL: gcc.target/i386/avx512f-floor-sfix-vec-2.c scan-assembler-times vrndscalepd[^\\n]*zmm[0-9](?:\\n|[ \\\\t]+#) 2
FAIL: gcc.target/i386/avx512f-floor-vec-2.c scan-assembler-times vrndscalepd[^\\n]+zmm[0-9](?:\\n|[ \\\\t]+#) 1
FAIL: gcc.target/i386/avx512f-floorf-sfix-vec-2.c scan-assembler-times vcvttps2dq[^\\n]+zmm[0-9].{7}(?:\\n|[ \\\\t]+#) 1
FAIL: gcc.target/i386/avx512f-floorf-sfix-vec-2.c scan-assembler-times vrndscaleps[^\\n]+zmm[0-9](?:\\n|[ \\\\t]+#) 1
FAIL: gcc.target/i386/avx512f-floorf-vec-2.c scan-assembler-times vrndscaleps[^\\n]+zmm[0-9](?:\\n|[ \\\\t]+#) 1
FAIL: gcc.target/i386/avx512f-gather-2.c scan-tree-dump-times vect "note: vectorized 1 loops in function" 16
FAIL: gcc.target/i386/avx512f-gather-5.c scan-assembler-times gather[^\\n]*zmm[0-9]+{%k[1-7]}(?:\\n|[ \\\\t]+#) 2
FAIL: gcc.target/i386/avx512f-rint-sfix-vec-2.c scan-assembler-times vcvtpd2dq[^\\n]+ymm[0-9](?:\\n|[ \\\\t]+#) 2
FAIL: gcc.target/i386/avx512f-rint-sfix-vec-2.c scan-assembler-times vinserti64x4[^\\n]+zmm[0-9](?:\\n|[ \\\\t]+#) 1
FAIL: gcc.target/i386/avx512f-rintf-sfix-vec-2.c scan-assembler-times vcvtps2dq[^\\n]+zmm[0-9](?:\\n|[ \\\\t]+#) 1
FAIL: gcc.target/i386/avx512f-round-sfix-vec-2.c scan-assembler-times vcvttpd2dq[^\\n]+zmm[0-9].{7}(?:\\n|[ \\\\t]+#) 2
FAIL: gcc.target/i386/avx512f-round-sfix-vec-2.c scan-assembler-times vrndscalepd[^\\n]+zmm[0-9](?:\\n|[ \\\\t]+#) 2
FAIL: gcc.target/i386/avx512f-roundf-sfix-vec-2.c scan-assembler-times vcvttps2dq[^\\n]+zmm[0-9].{7}(?:\\n|[ \\\\t]+#) 1
FAIL: gcc.target/i386/avx512f-roundf-sfix-vec-2.c scan-assembler-times vrndscaleps[^\\n]+zmm[0-9](?:\\n|[ \\\\t]+#) 1
FAIL: gcc.target/i386/avx512f-trunc-vec-2.c scan-assembler-times vrndscalepd[^\\n]+zmm[0-9](?:\\n|[ \\\\t]+#) 1
FAIL: gcc.target/i386/avx512f-truncf-vec-2.c scan-assembler-times vrndscaleps[^\\n]+zmm[0-9](?:\\n|[ \\\\t]+#) 1
FAIL: gcc.target/i386/funcspec-8.c (test for errors, line 104)
FAIL: gcc.target/i386/funcspec-8.c (test for errors, line 123)
FAIL: gcc.target/i386/funcspec-8.c (test for errors, line 142)
FAIL: gcc.target/i386/funcspec-8.c (test for errors, line 161)
FAIL: gcc.target/i386/funcspec-8.c (test for errors, line 28)
FAIL: gcc.target/i386/funcspec-8.c (test for errors, line 47)
FAIL: gcc.target/i386/funcspec-8.c (test for errors, line 66)
FAIL: gcc.target/i386/funcspec-8.c (test for errors, line 85)
FAIL: gcc.target/i386/funcspec-8.c (internal compiler error)
FAIL: gcc.target/i386/funcspec-8.c (test for excess errors)
FAIL: gcc.target/i386/mvc1.c (internal compiler error)
FAIL: gcc.target/i386/mvc1.c (test for excess errors)
UNRESOLVED: gcc.target/i386/mvc1.c compilation failed to produce executable
FAIL: gcc.target/i386/mvc6.c (test for excess errors)
UNRESOLVED: gcc.target/i386/mvc6.c scan-assembler punpcklbw
UNRESOLVED: gcc.target/i386/mvc6.c scan-assembler vpshufb
FAIL: gcc.target/i386/mvc8.c (internal compiler error)
FAIL: gcc.target/i386/mvc8.c (test for excess errors)
UNRESOLVED: gcc.target/i386/mvc8.c scan-assembler-not constprop
FAIL: gcc.target/i386/pr45685.c scan-assembler-times cmov 6
FAIL: gcc.target/i386/pr67995-1.c (test for errors, line 11)
FAIL: gcc.target/i386/pr67995-1.c (internal compiler error)
FAIL: gcc.target/i386/pr67995-1.c (test for excess errors)
FAIL: gcc.target/i386/pr67995-2.c (internal compiler error)
FAIL: gcc.target/i386/pr67995-2.c (test for excess errors)
FAIL: gcc.target/i386/pr69255-1.c (test for errors, line 13)
FAIL: gcc.target/i386/pr69255-1.c (test for warnings, line 13)
FAIL: gcc.target/i386/pr69255-1.c (internal compiler error)
FAIL: gcc.target/i386/pr69255-1.c (test for excess errors)
FAIL: gcc.target/i386/pr69255-2.c (test for errors, line 13)
FAIL: gcc.target/i386/pr69255-2.c (test for warnings, line 13)
FAIL: gcc.target/i386/pr69255-2.c (test for warnings, line 13)
FAIL: gcc.target/i386/pr69255-2.c (internal compiler error)
FAIL: gcc.target/i386/pr69255-2.c (test for excess errors)
FAIL: gcc.target/i386/pr69255-3.c (test for errors, line 13)
FAIL: gcc.target/i386/pr69255-3.c (test for warnings, line 13)
FAIL: gcc.target/i386/pr69255-3.c (internal compiler error)
FAIL: gcc.target/i386/pr69255-3.c (test for excess errors)
FAIL: gcc.target/i386/pr71652-3.c (test for errors, line 5)
FAIL: gcc.target/i386/pr71652-3.c (internal compiler error)
FAIL: gcc.target/i386/pr71652-3.c (test for excess errors)
FAIL: gcc.target/i386/sse-22a.c (internal compiler error)
FAIL: gcc.target/i386/sse-22a.c (test for excess errors)
WARNING: program timed out.
=== gcc Summary ===
# of expected passes 124067
# of unexpected failures 79
# of expected failures 334
# of unresolved testcases 4
# of unsupported tests 2003
/home/jenkins/workspace/GCCupstream/objdir/gcc/xgcc version 7.0.0 20161119 (experimental) (GCC)
=== gfortran tests ===
Running target unix//-m64
=== gfortran Summary ===
# of expected passes 43962
# of expected failures 74
# of unsupported tests 77
/home/jenkins/workspace/GCCupstream/objdir/gcc/testsuite/gfortran/../../gfortran version 7.0.0 20161119 (experimental) (GCC)
=== g++ tests ===
Running target unix//-m64
FAIL: g++.dg/ext/mv6.C -std=gnu++11 (internal compiler error)
FAIL: g++.dg/ext/mv6.C -std=gnu++11 (test for excess errors)
UNRESOLVED: g++.dg/ext/mv6.C -std=gnu++11 compilation failed to produce executable
FAIL: g++.dg/ext/mv6.C -std=gnu++14 (internal compiler error)
FAIL: g++.dg/ext/mv6.C -std=gnu++14 (test for excess errors)
UNRESOLVED: g++.dg/ext/mv6.C -std=gnu++14 compilation failed to produce executable
FAIL: g++.dg/ext/mv6.C -std=gnu++98 (internal compiler error)
FAIL: g++.dg/ext/mv6.C -std=gnu++98 (test for excess errors)
UNRESOLVED: g++.dg/ext/mv6.C -std=gnu++98 compilation failed to produce executable
FAIL: g++.dg/ext/mvc1.C -std=c++11 (internal compiler error)
FAIL: g++.dg/ext/mvc1.C -std=c++11 (test for excess errors)
UNRESOLVED: g++.dg/ext/mvc1.C -std=c++11 compilation failed to produce executable
FAIL: g++.dg/ext/mvc1.C -std=c++14 (internal compiler error)
FAIL: g++.dg/ext/mvc1.C -std=c++14 (test for excess errors)
UNRESOLVED: g++.dg/ext/mvc1.C -std=c++14 compilation failed to produce executable
FAIL: g++.dg/ext/mvc1.C -std=c++98 (internal compiler error)
FAIL: g++.dg/ext/mvc1.C -std=c++98 (test for excess errors)
UNRESOLVED: g++.dg/ext/mvc1.C -std=c++98 compilation failed to produce executable
FAIL: g++.dg/ext/pr57548.C -std=c++11 (internal compiler error)
FAIL: g++.dg/ext/pr57548.C -std=c++11 (test for excess errors)
FAIL: g++.dg/ext/pr57548.C -std=c++14 (internal compiler error)
FAIL: g++.dg/ext/pr57548.C -std=c++14 (test for excess errors)
FAIL: g++.dg/ext/pr57548.C -std=c++98 (internal compiler error)
FAIL: g++.dg/ext/pr57548.C -std=c++98 (test for excess errors)
XPASS: g++.dg/tls/thread_local-order2.C -std=c++11 execution test
XPASS: g++.dg/tls/thread_local-order2.C -std=c++14 execution test
FAIL: c-c++-common/ubsan/float-cast-overflow-10.c -O2 output pattern test
FAIL: c-c++-common/ubsan/float-cast-overflow-10.c -O2 -flto -fno-use-linker-plugin -flto-partition=none output pattern test
FAIL: c-c++-common/ubsan/float-cast-overflow-10.c -O2 -flto -fuse-linker-plugin -fno-fat-lto-objects output pattern test
FAIL: c-c++-common/ubsan/float-cast-overflow-2.c -O0 output pattern test
FAIL: c-c++-common/ubsan/float-cast-overflow-2.c -O1 output pattern test
FAIL: c-c++-common/ubsan/float-cast-overflow-2.c -O2 -flto -fno-use-linker-plugin -flto-partition=none output pattern test
FAIL: c-c++-common/ubsan/float-cast-overflow-2.c -O2 -flto -fuse-linker-plugin -fno-fat-lto-objects output pattern test
FAIL: c-c++-common/ubsan/float-cast-overflow-2.c -O3 -g output pattern test
FAIL: c-c++-common/ubsan/float-cast-overflow-2.c -Os output pattern test
FAIL: c-c++-common/ubsan/float-cast-overflow-8.c -O2 output pattern test
FAIL: c-c++-common/ubsan/float-cast-overflow-8.c -O2 -flto -fno-use-linker-plugin -flto-partition=none output pattern test
FAIL: c-c++-common/ubsan/float-cast-overflow-8.c -O2 -flto -fuse-linker-plugin -fno-fat-lto-objects output pattern test
FAIL: c-c++-common/ubsan/overflow-mul-4.c -O0 output pattern test
FAIL: c-c++-common/ubsan/overflow-mul-4.c -O2 -flto -fuse-linker-plugin -fno-fat-lto-objects output pattern test
FAIL: c-c++-common/ubsan/overflow-mul-4.c -O3 -fomit-frame-pointer -funroll-loops -fpeel-loops -ftracer -finline-functions output pattern test
FAIL: c-c++-common/ubsan/overflow-mul-4.c -Os output pattern test
=== g++ Summary ===
# of expected passes 111207
# of unexpected failures 34
# of unexpected successes 2
# of expected failures 335
# of unresolved testcases 6
# of unsupported tests 4030
/home/jenkins/workspace/GCCupstream/objdir/gcc/testsuite/g++/../../xg++ version 7.0.0 20161119 (experimental) (GCC)
=== objc tests ===
Running target unix//-m64
=== objc Summary ===
# of expected passes 2797
# of expected failures 6
# of unsupported tests 68
/home/jenkins/workspace/GCCupstream/objdir/gcc/xgcc version 7.0.0 20161119 (experimental) (GCC)
=== libatomic tests ===
Running target unix//-m64
=== libatomic Summary ===
# of expected passes 54
=== libgomp tests ===
Running target unix//-m64
=== libgomp Summary ===
# of expected passes 5126
# of unsupported tests 319
=== libitm tests ===
Running target unix//-m64
=== libitm Summary ===
# of expected passes 42
# of expected failures 3
# of unsupported tests 1
=== libstdc++ tests ===
Running target unix//-m64
=== libstdc++ Summary ===
# of expected passes 11010
# of expected failures 65
# of unsupported tests 562
Compiler version: 7.0.0 20161119 (experimental) (GCC)
Platform: x86_64-pc-linux-gnu
configure flags: --prefix=/home/jenkins/workspace/GCCupstream/objdir/install --disable-multilib
More information about the Gcc-testresults
mailing list