Results for 7.0.0 20161118 (experimental) [trunk revision 242583] (GCC) testsuite on x86_64-pc-linux-gnu
H.J. Lu Intel64 Core i7
intel64corei7@gnu-34.sc.intel.com
Fri Nov 18 07:04:00 GMT 2016
Native configuration is x86_64-pc-linux-gnu
=== gcc tests ===
Running target unix
XPASS: gcc.dg/guality/example.c -O0 execution test
XPASS: gcc.dg/guality/example.c -O1 execution test
XPASS: gcc.dg/guality/example.c -O2 execution test
XPASS: gcc.dg/guality/example.c -O2 -flto -fno-use-linker-plugin -flto-partition=none execution test
XPASS: gcc.dg/guality/guality.c -O0 execution test
XPASS: gcc.dg/guality/guality.c -O1 execution test
XPASS: gcc.dg/guality/guality.c -O2 execution test
XPASS: gcc.dg/guality/guality.c -O2 -flto -fno-use-linker-plugin -flto-partition=none execution test
XPASS: gcc.dg/guality/guality.c -O2 -flto -fuse-linker-plugin -fno-fat-lto-objects execution test
XPASS: gcc.dg/guality/guality.c -O3 -g execution test
XPASS: gcc.dg/guality/guality.c -Os execution test
XPASS: gcc.dg/guality/inline-params.c -O2 execution test
XPASS: gcc.dg/guality/inline-params.c -O2 -flto -fno-use-linker-plugin -flto-partition=none execution test
XPASS: gcc.dg/guality/inline-params.c -O3 -g execution test
XPASS: gcc.dg/guality/inline-params.c -Os execution test
XPASS: gcc.dg/guality/pr41353-1.c -O0 line 28 j == 28 + 37
XPASS: gcc.dg/guality/pr41353-1.c -O1 line 28 j == 28 + 37
XPASS: gcc.dg/guality/pr41353-1.c -O2 line 28 j == 28 + 37
XPASS: gcc.dg/guality/pr41353-1.c -O2 -flto -fno-use-linker-plugin -flto-partition=none line 28 j == 28 + 37
XPASS: gcc.dg/guality/pr41353-1.c -O2 -flto -fuse-linker-plugin -fno-fat-lto-objects line 28 j == 28 + 37
XPASS: gcc.dg/guality/pr41353-1.c -O3 -g line 28 j == 28 + 37
XPASS: gcc.dg/guality/pr41353-1.c -Os line 28 j == 28 + 37
FAIL: gcc.dg/guality/pr41616-1.c -O2 -flto -fuse-linker-plugin -fno-fat-lto-objects execution test
FAIL: gcc.dg/guality/pr45882.c -O2 -flto -fuse-linker-plugin -fno-fat-lto-objects line 16 d == 112
FAIL: gcc.dg/guality/pr45882.c -O2 -flto -fuse-linker-plugin -fno-fat-lto-objects line 16 e == 142
FAIL: gcc.dg/guality/pr54200.c -Os line 20 z == 3
FAIL: gcc.dg/guality/pr54519-1.c -O2 -flto -fno-use-linker-plugin -flto-partition=none line 20 y == 25
FAIL: gcc.dg/guality/pr54519-1.c -O2 -flto -fno-use-linker-plugin -flto-partition=none line 20 z == 6
FAIL: gcc.dg/guality/pr54519-1.c -O2 -flto -fno-use-linker-plugin -flto-partition=none line 23 y == 117
FAIL: gcc.dg/guality/pr54519-1.c -O2 -flto -fno-use-linker-plugin -flto-partition=none line 23 z == 8
FAIL: gcc.dg/guality/pr54519-2.c -O2 -flto -fno-use-linker-plugin -flto-partition=none line 17 y == 25
FAIL: gcc.dg/guality/pr54519-2.c -O2 -flto -fuse-linker-plugin -fno-fat-lto-objects line 17 y == 25
FAIL: gcc.dg/guality/pr54519-3.c -O2 -flto -fno-use-linker-plugin -flto-partition=none line 20 y == 25
FAIL: gcc.dg/guality/pr54519-3.c -O2 -flto -fno-use-linker-plugin -flto-partition=none line 20 z == 6
FAIL: gcc.dg/guality/pr54519-3.c -O2 -flto -fno-use-linker-plugin -flto-partition=none line 23 y == 117
FAIL: gcc.dg/guality/pr54519-3.c -O2 -flto -fno-use-linker-plugin -flto-partition=none line 23 z == 8
FAIL: gcc.dg/guality/pr54519-3.c -O2 -flto -fuse-linker-plugin -fno-fat-lto-objects line 20 y == 25
FAIL: gcc.dg/guality/pr54519-3.c -O2 -flto -fuse-linker-plugin -fno-fat-lto-objects line 20 z == 6
FAIL: gcc.dg/guality/pr54519-3.c -O2 -flto -fuse-linker-plugin -fno-fat-lto-objects line 23 y == 117
FAIL: gcc.dg/guality/pr54519-3.c -O2 -flto -fuse-linker-plugin -fno-fat-lto-objects line 23 z == 8
FAIL: gcc.dg/guality/pr54519-4.c -O2 -flto -fno-use-linker-plugin -flto-partition=none line 17 y == 25
FAIL: gcc.dg/guality/pr54519-4.c -O2 -flto -fuse-linker-plugin -fno-fat-lto-objects line 17 y == 25
FAIL: gcc.dg/guality/pr54519-5.c -O2 -flto -fno-use-linker-plugin -flto-partition=none line 17 y == 25
FAIL: gcc.dg/guality/pr54519-5.c -O2 -flto -fuse-linker-plugin -fno-fat-lto-objects line 17 y == 25
FAIL: gcc.dg/guality/pr68860-1.c -O2 -flto -fno-use-linker-plugin -flto-partition=none line 14 arg1 == 1
FAIL: gcc.dg/guality/pr68860-1.c -O2 -flto -fno-use-linker-plugin -flto-partition=none line 14 arg2 == 2
FAIL: gcc.dg/guality/pr68860-1.c -O2 -flto -fno-use-linker-plugin -flto-partition=none line 14 arg3 == 3
FAIL: gcc.dg/guality/pr68860-1.c -O2 -flto -fno-use-linker-plugin -flto-partition=none line 14 arg4 == 4
FAIL: gcc.dg/guality/pr68860-1.c -O2 -flto -fno-use-linker-plugin -flto-partition=none line 14 arg5 == 5
FAIL: gcc.dg/guality/pr68860-1.c -O2 -flto -fno-use-linker-plugin -flto-partition=none line 14 arg6 == 6
FAIL: gcc.dg/guality/pr68860-1.c -O2 -flto -fno-use-linker-plugin -flto-partition=none line 16 arg1 == 1
FAIL: gcc.dg/guality/pr68860-1.c -O2 -flto -fno-use-linker-plugin -flto-partition=none line 16 arg2 == 2
FAIL: gcc.dg/guality/pr68860-1.c -O2 -flto -fno-use-linker-plugin -flto-partition=none line 16 arg3 == 3
FAIL: gcc.dg/guality/pr68860-1.c -O2 -flto -fno-use-linker-plugin -flto-partition=none line 16 arg4 == 4
FAIL: gcc.dg/guality/pr68860-1.c -O2 -flto -fno-use-linker-plugin -flto-partition=none line 16 arg5 == 5
FAIL: gcc.dg/guality/pr68860-1.c -O2 -flto -fno-use-linker-plugin -flto-partition=none line 16 arg6 == 6
FAIL: gcc.dg/guality/pr68860-1.c -O2 -flto -fuse-linker-plugin -fno-fat-lto-objects line 14 arg1 == 1
FAIL: gcc.dg/guality/pr68860-1.c -O2 -flto -fuse-linker-plugin -fno-fat-lto-objects line 14 arg2 == 2
FAIL: gcc.dg/guality/pr68860-1.c -O2 -flto -fuse-linker-plugin -fno-fat-lto-objects line 14 arg3 == 3
FAIL: gcc.dg/guality/pr68860-1.c -O2 -flto -fuse-linker-plugin -fno-fat-lto-objects line 14 arg4 == 4
FAIL: gcc.dg/guality/pr68860-1.c -O2 -flto -fuse-linker-plugin -fno-fat-lto-objects line 14 arg5 == 5
FAIL: gcc.dg/guality/pr68860-1.c -O2 -flto -fuse-linker-plugin -fno-fat-lto-objects line 14 arg6 == 6
FAIL: gcc.dg/guality/pr68860-1.c -O2 -flto -fuse-linker-plugin -fno-fat-lto-objects line 16 arg1 == 1
FAIL: gcc.dg/guality/pr68860-1.c -O2 -flto -fuse-linker-plugin -fno-fat-lto-objects line 16 arg2 == 2
FAIL: gcc.dg/guality/pr68860-1.c -O2 -flto -fuse-linker-plugin -fno-fat-lto-objects line 16 arg3 == 3
FAIL: gcc.dg/guality/pr68860-1.c -O2 -flto -fuse-linker-plugin -fno-fat-lto-objects line 16 arg4 == 4
FAIL: gcc.dg/guality/pr68860-1.c -O2 -flto -fuse-linker-plugin -fno-fat-lto-objects line 16 arg5 == 5
FAIL: gcc.dg/guality/pr68860-1.c -O2 -flto -fuse-linker-plugin -fno-fat-lto-objects line 16 arg6 == 6
FAIL: gcc.dg/guality/vla-1.c -O1 line 17 sizeof (a) == 6
FAIL: gcc.dg/guality/vla-1.c -O2 line 17 sizeof (a) == 6
FAIL: gcc.dg/guality/vla-1.c -O2 -flto -fno-use-linker-plugin -flto-partition=none line 17 sizeof (a) == 6
FAIL: gcc.dg/guality/vla-1.c -O2 -flto -fuse-linker-plugin -fno-fat-lto-objects line 17 sizeof (a) == 6
FAIL: gcc.dg/guality/vla-1.c -O3 -g line 17 sizeof (a) == 6
FAIL: gcc.dg/guality/vla-1.c -Os line 17 sizeof (a) == 6
FAIL: gcc.dg/tree-ssa/pr69270-3.c scan-tree-dump-times uncprop1 ", 1" 4
FAIL: gcc.dg/vect/bb-slp-cond-1.c -flto -ffat-lto-objects scan-tree-dump-times slp1 "basic block vectorized" 1
FAIL: gcc.dg/vect/bb-slp-cond-1.c scan-tree-dump-times slp1 "basic block vectorized" 1
FAIL: gcc.target/i386/avx-2.c (internal compiler error)
FAIL: gcc.target/i386/avx-2.c (test for excess errors)
FAIL: gcc.target/i386/avx2-gather-2.c scan-tree-dump-times vect "note: vectorized 1 loops in function" 16
FAIL: gcc.target/i386/avx2-gather-6.c scan-tree-dump-times vect "note: vectorized 1 loops in function" 1
FAIL: gcc.target/i386/avx512f-ceil-sfix-vec-2.c scan-assembler-times vcvttpd2dq[^\\n]*zmm[0-9].{7}(?:\\n|[ \\\\t]+#) 2
FAIL: gcc.target/i386/avx512f-ceil-sfix-vec-2.c scan-assembler-times vrndscalepd[^\\n]*zmm[0-9](?:\\n|[ \\\\t]+#) 2
FAIL: gcc.target/i386/avx512f-ceil-vec-2.c scan-assembler-times vrndscalepd[^\\n]+zmm[0-9](?:\\n|[ \\\\t]+#) 1
FAIL: gcc.target/i386/avx512f-ceilf-sfix-vec-2.c scan-assembler-times vcvttps2dq[^\\n]+zmm[0-9].{7}(?:\\n|[ \\\\t]+#) 1
FAIL: gcc.target/i386/avx512f-ceilf-sfix-vec-2.c scan-assembler-times vrndscaleps[^\\n]+zmm[0-9](?:\\n|[ \\\\t]+#) 1
FAIL: gcc.target/i386/avx512f-ceilf-vec-2.c scan-assembler-times vrndscaleps[^\\n]+zmm[0-9](?:\\n|[ \\\\t]+#) 1
FAIL: gcc.target/i386/avx512f-floor-sfix-vec-2.c scan-assembler-times vcvttpd2dq[^\\n]*zmm[0-9].{7}(?:\\n|[ \\\\t]+#) 2
FAIL: gcc.target/i386/avx512f-floor-sfix-vec-2.c scan-assembler-times vrndscalepd[^\\n]*zmm[0-9](?:\\n|[ \\\\t]+#) 2
FAIL: gcc.target/i386/avx512f-floor-vec-2.c scan-assembler-times vrndscalepd[^\\n]+zmm[0-9](?:\\n|[ \\\\t]+#) 1
FAIL: gcc.target/i386/avx512f-floorf-sfix-vec-2.c scan-assembler-times vcvttps2dq[^\\n]+zmm[0-9].{7}(?:\\n|[ \\\\t]+#) 1
FAIL: gcc.target/i386/avx512f-floorf-sfix-vec-2.c scan-assembler-times vrndscaleps[^\\n]+zmm[0-9](?:\\n|[ \\\\t]+#) 1
FAIL: gcc.target/i386/avx512f-floorf-vec-2.c scan-assembler-times vrndscaleps[^\\n]+zmm[0-9](?:\\n|[ \\\\t]+#) 1
FAIL: gcc.target/i386/avx512f-gather-2.c scan-tree-dump-times vect "note: vectorized 1 loops in function" 16
FAIL: gcc.target/i386/avx512f-gather-5.c scan-assembler-times gather[^\\n]*zmm[0-9]+{%k[1-7]}(?:\\n|[ \\\\t]+#) 2
FAIL: gcc.target/i386/avx512f-rint-sfix-vec-2.c scan-assembler-times vcvtpd2dq[^\\n]+ymm[0-9](?:\\n|[ \\\\t]+#) 2
FAIL: gcc.target/i386/avx512f-rint-sfix-vec-2.c scan-assembler-times vinserti64x4[^\\n]+zmm[0-9](?:\\n|[ \\\\t]+#) 1
FAIL: gcc.target/i386/avx512f-rintf-sfix-vec-2.c scan-assembler-times vcvtps2dq[^\\n]+zmm[0-9](?:\\n|[ \\\\t]+#) 1
FAIL: gcc.target/i386/avx512f-round-sfix-vec-2.c scan-assembler-times vcvttpd2dq[^\\n]+zmm[0-9].{7}(?:\\n|[ \\\\t]+#) 2
FAIL: gcc.target/i386/avx512f-round-sfix-vec-2.c scan-assembler-times vrndscalepd[^\\n]+zmm[0-9](?:\\n|[ \\\\t]+#) 2
FAIL: gcc.target/i386/avx512f-roundf-sfix-vec-2.c scan-assembler-times vcvttps2dq[^\\n]+zmm[0-9].{7}(?:\\n|[ \\\\t]+#) 1
FAIL: gcc.target/i386/avx512f-roundf-sfix-vec-2.c scan-assembler-times vrndscaleps[^\\n]+zmm[0-9](?:\\n|[ \\\\t]+#) 1
FAIL: gcc.target/i386/avx512f-trunc-vec-2.c scan-assembler-times vrndscalepd[^\\n]+zmm[0-9](?:\\n|[ \\\\t]+#) 1
FAIL: gcc.target/i386/avx512f-truncf-vec-2.c scan-assembler-times vrndscaleps[^\\n]+zmm[0-9](?:\\n|[ \\\\t]+#) 1
FAIL: gcc.target/i386/funcspec-8.c (test for errors, line 104)
FAIL: gcc.target/i386/funcspec-8.c (test for errors, line 123)
FAIL: gcc.target/i386/funcspec-8.c (test for errors, line 142)
FAIL: gcc.target/i386/funcspec-8.c (test for errors, line 161)
FAIL: gcc.target/i386/funcspec-8.c (test for errors, line 28)
FAIL: gcc.target/i386/funcspec-8.c (test for errors, line 47)
FAIL: gcc.target/i386/funcspec-8.c (test for errors, line 66)
FAIL: gcc.target/i386/funcspec-8.c (test for errors, line 85)
FAIL: gcc.target/i386/funcspec-8.c (internal compiler error)
FAIL: gcc.target/i386/funcspec-8.c (test for excess errors)
FAIL: gcc.target/i386/mvc1.c (internal compiler error)
FAIL: gcc.target/i386/mvc1.c (test for excess errors)
UNRESOLVED: gcc.target/i386/mvc1.c compilation failed to produce executable
FAIL: gcc.target/i386/mvc6.c (test for excess errors)
UNRESOLVED: gcc.target/i386/mvc6.c scan-assembler punpcklbw
UNRESOLVED: gcc.target/i386/mvc6.c scan-assembler vpshufb
FAIL: gcc.target/i386/pr45685.c scan-assembler-times cmov 6
FAIL: gcc.target/i386/pr67995-1.c (test for errors, line 11)
FAIL: gcc.target/i386/pr67995-1.c (internal compiler error)
FAIL: gcc.target/i386/pr67995-1.c (test for excess errors)
FAIL: gcc.target/i386/pr67995-2.c (internal compiler error)
FAIL: gcc.target/i386/pr67995-2.c (test for excess errors)
FAIL: gcc.target/i386/pr69255-1.c (test for errors, line 13)
FAIL: gcc.target/i386/pr69255-1.c (test for warnings, line 13)
FAIL: gcc.target/i386/pr69255-1.c (internal compiler error)
FAIL: gcc.target/i386/pr69255-1.c (test for excess errors)
FAIL: gcc.target/i386/pr69255-2.c (test for errors, line 13)
FAIL: gcc.target/i386/pr69255-2.c (test for warnings, line 13)
FAIL: gcc.target/i386/pr69255-2.c (test for warnings, line 13)
FAIL: gcc.target/i386/pr69255-2.c (internal compiler error)
FAIL: gcc.target/i386/pr69255-2.c (test for excess errors)
FAIL: gcc.target/i386/pr69255-3.c (test for errors, line 13)
FAIL: gcc.target/i386/pr69255-3.c (test for warnings, line 13)
FAIL: gcc.target/i386/pr69255-3.c (internal compiler error)
FAIL: gcc.target/i386/pr69255-3.c (test for excess errors)
FAIL: gcc.target/i386/pr71652-3.c (test for errors, line 5)
FAIL: gcc.target/i386/pr71652-3.c (internal compiler error)
FAIL: gcc.target/i386/pr71652-3.c (test for excess errors)
FAIL: gcc.target/i386/sse-22a.c (internal compiler error)
FAIL: gcc.target/i386/sse-22a.c (test for excess errors)
WARNING: program timed out.
=== gcc Summary for unix ===
# of expected passes 128195
# of unexpected failures 119
# of unexpected successes 22
# of expected failures 343
# of unresolved testcases 3
# of unsupported tests 2085
Running target unix/-m32
FAIL: gcc.dg/graphite/scop-dsyr2k.c scan-tree-dump-times graphite "number of SCoPs: 1" 1
FAIL: gcc.dg/graphite/scop-dsyrk.c scan-tree-dump-times graphite "number of SCoPs: 1" 1
XPASS: gcc.dg/guality/example.c -O0 execution test
XPASS: gcc.dg/guality/example.c -O1 execution test
XPASS: gcc.dg/guality/guality.c -O0 execution test
XPASS: gcc.dg/guality/guality.c -O1 execution test
XPASS: gcc.dg/guality/guality.c -O2 execution test
XPASS: gcc.dg/guality/guality.c -O2 -flto -fno-use-linker-plugin -flto-partition=none execution test
XPASS: gcc.dg/guality/guality.c -O2 -flto -fuse-linker-plugin -fno-fat-lto-objects execution test
XPASS: gcc.dg/guality/guality.c -O3 -g execution test
XPASS: gcc.dg/guality/guality.c -Os execution test
XPASS: gcc.dg/guality/inline-params.c -O2 execution test
XPASS: gcc.dg/guality/inline-params.c -O2 -flto -fno-use-linker-plugin -flto-partition=none execution test
XPASS: gcc.dg/guality/inline-params.c -O3 -g execution test
XPASS: gcc.dg/guality/inline-params.c -Os execution test
XPASS: gcc.dg/guality/pr41353-1.c -O0 line 28 j == 28 + 37
XPASS: gcc.dg/guality/pr41353-1.c -O1 line 28 j == 28 + 37
XPASS: gcc.dg/guality/pr41353-1.c -O2 line 28 j == 28 + 37
XPASS: gcc.dg/guality/pr41353-1.c -O2 -flto -fno-use-linker-plugin -flto-partition=none line 28 j == 28 + 37
XPASS: gcc.dg/guality/pr41353-1.c -O2 -flto -fuse-linker-plugin -fno-fat-lto-objects line 28 j == 28 + 37
XPASS: gcc.dg/guality/pr41353-1.c -O3 -g line 28 j == 28 + 37
XPASS: gcc.dg/guality/pr41353-1.c -Os line 28 j == 28 + 37
FAIL: gcc.dg/guality/pr41447-1.c -O2 execution test
FAIL: gcc.dg/guality/pr41447-1.c -O2 -flto -fno-use-linker-plugin -flto-partition=none execution test
FAIL: gcc.dg/guality/pr41447-1.c -O3 -g execution test
FAIL: gcc.dg/guality/pr41616-1.c -O2 -flto -fuse-linker-plugin -fno-fat-lto-objects execution test
FAIL: gcc.dg/guality/pr45882.c -O2 -flto -fuse-linker-plugin -fno-fat-lto-objects line 16 d == 112
FAIL: gcc.dg/guality/pr45882.c -O2 -flto -fuse-linker-plugin -fno-fat-lto-objects line 16 e == 142
FAIL: gcc.dg/guality/pr54519-1.c -O2 -flto -fno-use-linker-plugin -flto-partition=none line 20 y == 25
FAIL: gcc.dg/guality/pr54519-1.c -O2 -flto -fno-use-linker-plugin -flto-partition=none line 20 z == 6
FAIL: gcc.dg/guality/pr54519-1.c -O2 -flto -fno-use-linker-plugin -flto-partition=none line 23 y == 117
FAIL: gcc.dg/guality/pr54519-1.c -O2 -flto -fno-use-linker-plugin -flto-partition=none line 23 z == 8
FAIL: gcc.dg/guality/pr54519-2.c -O2 -flto -fno-use-linker-plugin -flto-partition=none line 17 y == 25
FAIL: gcc.dg/guality/pr54519-2.c -O2 -flto -fuse-linker-plugin -fno-fat-lto-objects line 17 y == 25
FAIL: gcc.dg/guality/pr54519-3.c -O2 -flto -fno-use-linker-plugin -flto-partition=none line 20 y == 25
FAIL: gcc.dg/guality/pr54519-3.c -O2 -flto -fno-use-linker-plugin -flto-partition=none line 20 z == 6
FAIL: gcc.dg/guality/pr54519-3.c -O2 -flto -fno-use-linker-plugin -flto-partition=none line 23 y == 117
FAIL: gcc.dg/guality/pr54519-3.c -O2 -flto -fno-use-linker-plugin -flto-partition=none line 23 z == 8
FAIL: gcc.dg/guality/pr54519-3.c -O2 -flto -fuse-linker-plugin -fno-fat-lto-objects line 20 y == 25
FAIL: gcc.dg/guality/pr54519-3.c -O2 -flto -fuse-linker-plugin -fno-fat-lto-objects line 20 z == 6
FAIL: gcc.dg/guality/pr54519-3.c -O2 -flto -fuse-linker-plugin -fno-fat-lto-objects line 23 y == 117
FAIL: gcc.dg/guality/pr54519-3.c -O2 -flto -fuse-linker-plugin -fno-fat-lto-objects line 23 z == 8
FAIL: gcc.dg/guality/pr54519-4.c -O2 -flto -fno-use-linker-plugin -flto-partition=none line 17 y == 25
FAIL: gcc.dg/guality/pr54519-4.c -O2 -flto -fuse-linker-plugin -fno-fat-lto-objects line 17 y == 25
FAIL: gcc.dg/guality/pr54519-5.c -O2 -flto -fno-use-linker-plugin -flto-partition=none line 17 y == 25
FAIL: gcc.dg/guality/pr54519-5.c -O2 -flto -fuse-linker-plugin -fno-fat-lto-objects line 17 y == 25
FAIL: gcc.dg/guality/pr68860-1.c -O2 -flto -fno-use-linker-plugin -flto-partition=none line 14 arg1 == 1
FAIL: gcc.dg/guality/pr68860-1.c -O2 -flto -fno-use-linker-plugin -flto-partition=none line 14 arg2 == 2
FAIL: gcc.dg/guality/pr68860-1.c -O2 -flto -fno-use-linker-plugin -flto-partition=none line 14 arg3 == 3
FAIL: gcc.dg/guality/pr68860-1.c -O2 -flto -fno-use-linker-plugin -flto-partition=none line 14 arg4 == 4
FAIL: gcc.dg/guality/pr68860-1.c -O2 -flto -fno-use-linker-plugin -flto-partition=none line 14 arg5 == 5
FAIL: gcc.dg/guality/pr68860-1.c -O2 -flto -fno-use-linker-plugin -flto-partition=none line 14 arg6 == 6
FAIL: gcc.dg/guality/pr68860-1.c -O2 -flto -fno-use-linker-plugin -flto-partition=none line 16 arg1 == 1
FAIL: gcc.dg/guality/pr68860-1.c -O2 -flto -fno-use-linker-plugin -flto-partition=none line 16 arg2 == 2
FAIL: gcc.dg/guality/pr68860-1.c -O2 -flto -fno-use-linker-plugin -flto-partition=none line 16 arg3 == 3
FAIL: gcc.dg/guality/pr68860-1.c -O2 -flto -fno-use-linker-plugin -flto-partition=none line 16 arg4 == 4
FAIL: gcc.dg/guality/pr68860-1.c -O2 -flto -fno-use-linker-plugin -flto-partition=none line 16 arg5 == 5
FAIL: gcc.dg/guality/pr68860-1.c -O2 -flto -fno-use-linker-plugin -flto-partition=none line 16 arg6 == 6
FAIL: gcc.dg/guality/pr68860-1.c -O2 -flto -fuse-linker-plugin -fno-fat-lto-objects line 14 arg1 == 1
FAIL: gcc.dg/guality/pr68860-1.c -O2 -flto -fuse-linker-plugin -fno-fat-lto-objects line 14 arg2 == 2
FAIL: gcc.dg/guality/pr68860-1.c -O2 -flto -fuse-linker-plugin -fno-fat-lto-objects line 14 arg3 == 3
FAIL: gcc.dg/guality/pr68860-1.c -O2 -flto -fuse-linker-plugin -fno-fat-lto-objects line 14 arg4 == 4
FAIL: gcc.dg/guality/pr68860-1.c -O2 -flto -fuse-linker-plugin -fno-fat-lto-objects line 14 arg5 == 5
FAIL: gcc.dg/guality/pr68860-1.c -O2 -flto -fuse-linker-plugin -fno-fat-lto-objects line 14 arg6 == 6
FAIL: gcc.dg/guality/pr68860-1.c -O2 -flto -fuse-linker-plugin -fno-fat-lto-objects line 16 arg1 == 1
FAIL: gcc.dg/guality/pr68860-1.c -O2 -flto -fuse-linker-plugin -fno-fat-lto-objects line 16 arg2 == 2
FAIL: gcc.dg/guality/pr68860-1.c -O2 -flto -fuse-linker-plugin -fno-fat-lto-objects line 16 arg3 == 3
FAIL: gcc.dg/guality/pr68860-1.c -O2 -flto -fuse-linker-plugin -fno-fat-lto-objects line 16 arg4 == 4
FAIL: gcc.dg/guality/pr68860-1.c -O2 -flto -fuse-linker-plugin -fno-fat-lto-objects line 16 arg5 == 5
FAIL: gcc.dg/guality/pr68860-1.c -O2 -flto -fuse-linker-plugin -fno-fat-lto-objects line 16 arg6 == 6
FAIL: gcc.dg/guality/vla-1.c -O1 line 17 sizeof (a) == 6
FAIL: gcc.dg/guality/vla-1.c -O2 line 17 sizeof (a) == 6
FAIL: gcc.dg/guality/vla-1.c -O2 -flto -fno-use-linker-plugin -flto-partition=none line 17 sizeof (a) == 6
FAIL: gcc.dg/guality/vla-1.c -O2 -flto -fuse-linker-plugin -fno-fat-lto-objects line 17 sizeof (a) == 6
FAIL: gcc.dg/guality/vla-1.c -O3 -g line 17 sizeof (a) == 6
FAIL: gcc.dg/guality/vla-1.c -Os line 17 sizeof (a) == 6
FAIL: gcc.dg/tree-ssa/pr69270-3.c scan-tree-dump-times uncprop1 ", 1" 4
FAIL: gcc.dg/tree-ssa/scev-5.c scan-tree-dump-times optimized "&a" 1
FAIL: gcc.dg/vect/bb-slp-cond-1.c -flto -ffat-lto-objects scan-tree-dump-times slp1 "basic block vectorized" 1
FAIL: gcc.dg/vect/bb-slp-cond-1.c scan-tree-dump-times slp1 "basic block vectorized" 1
FAIL: gcc.dg/vect/fast-math-bb-slp-call-2.c scan-tree-dump-times slp2 "basic block vectorized" 2
FAIL: gcc.dg/vect/fast-math-vect-call-2.c scan-tree-dump-times vect "vectorized 1 loops" 6
FAIL: gcc.dg/vect/fast-math-vect-call-2.c scan-tree-dump-times vect "vectorizing stmts using SLP" 4
FAIL: gcc.target/i386/avx-2.c (internal compiler error)
FAIL: gcc.target/i386/avx-2.c (test for excess errors)
FAIL: gcc.target/i386/avx2-gather-2.c scan-tree-dump-times vect "note: vectorized 1 loops in function" 16
FAIL: gcc.target/i386/avx2-gather-6.c scan-tree-dump-times vect "note: vectorized 1 loops in function" 1
FAIL: gcc.target/i386/avx512f-ceil-sfix-vec-2.c scan-assembler-times vcvttpd2dq[^\\n]*zmm[0-9].{7}(?:\\n|[ \\\\t]+#) 2
FAIL: gcc.target/i386/avx512f-ceil-sfix-vec-2.c scan-assembler-times vrndscalepd[^\\n]*zmm[0-9](?:\\n|[ \\\\t]+#) 2
FAIL: gcc.target/i386/avx512f-ceil-vec-2.c scan-assembler-times vrndscalepd[^\\n]+zmm[0-9](?:\\n|[ \\\\t]+#) 1
FAIL: gcc.target/i386/avx512f-ceilf-sfix-vec-2.c scan-assembler-times vcvttps2dq[^\\n]+zmm[0-9].{7}(?:\\n|[ \\\\t]+#) 1
FAIL: gcc.target/i386/avx512f-ceilf-sfix-vec-2.c scan-assembler-times vrndscaleps[^\\n]+zmm[0-9](?:\\n|[ \\\\t]+#) 1
FAIL: gcc.target/i386/avx512f-ceilf-vec-2.c scan-assembler-times vrndscaleps[^\\n]+zmm[0-9](?:\\n|[ \\\\t]+#) 1
FAIL: gcc.target/i386/avx512f-floor-sfix-vec-2.c scan-assembler-times vcvttpd2dq[^\\n]*zmm[0-9].{7}(?:\\n|[ \\\\t]+#) 2
FAIL: gcc.target/i386/avx512f-floor-sfix-vec-2.c scan-assembler-times vrndscalepd[^\\n]*zmm[0-9](?:\\n|[ \\\\t]+#) 2
FAIL: gcc.target/i386/avx512f-floor-vec-2.c scan-assembler-times vrndscalepd[^\\n]+zmm[0-9](?:\\n|[ \\\\t]+#) 1
FAIL: gcc.target/i386/avx512f-floorf-sfix-vec-2.c scan-assembler-times vcvttps2dq[^\\n]+zmm[0-9].{7}(?:\\n|[ \\\\t]+#) 1
FAIL: gcc.target/i386/avx512f-floorf-sfix-vec-2.c scan-assembler-times vrndscaleps[^\\n]+zmm[0-9](?:\\n|[ \\\\t]+#) 1
FAIL: gcc.target/i386/avx512f-floorf-vec-2.c scan-assembler-times vrndscaleps[^\\n]+zmm[0-9](?:\\n|[ \\\\t]+#) 1
FAIL: gcc.target/i386/avx512f-gather-2.c scan-tree-dump-times vect "note: vectorized 1 loops in function" 16
FAIL: gcc.target/i386/avx512f-gather-5.c scan-assembler-times gather[^\\n]*zmm[0-9]+{%k[1-7]}(?:\\n|[ \\\\t]+#) 2
FAIL: gcc.target/i386/avx512f-rint-sfix-vec-2.c scan-assembler-times vcvtpd2dq[^\\n]+ymm[0-9](?:\\n|[ \\\\t]+#) 2
FAIL: gcc.target/i386/avx512f-rint-sfix-vec-2.c scan-assembler-times vinserti64x4[^\\n]+zmm[0-9](?:\\n|[ \\\\t]+#) 1
FAIL: gcc.target/i386/avx512f-rintf-sfix-vec-2.c scan-assembler-times vcvtps2dq[^\\n]+zmm[0-9](?:\\n|[ \\\\t]+#) 1
FAIL: gcc.target/i386/avx512f-round-sfix-vec-2.c scan-assembler-times vcvttpd2dq[^\\n]+zmm[0-9].{7}(?:\\n|[ \\\\t]+#) 2
FAIL: gcc.target/i386/avx512f-round-sfix-vec-2.c scan-assembler-times vrndscalepd[^\\n]+zmm[0-9](?:\\n|[ \\\\t]+#) 2
FAIL: gcc.target/i386/avx512f-roundf-sfix-vec-2.c scan-assembler-times vcvttps2dq[^\\n]+zmm[0-9].{7}(?:\\n|[ \\\\t]+#) 1
FAIL: gcc.target/i386/avx512f-roundf-sfix-vec-2.c scan-assembler-times vrndscaleps[^\\n]+zmm[0-9](?:\\n|[ \\\\t]+#) 1
FAIL: gcc.target/i386/avx512f-trunc-vec-2.c scan-assembler-times vrndscalepd[^\\n]+zmm[0-9](?:\\n|[ \\\\t]+#) 1
FAIL: gcc.target/i386/avx512f-truncf-vec-2.c scan-assembler-times vrndscaleps[^\\n]+zmm[0-9](?:\\n|[ \\\\t]+#) 1
FAIL: gcc.target/i386/funcspec-8.c (test for errors, line 104)
FAIL: gcc.target/i386/funcspec-8.c (test for errors, line 123)
FAIL: gcc.target/i386/funcspec-8.c (test for errors, line 142)
FAIL: gcc.target/i386/funcspec-8.c (test for errors, line 161)
FAIL: gcc.target/i386/funcspec-8.c (test for errors, line 28)
FAIL: gcc.target/i386/funcspec-8.c (test for errors, line 47)
FAIL: gcc.target/i386/funcspec-8.c (test for errors, line 66)
FAIL: gcc.target/i386/funcspec-8.c (test for errors, line 85)
FAIL: gcc.target/i386/funcspec-8.c (internal compiler error)
FAIL: gcc.target/i386/funcspec-8.c (test for excess errors)
FAIL: gcc.target/i386/pr67995-1.c (test for errors, line 11)
FAIL: gcc.target/i386/pr67995-1.c (internal compiler error)
FAIL: gcc.target/i386/pr67995-1.c (test for excess errors)
FAIL: gcc.target/i386/pr69255-1.c (test for errors, line 13)
FAIL: gcc.target/i386/pr69255-1.c (test for warnings, line 13)
FAIL: gcc.target/i386/pr69255-1.c (internal compiler error)
FAIL: gcc.target/i386/pr69255-1.c (test for excess errors)
FAIL: gcc.target/i386/pr69255-2.c (test for errors, line 13)
FAIL: gcc.target/i386/pr69255-2.c (test for warnings, line 13)
FAIL: gcc.target/i386/pr69255-2.c (test for warnings, line 13)
FAIL: gcc.target/i386/pr69255-2.c (internal compiler error)
FAIL: gcc.target/i386/pr69255-2.c (test for excess errors)
FAIL: gcc.target/i386/pr69255-3.c (test for errors, line 13)
FAIL: gcc.target/i386/pr69255-3.c (test for warnings, line 13)
FAIL: gcc.target/i386/pr69255-3.c (internal compiler error)
FAIL: gcc.target/i386/pr69255-3.c (test for excess errors)
FAIL: gcc.target/i386/sse-22a.c (internal compiler error)
FAIL: gcc.target/i386/sse-22a.c (test for excess errors)
FAIL: gcc.target/i386/vectorize2.c scan-assembler cvtpd2dq
FAIL: gcc.target/i386/vectorize3.c scan-assembler cvtps2dq
=== gcc Summary for unix/-m32 ===
# of expected passes 126245
# of unexpected failures 120
# of unexpected successes 20
# of expected failures 347
# of unsupported tests 2126
=== gcc Summary ===
# of expected passes 254440
# of unexpected failures 239
# of unexpected successes 42
# of expected failures 690
# of unresolved testcases 3
# of unsupported tests 4211
/export/gnu/import/git/gcc-test-intel64corei7/bld/gcc/xgcc version 7.0.0 20161118 (experimental) [trunk revision 242583] (GCC)
=== gfortran tests ===
Running target unix
FAIL: gfortran.dg/graphite/pr68279.f90 -O (internal compiler error)
FAIL: gfortran.dg/graphite/pr68279.f90 -O (test for excess errors)
=== gfortran Summary for unix ===
# of expected passes 44112
# of unexpected failures 2
# of expected failures 84
# of unsupported tests 67
Running target unix/-m32
FAIL: gfortran.dg/bessel_6.f90 -O0 execution test
FAIL: gfortran.dg/bessel_6.f90 -O1 execution test
FAIL: gfortran.dg/bessel_6.f90 -O2 execution test
FAIL: gfortran.dg/bessel_6.f90 -O3 -fomit-frame-pointer -funroll-loops -fpeel-loops -ftracer -finline-functions execution test
FAIL: gfortran.dg/bessel_6.f90 -O3 -g execution test
FAIL: gfortran.dg/bessel_6.f90 -Os execution test
FAIL: gfortran.dg/vect/fast-math-mgrid-resid.f -O scan-tree-dump-times pcom "Executing predictive commoning without unrolling" 2
=== gfortran Summary for unix/-m32 ===
# of expected passes 43889
# of unexpected failures 7
# of expected failures 84
# of unsupported tests 170
=== gfortran Summary ===
# of expected passes 88001
# of unexpected failures 9
# of expected failures 168
# of unsupported tests 237
/export/gnu/import/git/gcc-test-intel64corei7/bld/gcc/testsuite/gfortran/../../gfortran version 7.0.0 20161118 (experimental) [trunk revision 242583] (GCC)
=== g++ tests ===
Running target unix
FAIL: g++.dg/ext/mv6.C -std=gnu++11 (internal compiler error)
FAIL: g++.dg/ext/mv6.C -std=gnu++11 (test for excess errors)
UNRESOLVED: g++.dg/ext/mv6.C -std=gnu++11 compilation failed to produce executable
FAIL: g++.dg/ext/mv6.C -std=gnu++14 (internal compiler error)
FAIL: g++.dg/ext/mv6.C -std=gnu++14 (test for excess errors)
UNRESOLVED: g++.dg/ext/mv6.C -std=gnu++14 compilation failed to produce executable
FAIL: g++.dg/ext/mv6.C -std=gnu++98 (internal compiler error)
FAIL: g++.dg/ext/mv6.C -std=gnu++98 (test for excess errors)
UNRESOLVED: g++.dg/ext/mv6.C -std=gnu++98 compilation failed to produce executable
FAIL: g++.dg/ext/mvc1.C -std=c++11 (internal compiler error)
FAIL: g++.dg/ext/mvc1.C -std=c++11 (test for excess errors)
UNRESOLVED: g++.dg/ext/mvc1.C -std=c++11 compilation failed to produce executable
FAIL: g++.dg/ext/mvc1.C -std=c++14 (internal compiler error)
FAIL: g++.dg/ext/mvc1.C -std=c++14 (test for excess errors)
UNRESOLVED: g++.dg/ext/mvc1.C -std=c++14 compilation failed to produce executable
FAIL: g++.dg/ext/mvc1.C -std=c++98 (internal compiler error)
FAIL: g++.dg/ext/mvc1.C -std=c++98 (test for excess errors)
UNRESOLVED: g++.dg/ext/mvc1.C -std=c++98 compilation failed to produce executable
FAIL: g++.dg/ext/pr57548.C -std=c++11 (internal compiler error)
FAIL: g++.dg/ext/pr57548.C -std=c++11 (test for excess errors)
FAIL: g++.dg/ext/pr57548.C -std=c++14 (internal compiler error)
FAIL: g++.dg/ext/pr57548.C -std=c++14 (test for excess errors)
FAIL: g++.dg/ext/pr57548.C -std=c++98 (internal compiler error)
FAIL: g++.dg/ext/pr57548.C -std=c++98 (test for excess errors)
FAIL: g++.dg/guality/pr55665.C -O2 line 23 p == 40
FAIL: g++.dg/guality/pr55665.C -O3 -g line 23 p == 40
XPASS: g++.dg/tls/thread_local-order2.C -std=c++11 execution test
XPASS: g++.dg/tls/thread_local-order2.C -std=c++14 execution test
=== g++ Summary for unix ===
# of expected passes 111445
# of unexpected failures 20
# of unexpected successes 2
# of expected failures 335
# of unresolved testcases 6
# of unsupported tests 4044
Running target unix/-m32
FAIL: g++.dg/guality/pr55665.C -O2 line 23 p == 40
FAIL: g++.dg/guality/pr55665.C -O3 -g line 23 p == 40
XPASS: g++.dg/tls/thread_local-order2.C -std=c++11 execution test
XPASS: g++.dg/tls/thread_local-order2.C -std=c++14 execution test
=== g++ Summary for unix/-m32 ===
# of expected passes 109852
# of unexpected failures 2
# of unexpected successes 2
# of expected failures 335
# of unsupported tests 3816
=== g++ Summary ===
# of expected passes 221297
# of unexpected failures 22
# of unexpected successes 4
# of expected failures 670
# of unresolved testcases 6
# of unsupported tests 7860
/export/gnu/import/git/gcc-test-intel64corei7/bld/gcc/testsuite/g++/../../xg++ version 7.0.0 20161118 (experimental) [trunk revision 242583] (GCC)
=== objc tests ===
Running target unix
=== objc Summary for unix ===
# of expected passes 2797
# of expected failures 6
# of unsupported tests 68
Running target unix/-m32
=== objc Summary for unix/-m32 ===
# of expected passes 2797
# of expected failures 6
# of unsupported tests 68
=== objc Summary ===
# of expected passes 5594
# of expected failures 12
# of unsupported tests 136
/export/gnu/import/git/gcc-test-intel64corei7/bld/gcc/xgcc version 7.0.0 20161118 (experimental) [trunk revision 242583] (GCC)
=== libatomic tests ===
Running target unix/-m32
=== libatomic Summary for unix/-m32 ===
# of expected passes 44
# of unsupported tests 5
Running target unix
=== libatomic Summary for unix ===
# of expected passes 54
=== libatomic Summary ===
# of expected passes 98
# of unsupported tests 5
=== libgomp tests ===
Running target unix/-m32
=== libgomp Summary for unix/-m32 ===
# of expected passes 5148
# of unsupported tests 331
Running target unix
=== libgomp Summary for unix ===
# of expected passes 5148
# of unsupported tests 331
=== libgomp Summary ===
# of expected passes 10296
# of unsupported tests 662
=== libitm tests ===
Running target unix/-m32
=== libitm Summary for unix/-m32 ===
# of expected passes 42
# of expected failures 3
# of unsupported tests 1
Running target unix
=== libitm Summary for unix ===
# of expected passes 42
# of expected failures 3
# of unsupported tests 1
=== libitm Summary ===
# of expected passes 84
# of expected failures 6
# of unsupported tests 2
=== libstdc++ tests ===
Running target unix
=== libstdc++ Summary for unix ===
# of expected passes 11959
# of expected failures 65
# of unsupported tests 244
Running target unix/-m32
=== libstdc++ Summary for unix/-m32 ===
# of expected passes 11967
# of expected failures 65
# of unsupported tests 240
=== libstdc++ Summary ===
# of expected passes 23926
# of expected failures 130
# of unsupported tests 484
Compiler version: 7.0.0 20161118 (experimental) [trunk revision 242583] (GCC)
Platform: x86_64-pc-linux-gnu
configure flags: --with-arch=corei7 --with-cpu=corei7 --prefix=/usr/7.0.0 --enable-clocale=gnu --with-system-zlib --enable-shared --with-demangler-in-ld --enable-libmpx --with-fpmath=sse
More information about the Gcc-testresults
mailing list