Results for 6.2.0 20161109 (Debian 6.2.0-13) testsuite on aarch64-unknown-linux-gnu
Matthias Klose
doko@debian.org
Thu Nov 10 17:54:00 GMT 2016
LAST_UPDATED: Wed Nov 9 12:54:23 UTC 2016 (revision 241998)
Native configuration is aarch64-unknown-linux-gnu
=== boehm-gc tests ===
Running target unix
=== boehm-gc Summary for unix ===
# of expected passes 12
# of unsupported tests 1
Running target unix/-fstack-protector
=== boehm-gc Summary for unix/-fstack-protector ===
# of expected passes 12
# of unsupported tests 1
=== boehm-gc Summary ===
# of expected passes 24
# of unsupported tests 2
=== libatomic tests ===
Running target unix
=== libatomic Summary for unix ===
# of expected passes 54
Running target unix/-fstack-protector
=== libatomic Summary for unix/-fstack-protector ===
# of expected passes 54
=== libatomic Summary ===
# of expected passes 108
=== libffi tests ===
Running target unix
=== libffi Summary for unix ===
# of expected passes 2214
Running target unix/-fstack-protector
=== libffi Summary for unix/-fstack-protector ===
# of expected passes 2214
=== libffi Summary ===
# of expected passes 4428
=== libgo tests ===
Running target unix
=== libgo Summary ===
# of expected passes 134
/build/gcc-6-a8uATG/gcc-6-6.2.0/build/./gcc/gccgo version 6.2.0 20161109 (Debian 6.2.0-13)
=== libgomp tests ===
Running target unix
=== libgomp Summary for unix ===
# of expected passes 5054
# of unsupported tests 320
Running target unix/-fstack-protector
=== libgomp Summary for unix/-fstack-protector ===
# of expected passes 5054
# of unsupported tests 320
=== libgomp Summary ===
# of expected passes 10108
# of unsupported tests 640
=== libitm tests ===
Running target unix
=== libitm Summary for unix ===
# of expected passes 42
# of expected failures 3
# of unsupported tests 1
Running target unix/-fstack-protector
=== libitm Summary for unix/-fstack-protector ===
# of expected passes 42
# of expected failures 3
# of unsupported tests 1
=== libitm Summary ===
# of expected passes 84
# of expected failures 6
# of unsupported tests 2
=== libjava tests ===
Running target unix
FAIL: Throw_2 execution - source compiled test
FAIL: Throw_2 -findirect-dispatch execution - source compiled test
FAIL: Throw_2 -O3 execution - source compiled test
FAIL: Throw_2 -O3 -findirect-dispatch execution - source compiled test
=== libjava Summary for unix ===
# of expected passes 2574
# of unexpected failures 4
# of expected failures 4
# of untested testcases 4
Running target unix/-fstack-protector
FAIL: Throw_2 execution - source compiled test
FAIL: Throw_2 -findirect-dispatch execution - source compiled test
FAIL: Throw_2 -O3 execution - source compiled test
FAIL: Throw_2 -O3 -findirect-dispatch execution - source compiled test
=== libjava Summary for unix/-fstack-protector ===
# of expected passes 2574
# of unexpected failures 4
# of expected failures 4
# of untested testcases 4
=== libjava Summary ===
# of expected passes 5148
# of unexpected failures 8
# of expected failures 8
# of untested testcases 8
=== libstdc++ tests ===
Running target unix
FAIL: 22_locale/time_get/get_date/wchar_t/4.cc execution test
FAIL: 27_io/basic_ios/copyfmt/char/1.cc execution test
FAIL: 27_io/basic_ios/exceptions/char/1.cc execution test
FAIL: 27_io/basic_istream/extractors_arithmetic/char/exceptions_failbit.cc execution test
FAIL: 27_io/basic_istream/extractors_arithmetic/wchar_t/exceptions_failbit.cc execution test
FAIL: 27_io/basic_istream/extractors_other/char/exceptions_null.cc execution test
FAIL: 27_io/basic_istream/extractors_other/wchar_t/exceptions_null.cc execution test
FAIL: 27_io/basic_istream/sentry/char/12297.cc execution test
FAIL: 27_io/basic_istream/sentry/wchar_t/12297.cc execution test
FAIL: 27_io/basic_ostream/inserters_other/char/exceptions_null.cc execution test
FAIL: 27_io/basic_ostream/inserters_other/wchar_t/exceptions_null.cc execution test
FAIL: 27_io/ios_base/storage/2.cc execution test
=== libstdc++ Summary for unix ===
# of expected passes 11070
# of unexpected failures 12
# of expected failures 66
# of unsupported tests 282
Running target unix/-fstack-protector
FAIL: 22_locale/time_get/get_date/wchar_t/4.cc execution test
FAIL: 27_io/basic_ios/copyfmt/char/1.cc execution test
FAIL: 27_io/basic_ios/exceptions/char/1.cc execution test
FAIL: 27_io/basic_istream/extractors_arithmetic/char/exceptions_failbit.cc execution test
FAIL: 27_io/basic_istream/extractors_arithmetic/wchar_t/exceptions_failbit.cc execution test
FAIL: 27_io/basic_istream/extractors_other/char/exceptions_null.cc execution test
FAIL: 27_io/basic_istream/extractors_other/wchar_t/exceptions_null.cc execution test
FAIL: 27_io/basic_istream/sentry/char/12297.cc execution test
FAIL: 27_io/basic_istream/sentry/wchar_t/12297.cc execution test
FAIL: 27_io/basic_ostream/inserters_other/char/exceptions_null.cc execution test
FAIL: 27_io/basic_ostream/inserters_other/wchar_t/exceptions_null.cc execution test
FAIL: 27_io/ios_base/storage/2.cc execution test
=== libstdc++ Summary for unix/-fstack-protector ===
# of expected passes 4808
# of unexpected failures 12
# of expected failures 62
# of unsupported tests 282
=== libstdc++ Summary ===
# of expected passes 15878
# of unexpected failures 24
# of expected failures 128
# of unsupported tests 564
Target: aarch64-linux-gnu
gcc version 6.2.0 20161109 (Debian 6.2.0-13)
=== g++ tests ===
Running target unix
FAIL: g++.dg/abi/abi-tag23.C -std=gnu++11 (test for warnings, line 22)
FAIL: g++.dg/abi/abi-tag23.C -std=gnu++11 scan-assembler _ZThn16_N7Derived7get_fooB3barEv
FAIL: g++.dg/abi/abi-tag23.C -std=gnu++14 (test for warnings, line 22)
FAIL: g++.dg/abi/abi-tag23.C -std=gnu++14 scan-assembler _ZThn16_N7Derived7get_fooB3barEv
FAIL: g++.dg/abi/abi-tag23.C -std=gnu++98 (test for warnings, line 22)
FAIL: g++.dg/abi/abi-tag23.C -std=gnu++98 scan-assembler _ZThn16_N7Derived7get_fooB3barEv
FAIL: g++.dg/other/anon5.C -std=gnu++11 (test for excess errors)
FAIL: g++.dg/other/anon5.C -std=gnu++14 (test for excess errors)
FAIL: g++.dg/other/anon5.C -std=gnu++98 (test for excess errors)
FAIL: g++.dg/guality/pr55665.C -O2 line 23 p == 40
FAIL: g++.dg/guality/pr55665.C -O3 -g line 23 p == 40
FAIL: g++.dg/simulate-thread/atomics-2.C -O3 -g -std=c++11 thread simulation test
FAIL: g++.dg/simulate-thread/atomics-2.C -Os -g thread simulation test
XPASS: g++.dg/tls/thread_local-order2.C -std=c++11 execution test
XPASS: g++.dg/tls/thread_local-order2.C -std=c++14 execution test
=== g++ Summary for unix ===
# of expected passes 98781
# of unexpected failures 13
# of unexpected successes 2
# of expected failures 306
# of unsupported tests 4208
Running target unix/-fstack-protector
FAIL: g++.dg/abi/abi-tag23.C -std=gnu++11 (test for warnings, line 22)
FAIL: g++.dg/abi/abi-tag23.C -std=gnu++11 scan-assembler _ZThn16_N7Derived7get_fooB3barEv
FAIL: g++.dg/abi/abi-tag23.C -std=gnu++14 (test for warnings, line 22)
FAIL: g++.dg/abi/abi-tag23.C -std=gnu++14 scan-assembler _ZThn16_N7Derived7get_fooB3barEv
FAIL: g++.dg/abi/abi-tag23.C -std=gnu++98 (test for warnings, line 22)
FAIL: g++.dg/abi/abi-tag23.C -std=gnu++98 scan-assembler _ZThn16_N7Derived7get_fooB3barEv
FAIL: g++.dg/other/anon5.C -std=gnu++11 (test for excess errors)
FAIL: g++.dg/other/anon5.C -std=gnu++14 (test for excess errors)
FAIL: g++.dg/other/anon5.C -std=gnu++98 (test for excess errors)
FAIL: g++.dg/guality/pr55665.C -O2 line 23 p == 40
FAIL: g++.dg/guality/pr55665.C -O3 -g line 23 p == 40
FAIL: g++.dg/simulate-thread/atomics-2.C -O3 -g -std=c++11 thread simulation test
FAIL: g++.dg/simulate-thread/atomics-2.C -Os -g thread simulation test
XPASS: g++.dg/tls/thread_local-order2.C -std=c++11 execution test
XPASS: g++.dg/tls/thread_local-order2.C -std=c++14 execution test
=== g++ Summary for unix/-fstack-protector ===
# of expected passes 98781
# of unexpected failures 13
# of unexpected successes 2
# of expected failures 306
# of unsupported tests 4208
=== g++ Summary ===
# of expected passes 197562
# of unexpected failures 26
# of unexpected successes 4
# of expected failures 612
# of unsupported tests 8416
/build/gcc-6-a8uATG/gcc-6-6.2.0/build/gcc/xg++ version 6.2.0 20161109 (Debian 6.2.0-13)
=== gcc tests ===
Running target unix
FAIL: gcc.dg/uninit-19.c (test for warnings, line 22)
FAIL: gcc.dg/uninit-19.c (test for excess errors)
FAIL: gcc.dg/graphite/scop-19.c scan-tree-dump-times graphite "number of SCoPs: 0" 1
XPASS: gcc.dg/guality/example.c -O0 execution test
XPASS: gcc.dg/guality/example.c -O1 execution test
XPASS: gcc.dg/guality/guality.c -O0 execution test
XPASS: gcc.dg/guality/guality.c -O1 execution test
XPASS: gcc.dg/guality/guality.c -O2 execution test
XPASS: gcc.dg/guality/guality.c -O2 -flto -fno-use-linker-plugin -flto-partition=none execution test
XPASS: gcc.dg/guality/guality.c -O2 -flto -fuse-linker-plugin -fno-fat-lto-objects execution test
XPASS: gcc.dg/guality/guality.c -O3 -g execution test
XPASS: gcc.dg/guality/guality.c -Os execution test
XPASS: gcc.dg/guality/inline-params.c -O2 execution test
XPASS: gcc.dg/guality/inline-params.c -O2 -flto -fno-use-linker-plugin -flto-partition=none execution test
XPASS: gcc.dg/guality/inline-params.c -O3 -g execution test
XPASS: gcc.dg/guality/inline-params.c -Os execution test
FAIL: gcc.dg/guality/nrv-1.c -O2 -flto -fuse-linker-plugin -fno-fat-lto-objects line 20 a2.i[0] == 42
FAIL: gcc.dg/guality/pr36728-1.c -O1 line 16 arg1 == 1
FAIL: gcc.dg/guality/pr36728-1.c -O1 line 16 arg2 == 2
FAIL: gcc.dg/guality/pr36728-1.c -O1 line 16 arg7 == 30
FAIL: gcc.dg/guality/pr36728-1.c -O1 line 18 arg1 == 1
FAIL: gcc.dg/guality/pr36728-1.c -O1 line 18 arg2 == 2
FAIL: gcc.dg/guality/pr36728-1.c -O1 line 18 arg4 == 4
FAIL: gcc.dg/guality/pr36728-1.c -O1 line 18 arg7 == 30
FAIL: gcc.dg/guality/pr36728-1.c -O2 line 16 arg1 == 1
FAIL: gcc.dg/guality/pr36728-1.c -O2 line 16 arg5 == 5
FAIL: gcc.dg/guality/pr36728-1.c -O2 line 16 arg7 == 30
FAIL: gcc.dg/guality/pr36728-1.c -O2 line 16 y == 2
FAIL: gcc.dg/guality/pr36728-1.c -O2 line 18 *x == (char) 25
FAIL: gcc.dg/guality/pr36728-1.c -O2 line 18 arg1 == 1
FAIL: gcc.dg/guality/pr36728-1.c -O2 line 18 arg2 == 2
FAIL: gcc.dg/guality/pr36728-1.c -O2 line 18 arg5 == 5
FAIL: gcc.dg/guality/pr36728-1.c -O2 line 18 arg7 == 30
FAIL: gcc.dg/guality/pr36728-1.c -O2 line 18 y == 2
FAIL: gcc.dg/guality/pr36728-1.c -O2 -flto -fno-use-linker-plugin -flto-partition=none line 16 arg1 == 1
FAIL: gcc.dg/guality/pr36728-1.c -O2 -flto -fno-use-linker-plugin -flto-partition=none line 16 arg5 == 5
FAIL: gcc.dg/guality/pr36728-1.c -O2 -flto -fno-use-linker-plugin -flto-partition=none line 16 arg7 == 30
FAIL: gcc.dg/guality/pr36728-1.c -O2 -flto -fno-use-linker-plugin -flto-partition=none line 16 y == 2
FAIL: gcc.dg/guality/pr36728-1.c -O2 -flto -fno-use-linker-plugin -flto-partition=none line 18 *x == (char) 25
FAIL: gcc.dg/guality/pr36728-1.c -O2 -flto -fno-use-linker-plugin -flto-partition=none line 18 arg1 == 1
FAIL: gcc.dg/guality/pr36728-1.c -O2 -flto -fno-use-linker-plugin -flto-partition=none line 18 arg2 == 2
FAIL: gcc.dg/guality/pr36728-1.c -O2 -flto -fno-use-linker-plugin -flto-partition=none line 18 arg5 == 5
FAIL: gcc.dg/guality/pr36728-1.c -O2 -flto -fno-use-linker-plugin -flto-partition=none line 18 arg7 == 30
FAIL: gcc.dg/guality/pr36728-1.c -O2 -flto -fno-use-linker-plugin -flto-partition=none line 18 y == 2
FAIL: gcc.dg/guality/pr36728-1.c -O2 -flto -fuse-linker-plugin -fno-fat-lto-objects line 16 arg1 == 1
FAIL: gcc.dg/guality/pr36728-1.c -O2 -flto -fuse-linker-plugin -fno-fat-lto-objects line 16 arg2 == 2
FAIL: gcc.dg/guality/pr36728-1.c -O2 -flto -fuse-linker-plugin -fno-fat-lto-objects line 16 arg3 == 3
FAIL: gcc.dg/guality/pr36728-1.c -O2 -flto -fuse-linker-plugin -fno-fat-lto-objects line 16 arg4 == 4
FAIL: gcc.dg/guality/pr36728-1.c -O2 -flto -fuse-linker-plugin -fno-fat-lto-objects line 16 arg5 == 5
FAIL: gcc.dg/guality/pr36728-1.c -O2 -flto -fuse-linker-plugin -fno-fat-lto-objects line 16 arg6 == 6
FAIL: gcc.dg/guality/pr36728-1.c -O2 -flto -fuse-linker-plugin -fno-fat-lto-objects line 16 arg7 == 30
FAIL: gcc.dg/guality/pr36728-1.c -O2 -flto -fuse-linker-plugin -fno-fat-lto-objects line 18 arg1 == 1
FAIL: gcc.dg/guality/pr36728-1.c -O2 -flto -fuse-linker-plugin -fno-fat-lto-objects line 18 arg2 == 2
FAIL: gcc.dg/guality/pr36728-1.c -O2 -flto -fuse-linker-plugin -fno-fat-lto-objects line 18 arg3 == 3
FAIL: gcc.dg/guality/pr36728-1.c -O2 -flto -fuse-linker-plugin -fno-fat-lto-objects line 18 arg4 == 4
FAIL: gcc.dg/guality/pr36728-1.c -O2 -flto -fuse-linker-plugin -fno-fat-lto-objects line 18 arg5 == 5
FAIL: gcc.dg/guality/pr36728-1.c -O2 -flto -fuse-linker-plugin -fno-fat-lto-objects line 18 arg6 == 6
FAIL: gcc.dg/guality/pr36728-1.c -O2 -flto -fuse-linker-plugin -fno-fat-lto-objects line 18 arg7 == 30
FAIL: gcc.dg/guality/pr36728-1.c -O3 -g line 16 arg1 == 1
FAIL: gcc.dg/guality/pr36728-1.c -O3 -g line 16 arg2 == 2
FAIL: gcc.dg/guality/pr36728-1.c -O3 -g line 16 arg3 == 3
FAIL: gcc.dg/guality/pr36728-1.c -O3 -g line 16 arg4 == 4
FAIL: gcc.dg/guality/pr36728-1.c -O3 -g line 16 arg5 == 5
FAIL: gcc.dg/guality/pr36728-1.c -O3 -g line 16 arg6 == 6
FAIL: gcc.dg/guality/pr36728-1.c -O3 -g line 16 arg7 == 30
FAIL: gcc.dg/guality/pr36728-1.c -O3 -g line 16 y == 2
FAIL: gcc.dg/guality/pr36728-1.c -O3 -g line 18 *x == (char) 25
FAIL: gcc.dg/guality/pr36728-1.c -O3 -g line 18 arg1 == 1
FAIL: gcc.dg/guality/pr36728-1.c -O3 -g line 18 arg2 == 2
FAIL: gcc.dg/guality/pr36728-1.c -O3 -g line 18 arg3 == 3
FAIL: gcc.dg/guality/pr36728-1.c -O3 -g line 18 arg4 == 4
FAIL: gcc.dg/guality/pr36728-1.c -O3 -g line 18 arg5 == 5
FAIL: gcc.dg/guality/pr36728-1.c -O3 -g line 18 arg6 == 6
FAIL: gcc.dg/guality/pr36728-1.c -O3 -g line 18 arg7 == 30
FAIL: gcc.dg/guality/pr36728-1.c -O3 -g line 18 y == 2
FAIL: gcc.dg/guality/pr36728-1.c -Os line 16 arg1 == 1
FAIL: gcc.dg/guality/pr36728-1.c -Os line 16 arg2 == 2
FAIL: gcc.dg/guality/pr36728-1.c -Os line 16 arg4 == 4
FAIL: gcc.dg/guality/pr36728-1.c -Os line 16 arg7 == 30
FAIL: gcc.dg/guality/pr36728-1.c -Os line 18 arg1 == 1
FAIL: gcc.dg/guality/pr36728-1.c -Os line 18 arg2 == 2
FAIL: gcc.dg/guality/pr36728-1.c -Os line 18 arg4 == 4
FAIL: gcc.dg/guality/pr36728-1.c -Os line 18 arg7 == 30
FAIL: gcc.dg/guality/pr36728-1.c -Os line 18 y == 2
FAIL: gcc.dg/guality/pr36728-2.c -O1 line 16 arg1 == 1
FAIL: gcc.dg/guality/pr36728-2.c -O1 line 16 arg2 == 2
FAIL: gcc.dg/guality/pr36728-2.c -O1 line 18 arg1 == 1
FAIL: gcc.dg/guality/pr36728-2.c -O1 line 18 arg2 == 2
FAIL: gcc.dg/guality/pr36728-2.c -O1 line 18 arg3 == 3
FAIL: gcc.dg/guality/pr36728-2.c -O2 line 16 arg4 == 4
FAIL: gcc.dg/guality/pr36728-2.c -O2 line 16 arg5 == 5
FAIL: gcc.dg/guality/pr36728-2.c -O2 line 18 *x == (char) 25
FAIL: gcc.dg/guality/pr36728-2.c -O2 line 18 arg2 == 2
FAIL: gcc.dg/guality/pr36728-2.c -O2 line 18 arg4 == 4
FAIL: gcc.dg/guality/pr36728-2.c -O2 line 18 arg5 == 5
FAIL: gcc.dg/guality/pr36728-2.c -O2 -flto -fno-use-linker-plugin -flto-partition=none line 16 arg4 == 4
FAIL: gcc.dg/guality/pr36728-2.c -O2 -flto -fno-use-linker-plugin -flto-partition=none line 16 arg5 == 5
FAIL: gcc.dg/guality/pr36728-2.c -O2 -flto -fno-use-linker-plugin -flto-partition=none line 18 *x == (char) 25
FAIL: gcc.dg/guality/pr36728-2.c -O2 -flto -fno-use-linker-plugin -flto-partition=none line 18 arg2 == 2
FAIL: gcc.dg/guality/pr36728-2.c -O2 -flto -fno-use-linker-plugin -flto-partition=none line 18 arg4 == 4
FAIL: gcc.dg/guality/pr36728-2.c -O2 -flto -fno-use-linker-plugin -flto-partition=none line 18 arg5 == 5
FAIL: gcc.dg/guality/pr36728-2.c -O2 -flto -fuse-linker-plugin -fno-fat-lto-objects line 16 arg1 == 1
FAIL: gcc.dg/guality/pr36728-2.c -O2 -flto -fuse-linker-plugin -fno-fat-lto-objects line 16 arg2 == 2
FAIL: gcc.dg/guality/pr36728-2.c -O2 -flto -fuse-linker-plugin -fno-fat-lto-objects line 16 arg3 == 3
FAIL: gcc.dg/guality/pr36728-2.c -O2 -flto -fuse-linker-plugin -fno-fat-lto-objects line 16 arg4 == 4
FAIL: gcc.dg/guality/pr36728-2.c -O2 -flto -fuse-linker-plugin -fno-fat-lto-objects line 16 arg5 == 5
FAIL: gcc.dg/guality/pr36728-2.c -O2 -flto -fuse-linker-plugin -fno-fat-lto-objects line 16 arg6 == 6
FAIL: gcc.dg/guality/pr36728-2.c -O2 -flto -fuse-linker-plugin -fno-fat-lto-objects line 16 arg7 == 30
FAIL: gcc.dg/guality/pr36728-2.c -O2 -flto -fuse-linker-plugin -fno-fat-lto-objects line 18 arg1 == 1
FAIL: gcc.dg/guality/pr36728-2.c -O2 -flto -fuse-linker-plugin -fno-fat-lto-objects line 18 arg2 == 2
FAIL: gcc.dg/guality/pr36728-2.c -O2 -flto -fuse-linker-plugin -fno-fat-lto-objects line 18 arg3 == 3
FAIL: gcc.dg/guality/pr36728-2.c -O2 -flto -fuse-linker-plugin -fno-fat-lto-objects line 18 arg4 == 4
FAIL: gcc.dg/guality/pr36728-2.c -O2 -flto -fuse-linker-plugin -fno-fat-lto-objects line 18 arg5 == 5
FAIL: gcc.dg/guality/pr36728-2.c -O2 -flto -fuse-linker-plugin -fno-fat-lto-objects line 18 arg6 == 6
FAIL: gcc.dg/guality/pr36728-2.c -O2 -flto -fuse-linker-plugin -fno-fat-lto-objects line 18 arg7 == 30
FAIL: gcc.dg/guality/pr36728-2.c -O3 -g line 16 arg1 == 1
FAIL: gcc.dg/guality/pr36728-2.c -O3 -g line 16 arg2 == 2
FAIL: gcc.dg/guality/pr36728-2.c -O3 -g line 16 arg3 == 3
FAIL: gcc.dg/guality/pr36728-2.c -O3 -g line 16 arg4 == 4
FAIL: gcc.dg/guality/pr36728-2.c -O3 -g line 16 arg5 == 5
FAIL: gcc.dg/guality/pr36728-2.c -O3 -g line 16 arg6 == 6
FAIL: gcc.dg/guality/pr36728-2.c -O3 -g line 16 arg7 == 30
FAIL: gcc.dg/guality/pr36728-2.c -O3 -g line 18 *x == (char) 25
FAIL: gcc.dg/guality/pr36728-2.c -O3 -g line 18 arg1 == 1
FAIL: gcc.dg/guality/pr36728-2.c -O3 -g line 18 arg2 == 2
FAIL: gcc.dg/guality/pr36728-2.c -O3 -g line 18 arg3 == 3
FAIL: gcc.dg/guality/pr36728-2.c -O3 -g line 18 arg4 == 4
FAIL: gcc.dg/guality/pr36728-2.c -O3 -g line 18 arg5 == 5
FAIL: gcc.dg/guality/pr36728-2.c -O3 -g line 18 arg6 == 6
FAIL: gcc.dg/guality/pr36728-2.c -O3 -g line 18 arg7 == 30
FAIL: gcc.dg/guality/pr36728-2.c -Os line 16 arg1 == 1
FAIL: gcc.dg/guality/pr36728-2.c -Os line 16 arg2 == 2
FAIL: gcc.dg/guality/pr36728-2.c -Os line 16 arg3 == 3
FAIL: gcc.dg/guality/pr36728-2.c -Os line 18 arg1 == 1
FAIL: gcc.dg/guality/pr36728-2.c -Os line 18 arg2 == 2
FAIL: gcc.dg/guality/pr36728-2.c -Os line 18 arg3 == 3
FAIL: gcc.dg/guality/pr36728-2.c -Os line 18 y == 2
FAIL: gcc.dg/guality/pr36728-3.c -O1 line 14 arg1 == 1
FAIL: gcc.dg/guality/pr36728-3.c -O1 line 14 arg3 == 3
FAIL: gcc.dg/guality/pr36728-3.c -O1 line 14 arg7 == 30
FAIL: gcc.dg/guality/pr36728-3.c -O1 line 16 arg1 == 1
FAIL: gcc.dg/guality/pr36728-3.c -O1 line 16 arg3 == 3
FAIL: gcc.dg/guality/pr36728-3.c -O1 line 16 arg7 == 30
FAIL: gcc.dg/guality/pr36728-3.c -O2 line 14 arg1 == 1
FAIL: gcc.dg/guality/pr36728-3.c -O2 line 14 arg3 == 3
FAIL: gcc.dg/guality/pr36728-3.c -O2 line 14 arg4 == 4
FAIL: gcc.dg/guality/pr36728-3.c -O2 line 14 arg7 == 30
FAIL: gcc.dg/guality/pr36728-3.c -O2 line 16 arg1 == 1
FAIL: gcc.dg/guality/pr36728-3.c -O2 line 16 arg3 == 3
FAIL: gcc.dg/guality/pr36728-3.c -O2 line 16 arg4 == 4
FAIL: gcc.dg/guality/pr36728-3.c -O2 line 16 arg7 == 30
FAIL: gcc.dg/guality/pr36728-3.c -O2 -flto -fno-use-linker-plugin -flto-partition=none line 14 arg1 == 1
FAIL: gcc.dg/guality/pr36728-3.c -O2 -flto -fno-use-linker-plugin -flto-partition=none line 14 arg3 == 3
FAIL: gcc.dg/guality/pr36728-3.c -O2 -flto -fno-use-linker-plugin -flto-partition=none line 14 arg4 == 4
FAIL: gcc.dg/guality/pr36728-3.c -O2 -flto -fno-use-linker-plugin -flto-partition=none line 14 arg7 == 30
FAIL: gcc.dg/guality/pr36728-3.c -O2 -flto -fno-use-linker-plugin -flto-partition=none line 16 arg1 == 1
FAIL: gcc.dg/guality/pr36728-3.c -O2 -flto -fno-use-linker-plugin -flto-partition=none line 16 arg3 == 3
FAIL: gcc.dg/guality/pr36728-3.c -O2 -flto -fno-use-linker-plugin -flto-partition=none line 16 arg4 == 4
FAIL: gcc.dg/guality/pr36728-3.c -O2 -flto -fno-use-linker-plugin -flto-partition=none line 16 arg7 == 30
FAIL: gcc.dg/guality/pr36728-3.c -O2 -flto -fuse-linker-plugin -fno-fat-lto-objects line 14 arg1 == 1
FAIL: gcc.dg/guality/pr36728-3.c -O2 -flto -fuse-linker-plugin -fno-fat-lto-objects line 14 arg2 == 2
FAIL: gcc.dg/guality/pr36728-3.c -O2 -flto -fuse-linker-plugin -fno-fat-lto-objects line 14 arg3 == 3
FAIL: gcc.dg/guality/pr36728-3.c -O2 -flto -fuse-linker-plugin -fno-fat-lto-objects line 14 arg4 == 4
FAIL: gcc.dg/guality/pr36728-3.c -O2 -flto -fuse-linker-plugin -fno-fat-lto-objects line 14 arg5 == 5
FAIL: gcc.dg/guality/pr36728-3.c -O2 -flto -fuse-linker-plugin -fno-fat-lto-objects line 14 arg6 == 6
FAIL: gcc.dg/guality/pr36728-3.c -O2 -flto -fuse-linker-plugin -fno-fat-lto-objects line 14 arg7 == 30
FAIL: gcc.dg/guality/pr36728-3.c -O2 -flto -fuse-linker-plugin -fno-fat-lto-objects line 16 arg1 == 1
FAIL: gcc.dg/guality/pr36728-3.c -O2 -flto -fuse-linker-plugin -fno-fat-lto-objects line 16 arg2 == 2
FAIL: gcc.dg/guality/pr36728-3.c -O2 -flto -fuse-linker-plugin -fno-fat-lto-objects line 16 arg3 == 3
FAIL: gcc.dg/guality/pr36728-3.c -O2 -flto -fuse-linker-plugin -fno-fat-lto-objects line 16 arg4 == 4
FAIL: gcc.dg/guality/pr36728-3.c -O2 -flto -fuse-linker-plugin -fno-fat-lto-objects line 16 arg5 == 5
FAIL: gcc.dg/guality/pr36728-3.c -O2 -flto -fuse-linker-plugin -fno-fat-lto-objects line 16 arg6 == 6
FAIL: gcc.dg/guality/pr36728-3.c -O2 -flto -fuse-linker-plugin -fno-fat-lto-objects line 16 arg7 == 30
FAIL: gcc.dg/guality/pr36728-3.c -O3 -g line 14 arg1 == 1
FAIL: gcc.dg/guality/pr36728-3.c -O3 -g line 14 arg2 == 2
FAIL: gcc.dg/guality/pr36728-3.c -O3 -g line 14 arg3 == 3
FAIL: gcc.dg/guality/pr36728-3.c -O3 -g line 14 arg4 == 4
FAIL: gcc.dg/guality/pr36728-3.c -O3 -g line 14 arg5 == 5
FAIL: gcc.dg/guality/pr36728-3.c -O3 -g line 14 arg6 == 6
FAIL: gcc.dg/guality/pr36728-3.c -O3 -g line 14 arg7 == 30
FAIL: gcc.dg/guality/pr36728-3.c -O3 -g line 16 arg1 == 1
FAIL: gcc.dg/guality/pr36728-3.c -O3 -g line 16 arg2 == 2
FAIL: gcc.dg/guality/pr36728-3.c -O3 -g line 16 arg3 == 3
FAIL: gcc.dg/guality/pr36728-3.c -O3 -g line 16 arg4 == 4
FAIL: gcc.dg/guality/pr36728-3.c -O3 -g line 16 arg5 == 5
FAIL: gcc.dg/guality/pr36728-3.c -O3 -g line 16 arg6 == 6
FAIL: gcc.dg/guality/pr36728-3.c -O3 -g line 16 arg7 == 30
FAIL: gcc.dg/guality/pr36728-3.c -Os line 14 arg1 == 1
FAIL: gcc.dg/guality/pr36728-3.c -Os line 14 arg3 == 3
FAIL: gcc.dg/guality/pr36728-3.c -Os line 14 arg7 == 30
FAIL: gcc.dg/guality/pr36728-3.c -Os line 16 arg1 == 1
FAIL: gcc.dg/guality/pr36728-3.c -Os line 16 arg3 == 3
FAIL: gcc.dg/guality/pr36728-3.c -Os line 16 arg7 == 30
FAIL: gcc.dg/guality/pr36728-4.c -O1 line 14 arg1 == 1
FAIL: gcc.dg/guality/pr36728-4.c -O1 line 14 arg2 == 2
FAIL: gcc.dg/guality/pr36728-4.c -O1 line 16 arg1 == 1
FAIL: gcc.dg/guality/pr36728-4.c -O1 line 16 arg2 == 2
FAIL: gcc.dg/guality/pr36728-4.c -O2 line 14 arg1 == 1
FAIL: gcc.dg/guality/pr36728-4.c -O2 line 14 arg2 == 2
FAIL: gcc.dg/guality/pr36728-4.c -O2 line 14 arg3 == 3
FAIL: gcc.dg/guality/pr36728-4.c -O2 line 16 arg1 == 1
FAIL: gcc.dg/guality/pr36728-4.c -O2 line 16 arg2 == 2
FAIL: gcc.dg/guality/pr36728-4.c -O2 line 16 arg3 == 3
FAIL: gcc.dg/guality/pr36728-4.c -O2 -flto -fno-use-linker-plugin -flto-partition=none line 14 arg1 == 1
FAIL: gcc.dg/guality/pr36728-4.c -O2 -flto -fno-use-linker-plugin -flto-partition=none line 14 arg2 == 2
FAIL: gcc.dg/guality/pr36728-4.c -O2 -flto -fno-use-linker-plugin -flto-partition=none line 14 arg3 == 3
FAIL: gcc.dg/guality/pr36728-4.c -O2 -flto -fno-use-linker-plugin -flto-partition=none line 16 arg1 == 1
FAIL: gcc.dg/guality/pr36728-4.c -O2 -flto -fno-use-linker-plugin -flto-partition=none line 16 arg2 == 2
FAIL: gcc.dg/guality/pr36728-4.c -O2 -flto -fno-use-linker-plugin -flto-partition=none line 16 arg3 == 3
FAIL: gcc.dg/guality/pr36728-4.c -O2 -flto -fuse-linker-plugin -fno-fat-lto-objects line 14 arg1 == 1
FAIL: gcc.dg/guality/pr36728-4.c -O2 -flto -fuse-linker-plugin -fno-fat-lto-objects line 14 arg2 == 2
FAIL: gcc.dg/guality/pr36728-4.c -O2 -flto -fuse-linker-plugin -fno-fat-lto-objects line 14 arg3 == 3
FAIL: gcc.dg/guality/pr36728-4.c -O2 -flto -fuse-linker-plugin -fno-fat-lto-objects line 14 arg4 == 4
FAIL: gcc.dg/guality/pr36728-4.c -O2 -flto -fuse-linker-plugin -fno-fat-lto-objects line 14 arg5 == 5
FAIL: gcc.dg/guality/pr36728-4.c -O2 -flto -fuse-linker-plugin -fno-fat-lto-objects line 14 arg6 == 6
FAIL: gcc.dg/guality/pr36728-4.c -O2 -flto -fuse-linker-plugin -fno-fat-lto-objects line 14 arg7 == 30
FAIL: gcc.dg/guality/pr36728-4.c -O2 -flto -fuse-linker-plugin -fno-fat-lto-objects line 16 arg1 == 1
FAIL: gcc.dg/guality/pr36728-4.c -O2 -flto -fuse-linker-plugin -fno-fat-lto-objects line 16 arg2 == 2
FAIL: gcc.dg/guality/pr36728-4.c -O2 -flto -fuse-linker-plugin -fno-fat-lto-objects line 16 arg3 == 3
FAIL: gcc.dg/guality/pr36728-4.c -O2 -flto -fuse-linker-plugin -fno-fat-lto-objects line 16 arg4 == 4
FAIL: gcc.dg/guality/pr36728-4.c -O2 -flto -fuse-linker-plugin -fno-fat-lto-objects line 16 arg5 == 5
FAIL: gcc.dg/guality/pr36728-4.c -O2 -flto -fuse-linker-plugin -fno-fat-lto-objects line 16 arg6 == 6
FAIL: gcc.dg/guality/pr36728-4.c -O2 -flto -fuse-linker-plugin -fno-fat-lto-objects line 16 arg7 == 30
FAIL: gcc.dg/guality/pr36728-4.c -O3 -g line 14 arg1 == 1
FAIL: gcc.dg/guality/pr36728-4.c -O3 -g line 14 arg2 == 2
FAIL: gcc.dg/guality/pr36728-4.c -O3 -g line 14 arg3 == 3
FAIL: gcc.dg/guality/pr36728-4.c -O3 -g line 14 arg4 == 4
FAIL: gcc.dg/guality/pr36728-4.c -O3 -g line 14 arg5 == 5
FAIL: gcc.dg/guality/pr36728-4.c -O3 -g line 14 arg6 == 6
FAIL: gcc.dg/guality/pr36728-4.c -O3 -g line 14 arg7 == 30
FAIL: gcc.dg/guality/pr36728-4.c -O3 -g line 16 arg1 == 1
FAIL: gcc.dg/guality/pr36728-4.c -O3 -g line 16 arg2 == 2
FAIL: gcc.dg/guality/pr36728-4.c -O3 -g line 16 arg3 == 3
FAIL: gcc.dg/guality/pr36728-4.c -O3 -g line 16 arg4 == 4
FAIL: gcc.dg/guality/pr36728-4.c -O3 -g line 16 arg5 == 5
FAIL: gcc.dg/guality/pr36728-4.c -O3 -g line 16 arg6 == 6
FAIL: gcc.dg/guality/pr36728-4.c -O3 -g line 16 arg7 == 30
FAIL: gcc.dg/guality/pr36728-4.c -Os line 14 arg1 == 1
FAIL: gcc.dg/guality/pr36728-4.c -Os line 14 arg2 == 2
FAIL: gcc.dg/guality/pr36728-4.c -Os line 16 arg1 == 1
FAIL: gcc.dg/guality/pr36728-4.c -Os line 16 arg2 == 2
XPASS: gcc.dg/guality/pr41353-1.c -O0 line 28 j == 28 + 37
FAIL: gcc.dg/guality/pr41447-1.c -O2 execution test
FAIL: gcc.dg/guality/pr41447-1.c -O2 -flto -fno-use-linker-plugin -flto-partition=none execution test
FAIL: gcc.dg/guality/pr41447-1.c -O3 -g execution test
FAIL: gcc.dg/guality/pr41447-1.c -Os execution test
FAIL: gcc.dg/guality/pr41616-1.c -O2 -flto -fuse-linker-plugin -fno-fat-lto-objects execution test
FAIL: gcc.dg/guality/pr45882.c -O2 -flto -fuse-linker-plugin -fno-fat-lto-objects line 16 d == 112
FAIL: gcc.dg/guality/pr45882.c -O2 -flto -fuse-linker-plugin -fno-fat-lto-objects line 16 e == 142
FAIL: gcc.dg/guality/pr54200.c -O1 line 20 z == 3
FAIL: gcc.dg/guality/pr54200.c -O2 line 20 z == 3
FAIL: gcc.dg/guality/pr54200.c -O2 -flto -fno-use-linker-plugin -flto-partition=none line 20 z == 3
FAIL: gcc.dg/guality/pr54200.c -O2 -flto -fuse-linker-plugin -fno-fat-lto-objects line 20 z == 3
FAIL: gcc.dg/guality/pr54200.c -O3 -g line 20 z == 3
FAIL: gcc.dg/guality/pr54200.c -Os line 20 z == 3
FAIL: gcc.dg/guality/pr54519-1.c -O1 line 20 z == 6
FAIL: gcc.dg/guality/pr54519-1.c -O1 line 23 z == 8
FAIL: gcc.dg/guality/pr54519-1.c -O2 line 20 y == 25
FAIL: gcc.dg/guality/pr54519-1.c -O2 line 20 z == 6
FAIL: gcc.dg/guality/pr54519-1.c -O2 line 23 y == 117
FAIL: gcc.dg/guality/pr54519-1.c -O2 line 23 z == 8
FAIL: gcc.dg/guality/pr54519-1.c -O2 -flto -fno-use-linker-plugin -flto-partition=none line 20 y == 25
FAIL: gcc.dg/guality/pr54519-1.c -O2 -flto -fno-use-linker-plugin -flto-partition=none line 20 z == 6
FAIL: gcc.dg/guality/pr54519-1.c -O2 -flto -fno-use-linker-plugin -flto-partition=none line 23 y == 117
FAIL: gcc.dg/guality/pr54519-1.c -O2 -flto -fno-use-linker-plugin -flto-partition=none line 23 z == 8
FAIL: gcc.dg/guality/pr54519-1.c -O2 -flto -fuse-linker-plugin -fno-fat-lto-objects line 20 y == 25
FAIL: gcc.dg/guality/pr54519-1.c -O2 -flto -fuse-linker-plugin -fno-fat-lto-objects line 20 z == 6
FAIL: gcc.dg/guality/pr54519-1.c -Os line 20 y == 25
FAIL: gcc.dg/guality/pr54519-1.c -Os line 20 z == 6
FAIL: gcc.dg/guality/pr54519-1.c -Os line 23 y == 117
FAIL: gcc.dg/guality/pr54519-1.c -Os line 23 z == 8
FAIL: gcc.dg/guality/pr54519-2.c -O1 line 17 y == 25
FAIL: gcc.dg/guality/pr54519-2.c -O2 line 17 y == 25
FAIL: gcc.dg/guality/pr54519-2.c -O2 -flto -fno-use-linker-plugin -flto-partition=none line 17 y == 25
FAIL: gcc.dg/guality/pr54519-2.c -O2 -flto -fuse-linker-plugin -fno-fat-lto-objects line 17 y == 25
FAIL: gcc.dg/guality/pr54519-2.c -Os line 17 y == 25
FAIL: gcc.dg/guality/pr54519-3.c -O1 line 20 z == 6
FAIL: gcc.dg/guality/pr54519-3.c -O1 line 23 z == 8
FAIL: gcc.dg/guality/pr54519-3.c -O2 -flto -fno-use-linker-plugin -flto-partition=none line 20 y == 25
FAIL: gcc.dg/guality/pr54519-3.c -O2 -flto -fno-use-linker-plugin -flto-partition=none line 20 z == 6
FAIL: gcc.dg/guality/pr54519-3.c -O2 -flto -fno-use-linker-plugin -flto-partition=none line 23 y == 117
FAIL: gcc.dg/guality/pr54519-3.c -O2 -flto -fno-use-linker-plugin -flto-partition=none line 23 z == 8
FAIL: gcc.dg/guality/pr54519-3.c -O2 -flto -fuse-linker-plugin -fno-fat-lto-objects line 20 y == 25
FAIL: gcc.dg/guality/pr54519-3.c -O2 -flto -fuse-linker-plugin -fno-fat-lto-objects line 20 z == 6
FAIL: gcc.dg/guality/pr54519-3.c -O2 -flto -fuse-linker-plugin -fno-fat-lto-objects line 23 y == 117
FAIL: gcc.dg/guality/pr54519-3.c -O2 -flto -fuse-linker-plugin -fno-fat-lto-objects line 23 z == 8
FAIL: gcc.dg/guality/pr54519-4.c -O1 line 17 y == 25
FAIL: gcc.dg/guality/pr54519-4.c -O2 -flto -fno-use-linker-plugin -flto-partition=none line 17 y == 25
FAIL: gcc.dg/guality/pr54519-4.c -O2 -flto -fuse-linker-plugin -fno-fat-lto-objects line 17 y == 25
FAIL: gcc.dg/guality/pr54519-5.c -O1 line 17 y == 25
FAIL: gcc.dg/guality/pr54519-5.c -O2 line 17 y == 25
FAIL: gcc.dg/guality/pr54519-5.c -O2 -flto -fno-use-linker-plugin -flto-partition=none line 17 y == 25
FAIL: gcc.dg/guality/pr54519-5.c -O2 -flto -fuse-linker-plugin -fno-fat-lto-objects line 17 y == 25
FAIL: gcc.dg/guality/pr54519-5.c -Os line 17 y == 25
FAIL: gcc.dg/guality/pr54551.c -O1 line 18 a == 4
FAIL: gcc.dg/guality/pr54551.c -O1 line 18 z == 3
FAIL: gcc.dg/guality/pr54693.c -O1 line 22 i == c - 48
FAIL: gcc.dg/guality/pr54693.c -O2 line 22 i == c - 48
FAIL: gcc.dg/guality/pr54693.c -O2 -flto -fno-use-linker-plugin -flto-partition=none line 22 i == c - 48
FAIL: gcc.dg/guality/pr54693.c -O2 -flto -fuse-linker-plugin -fno-fat-lto-objects line 22 i == c - 48
FAIL: gcc.dg/guality/pr54693.c -O3 -fomit-frame-pointer -funroll-loops -fpeel-loops -ftracer -finline-functions line 22 i == c - 48
FAIL: gcc.dg/guality/pr54693.c -O3 -g line 22 i == c - 48
FAIL: gcc.dg/guality/pr54796.c -O1 line 17 a == 5
FAIL: gcc.dg/guality/pr54796.c -O1 line 17 b == 6
FAIL: gcc.dg/guality/pr54796.c -O1 line 17 c == 5
FAIL: gcc.dg/guality/pr54796.c -O2 line 17 a == 5
FAIL: gcc.dg/guality/pr54796.c -O2 line 17 b == 6
FAIL: gcc.dg/guality/pr54796.c -O2 line 17 c == 5
FAIL: gcc.dg/guality/pr54796.c -O2 -flto -fno-use-linker-plugin -flto-partition=none line 17 a == 5
FAIL: gcc.dg/guality/pr54796.c -O2 -flto -fno-use-linker-plugin -flto-partition=none line 17 b == 6
FAIL: gcc.dg/guality/pr54796.c -O2 -flto -fno-use-linker-plugin -flto-partition=none line 17 c == 5
FAIL: gcc.dg/guality/pr54796.c -O2 -flto -fuse-linker-plugin -fno-fat-lto-objects line 17 a == 5
FAIL: gcc.dg/guality/pr54796.c -O2 -flto -fuse-linker-plugin -fno-fat-lto-objects line 17 b == 6
FAIL: gcc.dg/guality/pr54796.c -O2 -flto -fuse-linker-plugin -fno-fat-lto-objects line 17 c == 5
FAIL: gcc.dg/guality/pr54796.c -O3 -g line 17 a == 5
FAIL: gcc.dg/guality/pr54796.c -O3 -g line 17 b == 6
FAIL: gcc.dg/guality/pr54796.c -O3 -g line 17 c == 5
FAIL: gcc.dg/guality/pr54796.c -Os line 17 a == 5
FAIL: gcc.dg/guality/pr54796.c -Os line 17 b == 6
FAIL: gcc.dg/guality/pr54796.c -Os line 17 c == 5
FAIL: gcc.dg/guality/pr68860-1.c -O1 line 14 arg1 == 1
FAIL: gcc.dg/guality/pr68860-1.c -O1 line 14 arg3 == 3
FAIL: gcc.dg/guality/pr68860-1.c -O1 line 14 arg7 == 30
FAIL: gcc.dg/guality/pr68860-1.c -O1 line 16 arg1 == 1
FAIL: gcc.dg/guality/pr68860-1.c -O1 line 16 arg3 == 3
FAIL: gcc.dg/guality/pr68860-1.c -O1 line 16 arg7 == 30
FAIL: gcc.dg/guality/pr68860-1.c -O2 line 14 arg1 == 1
FAIL: gcc.dg/guality/pr68860-1.c -O2 line 14 arg2 == 2
FAIL: gcc.dg/guality/pr68860-1.c -O2 line 14 arg3 == 3
FAIL: gcc.dg/guality/pr68860-1.c -O2 line 14 arg4 == 4
FAIL: gcc.dg/guality/pr68860-1.c -O2 line 14 arg5 == 5
FAIL: gcc.dg/guality/pr68860-1.c -O2 line 14 arg6 == 6
FAIL: gcc.dg/guality/pr68860-1.c -O2 line 14 arg7 == 30
FAIL: gcc.dg/guality/pr68860-1.c -O2 line 16 arg1 == 1
FAIL: gcc.dg/guality/pr68860-1.c -O2 line 16 arg2 == 2
FAIL: gcc.dg/guality/pr68860-1.c -O2 line 16 arg3 == 3
FAIL: gcc.dg/guality/pr68860-1.c -O2 line 16 arg4 == 4
FAIL: gcc.dg/guality/pr68860-1.c -O2 line 16 arg5 == 5
FAIL: gcc.dg/guality/pr68860-1.c -O2 line 16 arg6 == 6
FAIL: gcc.dg/guality/pr68860-1.c -O2 line 16 arg7 == 30
FAIL: gcc.dg/guality/pr68860-1.c -O2 -flto -fno-use-linker-plugin -flto-partition=none line 14 arg1 == 1
FAIL: gcc.dg/guality/pr68860-1.c -O2 -flto -fno-use-linker-plugin -flto-partition=none line 14 arg2 == 2
FAIL: gcc.dg/guality/pr68860-1.c -O2 -flto -fno-use-linker-plugin -flto-partition=none line 14 arg3 == 3
FAIL: gcc.dg/guality/pr68860-1.c -O2 -flto -fno-use-linker-plugin -flto-partition=none line 14 arg4 == 4
FAIL: gcc.dg/guality/pr68860-1.c -O2 -flto -fno-use-linker-plugin -flto-partition=none line 14 arg5 == 5
FAIL: gcc.dg/guality/pr68860-1.c -O2 -flto -fno-use-linker-plugin -flto-partition=none line 14 arg6 == 6
FAIL: gcc.dg/guality/pr68860-1.c -O2 -flto -fno-use-linker-plugin -flto-partition=none line 14 arg7 == 30
FAIL: gcc.dg/guality/pr68860-1.c -O2 -flto -fno-use-linker-plugin -flto-partition=none line 16 arg1 == 1
FAIL: gcc.dg/guality/pr68860-1.c -O2 -flto -fno-use-linker-plugin -flto-partition=none line 16 arg2 == 2
FAIL: gcc.dg/guality/pr68860-1.c -O2 -flto -fno-use-linker-plugin -flto-partition=none line 16 arg3 == 3
FAIL: gcc.dg/guality/pr68860-1.c -O2 -flto -fno-use-linker-plugin -flto-partition=none line 16 arg4 == 4
FAIL: gcc.dg/guality/pr68860-1.c -O2 -flto -fno-use-linker-plugin -flto-partition=none line 16 arg5 == 5
FAIL: gcc.dg/guality/pr68860-1.c -O2 -flto -fno-use-linker-plugin -flto-partition=none line 16 arg6 == 6
FAIL: gcc.dg/guality/pr68860-1.c -O2 -flto -fno-use-linker-plugin -flto-partition=none line 16 arg7 == 30
FAIL: gcc.dg/guality/pr68860-1.c -O2 -flto -fuse-linker-plugin -fno-fat-lto-objects line 14 arg1 == 1
FAIL: gcc.dg/guality/pr68860-1.c -O2 -flto -fuse-linker-plugin -fno-fat-lto-objects line 14 arg2 == 2
FAIL: gcc.dg/guality/pr68860-1.c -O2 -flto -fuse-linker-plugin -fno-fat-lto-objects line 14 arg3 == 3
FAIL: gcc.dg/guality/pr68860-1.c -O2 -flto -fuse-linker-plugin -fno-fat-lto-objects line 14 arg4 == 4
FAIL: gcc.dg/guality/pr68860-1.c -O2 -flto -fuse-linker-plugin -fno-fat-lto-objects line 14 arg5 == 5
FAIL: gcc.dg/guality/pr68860-1.c -O2 -flto -fuse-linker-plugin -fno-fat-lto-objects line 14 arg6 == 6
FAIL: gcc.dg/guality/pr68860-1.c -O2 -flto -fuse-linker-plugin -fno-fat-lto-objects line 14 arg7 == 30
FAIL: gcc.dg/guality/pr68860-1.c -O2 -flto -fuse-linker-plugin -fno-fat-lto-objects line 16 arg1 == 1
FAIL: gcc.dg/guality/pr68860-1.c -O2 -flto -fuse-linker-plugin -fno-fat-lto-objects line 16 arg2 == 2
FAIL: gcc.dg/guality/pr68860-1.c -O2 -flto -fuse-linker-plugin -fno-fat-lto-objects line 16 arg3 == 3
FAIL: gcc.dg/guality/pr68860-1.c -O2 -flto -fuse-linker-plugin -fno-fat-lto-objects line 16 arg4 == 4
FAIL: gcc.dg/guality/pr68860-1.c -O2 -flto -fuse-linker-plugin -fno-fat-lto-objects line 16 arg5 == 5
FAIL: gcc.dg/guality/pr68860-1.c -O2 -flto -fuse-linker-plugin -fno-fat-lto-objects line 16 arg6 == 6
FAIL: gcc.dg/guality/pr68860-1.c -O2 -flto -fuse-linker-plugin -fno-fat-lto-objects line 16 arg7 == 30
FAIL: gcc.dg/guality/pr68860-1.c -O3 -g line 14 arg1 == 1
FAIL: gcc.dg/guality/pr68860-1.c -O3 -g line 14 arg2 == 2
FAIL: gcc.dg/guality/pr68860-1.c -O3 -g line 14 arg3 == 3
FAIL: gcc.dg/guality/pr68860-1.c -O3 -g line 14 arg4 == 4
FAIL: gcc.dg/guality/pr68860-1.c -O3 -g line 14 arg5 == 5
FAIL: gcc.dg/guality/pr68860-1.c -O3 -g line 14 arg6 == 6
FAIL: gcc.dg/guality/pr68860-1.c -O3 -g line 14 arg7 == 30
FAIL: gcc.dg/guality/pr68860-1.c -O3 -g line 16 arg1 == 1
FAIL: gcc.dg/guality/pr68860-1.c -O3 -g line 16 arg2 == 2
FAIL: gcc.dg/guality/pr68860-1.c -O3 -g line 16 arg3 == 3
FAIL: gcc.dg/guality/pr68860-1.c -O3 -g line 16 arg4 == 4
FAIL: gcc.dg/guality/pr68860-1.c -O3 -g line 16 arg5 == 5
FAIL: gcc.dg/guality/pr68860-1.c -O3 -g line 16 arg6 == 6
FAIL: gcc.dg/guality/pr68860-1.c -O3 -g line 16 arg7 == 30
FAIL: gcc.dg/guality/pr68860-1.c -Os line 14 arg1 == 1
FAIL: gcc.dg/guality/pr68860-1.c -Os line 14 arg2 == 2
FAIL: gcc.dg/guality/pr68860-1.c -Os line 14 arg3 == 3
FAIL: gcc.dg/guality/pr68860-1.c -Os line 14 arg4 == 4
FAIL: gcc.dg/guality/pr68860-1.c -Os line 14 arg5 == 5
FAIL: gcc.dg/guality/pr68860-1.c -Os line 14 arg6 == 6
FAIL: gcc.dg/guality/pr68860-1.c -Os line 14 arg7 == 30
FAIL: gcc.dg/guality/pr68860-1.c -Os line 16 arg1 == 1
FAIL: gcc.dg/guality/pr68860-1.c -Os line 16 arg2 == 2
FAIL: gcc.dg/guality/pr68860-1.c -Os line 16 arg3 == 3
FAIL: gcc.dg/guality/pr68860-1.c -Os line 16 arg4 == 4
FAIL: gcc.dg/guality/pr68860-1.c -Os line 16 arg5 == 5
FAIL: gcc.dg/guality/pr68860-1.c -Os line 16 arg6 == 6
FAIL: gcc.dg/guality/pr68860-1.c -Os line 16 arg7 == 30
FAIL: gcc.dg/guality/pr68860-2.c -O1 line 14 arg1 == 1
FAIL: gcc.dg/guality/pr68860-2.c -O1 line 14 arg3 == 3
FAIL: gcc.dg/guality/pr68860-2.c -O1 line 14 arg7 == 30
FAIL: gcc.dg/guality/pr68860-2.c -O1 line 16 arg1 == 1
FAIL: gcc.dg/guality/pr68860-2.c -O1 line 16 arg3 == 3
FAIL: gcc.dg/guality/pr68860-2.c -O1 line 16 arg7 == 30
FAIL: gcc.dg/guality/pr68860-2.c -O2 line 14 arg1 == 1
FAIL: gcc.dg/guality/pr68860-2.c -O2 line 14 arg3 == 3
FAIL: gcc.dg/guality/pr68860-2.c -O2 line 14 arg7 == 30
FAIL: gcc.dg/guality/pr68860-2.c -O2 line 16 arg1 == 1
FAIL: gcc.dg/guality/pr68860-2.c -O2 line 16 arg3 == 3
FAIL: gcc.dg/guality/pr68860-2.c -O2 line 16 arg7 == 30
FAIL: gcc.dg/guality/pr68860-2.c -O2 -flto -fno-use-linker-plugin -flto-partition=none line 14 arg1 == 1
FAIL: gcc.dg/guality/pr68860-2.c -O2 -flto -fno-use-linker-plugin -flto-partition=none line 14 arg3 == 3
FAIL: gcc.dg/guality/pr68860-2.c -O2 -flto -fno-use-linker-plugin -flto-partition=none line 14 arg7 == 30
FAIL: gcc.dg/guality/pr68860-2.c -O2 -flto -fno-use-linker-plugin -flto-partition=none line 16 arg1 == 1
FAIL: gcc.dg/guality/pr68860-2.c -O2 -flto -fno-use-linker-plugin -flto-partition=none line 16 arg3 == 3
FAIL: gcc.dg/guality/pr68860-2.c -O2 -flto -fno-use-linker-plugin -flto-partition=none line 16 arg7 == 30
FAIL: gcc.dg/guality/pr68860-2.c -O2 -flto -fuse-linker-plugin -fno-fat-lto-objects line 14 arg1 == 1
FAIL: gcc.dg/guality/pr68860-2.c -O2 -flto -fuse-linker-plugin -fno-fat-lto-objects line 14 arg2 == 2
FAIL: gcc.dg/guality/pr68860-2.c -O2 -flto -fuse-linker-plugin -fno-fat-lto-objects line 14 arg3 == 3
FAIL: gcc.dg/guality/pr68860-2.c -O2 -flto -fuse-linker-plugin -fno-fat-lto-objects line 14 arg4 == 4
FAIL: gcc.dg/guality/pr68860-2.c -O2 -flto -fuse-linker-plugin -fno-fat-lto-objects line 14 arg5 == 5
FAIL: gcc.dg/guality/pr68860-2.c -O2 -flto -fuse-linker-plugin -fno-fat-lto-objects line 14 arg6 == 6
FAIL: gcc.dg/guality/pr68860-2.c -O2 -flto -fuse-linker-plugin -fno-fat-lto-objects line 14 arg7 == 30
FAIL: gcc.dg/guality/pr68860-2.c -O2 -flto -fuse-linker-plugin -fno-fat-lto-objects line 16 arg1 == 1
FAIL: gcc.dg/guality/pr68860-2.c -O2 -flto -fuse-linker-plugin -fno-fat-lto-objects line 16 arg2 == 2
FAIL: gcc.dg/guality/pr68860-2.c -O2 -flto -fuse-linker-plugin -fno-fat-lto-objects line 16 arg3 == 3
FAIL: gcc.dg/guality/pr68860-2.c -O2 -flto -fuse-linker-plugin -fno-fat-lto-objects line 16 arg4 == 4
FAIL: gcc.dg/guality/pr68860-2.c -O2 -flto -fuse-linker-plugin -fno-fat-lto-objects line 16 arg5 == 5
FAIL: gcc.dg/guality/pr68860-2.c -O2 -flto -fuse-linker-plugin -fno-fat-lto-objects line 16 arg6 == 6
FAIL: gcc.dg/guality/pr68860-2.c -O2 -flto -fuse-linker-plugin -fno-fat-lto-objects line 16 arg7 == 30
FAIL: gcc.dg/guality/pr68860-2.c -O3 -g line 14 arg1 == 1
FAIL: gcc.dg/guality/pr68860-2.c -O3 -g line 14 arg2 == 2
FAIL: gcc.dg/guality/pr68860-2.c -O3 -g line 14 arg3 == 3
FAIL: gcc.dg/guality/pr68860-2.c -O3 -g line 14 arg4 == 4
FAIL: gcc.dg/guality/pr68860-2.c -O3 -g line 14 arg5 == 5
FAIL: gcc.dg/guality/pr68860-2.c -O3 -g line 14 arg6 == 6
FAIL: gcc.dg/guality/pr68860-2.c -O3 -g line 14 arg7 == 30
FAIL: gcc.dg/guality/pr68860-2.c -O3 -g line 16 arg1 == 1
FAIL: gcc.dg/guality/pr68860-2.c -O3 -g line 16 arg2 == 2
FAIL: gcc.dg/guality/pr68860-2.c -O3 -g line 16 arg3 == 3
FAIL: gcc.dg/guality/pr68860-2.c -O3 -g line 16 arg4 == 4
FAIL: gcc.dg/guality/pr68860-2.c -O3 -g line 16 arg5 == 5
FAIL: gcc.dg/guality/pr68860-2.c -O3 -g line 16 arg6 == 6
FAIL: gcc.dg/guality/pr68860-2.c -O3 -g line 16 arg7 == 30
FAIL: gcc.dg/guality/pr68860-2.c -Os line 14 arg1 == 1
FAIL: gcc.dg/guality/pr68860-2.c -Os line 14 arg3 == 3
FAIL: gcc.dg/guality/pr68860-2.c -Os line 14 arg7 == 30
FAIL: gcc.dg/guality/pr68860-2.c -Os line 16 arg1 == 1
FAIL: gcc.dg/guality/pr68860-2.c -Os line 16 arg3 == 3
FAIL: gcc.dg/guality/pr68860-2.c -Os line 16 arg7 == 30
FAIL: gcc.dg/guality/pr69947.c -O2 -flto -fno-use-linker-plugin -flto-partition=none line 14 c[2] == 'o'
FAIL: gcc.dg/guality/pr69947.c -O2 -flto -fuse-linker-plugin -fno-fat-lto-objects line 14 c[2] == 'o'
FAIL: gcc.dg/guality/vla-1.c -O1 line 17 sizeof (a) == 6
FAIL: gcc.dg/guality/vla-1.c -O2 line 17 sizeof (a) == 6
FAIL: gcc.dg/guality/vla-1.c -O2 -flto -fno-use-linker-plugin -flto-partition=none line 17 sizeof (a) == 6
FAIL: gcc.dg/guality/vla-1.c -O2 -flto -fuse-linker-plugin -fno-fat-lto-objects line 17 i == 5
FAIL: gcc.dg/guality/vla-1.c -O2 -flto -fuse-linker-plugin -fno-fat-lto-objects line 17 sizeof (a) == 6
FAIL: gcc.dg/guality/vla-1.c -O3 -g line 17 i == 5
FAIL: gcc.dg/guality/vla-1.c -O3 -g line 17 sizeof (a) == 6
FAIL: gcc.dg/guality/vla-1.c -Os line 17 sizeof (a) == 6
FAIL: gcc.target/aarch64/aapcs64/test_1.c compilation, -O0
FAIL: gcc.target/aarch64/aapcs64/test_1.c compilation, -O1
FAIL: gcc.target/aarch64/aapcs64/test_1.c compilation, -O2
FAIL: gcc.target/aarch64/aapcs64/test_1.c compilation, -O3 -g
FAIL: gcc.target/aarch64/aapcs64/test_1.c compilation, -Og -g
FAIL: gcc.target/aarch64/aapcs64/test_1.c compilation, -Os
UNRESOLVED: gcc.target/aarch64/aapcs64/test_1.c execution, -O0
UNRESOLVED: gcc.target/aarch64/aapcs64/test_1.c execution, -O1
UNRESOLVED: gcc.target/aarch64/aapcs64/test_1.c execution, -O2
UNRESOLVED: gcc.target/aarch64/aapcs64/test_1.c execution, -O3 -g
UNRESOLVED: gcc.target/aarch64/aapcs64/test_1.c execution, -Og -g
UNRESOLVED: gcc.target/aarch64/aapcs64/test_1.c execution, -Os
FAIL: gcc.target/aarch64/aapcs64/test_10.c compilation, -O0
FAIL: gcc.target/aarch64/aapcs64/test_10.c compilation, -O1
FAIL: gcc.target/aarch64/aapcs64/test_10.c compilation, -O2
FAIL: gcc.target/aarch64/aapcs64/test_10.c compilation, -O3 -g
FAIL: gcc.target/aarch64/aapcs64/test_10.c compilation, -Og -g
FAIL: gcc.target/aarch64/aapcs64/test_10.c compilation, -Os
UNRESOLVED: gcc.target/aarch64/aapcs64/test_10.c execution, -O0
UNRESOLVED: gcc.target/aarch64/aapcs64/test_10.c execution, -O1
UNRESOLVED: gcc.target/aarch64/aapcs64/test_10.c execution, -O2
UNRESOLVED: gcc.target/aarch64/aapcs64/test_10.c execution, -O3 -g
UNRESOLVED: gcc.target/aarch64/aapcs64/test_10.c execution, -Og -g
UNRESOLVED: gcc.target/aarch64/aapcs64/test_10.c execution, -Os
FAIL: gcc.target/aarch64/aapcs64/test_11.c compilation, -O0
FAIL: gcc.target/aarch64/aapcs64/test_11.c compilation, -O1
FAIL: gcc.target/aarch64/aapcs64/test_11.c compilation, -O2
FAIL: gcc.target/aarch64/aapcs64/test_11.c compilation, -O3 -g
FAIL: gcc.target/aarch64/aapcs64/test_11.c compilation, -Og -g
FAIL: gcc.target/aarch64/aapcs64/test_11.c compilation, -Os
UNRESOLVED: gcc.target/aarch64/aapcs64/test_11.c execution, -O0
UNRESOLVED: gcc.target/aarch64/aapcs64/test_11.c execution, -O1
UNRESOLVED: gcc.target/aarch64/aapcs64/test_11.c execution, -O2
UNRESOLVED: gcc.target/aarch64/aapcs64/test_11.c execution, -O3 -g
UNRESOLVED: gcc.target/aarch64/aapcs64/test_11.c execution, -Og -g
UNRESOLVED: gcc.target/aarch64/aapcs64/test_11.c execution, -Os
FAIL: gcc.target/aarch64/aapcs64/test_12.c compilation, -O0
FAIL: gcc.target/aarch64/aapcs64/test_12.c compilation, -O1
FAIL: gcc.target/aarch64/aapcs64/test_12.c compilation, -O2
FAIL: gcc.target/aarch64/aapcs64/test_12.c compilation, -O3 -g
FAIL: gcc.target/aarch64/aapcs64/test_12.c compilation, -Og -g
FAIL: gcc.target/aarch64/aapcs64/test_12.c compilation, -Os
UNRESOLVED: gcc.target/aarch64/aapcs64/test_12.c execution, -O0
UNRESOLVED: gcc.target/aarch64/aapcs64/test_12.c execution, -O1
UNRESOLVED: gcc.target/aarch64/aapcs64/test_12.c execution, -O2
UNRESOLVED: gcc.target/aarch64/aapcs64/test_12.c execution, -O3 -g
UNRESOLVED: gcc.target/aarch64/aapcs64/test_12.c execution, -Og -g
UNRESOLVED: gcc.target/aarch64/aapcs64/test_12.c execution, -Os
FAIL: gcc.target/aarch64/aapcs64/test_13.c compilation, -O0
FAIL: gcc.target/aarch64/aapcs64/test_13.c compilation, -O1
FAIL: gcc.target/aarch64/aapcs64/test_13.c compilation, -O2
FAIL: gcc.target/aarch64/aapcs64/test_13.c compilation, -O3 -g
FAIL: gcc.target/aarch64/aapcs64/test_13.c compilation, -Og -g
FAIL: gcc.target/aarch64/aapcs64/test_13.c compilation, -Os
UNRESOLVED: gcc.target/aarch64/aapcs64/test_13.c execution, -O0
UNRESOLVED: gcc.target/aarch64/aapcs64/test_13.c execution, -O1
UNRESOLVED: gcc.target/aarch64/aapcs64/test_13.c execution, -O2
UNRESOLVED: gcc.target/aarch64/aapcs64/test_13.c execution, -O3 -g
UNRESOLVED: gcc.target/aarch64/aapcs64/test_13.c execution, -Og -g
UNRESOLVED: gcc.target/aarch64/aapcs64/test_13.c execution, -Os
FAIL: gcc.target/aarch64/aapcs64/test_14.c compilation, -O0
FAIL: gcc.target/aarch64/aapcs64/test_14.c compilation, -O1
FAIL: gcc.target/aarch64/aapcs64/test_14.c compilation, -O2
FAIL: gcc.target/aarch64/aapcs64/test_14.c compilation, -O3 -g
FAIL: gcc.target/aarch64/aapcs64/test_14.c compilation, -Og -g
FAIL: gcc.target/aarch64/aapcs64/test_14.c compilation, -Os
UNRESOLVED: gcc.target/aarch64/aapcs64/test_14.c execution, -O0
UNRESOLVED: gcc.target/aarch64/aapcs64/test_14.c execution, -O1
UNRESOLVED: gcc.target/aarch64/aapcs64/test_14.c execution, -O2
UNRESOLVED: gcc.target/aarch64/aapcs64/test_14.c execution, -O3 -g
UNRESOLVED: gcc.target/aarch64/aapcs64/test_14.c execution, -Og -g
UNRESOLVED: gcc.target/aarch64/aapcs64/test_14.c execution, -Os
FAIL: gcc.target/aarch64/aapcs64/test_15.c compilation, -O0
FAIL: gcc.target/aarch64/aapcs64/test_15.c compilation, -O1
FAIL: gcc.target/aarch64/aapcs64/test_15.c compilation, -O2
FAIL: gcc.target/aarch64/aapcs64/test_15.c compilation, -O3 -g
FAIL: gcc.target/aarch64/aapcs64/test_15.c compilation, -Og -g
FAIL: gcc.target/aarch64/aapcs64/test_15.c compilation, -Os
UNRESOLVED: gcc.target/aarch64/aapcs64/test_15.c execution, -O0
UNRESOLVED: gcc.target/aarch64/aapcs64/test_15.c execution, -O1
UNRESOLVED: gcc.target/aarch64/aapcs64/test_15.c execution, -O2
UNRESOLVED: gcc.target/aarch64/aapcs64/test_15.c execution, -O3 -g
UNRESOLVED: gcc.target/aarch64/aapcs64/test_15.c execution, -Og -g
UNRESOLVED: gcc.target/aarch64/aapcs64/test_15.c execution, -Os
FAIL: gcc.target/aarch64/aapcs64/test_16.c compilation, -O0
FAIL: gcc.target/aarch64/aapcs64/test_16.c compilation, -O1
FAIL: gcc.target/aarch64/aapcs64/test_16.c compilation, -O2
FAIL: gcc.target/aarch64/aapcs64/test_16.c compilation, -O3 -g
FAIL: gcc.target/aarch64/aapcs64/test_16.c compilation, -Og -g
FAIL: gcc.target/aarch64/aapcs64/test_16.c compilation, -Os
UNRESOLVED: gcc.target/aarch64/aapcs64/test_16.c execution, -O0
UNRESOLVED: gcc.target/aarch64/aapcs64/test_16.c execution, -O1
UNRESOLVED: gcc.target/aarch64/aapcs64/test_16.c execution, -O2
UNRESOLVED: gcc.target/aarch64/aapcs64/test_16.c execution, -O3 -g
UNRESOLVED: gcc.target/aarch64/aapcs64/test_16.c execution, -Og -g
UNRESOLVED: gcc.target/aarch64/aapcs64/test_16.c execution, -Os
FAIL: gcc.target/aarch64/aapcs64/test_17.c compilation, -O0
FAIL: gcc.target/aarch64/aapcs64/test_17.c compilation, -O1
FAIL: gcc.target/aarch64/aapcs64/test_17.c compilation, -O2
FAIL: gcc.target/aarch64/aapcs64/test_17.c compilation, -O3 -g
FAIL: gcc.target/aarch64/aapcs64/test_17.c compilation, -Og -g
FAIL: gcc.target/aarch64/aapcs64/test_17.c compilation, -Os
UNRESOLVED: gcc.target/aarch64/aapcs64/test_17.c execution, -O0
UNRESOLVED: gcc.target/aarch64/aapcs64/test_17.c execution, -O1
UNRESOLVED: gcc.target/aarch64/aapcs64/test_17.c execution, -O2
UNRESOLVED: gcc.target/aarch64/aapcs64/test_17.c execution, -O3 -g
UNRESOLVED: gcc.target/aarch64/aapcs64/test_17.c execution, -Og -g
UNRESOLVED: gcc.target/aarch64/aapcs64/test_17.c execution, -Os
FAIL: gcc.target/aarch64/aapcs64/test_18.c compilation, -O0
FAIL: gcc.target/aarch64/aapcs64/test_18.c compilation, -O1
FAIL: gcc.target/aarch64/aapcs64/test_18.c compilation, -O2
FAIL: gcc.target/aarch64/aapcs64/test_18.c compilation, -O3 -g
FAIL: gcc.target/aarch64/aapcs64/test_18.c compilation, -Og -g
FAIL: gcc.target/aarch64/aapcs64/test_18.c compilation, -Os
UNRESOLVED: gcc.target/aarch64/aapcs64/test_18.c execution, -O0
UNRESOLVED: gcc.target/aarch64/aapcs64/test_18.c execution, -O1
UNRESOLVED: gcc.target/aarch64/aapcs64/test_18.c execution, -O2
UNRESOLVED: gcc.target/aarch64/aapcs64/test_18.c execution, -O3 -g
UNRESOLVED: gcc.target/aarch64/aapcs64/test_18.c execution, -Og -g
UNRESOLVED: gcc.target/aarch64/aapcs64/test_18.c execution, -Os
FAIL: gcc.target/aarch64/aapcs64/test_19.c compilation, -O0
FAIL: gcc.target/aarch64/aapcs64/test_19.c compilation, -O1
FAIL: gcc.target/aarch64/aapcs64/test_19.c compilation, -O2
FAIL: gcc.target/aarch64/aapcs64/test_19.c compilation, -O3 -g
FAIL: gcc.target/aarch64/aapcs64/test_19.c compilation, -Og -g
FAIL: gcc.target/aarch64/aapcs64/test_19.c compilation, -Os
UNRESOLVED: gcc.target/aarch64/aapcs64/test_19.c execution, -O0
UNRESOLVED: gcc.target/aarch64/aapcs64/test_19.c execution, -O1
UNRESOLVED: gcc.target/aarch64/aapcs64/test_19.c execution, -O2
UNRESOLVED: gcc.target/aarch64/aapcs64/test_19.c execution, -O3 -g
UNRESOLVED: gcc.target/aarch64/aapcs64/test_19.c execution, -Og -g
UNRESOLVED: gcc.target/aarch64/aapcs64/test_19.c execution, -Os
FAIL: gcc.target/aarch64/aapcs64/test_2.c compilation, -O0
FAIL: gcc.target/aarch64/aapcs64/test_2.c compilation, -O1
FAIL: gcc.target/aarch64/aapcs64/test_2.c compilation, -O2
FAIL: gcc.target/aarch64/aapcs64/test_2.c compilation, -O3 -g
FAIL: gcc.target/aarch64/aapcs64/test_2.c compilation, -Og -g
FAIL: gcc.target/aarch64/aapcs64/test_2.c compilation, -Os
UNRESOLVED: gcc.target/aarch64/aapcs64/test_2.c execution, -O0
UNRESOLVED: gcc.target/aarch64/aapcs64/test_2.c execution, -O1
UNRESOLVED: gcc.target/aarch64/aapcs64/test_2.c execution, -O2
UNRESOLVED: gcc.target/aarch64/aapcs64/test_2.c execution, -O3 -g
UNRESOLVED: gcc.target/aarch64/aapcs64/test_2.c execution, -Og -g
UNRESOLVED: gcc.target/aarch64/aapcs64/test_2.c execution, -Os
FAIL: gcc.target/aarch64/aapcs64/test_20.c compilation, -O0
FAIL: gcc.target/aarch64/aapcs64/test_20.c compilation, -O1
FAIL: gcc.target/aarch64/aapcs64/test_20.c compilation, -O2
FAIL: gcc.target/aarch64/aapcs64/test_20.c compilation, -O3 -g
FAIL: gcc.target/aarch64/aapcs64/test_20.c compilation, -Og -g
FAIL: gcc.target/aarch64/aapcs64/test_20.c compilation, -Os
UNRESOLVED: gcc.target/aarch64/aapcs64/test_20.c execution, -O0
UNRESOLVED: gcc.target/aarch64/aapcs64/test_20.c execution, -O1
UNRESOLVED: gcc.target/aarch64/aapcs64/test_20.c execution, -O2
UNRESOLVED: gcc.target/aarch64/aapcs64/test_20.c execution, -O3 -g
UNRESOLVED: gcc.target/aarch64/aapcs64/test_20.c execution, -Og -g
UNRESOLVED: gcc.target/aarch64/aapcs64/test_20.c execution, -Os
FAIL: gcc.target/aarch64/aapcs64/test_21.c compilation, -O0
FAIL: gcc.target/aarch64/aapcs64/test_21.c compilation, -O1
FAIL: gcc.target/aarch64/aapcs64/test_21.c compilation, -O2
FAIL: gcc.target/aarch64/aapcs64/test_21.c compilation, -O3 -g
FAIL: gcc.target/aarch64/aapcs64/test_21.c compilation, -Og -g
FAIL: gcc.target/aarch64/aapcs64/test_21.c compilation, -Os
UNRESOLVED: gcc.target/aarch64/aapcs64/test_21.c execution, -O0
UNRESOLVED: gcc.target/aarch64/aapcs64/test_21.c execution, -O1
UNRESOLVED: gcc.target/aarch64/aapcs64/test_21.c execution, -O2
UNRESOLVED: gcc.target/aarch64/aapcs64/test_21.c execution, -O3 -g
UNRESOLVED: gcc.target/aarch64/aapcs64/test_21.c execution, -Og -g
UNRESOLVED: gcc.target/aarch64/aapcs64/test_21.c execution, -Os
FAIL: gcc.target/aarch64/aapcs64/test_22.c compilation, -O0
FAIL: gcc.target/aarch64/aapcs64/test_22.c compilation, -O1
FAIL: gcc.target/aarch64/aapcs64/test_22.c compilation, -O2
FAIL: gcc.target/aarch64/aapcs64/test_22.c compilation, -O3 -g
FAIL: gcc.target/aarch64/aapcs64/test_22.c compilation, -Og -g
FAIL: gcc.target/aarch64/aapcs64/test_22.c compilation, -Os
UNRESOLVED: gcc.target/aarch64/aapcs64/test_22.c execution, -O0
UNRESOLVED: gcc.target/aarch64/aapcs64/test_22.c execution, -O1
UNRESOLVED: gcc.target/aarch64/aapcs64/test_22.c execution, -O2
UNRESOLVED: gcc.target/aarch64/aapcs64/test_22.c execution, -O3 -g
UNRESOLVED: gcc.target/aarch64/aapcs64/test_22.c execution, -Og -g
UNRESOLVED: gcc.target/aarch64/aapcs64/test_22.c execution, -Os
FAIL: gcc.target/aarch64/aapcs64/test_23.c compilation, -O0
FAIL: gcc.target/aarch64/aapcs64/test_23.c compilation, -O1
FAIL: gcc.target/aarch64/aapcs64/test_23.c compilation, -O2
FAIL: gcc.target/aarch64/aapcs64/test_23.c compilation, -O3 -g
FAIL: gcc.target/aarch64/aapcs64/test_23.c compilation, -Og -g
FAIL: gcc.target/aarch64/aapcs64/test_23.c compilation, -Os
UNRESOLVED: gcc.target/aarch64/aapcs64/test_23.c execution, -O0
UNRESOLVED: gcc.target/aarch64/aapcs64/test_23.c execution, -O1
UNRESOLVED: gcc.target/aarch64/aapcs64/test_23.c execution, -O2
UNRESOLVED: gcc.target/aarch64/aapcs64/test_23.c execution, -O3 -g
UNRESOLVED: gcc.target/aarch64/aapcs64/test_23.c execution, -Og -g
UNRESOLVED: gcc.target/aarch64/aapcs64/test_23.c execution, -Os
FAIL: gcc.target/aarch64/aapcs64/test_24.c compilation, -O0
FAIL: gcc.target/aarch64/aapcs64/test_24.c compilation, -O1
FAIL: gcc.target/aarch64/aapcs64/test_24.c compilation, -O2
FAIL: gcc.target/aarch64/aapcs64/test_24.c compilation, -O3 -g
FAIL: gcc.target/aarch64/aapcs64/test_24.c compilation, -Og -g
FAIL: gcc.target/aarch64/aapcs64/test_24.c compilation, -Os
UNRESOLVED: gcc.target/aarch64/aapcs64/test_24.c execution, -O0
UNRESOLVED: gcc.target/aarch64/aapcs64/test_24.c execution, -O1
UNRESOLVED: gcc.target/aarch64/aapcs64/test_24.c execution, -O2
UNRESOLVED: gcc.target/aarch64/aapcs64/test_24.c execution, -O3 -g
UNRESOLVED: gcc.target/aarch64/aapcs64/test_24.c execution, -Og -g
UNRESOLVED: gcc.target/aarch64/aapcs64/test_24.c execution, -Os
FAIL: gcc.target/aarch64/aapcs64/test_25.c compilation, -O0
FAIL: gcc.target/aarch64/aapcs64/test_25.c compilation, -O1
FAIL: gcc.target/aarch64/aapcs64/test_25.c compilation, -O2
FAIL: gcc.target/aarch64/aapcs64/test_25.c compilation, -O3 -g
FAIL: gcc.target/aarch64/aapcs64/test_25.c compilation, -Og -g
FAIL: gcc.target/aarch64/aapcs64/test_25.c compilation, -Os
UNRESOLVED: gcc.target/aarch64/aapcs64/test_25.c execution, -O0
UNRESOLVED: gcc.target/aarch64/aapcs64/test_25.c execution, -O1
UNRESOLVED: gcc.target/aarch64/aapcs64/test_25.c execution, -O2
UNRESOLVED: gcc.target/aarch64/aapcs64/test_25.c execution, -O3 -g
UNRESOLVED: gcc.target/aarch64/aapcs64/test_25.c execution, -Og -g
UNRESOLVED: gcc.target/aarch64/aapcs64/test_25.c execution, -Os
FAIL: gcc.target/aarch64/aapcs64/test_26.c compilation, -O0
FAIL: gcc.target/aarch64/aapcs64/test_26.c compilation, -O1
FAIL: gcc.target/aarch64/aapcs64/test_26.c compilation, -O2
FAIL: gcc.target/aarch64/aapcs64/test_26.c compilation, -O3 -g
FAIL: gcc.target/aarch64/aapcs64/test_26.c compilation, -Og -g
FAIL: gcc.target/aarch64/aapcs64/test_26.c compilation, -Os
UNRESOLVED: gcc.target/aarch64/aapcs64/test_26.c execution, -O0
UNRESOLVED: gcc.target/aarch64/aapcs64/test_26.c execution, -O1
UNRESOLVED: gcc.target/aarch64/aapcs64/test_26.c execution, -O2
UNRESOLVED: gcc.target/aarch64/aapcs64/test_26.c execution, -O3 -g
UNRESOLVED: gcc.target/aarch64/aapcs64/test_26.c execution, -Og -g
UNRESOLVED: gcc.target/aarch64/aapcs64/test_26.c execution, -Os
FAIL: gcc.target/aarch64/aapcs64/test_27.c compilation, -O0
FAIL: gcc.target/aarch64/aapcs64/test_27.c compilation, -O1
FAIL: gcc.target/aarch64/aapcs64/test_27.c compilation, -O2
FAIL: gcc.target/aarch64/aapcs64/test_27.c compilation, -O3 -g
FAIL: gcc.target/aarch64/aapcs64/test_27.c compilation, -Og -g
FAIL: gcc.target/aarch64/aapcs64/test_27.c compilation, -Os
UNRESOLVED: gcc.target/aarch64/aapcs64/test_27.c execution, -O0
UNRESOLVED: gcc.target/aarch64/aapcs64/test_27.c execution, -O1
UNRESOLVED: gcc.target/aarch64/aapcs64/test_27.c execution, -O2
UNRESOLVED: gcc.target/aarch64/aapcs64/test_27.c execution, -O3 -g
UNRESOLVED: gcc.target/aarch64/aapcs64/test_27.c execution, -Og -g
UNRESOLVED: gcc.target/aarch64/aapcs64/test_27.c execution, -Os
FAIL: gcc.target/aarch64/aapcs64/test_3.c compilation, -O0
FAIL: gcc.target/aarch64/aapcs64/test_3.c compilation, -O1
FAIL: gcc.target/aarch64/aapcs64/test_3.c compilation, -O2
FAIL: gcc.target/aarch64/aapcs64/test_3.c compilation, -O3 -g
FAIL: gcc.target/aarch64/aapcs64/test_3.c compilation, -Og -g
FAIL: gcc.target/aarch64/aapcs64/test_3.c compilation, -Os
UNRESOLVED: gcc.target/aarch64/aapcs64/test_3.c execution, -O0
UNRESOLVED: gcc.target/aarch64/aapcs64/test_3.c execution, -O1
UNRESOLVED: gcc.target/aarch64/aapcs64/test_3.c execution, -O2
UNRESOLVED: gcc.target/aarch64/aapcs64/test_3.c execution, -O3 -g
UNRESOLVED: gcc.target/aarch64/aapcs64/test_3.c execution, -Og -g
UNRESOLVED: gcc.target/aarch64/aapcs64/test_3.c execution, -Os
FAIL: gcc.target/aarch64/aapcs64/test_4.c compilation, -O0
FAIL: gcc.target/aarch64/aapcs64/test_4.c compilation, -O1
FAIL: gcc.target/aarch64/aapcs64/test_4.c compilation, -O2
FAIL: gcc.target/aarch64/aapcs64/test_4.c compilation, -O3 -g
FAIL: gcc.target/aarch64/aapcs64/test_4.c compilation, -Og -g
FAIL: gcc.target/aarch64/aapcs64/test_4.c compilation, -Os
UNRESOLVED: gcc.target/aarch64/aapcs64/test_4.c execution, -O0
UNRESOLVED: gcc.target/aarch64/aapcs64/test_4.c execution, -O1
UNRESOLVED: gcc.target/aarch64/aapcs64/test_4.c execution, -O2
UNRESOLVED: gcc.target/aarch64/aapcs64/test_4.c execution, -O3 -g
UNRESOLVED: gcc.target/aarch64/aapcs64/test_4.c execution, -Og -g
UNRESOLVED: gcc.target/aarch64/aapcs64/test_4.c execution, -Os
FAIL: gcc.target/aarch64/aapcs64/test_5.c compilation, -O0
FAIL: gcc.target/aarch64/aapcs64/test_5.c compilation, -O1
FAIL: gcc.target/aarch64/aapcs64/test_5.c compilation, -O2
FAIL: gcc.target/aarch64/aapcs64/test_5.c compilation, -O3 -g
FAIL: gcc.target/aarch64/aapcs64/test_5.c compilation, -Og -g
FAIL: gcc.target/aarch64/aapcs64/test_5.c compilation, -Os
UNRESOLVED: gcc.target/aarch64/aapcs64/test_5.c execution, -O0
UNRESOLVED: gcc.target/aarch64/aapcs64/test_5.c execution, -O1
UNRESOLVED: gcc.target/aarch64/aapcs64/test_5.c execution, -O2
UNRESOLVED: gcc.target/aarch64/aapcs64/test_5.c execution, -O3 -g
UNRESOLVED: gcc.target/aarch64/aapcs64/test_5.c execution, -Og -g
UNRESOLVED: gcc.target/aarch64/aapcs64/test_5.c execution, -Os
FAIL: gcc.target/aarch64/aapcs64/test_6.c compilation, -O0
FAIL: gcc.target/aarch64/aapcs64/test_6.c compilation, -O1
FAIL: gcc.target/aarch64/aapcs64/test_6.c compilation, -O2
FAIL: gcc.target/aarch64/aapcs64/test_6.c compilation, -O3 -g
FAIL: gcc.target/aarch64/aapcs64/test_6.c compilation, -Og -g
FAIL: gcc.target/aarch64/aapcs64/test_6.c compilation, -Os
UNRESOLVED: gcc.target/aarch64/aapcs64/test_6.c execution, -O0
UNRESOLVED: gcc.target/aarch64/aapcs64/test_6.c execution, -O1
UNRESOLVED: gcc.target/aarch64/aapcs64/test_6.c execution, -O2
UNRESOLVED: gcc.target/aarch64/aapcs64/test_6.c execution, -O3 -g
UNRESOLVED: gcc.target/aarch64/aapcs64/test_6.c execution, -Og -g
UNRESOLVED: gcc.target/aarch64/aapcs64/test_6.c execution, -Os
FAIL: gcc.target/aarch64/aapcs64/test_64x1_1.c compilation, -O0
FAIL: gcc.target/aarch64/aapcs64/test_64x1_1.c compilation, -O1
FAIL: gcc.target/aarch64/aapcs64/test_64x1_1.c compilation, -O2
FAIL: gcc.target/aarch64/aapcs64/test_64x1_1.c compilation, -O3 -g
FAIL: gcc.target/aarch64/aapcs64/test_64x1_1.c compilation, -Og -g
FAIL: gcc.target/aarch64/aapcs64/test_64x1_1.c compilation, -Os
UNRESOLVED: gcc.target/aarch64/aapcs64/test_64x1_1.c execution, -O0
UNRESOLVED: gcc.target/aarch64/aapcs64/test_64x1_1.c execution, -O1
UNRESOLVED: gcc.target/aarch64/aapcs64/test_64x1_1.c execution, -O2
UNRESOLVED: gcc.target/aarch64/aapcs64/test_64x1_1.c execution, -O3 -g
UNRESOLVED: gcc.target/aarch64/aapcs64/test_64x1_1.c execution, -Og -g
UNRESOLVED: gcc.target/aarch64/aapcs64/test_64x1_1.c execution, -Os
FAIL: gcc.target/aarch64/aapcs64/test_7.c compilation, -O0
FAIL: gcc.target/aarch64/aapcs64/test_7.c compilation, -O1
FAIL: gcc.target/aarch64/aapcs64/test_7.c compilation, -O2
FAIL: gcc.target/aarch64/aapcs64/test_7.c compilation, -O3 -g
FAIL: gcc.target/aarch64/aapcs64/test_7.c compilation, -Og -g
FAIL: gcc.target/aarch64/aapcs64/test_7.c compilation, -Os
UNRESOLVED: gcc.target/aarch64/aapcs64/test_7.c execution, -O0
UNRESOLVED: gcc.target/aarch64/aapcs64/test_7.c execution, -O1
UNRESOLVED: gcc.target/aarch64/aapcs64/test_7.c execution, -O2
UNRESOLVED: gcc.target/aarch64/aapcs64/test_7.c execution, -O3 -g
UNRESOLVED: gcc.target/aarch64/aapcs64/test_7.c execution, -Og -g
UNRESOLVED: gcc.target/aarch64/aapcs64/test_7.c execution, -Os
FAIL: gcc.target/aarch64/aapcs64/test_8.c compilation, -O0
FAIL: gcc.target/aarch64/aapcs64/test_8.c compilation, -O1
FAIL: gcc.target/aarch64/aapcs64/test_8.c compilation, -O2
FAIL: gcc.target/aarch64/aapcs64/test_8.c compilation, -O3 -g
FAIL: gcc.target/aarch64/aapcs64/test_8.c compilation, -Og -g
FAIL: gcc.target/aarch64/aapcs64/test_8.c compilation, -Os
UNRESOLVED: gcc.target/aarch64/aapcs64/test_8.c execution, -O0
UNRESOLVED: gcc.target/aarch64/aapcs64/test_8.c execution, -O1
UNRESOLVED: gcc.target/aarch64/aapcs64/test_8.c execution, -O2
UNRESOLVED: gcc.target/aarch64/aapcs64/test_8.c execution, -O3 -g
UNRESOLVED: gcc.target/aarch64/aapcs64/test_8.c execution, -Og -g
UNRESOLVED: gcc.target/aarch64/aapcs64/test_8.c execution, -Os
FAIL: gcc.target/aarch64/aapcs64/test_9.c compilation, -O0
FAIL: gcc.target/aarch64/aapcs64/test_9.c compilation, -O1
FAIL: gcc.target/aarch64/aapcs64/test_9.c compilation, -O2
FAIL: gcc.target/aarch64/aapcs64/test_9.c compilation, -O3 -g
FAIL: gcc.target/aarch64/aapcs64/test_9.c compilation, -Og -g
FAIL: gcc.target/aarch64/aapcs64/test_9.c compilation, -Os
UNRESOLVED: gcc.target/aarch64/aapcs64/test_9.c execution, -O0
UNRESOLVED: gcc.target/aarch64/aapcs64/test_9.c execution, -O1
UNRESOLVED: gcc.target/aarch64/aapcs64/test_9.c execution, -O2
UNRESOLVED: gcc.target/aarch64/aapcs64/test_9.c execution, -O3 -g
UNRESOLVED: gcc.target/aarch64/aapcs64/test_9.c execution, -Og -g
UNRESOLVED: gcc.target/aarch64/aapcs64/test_9.c execution, -Os
FAIL: gcc.target/aarch64/aapcs64/test_align-1.c compilation, -O0
FAIL: gcc.target/aarch64/aapcs64/test_align-1.c compilation, -O1
FAIL: gcc.target/aarch64/aapcs64/test_align-1.c compilation, -O2
FAIL: gcc.target/aarch64/aapcs64/test_align-1.c compilation, -O3 -g
FAIL: gcc.target/aarch64/aapcs64/test_align-1.c compilation, -Og -g
FAIL: gcc.target/aarch64/aapcs64/test_align-1.c compilation, -Os
UNRESOLVED: gcc.target/aarch64/aapcs64/test_align-1.c execution, -O0
UNRESOLVED: gcc.target/aarch64/aapcs64/test_align-1.c execution, -O1
UNRESOLVED: gcc.target/aarch64/aapcs64/test_align-1.c execution, -O2
UNRESOLVED: gcc.target/aarch64/aapcs64/test_align-1.c execution, -O3 -g
UNRESOLVED: gcc.target/aarch64/aapcs64/test_align-1.c execution, -Og -g
UNRESOLVED: gcc.target/aarch64/aapcs64/test_align-1.c execution, -Os
FAIL: gcc.target/aarch64/aapcs64/test_align-2.c compilation, -O0
FAIL: gcc.target/aarch64/aapcs64/test_align-2.c compilation, -O1
FAIL: gcc.target/aarch64/aapcs64/test_align-2.c compilation, -O2
FAIL: gcc.target/aarch64/aapcs64/test_align-2.c compilation, -O3 -g
FAIL: gcc.target/aarch64/aapcs64/test_align-2.c compilation, -Og -g
FAIL: gcc.target/aarch64/aapcs64/test_align-2.c compilation, -Os
UNRESOLVED: gcc.target/aarch64/aapcs64/test_align-2.c execution, -O0
UNRESOLVED: gcc.target/aarch64/aapcs64/test_align-2.c execution, -O1
UNRESOLVED: gcc.target/aarch64/aapcs64/test_align-2.c execution, -O2
UNRESOLVED: gcc.target/aarch64/aapcs64/test_align-2.c execution, -O3 -g
UNRESOLVED: gcc.target/aarch64/aapcs64/test_align-2.c execution, -Og -g
UNRESOLVED: gcc.target/aarch64/aapcs64/test_align-2.c execution, -Os
FAIL: gcc.target/aarch64/aapcs64/test_align-3.c compilation, -O0
FAIL: gcc.target/aarch64/aapcs64/test_align-3.c compilation, -O1
FAIL: gcc.target/aarch64/aapcs64/test_align-3.c compilation, -O2
FAIL: gcc.target/aarch64/aapcs64/test_align-3.c compilation, -O3 -g
FAIL: gcc.target/aarch64/aapcs64/test_align-3.c compilation, -Og -g
FAIL: gcc.target/aarch64/aapcs64/test_align-3.c compilation, -Os
UNRESOLVED: gcc.target/aarch64/aapcs64/test_align-3.c execution, -O0
UNRESOLVED: gcc.target/aarch64/aapcs64/test_align-3.c execution, -O1
UNRESOLVED: gcc.target/aarch64/aapcs64/test_align-3.c execution, -O2
UNRESOLVED: gcc.target/aarch64/aapcs64/test_align-3.c execution, -O3 -g
UNRESOLVED: gcc.target/aarch64/aapcs64/test_align-3.c execution, -Og -g
UNRESOLVED: gcc.target/aarch64/aapcs64/test_align-3.c execution, -Os
FAIL: gcc.target/aarch64/aapcs64/test_align-4.c compilation, -O0
FAIL: gcc.target/aarch64/aapcs64/test_align-4.c compilation, -O1
FAIL: gcc.target/aarch64/aapcs64/test_align-4.c compilation, -O2
FAIL: gcc.target/aarch64/aapcs64/test_align-4.c compilation, -O3 -g
FAIL: gcc.target/aarch64/aapcs64/test_align-4.c compilation, -Og -g
FAIL: gcc.target/aarch64/aapcs64/test_align-4.c compilation, -Os
UNRESOLVED: gcc.target/aarch64/aapcs64/test_align-4.c execution, -O0
UNRESOLVED: gcc.target/aarch64/aapcs64/test_align-4.c execution, -O1
UNRESOLVED: gcc.target/aarch64/aapcs64/test_align-4.c execution, -O2
UNRESOLVED: gcc.target/aarch64/aapcs64/test_align-4.c execution, -O3 -g
UNRESOLVED: gcc.target/aarch64/aapcs64/test_align-4.c execution, -Og -g
UNRESOLVED: gcc.target/aarch64/aapcs64/test_align-4.c execution, -Os
FAIL: gcc.target/aarch64/aapcs64/test_complex.c compilation, -O0
FAIL: gcc.target/aarch64/aapcs64/test_complex.c compilation, -O1
FAIL: gcc.target/aarch64/aapcs64/test_complex.c compilation, -O2
FAIL: gcc.target/aarch64/aapcs64/test_complex.c compilation, -O3 -g
FAIL: gcc.target/aarch64/aapcs64/test_complex.c compilation, -Og -g
FAIL: gcc.target/aarch64/aapcs64/test_complex.c compilation, -Os
UNRESOLVED: gcc.target/aarch64/aapcs64/test_complex.c execution, -O0
UNRESOLVED: gcc.target/aarch64/aapcs64/test_complex.c execution, -O1
UNRESOLVED: gcc.target/aarch64/aapcs64/test_complex.c execution, -O2
UNRESOLVED: gcc.target/aarch64/aapcs64/test_complex.c execution, -O3 -g
UNRESOLVED: gcc.target/aarch64/aapcs64/test_complex.c execution, -Og -g
UNRESOLVED: gcc.target/aarch64/aapcs64/test_complex.c execution, -Os
FAIL: gcc.target/aarch64/aapcs64/test_int128.c compilation, -O0
FAIL: gcc.target/aarch64/aapcs64/test_int128.c compilation, -O1
FAIL: gcc.target/aarch64/aapcs64/test_int128.c compilation, -O2
FAIL: gcc.target/aarch64/aapcs64/test_int128.c compilation, -O3 -g
FAIL: gcc.target/aarch64/aapcs64/test_int128.c compilation, -Og -g
FAIL: gcc.target/aarch64/aapcs64/test_int128.c compilation, -Os
UNRESOLVED: gcc.target/aarch64/aapcs64/test_int128.c execution, -O0
UNRESOLVED: gcc.target/aarch64/aapcs64/test_int128.c execution, -O1
UNRESOLVED: gcc.target/aarch64/aapcs64/test_int128.c execution, -O2
UNRESOLVED: gcc.target/aarch64/aapcs64/test_int128.c execution, -O3 -g
UNRESOLVED: gcc.target/aarch64/aapcs64/test_int128.c execution, -Og -g
UNRESOLVED: gcc.target/aarch64/aapcs64/test_int128.c execution, -Os
FAIL: gcc.target/aarch64/aapcs64/test_quad_double.c compilation, -O0
FAIL: gcc.target/aarch64/aapcs64/test_quad_double.c compilation, -O1
FAIL: gcc.target/aarch64/aapcs64/test_quad_double.c compilation, -O2
FAIL: gcc.target/aarch64/aapcs64/test_quad_double.c compilation, -O3 -g
FAIL: gcc.target/aarch64/aapcs64/test_quad_double.c compilation, -Og -g
FAIL: gcc.target/aarch64/aapcs64/test_quad_double.c compilation, -Os
UNRESOLVED: gcc.target/aarch64/aapcs64/test_quad_double.c execution, -O0
UNRESOLVED: gcc.target/aarch64/aapcs64/test_quad_double.c execution, -O1
UNRESOLVED: gcc.target/aarch64/aapcs64/test_quad_double.c execution, -O2
UNRESOLVED: gcc.target/aarch64/aapcs64/test_quad_double.c execution, -O3 -g
UNRESOLVED: gcc.target/aarch64/aapcs64/test_quad_double.c execution, -Og -g
UNRESOLVED: gcc.target/aarch64/aapcs64/test_quad_double.c execution, -Os
FAIL: gcc.target/aarch64/aapcs64/va_arg-1.c compilation, -O0
FAIL: gcc.target/aarch64/aapcs64/va_arg-1.c compilation, -O1
FAIL: gcc.target/aarch64/aapcs64/va_arg-1.c compilation, -O2
FAIL: gcc.target/aarch64/aapcs64/va_arg-1.c compilation, -O3 -g
FAIL: gcc.target/aarch64/aapcs64/va_arg-1.c compilation, -Og -g
FAIL: gcc.target/aarch64/aapcs64/va_arg-1.c compilation, -Os
UNRESOLVED: gcc.target/aarch64/aapcs64/va_arg-1.c execution, -O0
UNRESOLVED: gcc.target/aarch64/aapcs64/va_arg-1.c execution, -O1
UNRESOLVED: gcc.target/aarch64/aapcs64/va_arg-1.c execution, -O2
UNRESOLVED: gcc.target/aarch64/aapcs64/va_arg-1.c execution, -O3 -g
UNRESOLVED: gcc.target/aarch64/aapcs64/va_arg-1.c execution, -Og -g
UNRESOLVED: gcc.target/aarch64/aapcs64/va_arg-1.c execution, -Os
FAIL: gcc.target/aarch64/aapcs64/va_arg-10.c compilation, -O0
FAIL: gcc.target/aarch64/aapcs64/va_arg-10.c compilation, -O1
FAIL: gcc.target/aarch64/aapcs64/va_arg-10.c compilation, -O2
FAIL: gcc.target/aarch64/aapcs64/va_arg-10.c compilation, -O3 -g
FAIL: gcc.target/aarch64/aapcs64/va_arg-10.c compilation, -Og -g
FAIL: gcc.target/aarch64/aapcs64/va_arg-10.c compilation, -Os
UNRESOLVED: gcc.target/aarch64/aapcs64/va_arg-10.c execution, -O0
UNRESOLVED: gcc.target/aarch64/aapcs64/va_arg-10.c execution, -O1
UNRESOLVED: gcc.target/aarch64/aapcs64/va_arg-10.c execution, -O2
UNRESOLVED: gcc.target/aarch64/aapcs64/va_arg-10.c execution, -O3 -g
UNRESOLVED: gcc.target/aarch64/aapcs64/va_arg-10.c execution, -Og -g
UNRESOLVED: gcc.target/aarch64/aapcs64/va_arg-10.c execution, -Os
FAIL: gcc.target/aarch64/aapcs64/va_arg-11.c compilation, -O0
FAIL: gcc.target/aarch64/aapcs64/va_arg-11.c compilation, -O1
FAIL: gcc.target/aarch64/aapcs64/va_arg-11.c compilation, -O2
FAIL: gcc.target/aarch64/aapcs64/va_arg-11.c compilation, -O3 -g
FAIL: gcc.target/aarch64/aapcs64/va_arg-11.c compilation, -Og -g
FAIL: gcc.target/aarch64/aapcs64/va_arg-11.c compilation, -Os
UNRESOLVED: gcc.target/aarch64/aapcs64/va_arg-11.c execution, -O0
UNRESOLVED: gcc.target/aarch64/aapcs64/va_arg-11.c execution, -O1
UNRESOLVED: gcc.target/aarch64/aapcs64/va_arg-11.c execution, -O2
UNRESOLVED: gcc.target/aarch64/aapcs64/va_arg-11.c execution, -O3 -g
UNRESOLVED: gcc.target/aarch64/aapcs64/va_arg-11.c execution, -Og -g
UNRESOLVED: gcc.target/aarch64/aapcs64/va_arg-11.c execution, -Os
FAIL: gcc.target/aarch64/aapcs64/va_arg-12.c compilation, -O0
FAIL: gcc.target/aarch64/aapcs64/va_arg-12.c compilation, -O1
FAIL: gcc.target/aarch64/aapcs64/va_arg-12.c compilation, -O2
FAIL: gcc.target/aarch64/aapcs64/va_arg-12.c compilation, -O3 -g
FAIL: gcc.target/aarch64/aapcs64/va_arg-12.c compilation, -Og -g
FAIL: gcc.target/aarch64/aapcs64/va_arg-12.c compilation, -Os
UNRESOLVED: gcc.target/aarch64/aapcs64/va_arg-12.c execution, -O0
UNRESOLVED: gcc.target/aarch64/aapcs64/va_arg-12.c execution, -O1
UNRESOLVED: gcc.target/aarch64/aapcs64/va_arg-12.c execution, -O2
UNRESOLVED: gcc.target/aarch64/aapcs64/va_arg-12.c execution, -O3 -g
UNRESOLVED: gcc.target/aarch64/aapcs64/va_arg-12.c execution, -Og -g
UNRESOLVED: gcc.target/aarch64/aapcs64/va_arg-12.c execution, -Os
FAIL: gcc.target/aarch64/aapcs64/va_arg-13.c compilation, -O0
FAIL: gcc.target/aarch64/aapcs64/va_arg-13.c compilation, -O1
FAIL: gcc.target/aarch64/aapcs64/va_arg-13.c compilation, -O2
FAIL: gcc.target/aarch64/aapcs64/va_arg-13.c compilation, -O3 -g
FAIL: gcc.target/aarch64/aapcs64/va_arg-13.c compilation, -Og -g
FAIL: gcc.target/aarch64/aapcs64/va_arg-13.c compilation, -Os
UNRESOLVED: gcc.target/aarch64/aapcs64/va_arg-13.c execution, -O0
UNRESOLVED: gcc.target/aarch64/aapcs64/va_arg-13.c execution, -O1
UNRESOLVED: gcc.target/aarch64/aapcs64/va_arg-13.c execution, -O2
UNRESOLVED: gcc.target/aarch64/aapcs64/va_arg-13.c execution, -O3 -g
UNRESOLVED: gcc.target/aarch64/aapcs64/va_arg-13.c execution, -Og -g
UNRESOLVED: gcc.target/aarch64/aapcs64/va_arg-13.c execution, -Os
FAIL: gcc.target/aarch64/aapcs64/va_arg-14.c compilation, -O0
FAIL: gcc.target/aarch64/aapcs64/va_arg-14.c compilation, -O1
FAIL: gcc.target/aarch64/aapcs64/va_arg-14.c compilation, -O2
FAIL: gcc.target/aarch64/aapcs64/va_arg-14.c compilation, -O3 -g
FAIL: gcc.target/aarch64/aapcs64/va_arg-14.c compilation, -Og -g
FAIL: gcc.target/aarch64/aapcs64/va_arg-14.c compilation, -Os
UNRESOLVED: gcc.target/aarch64/aapcs64/va_arg-14.c execution, -O0
UNRESOLVED: gcc.target/aarch64/aapcs64/va_arg-14.c execution, -O1
UNRESOLVED: gcc.target/aarch64/aapcs64/va_arg-14.c execution, -O2
UNRESOLVED: gcc.target/aarch64/aapcs64/va_arg-14.c execution, -O3 -g
UNRESOLVED: gcc.target/aarch64/aapcs64/va_arg-14.c execution, -Og -g
UNRESOLVED: gcc.target/aarch64/aapcs64/va_arg-14.c execution, -Os
FAIL: gcc.target/aarch64/aapcs64/va_arg-15.c compilation, -O0
FAIL: gcc.target/aarch64/aapcs64/va_arg-15.c compilation, -O1
FAIL: gcc.target/aarch64/aapcs64/va_arg-15.c compilation, -O2
FAIL: gcc.target/aarch64/aapcs64/va_arg-15.c compilation, -O3 -g
FAIL: gcc.target/aarch64/aapcs64/va_arg-15.c compilation, -Og -g
FAIL: gcc.target/aarch64/aapcs64/va_arg-15.c compilation, -Os
UNRESOLVED: gcc.target/aarch64/aapcs64/va_arg-15.c execution, -O0
UNRESOLVED: gcc.target/aarch64/aapcs64/va_arg-15.c execution, -O1
UNRESOLVED: gcc.target/aarch64/aapcs64/va_arg-15.c execution, -O2
UNRESOLVED: gcc.target/aarch64/aapcs64/va_arg-15.c execution, -O3 -g
UNRESOLVED: gcc.target/aarch64/aapcs64/va_arg-15.c execution, -Og -g
UNRESOLVED: gcc.target/aarch64/aapcs64/va_arg-15.c execution, -Os
FAIL: gcc.target/aarch64/aapcs64/va_arg-16.c compilation, -O0
FAIL: gcc.target/aarch64/aapcs64/va_arg-16.c compilation, -O1
FAIL: gcc.target/aarch64/aapcs64/va_arg-16.c compilation, -O2
FAIL: gcc.target/aarch64/aapcs64/va_arg-16.c compilation, -O3 -g
FAIL: gcc.target/aarch64/aapcs64/va_arg-16.c compilation, -Og -g
FAIL: gcc.target/aarch64/aapcs64/va_arg-16.c compilation, -Os
UNRESOLVED: gcc.target/aarch64/aapcs64/va_arg-16.c execution, -O0
UNRESOLVED: gcc.target/aarch64/aapcs64/va_arg-16.c execution, -O1
UNRESOLVED: gcc.target/aarch64/aapcs64/va_arg-16.c execution, -O2
UNRESOLVED: gcc.target/aarch64/aapcs64/va_arg-16.c execution, -O3 -g
UNRESOLVED: gcc.target/aarch64/aapcs64/va_arg-16.c execution, -Og -g
UNRESOLVED: gcc.target/aarch64/aapcs64/va_arg-16.c execution, -Os
FAIL: gcc.target/aarch64/aapcs64/va_arg-2.c compilation, -O0
FAIL: gcc.target/aarch64/aapcs64/va_arg-2.c compilation, -O1
FAIL: gcc.target/aarch64/aapcs64/va_arg-2.c compilation, -O2
FAIL: gcc.target/aarch64/aapcs64/va_arg-2.c compilation, -O3 -g
FAIL: gcc.target/aarch64/aapcs64/va_arg-2.c compilation, -Og -g
FAIL: gcc.target/aarch64/aapcs64/va_arg-2.c compilation, -Os
UNRESOLVED: gcc.target/aarch64/aapcs64/va_arg-2.c execution, -O0
UNRESOLVED: gcc.target/aarch64/aapcs64/va_arg-2.c execution, -O1
UNRESOLVED: gcc.target/aarch64/aapcs64/va_arg-2.c execution, -O2
UNRESOLVED: gcc.target/aarch64/aapcs64/va_arg-2.c execution, -O3 -g
UNRESOLVED: gcc.target/aarch64/aapcs64/va_arg-2.c execution, -Og -g
UNRESOLVED: gcc.target/aarch64/aapcs64/va_arg-2.c execution, -Os
FAIL: gcc.target/aarch64/aapcs64/va_arg-3.c compilation, -O0
FAIL: gcc.target/aarch64/aapcs64/va_arg-3.c compilation, -O1
FAIL: gcc.target/aarch64/aapcs64/va_arg-3.c compilation, -O2
FAIL: gcc.target/aarch64/aapcs64/va_arg-3.c compilation, -O3 -g
FAIL: gcc.target/aarch64/aapcs64/va_arg-3.c compilation, -Og -g
FAIL: gcc.target/aarch64/aapcs64/va_arg-3.c compilation, -Os
UNRESOLVED: gcc.target/aarch64/aapcs64/va_arg-3.c execution, -O0
UNRESOLVED: gcc.target/aarch64/aapcs64/va_arg-3.c execution, -O1
UNRESOLVED: gcc.target/aarch64/aapcs64/va_arg-3.c execution, -O2
UNRESOLVED: gcc.target/aarch64/aapcs64/va_arg-3.c execution, -O3 -g
UNRESOLVED: gcc.target/aarch64/aapcs64/va_arg-3.c execution, -Og -g
UNRESOLVED: gcc.target/aarch64/aapcs64/va_arg-3.c execution, -Os
FAIL: gcc.target/aarch64/aapcs64/va_arg-4.c compilation, -O0
FAIL: gcc.target/aarch64/aapcs64/va_arg-4.c compilation, -O1
FAIL: gcc.target/aarch64/aapcs64/va_arg-4.c compilation, -O2
FAIL: gcc.target/aarch64/aapcs64/va_arg-4.c compilation, -O3 -g
FAIL: gcc.target/aarch64/aapcs64/va_arg-4.c compilation, -Og -g
FAIL: gcc.target/aarch64/aapcs64/va_arg-4.c compilation, -Os
UNRESOLVED: gcc.target/aarch64/aapcs64/va_arg-4.c execution, -O0
UNRESOLVED: gcc.target/aarch64/aapcs64/va_arg-4.c execution, -O1
UNRESOLVED: gcc.target/aarch64/aapcs64/va_arg-4.c execution, -O2
UNRESOLVED: gcc.target/aarch64/aapcs64/va_arg-4.c execution, -O3 -g
UNRESOLVED: gcc.target/aarch64/aapcs64/va_arg-4.c execution, -Og -g
UNRESOLVED: gcc.target/aarch64/aapcs64/va_arg-4.c execution, -Os
FAIL: gcc.target/aarch64/aapcs64/va_arg-5.c compilation, -O0
FAIL: gcc.target/aarch64/aapcs64/va_arg-5.c compilation, -O1
FAIL: gcc.target/aarch64/aapcs64/va_arg-5.c compilation, -O2
FAIL: gcc.target/aarch64/aapcs64/va_arg-5.c compilation, -O3 -g
FAIL: gcc.target/aarch64/aapcs64/va_arg-5.c compilation, -Og -g
FAIL: gcc.target/aarch64/aapcs64/va_arg-5.c compilation, -Os
UNRESOLVED: gcc.target/aarch64/aapcs64/va_arg-5.c execution, -O0
UNRESOLVED: gcc.target/aarch64/aapcs64/va_arg-5.c execution, -O1
UNRESOLVED: gcc.target/aarch64/aapcs64/va_arg-5.c execution, -O2
UNRESOLVED: gcc.target/aarch64/aapcs64/va_arg-5.c execution, -O3 -g
UNRESOLVED: gcc.target/aarch64/aapcs64/va_arg-5.c execution, -Og -g
UNRESOLVED: gcc.target/aarch64/aapcs64/va_arg-5.c execution, -Os
FAIL: gcc.target/aarch64/aapcs64/va_arg-6.c compilation, -O0
FAIL: gcc.target/aarch64/aapcs64/va_arg-6.c compilation, -O1
FAIL: gcc.target/aarch64/aapcs64/va_arg-6.c compilation, -O2
FAIL: gcc.target/aarch64/aapcs64/va_arg-6.c compilation, -O3 -g
FAIL: gcc.target/aarch64/aapcs64/va_arg-6.c compilation, -Og -g
FAIL: gcc.target/aarch64/aapcs64/va_arg-6.c compilation, -Os
UNRESOLVED: gcc.target/aarch64/aapcs64/va_arg-6.c execution, -O0
UNRESOLVED: gcc.target/aarch64/aapcs64/va_arg-6.c execution, -O1
UNRESOLVED: gcc.target/aarch64/aapcs64/va_arg-6.c execution, -O2
UNRESOLVED: gcc.target/aarch64/aapcs64/va_arg-6.c execution, -O3 -g
UNRESOLVED: gcc.target/aarch64/aapcs64/va_arg-6.c execution, -Og -g
UNRESOLVED: gcc.target/aarch64/aapcs64/va_arg-6.c execution, -Os
FAIL: gcc.target/aarch64/aapcs64/va_arg-7.c compilation, -O0
FAIL: gcc.target/aarch64/aapcs64/va_arg-7.c compilation, -O1
FAIL: gcc.target/aarch64/aapcs64/va_arg-7.c compilation, -O2
FAIL: gcc.target/aarch64/aapcs64/va_arg-7.c compilation, -O3 -g
FAIL: gcc.target/aarch64/aapcs64/va_arg-7.c compilation, -Og -g
FAIL: gcc.target/aarch64/aapcs64/va_arg-7.c compilation, -Os
UNRESOLVED: gcc.target/aarch64/aapcs64/va_arg-7.c execution, -O0
UNRESOLVED: gcc.target/aarch64/aapcs64/va_arg-7.c execution, -O1
UNRESOLVED: gcc.target/aarch64/aapcs64/va_arg-7.c execution, -O2
UNRESOLVED: gcc.target/aarch64/aapcs64/va_arg-7.c execution, -O3 -g
UNRESOLVED: gcc.target/aarch64/aapcs64/va_arg-7.c execution, -Og -g
UNRESOLVED: gcc.target/aarch64/aapcs64/va_arg-7.c execution, -Os
FAIL: gcc.target/aarch64/aapcs64/va_arg-8.c compilation, -O0
FAIL: gcc.target/aarch64/aapcs64/va_arg-8.c compilation, -O1
FAIL: gcc.target/aarch64/aapcs64/va_arg-8.c compilation, -O2
FAIL: gcc.target/aarch64/aapcs64/va_arg-8.c compilation, -O3 -g
FAIL: gcc.target/aarch64/aapcs64/va_arg-8.c compilation, -Og -g
FAIL: gcc.target/aarch64/aapcs64/va_arg-8.c compilation, -Os
UNRESOLVED: gcc.target/aarch64/aapcs64/va_arg-8.c execution, -O0
UNRESOLVED: gcc.target/aarch64/aapcs64/va_arg-8.c execution, -O1
UNRESOLVED: gcc.target/aarch64/aapcs64/va_arg-8.c execution, -O2
UNRESOLVED: gcc.target/aarch64/aapcs64/va_arg-8.c execution, -O3 -g
UNRESOLVED: gcc.target/aarch64/aapcs64/va_arg-8.c execution, -Og -g
UNRESOLVED: gcc.target/aarch64/aapcs64/va_arg-8.c execution, -Os
FAIL: gcc.target/aarch64/aapcs64/va_arg-9.c compilation, -O0
FAIL: gcc.target/aarch64/aapcs64/va_arg-9.c compilation, -O1
FAIL: gcc.target/aarch64/aapcs64/va_arg-9.c compilation, -O2
FAIL: gcc.target/aarch64/aapcs64/va_arg-9.c compilation, -O3 -g
FAIL: gcc.target/aarch64/aapcs64/va_arg-9.c compilation, -Og -g
FAIL: gcc.target/aarch64/aapcs64/va_arg-9.c compilation, -Os
UNRESOLVED: gcc.target/aarch64/aapcs64/va_arg-9.c execution, -O0
UNRESOLVED: gcc.target/aarch64/aapcs64/va_arg-9.c execution, -O1
UNRESOLVED: gcc.target/aarch64/aapcs64/va_arg-9.c execution, -O2
UNRESOLVED: gcc.target/aarch64/aapcs64/va_arg-9.c execution, -O3 -g
UNRESOLVED: gcc.target/aarch64/aapcs64/va_arg-9.c execution, -Og -g
UNRESOLVED: gcc.target/aarch64/aapcs64/va_arg-9.c execution, -Os
FAIL: gcc.target/aarch64/fuse_adrp_add_1.c scan-assembler adrp\\tx.*, fixed_regs\\n\\tadd\\tx.*, x.*fixed_regs
FAIL: gcc.target/aarch64/pr63304_1.c (test for excess errors)
FAIL: gcc.target/aarch64/pr63304_1.c scan-assembler-times adrp 6
FAIL: gcc.target/aarch64/pr70120-2.c (test for excess errors)
FAIL: gcc.target/aarch64/reload-valid-spoff.c (test for excess errors)
FAIL: gcc.target/aarch64/shrink_wrap_symbol_ref_1.c scan-rtl-dump pro_and_epilogue "Performing shrink-wrapping"
FAIL: gcc.target/aarch64/vect-abs-compile.c scan-assembler abs\\\\tv[0-9]+.16b
FAIL: gcc.target/aarch64/vect-abs-compile.c scan-assembler abs\\\\tv[0-9]+.8h
FAIL: gcc.target/aarch64/vect-add-sub-cond.c scan-assembler-not \\tld[^\\t]*\\t[wx]
=== gcc Summary for unix ===
# of expected passes 104585
# of unexpected failures 759
# of unexpected successes 14
# of expected failures 289
# of unresolved testcases 306
# of unsupported tests 2113
Running target unix/-fstack-protector
FAIL: gcc.dg/stack-usage-1.c scan-file foo\\t(256|264)\\tstatic
FAIL: gcc.dg/superblock.c scan-rtl-dump-times sched2 "ADVANCING TO" 2
FAIL: gcc.dg/uninit-19.c (test for warnings, line 22)
FAIL: gcc.dg/uninit-19.c (test for excess errors)
FAIL: gcc.dg/graphite/scop-19.c scan-tree-dump-times graphite "number of SCoPs: 0" 1
XPASS: gcc.dg/guality/example.c -O0 execution test
XPASS: gcc.dg/guality/example.c -O1 execution test
XPASS: gcc.dg/guality/guality.c -O0 execution test
XPASS: gcc.dg/guality/guality.c -O1 execution test
XPASS: gcc.dg/guality/guality.c -O2 execution test
XPASS: gcc.dg/guality/guality.c -O2 -flto -fno-use-linker-plugin -flto-partition=none execution test
XPASS: gcc.dg/guality/guality.c -O2 -flto -fuse-linker-plugin -fno-fat-lto-objects execution test
XPASS: gcc.dg/guality/guality.c -O3 -g execution test
XPASS: gcc.dg/guality/guality.c -Os execution test
XPASS: gcc.dg/guality/inline-params.c -O2 execution test
XPASS: gcc.dg/guality/inline-params.c -O2 -flto -fno-use-linker-plugin -flto-partition=none execution test
XPASS: gcc.dg/guality/inline-params.c -O3 -g execution test
XPASS: gcc.dg/guality/inline-params.c -Os execution test
FAIL: gcc.dg/guality/nrv-1.c -O2 -flto -fuse-linker-plugin -fno-fat-lto-objects line 20 a2.i[0] == 42
FAIL: gcc.dg/guality/pr36728-1.c -O1 line 16 arg1 == 1
FAIL: gcc.dg/guality/pr36728-1.c -O1 line 16 arg2 == 2
FAIL: gcc.dg/guality/pr36728-1.c -O1 line 16 arg3 == 3
FAIL: gcc.dg/guality/pr36728-1.c -O1 line 16 arg7 == 30
FAIL: gcc.dg/guality/pr36728-1.c -O1 line 18 arg1 == 1
FAIL: gcc.dg/guality/pr36728-1.c -O1 line 18 arg2 == 2
FAIL: gcc.dg/guality/pr36728-1.c -O1 line 18 arg3 == 3
FAIL: gcc.dg/guality/pr36728-1.c -O1 line 18 arg5 == 5
FAIL: gcc.dg/guality/pr36728-1.c -O1 line 18 arg7 == 30
FAIL: gcc.dg/guality/pr36728-1.c -O2 line 16 arg1 == 1
FAIL: gcc.dg/guality/pr36728-1.c -O2 line 16 arg2 == 2
FAIL: gcc.dg/guality/pr36728-1.c -O2 line 16 arg4 == 4
FAIL: gcc.dg/guality/pr36728-1.c -O2 line 16 arg6 == 6
FAIL: gcc.dg/guality/pr36728-1.c -O2 line 16 arg7 == 30
FAIL: gcc.dg/guality/pr36728-1.c -O2 line 16 y == 2
FAIL: gcc.dg/guality/pr36728-1.c -O2 line 18 *x == (char) 25
FAIL: gcc.dg/guality/pr36728-1.c -O2 line 18 arg1 == 1
FAIL: gcc.dg/guality/pr36728-1.c -O2 line 18 arg2 == 2
FAIL: gcc.dg/guality/pr36728-1.c -O2 line 18 arg4 == 4
FAIL: gcc.dg/guality/pr36728-1.c -O2 line 18 arg6 == 6
FAIL: gcc.dg/guality/pr36728-1.c -O2 line 18 arg7 == 30
FAIL: gcc.dg/guality/pr36728-1.c -O2 line 18 y == 2
FAIL: gcc.dg/guality/pr36728-1.c -O2 -flto -fno-use-linker-plugin -flto-partition=none line 16 arg1 == 1
FAIL: gcc.dg/guality/pr36728-1.c -O2 -flto -fno-use-linker-plugin -flto-partition=none line 16 arg2 == 2
FAIL: gcc.dg/guality/pr36728-1.c -O2 -flto -fno-use-linker-plugin -flto-partition=none line 16 arg4 == 4
FAIL: gcc.dg/guality/pr36728-1.c -O2 -flto -fno-use-linker-plugin -flto-partition=none line 16 arg6 == 6
FAIL: gcc.dg/guality/pr36728-1.c -O2 -flto -fno-use-linker-plugin -flto-partition=none line 16 arg7 == 30
FAIL: gcc.dg/guality/pr36728-1.c -O2 -flto -fno-use-linker-plugin -flto-partition=none line 16 y == 2
FAIL: gcc.dg/guality/pr36728-1.c -O2 -flto -fno-use-linker-plugin -flto-partition=none line 18 *x == (char) 25
FAIL: gcc.dg/guality/pr36728-1.c -O2 -flto -fno-use-linker-plugin -flto-partition=none line 18 arg1 == 1
FAIL: gcc.dg/guality/pr36728-1.c -O2 -flto -fno-use-linker-plugin -flto-partition=none line 18 arg2 == 2
FAIL: gcc.dg/guality/pr36728-1.c -O2 -flto -fno-use-linker-plugin -flto-partition=none line 18 arg4 == 4
FAIL: gcc.dg/guality/pr36728-1.c -O2 -flto -fno-use-linker-plugin -flto-partition=none line 18 arg6 == 6
FAIL: gcc.dg/guality/pr36728-1.c -O2 -flto -fno-use-linker-plugin -flto-partition=none line 18 arg7 == 30
FAIL: gcc.dg/guality/pr36728-1.c -O2 -flto -fno-use-linker-plugin -flto-partition=none line 18 y == 2
FAIL: gcc.dg/guality/pr36728-1.c -O2 -flto -fuse-linker-plugin -fno-fat-lto-objects line 16 arg1 == 1
FAIL: gcc.dg/guality/pr36728-1.c -O2 -flto -fuse-linker-plugin -fno-fat-lto-objects line 16 arg2 == 2
FAIL: gcc.dg/guality/pr36728-1.c -O2 -flto -fuse-linker-plugin -fno-fat-lto-objects line 16 arg3 == 3
FAIL: gcc.dg/guality/pr36728-1.c -O2 -flto -fuse-linker-plugin -fno-fat-lto-objects line 16 arg4 == 4
FAIL: gcc.dg/guality/pr36728-1.c -O2 -flto -fuse-linker-plugin -fno-fat-lto-objects line 16 arg5 == 5
FAIL: gcc.dg/guality/pr36728-1.c -O2 -flto -fuse-linker-plugin -fno-fat-lto-objects line 16 arg6 == 6
FAIL: gcc.dg/guality/pr36728-1.c -O2 -flto -fuse-linker-plugin -fno-fat-lto-objects line 16 arg7 == 30
FAIL: gcc.dg/guality/pr36728-1.c -O2 -flto -fuse-linker-plugin -fno-fat-lto-objects line 16 y == 2
FAIL: gcc.dg/guality/pr36728-1.c -O2 -flto -fuse-linker-plugin -fno-fat-lto-objects line 18 arg1 == 1
FAIL: gcc.dg/guality/pr36728-1.c -O2 -flto -fuse-linker-plugin -fno-fat-lto-objects line 18 arg2 == 2
FAIL: gcc.dg/guality/pr36728-1.c -O2 -flto -fuse-linker-plugin -fno-fat-lto-objects line 18 arg3 == 3
FAIL: gcc.dg/guality/pr36728-1.c -O2 -flto -fuse-linker-plugin -fno-fat-lto-objects line 18 arg4 == 4
FAIL: gcc.dg/guality/pr36728-1.c -O2 -flto -fuse-linker-plugin -fno-fat-lto-objects line 18 arg5 == 5
FAIL: gcc.dg/guality/pr36728-1.c -O2 -flto -fuse-linker-plugin -fno-fat-lto-objects line 18 arg6 == 6
FAIL: gcc.dg/guality/pr36728-1.c -O2 -flto -fuse-linker-plugin -fno-fat-lto-objects line 18 arg7 == 30
FAIL: gcc.dg/guality/pr36728-1.c -O3 -g line 16 arg1 == 1
FAIL: gcc.dg/guality/pr36728-1.c -O3 -g line 16 arg2 == 2
FAIL: gcc.dg/guality/pr36728-1.c -O3 -g line 16 arg3 == 3
FAIL: gcc.dg/guality/pr36728-1.c -O3 -g line 16 arg4 == 4
FAIL: gcc.dg/guality/pr36728-1.c -O3 -g line 16 arg5 == 5
FAIL: gcc.dg/guality/pr36728-1.c -O3 -g line 16 arg6 == 6
FAIL: gcc.dg/guality/pr36728-1.c -O3 -g line 16 arg7 == 30
FAIL: gcc.dg/guality/pr36728-1.c -O3 -g line 16 y == 2
FAIL: gcc.dg/guality/pr36728-1.c -O3 -g line 18 *x == (char) 25
FAIL: gcc.dg/guality/pr36728-1.c -O3 -g line 18 arg1 == 1
FAIL: gcc.dg/guality/pr36728-1.c -O3 -g line 18 arg2 == 2
FAIL: gcc.dg/guality/pr36728-1.c -O3 -g line 18 arg3 == 3
FAIL: gcc.dg/guality/pr36728-1.c -O3 -g line 18 arg4 == 4
FAIL: gcc.dg/guality/pr36728-1.c -O3 -g line 18 arg5 == 5
FAIL: gcc.dg/guality/pr36728-1.c -O3 -g line 18 arg6 == 6
FAIL: gcc.dg/guality/pr36728-1.c -O3 -g line 18 arg7 == 30
FAIL: gcc.dg/guality/pr36728-1.c -O3 -g line 18 y == 2
FAIL: gcc.dg/guality/pr36728-1.c -Os line 16 arg1 == 1
FAIL: gcc.dg/guality/pr36728-1.c -Os line 16 arg2 == 2
FAIL: gcc.dg/guality/pr36728-1.c -Os line 16 arg3 == 3
FAIL: gcc.dg/guality/pr36728-1.c -Os line 16 arg5 == 5
FAIL: gcc.dg/guality/pr36728-1.c -Os line 16 arg7 == 30
FAIL: gcc.dg/guality/pr36728-1.c -Os line 18 arg1 == 1
FAIL: gcc.dg/guality/pr36728-1.c -Os line 18 arg2 == 2
FAIL: gcc.dg/guality/pr36728-1.c -Os line 18 arg3 == 3
FAIL: gcc.dg/guality/pr36728-1.c -Os line 18 arg5 == 5
FAIL: gcc.dg/guality/pr36728-1.c -Os line 18 arg7 == 30
FAIL: gcc.dg/guality/pr36728-2.c -O1 line 16 arg1 == 1
FAIL: gcc.dg/guality/pr36728-2.c -O1 line 16 arg2 == 2
FAIL: gcc.dg/guality/pr36728-2.c -O1 line 16 arg3 == 3
FAIL: gcc.dg/guality/pr36728-2.c -O1 line 18 arg1 == 1
FAIL: gcc.dg/guality/pr36728-2.c -O1 line 18 arg2 == 2
FAIL: gcc.dg/guality/pr36728-2.c -O1 line 18 arg3 == 3
FAIL: gcc.dg/guality/pr36728-2.c -O1 line 18 arg4 == 4
FAIL: gcc.dg/guality/pr36728-2.c -O2 line 16 arg1 == 1
FAIL: gcc.dg/guality/pr36728-2.c -O2 line 16 arg3 == 3
FAIL: gcc.dg/guality/pr36728-2.c -O2 line 16 arg5 == 5
FAIL: gcc.dg/guality/pr36728-2.c -O2 line 16 arg6 == 6
FAIL: gcc.dg/guality/pr36728-2.c -O2 line 16 y == 2
FAIL: gcc.dg/guality/pr36728-2.c -O2 line 18 arg1 == 1
FAIL: gcc.dg/guality/pr36728-2.c -O2 line 18 arg2 == 2
FAIL: gcc.dg/guality/pr36728-2.c -O2 line 18 arg3 == 3
FAIL: gcc.dg/guality/pr36728-2.c -O2 line 18 arg5 == 5
FAIL: gcc.dg/guality/pr36728-2.c -O2 line 18 arg6 == 6
FAIL: gcc.dg/guality/pr36728-2.c -O2 line 18 y == 2
FAIL: gcc.dg/guality/pr36728-2.c -O2 -flto -fno-use-linker-plugin -flto-partition=none line 16 arg4 == 4
FAIL: gcc.dg/guality/pr36728-2.c -O2 -flto -fno-use-linker-plugin -flto-partition=none line 16 arg5 == 5
FAIL: gcc.dg/guality/pr36728-2.c -O2 -flto -fno-use-linker-plugin -flto-partition=none line 18 *x == (char) 25
FAIL: gcc.dg/guality/pr36728-2.c -O2 -flto -fno-use-linker-plugin -flto-partition=none line 18 arg2 == 2
FAIL: gcc.dg/guality/pr36728-2.c -O2 -flto -fno-use-linker-plugin -flto-partition=none line 18 arg4 == 4
FAIL: gcc.dg/guality/pr36728-2.c -O2 -flto -fno-use-linker-plugin -flto-partition=none line 18 arg5 == 5
FAIL: gcc.dg/guality/pr36728-2.c -O2 -flto -fuse-linker-plugin -fno-fat-lto-objects line 16 arg1 == 1
FAIL: gcc.dg/guality/pr36728-2.c -O2 -flto -fuse-linker-plugin -fno-fat-lto-objects line 16 arg2 == 2
FAIL: gcc.dg/guality/pr36728-2.c -O2 -flto -fuse-linker-plugin -fno-fat-lto-objects line 16 arg3 == 3
FAIL: gcc.dg/guality/pr36728-2.c -O2 -flto -fuse-linker-plugin -fno-fat-lto-objects line 16 arg4 == 4
FAIL: gcc.dg/guality/pr36728-2.c -O2 -flto -fuse-linker-plugin -fno-fat-lto-objects line 16 arg5 == 5
FAIL: gcc.dg/guality/pr36728-2.c -O2 -flto -fuse-linker-plugin -fno-fat-lto-objects line 16 arg6 == 6
FAIL: gcc.dg/guality/pr36728-2.c -O2 -flto -fuse-linker-plugin -fno-fat-lto-objects line 16 arg7 == 30
FAIL: gcc.dg/guality/pr36728-2.c -O2 -flto -fuse-linker-plugin -fno-fat-lto-objects line 18 arg1 == 1
FAIL: gcc.dg/guality/pr36728-2.c -O2 -flto -fuse-linker-plugin -fno-fat-lto-objects line 18 arg2 == 2
FAIL: gcc.dg/guality/pr36728-2.c -O2 -flto -fuse-linker-plugin -fno-fat-lto-objects line 18 arg3 == 3
FAIL: gcc.dg/guality/pr36728-2.c -O2 -flto -fuse-linker-plugin -fno-fat-lto-objects line 18 arg4 == 4
FAIL: gcc.dg/guality/pr36728-2.c -O2 -flto -fuse-linker-plugin -fno-fat-lto-objects line 18 arg5 == 5
FAIL: gcc.dg/guality/pr36728-2.c -O2 -flto -fuse-linker-plugin -fno-fat-lto-objects line 18 arg6 == 6
FAIL: gcc.dg/guality/pr36728-2.c -O2 -flto -fuse-linker-plugin -fno-fat-lto-objects line 18 arg7 == 30
FAIL: gcc.dg/guality/pr36728-2.c -O3 -g line 16 arg1 == 1
FAIL: gcc.dg/guality/pr36728-2.c -O3 -g line 16 arg2 == 2
FAIL: gcc.dg/guality/pr36728-2.c -O3 -g line 16 arg3 == 3
FAIL: gcc.dg/guality/pr36728-2.c -O3 -g line 16 arg4 == 4
FAIL: gcc.dg/guality/pr36728-2.c -O3 -g line 16 arg5 == 5
FAIL: gcc.dg/guality/pr36728-2.c -O3 -g line 16 arg6 == 6
FAIL: gcc.dg/guality/pr36728-2.c -O3 -g line 16 arg7 == 30
FAIL: gcc.dg/guality/pr36728-2.c -O3 -g line 16 y == 2
FAIL: gcc.dg/guality/pr36728-2.c -O3 -g line 18 arg1 == 1
FAIL: gcc.dg/guality/pr36728-2.c -O3 -g line 18 arg2 == 2
FAIL: gcc.dg/guality/pr36728-2.c -O3 -g line 18 arg3 == 3
FAIL: gcc.dg/guality/pr36728-2.c -O3 -g line 18 arg4 == 4
FAIL: gcc.dg/guality/pr36728-2.c -O3 -g line 18 arg5 == 5
FAIL: gcc.dg/guality/pr36728-2.c -O3 -g line 18 arg6 == 6
FAIL: gcc.dg/guality/pr36728-2.c -O3 -g line 18 arg7 == 30
FAIL: gcc.dg/guality/pr36728-2.c -O3 -g line 18 y == 2
FAIL: gcc.dg/guality/pr36728-2.c -Os line 16 arg1 == 1
FAIL: gcc.dg/guality/pr36728-2.c -Os line 16 arg2 == 2
FAIL: gcc.dg/guality/pr36728-2.c -Os line 16 arg3 == 3
FAIL: gcc.dg/guality/pr36728-2.c -Os line 16 arg4 == 4
FAIL: gcc.dg/guality/pr36728-2.c -Os line 18 arg1 == 1
FAIL: gcc.dg/guality/pr36728-2.c -Os line 18 arg2 == 2
FAIL: gcc.dg/guality/pr36728-2.c -Os line 18 arg3 == 3
FAIL: gcc.dg/guality/pr36728-2.c -Os line 18 arg4 == 4
FAIL: gcc.dg/guality/pr36728-2.c -Os line 18 y == 2
FAIL: gcc.dg/guality/pr36728-3.c -O1 line 14 arg1 == 1
FAIL: gcc.dg/guality/pr36728-3.c -O1 line 14 arg2 == 2
FAIL: gcc.dg/guality/pr36728-3.c -O1 line 14 arg3 == 3
FAIL: gcc.dg/guality/pr36728-3.c -O1 line 14 arg4 == 4
FAIL: gcc.dg/guality/pr36728-3.c -O1 line 14 arg7 == 30
FAIL: gcc.dg/guality/pr36728-3.c -O1 line 16 arg1 == 1
FAIL: gcc.dg/guality/pr36728-3.c -O1 line 16 arg2 == 2
FAIL: gcc.dg/guality/pr36728-3.c -O1 line 16 arg3 == 3
FAIL: gcc.dg/guality/pr36728-3.c -O1 line 16 arg4 == 4
FAIL: gcc.dg/guality/pr36728-3.c -O1 line 16 arg7 == 30
FAIL: gcc.dg/guality/pr36728-3.c -O2 line 14 arg1 == 1
FAIL: gcc.dg/guality/pr36728-3.c -O2 line 14 arg2 == 2
FAIL: gcc.dg/guality/pr36728-3.c -O2 line 14 arg4 == 4
FAIL: gcc.dg/guality/pr36728-3.c -O2 line 14 arg5 == 5
FAIL: gcc.dg/guality/pr36728-3.c -O2 line 14 arg6 == 6
FAIL: gcc.dg/guality/pr36728-3.c -O2 line 14 arg7 == 30
FAIL: gcc.dg/guality/pr36728-3.c -O2 line 16 arg1 == 1
FAIL: gcc.dg/guality/pr36728-3.c -O2 line 16 arg2 == 2
FAIL: gcc.dg/guality/pr36728-3.c -O2 line 16 arg4 == 4
FAIL: gcc.dg/guality/pr36728-3.c -O2 line 16 arg5 == 5
FAIL: gcc.dg/guality/pr36728-3.c -O2 line 16 arg6 == 6
FAIL: gcc.dg/guality/pr36728-3.c -O2 line 16 arg7 == 30
FAIL: gcc.dg/guality/pr36728-3.c -O2 -flto -fno-use-linker-plugin -flto-partition=none line 14 arg1 == 1
FAIL: gcc.dg/guality/pr36728-3.c -O2 -flto -fno-use-linker-plugin -flto-partition=none line 14 arg2 == 2
FAIL: gcc.dg/guality/pr36728-3.c -O2 -flto -fno-use-linker-plugin -flto-partition=none line 14 arg4 == 4
FAIL: gcc.dg/guality/pr36728-3.c -O2 -flto -fno-use-linker-plugin -flto-partition=none line 14 arg5 == 5
FAIL: gcc.dg/guality/pr36728-3.c -O2 -flto -fno-use-linker-plugin -flto-partition=none line 14 arg6 == 6
FAIL: gcc.dg/guality/pr36728-3.c -O2 -flto -fno-use-linker-plugin -flto-partition=none line 14 arg7 == 30
FAIL: gcc.dg/guality/pr36728-3.c -O2 -flto -fno-use-linker-plugin -flto-partition=none line 16 arg1 == 1
FAIL: gcc.dg/guality/pr36728-3.c -O2 -flto -fno-use-linker-plugin -flto-partition=none line 16 arg2 == 2
FAIL: gcc.dg/guality/pr36728-3.c -O2 -flto -fno-use-linker-plugin -flto-partition=none line 16 arg4 == 4
FAIL: gcc.dg/guality/pr36728-3.c -O2 -flto -fno-use-linker-plugin -flto-partition=none line 16 arg5 == 5
FAIL: gcc.dg/guality/pr36728-3.c -O2 -flto -fno-use-linker-plugin -flto-partition=none line 16 arg6 == 6
FAIL: gcc.dg/guality/pr36728-3.c -O2 -flto -fno-use-linker-plugin -flto-partition=none line 16 arg7 == 30
FAIL: gcc.dg/guality/pr36728-3.c -O2 -flto -fuse-linker-plugin -fno-fat-lto-objects line 14 arg1 == 1
FAIL: gcc.dg/guality/pr36728-3.c -O2 -flto -fuse-linker-plugin -fno-fat-lto-objects line 14 arg2 == 2
FAIL: gcc.dg/guality/pr36728-3.c -O2 -flto -fuse-linker-plugin -fno-fat-lto-objects line 14 arg3 == 3
FAIL: gcc.dg/guality/pr36728-3.c -O2 -flto -fuse-linker-plugin -fno-fat-lto-objects line 14 arg4 == 4
FAIL: gcc.dg/guality/pr36728-3.c -O2 -flto -fuse-linker-plugin -fno-fat-lto-objects line 14 arg5 == 5
FAIL: gcc.dg/guality/pr36728-3.c -O2 -flto -fuse-linker-plugin -fno-fat-lto-objects line 14 arg6 == 6
FAIL: gcc.dg/guality/pr36728-3.c -O2 -flto -fuse-linker-plugin -fno-fat-lto-objects line 14 arg7 == 30
FAIL: gcc.dg/guality/pr36728-3.c -O2 -flto -fuse-linker-plugin -fno-fat-lto-objects line 16 arg1 == 1
FAIL: gcc.dg/guality/pr36728-3.c -O2 -flto -fuse-linker-plugin -fno-fat-lto-objects line 16 arg2 == 2
FAIL: gcc.dg/guality/pr36728-3.c -O2 -flto -fuse-linker-plugin -fno-fat-lto-objects line 16 arg3 == 3
FAIL: gcc.dg/guality/pr36728-3.c -O2 -flto -fuse-linker-plugin -fno-fat-lto-objects line 16 arg4 == 4
FAIL: gcc.dg/guality/pr36728-3.c -O2 -flto -fuse-linker-plugin -fno-fat-lto-objects line 16 arg5 == 5
FAIL: gcc.dg/guality/pr36728-3.c -O2 -flto -fuse-linker-plugin -fno-fat-lto-objects line 16 arg6 == 6
FAIL: gcc.dg/guality/pr36728-3.c -O2 -flto -fuse-linker-plugin -fno-fat-lto-objects line 16 arg7 == 30
FAIL: gcc.dg/guality/pr36728-3.c -O3 -g line 14 arg1 == 1
FAIL: gcc.dg/guality/pr36728-3.c -O3 -g line 14 arg2 == 2
FAIL: gcc.dg/guality/pr36728-3.c -O3 -g line 14 arg3 == 3
FAIL: gcc.dg/guality/pr36728-3.c -O3 -g line 14 arg4 == 4
FAIL: gcc.dg/guality/pr36728-3.c -O3 -g line 14 arg5 == 5
FAIL: gcc.dg/guality/pr36728-3.c -O3 -g line 14 arg6 == 6
FAIL: gcc.dg/guality/pr36728-3.c -O3 -g line 14 arg7 == 30
FAIL: gcc.dg/guality/pr36728-3.c -O3 -g line 16 arg1 == 1
FAIL: gcc.dg/guality/pr36728-3.c -O3 -g line 16 arg2 == 2
FAIL: gcc.dg/guality/pr36728-3.c -O3 -g line 16 arg3 == 3
FAIL: gcc.dg/guality/pr36728-3.c -O3 -g line 16 arg4 == 4
FAIL: gcc.dg/guality/pr36728-3.c -O3 -g line 16 arg5 == 5
FAIL: gcc.dg/guality/pr36728-3.c -O3 -g line 16 arg6 == 6
FAIL: gcc.dg/guality/pr36728-3.c -O3 -g line 16 arg7 == 30
FAIL: gcc.dg/guality/pr36728-3.c -Os line 14 arg1 == 1
FAIL: gcc.dg/guality/pr36728-3.c -Os line 14 arg2 == 2
FAIL: gcc.dg/guality/pr36728-3.c -Os line 14 arg3 == 3
FAIL: gcc.dg/guality/pr36728-3.c -Os line 14 arg4 == 4
FAIL: gcc.dg/guality/pr36728-3.c -Os line 14 arg7 == 30
FAIL: gcc.dg/guality/pr36728-3.c -Os line 16 arg1 == 1
FAIL: gcc.dg/guality/pr36728-3.c -Os line 16 arg2 == 2
FAIL: gcc.dg/guality/pr36728-3.c -Os line 16 arg3 == 3
FAIL: gcc.dg/guality/pr36728-3.c -Os line 16 arg4 == 4
FAIL: gcc.dg/guality/pr36728-3.c -Os line 16 arg7 == 30
FAIL: gcc.dg/guality/pr36728-4.c -O1 line 14 arg1 == 1
FAIL: gcc.dg/guality/pr36728-4.c -O1 line 14 arg2 == 2
FAIL: gcc.dg/guality/pr36728-4.c -O1 line 14 arg3 == 3
FAIL: gcc.dg/guality/pr36728-4.c -O1 line 16 arg1 == 1
FAIL: gcc.dg/guality/pr36728-4.c -O1 line 16 arg2 == 2
FAIL: gcc.dg/guality/pr36728-4.c -O1 line 16 arg3 == 3
FAIL: gcc.dg/guality/pr36728-4.c -O2 line 14 arg1 == 1
FAIL: gcc.dg/guality/pr36728-4.c -O2 line 14 arg2 == 2
FAIL: gcc.dg/guality/pr36728-4.c -O2 line 14 arg3 == 3
FAIL: gcc.dg/guality/pr36728-4.c -O2 line 14 arg4 == 4
FAIL: gcc.dg/guality/pr36728-4.c -O2 line 16 arg1 == 1
FAIL: gcc.dg/guality/pr36728-4.c -O2 line 16 arg2 == 2
FAIL: gcc.dg/guality/pr36728-4.c -O2 line 16 arg3 == 3
FAIL: gcc.dg/guality/pr36728-4.c -O2 line 16 arg4 == 4
FAIL: gcc.dg/guality/pr36728-4.c -O2 -flto -fno-use-linker-plugin -flto-partition=none line 14 arg1 == 1
FAIL: gcc.dg/guality/pr36728-4.c -O2 -flto -fno-use-linker-plugin -flto-partition=none line 14 arg2 == 2
FAIL: gcc.dg/guality/pr36728-4.c -O2 -flto -fno-use-linker-plugin -flto-partition=none line 14 arg3 == 3
FAIL: gcc.dg/guality/pr36728-4.c -O2 -flto -fno-use-linker-plugin -flto-partition=none line 16 arg1 == 1
FAIL: gcc.dg/guality/pr36728-4.c -O2 -flto -fno-use-linker-plugin -flto-partition=none line 16 arg2 == 2
FAIL: gcc.dg/guality/pr36728-4.c -O2 -flto -fno-use-linker-plugin -flto-partition=none line 16 arg3 == 3
FAIL: gcc.dg/guality/pr36728-4.c -O2 -flto -fuse-linker-plugin -fno-fat-lto-objects line 14 arg1 == 1
FAIL: gcc.dg/guality/pr36728-4.c -O2 -flto -fuse-linker-plugin -fno-fat-lto-objects line 14 arg2 == 2
FAIL: gcc.dg/guality/pr36728-4.c -O2 -flto -fuse-linker-plugin -fno-fat-lto-objects line 14 arg3 == 3
FAIL: gcc.dg/guality/pr36728-4.c -O2 -flto -fuse-linker-plugin -fno-fat-lto-objects line 14 arg4 == 4
FAIL: gcc.dg/guality/pr36728-4.c -O2 -flto -fuse-linker-plugin -fno-fat-lto-objects line 14 arg5 == 5
FAIL: gcc.dg/guality/pr36728-4.c -O2 -flto -fuse-linker-plugin -fno-fat-lto-objects line 14 arg6 == 6
FAIL: gcc.dg/guality/pr36728-4.c -O2 -flto -fuse-linker-plugin -fno-fat-lto-objects line 14 arg7 == 30
FAIL: gcc.dg/guality/pr36728-4.c -O2 -flto -fuse-linker-plugin -fno-fat-lto-objects line 16 arg1 == 1
FAIL: gcc.dg/guality/pr36728-4.c -O2 -flto -fuse-linker-plugin -fno-fat-lto-objects line 16 arg2 == 2
FAIL: gcc.dg/guality/pr36728-4.c -O2 -flto -fuse-linker-plugin -fno-fat-lto-objects line 16 arg3 == 3
FAIL: gcc.dg/guality/pr36728-4.c -O2 -flto -fuse-linker-plugin -fno-fat-lto-objects line 16 arg4 == 4
FAIL: gcc.dg/guality/pr36728-4.c -O2 -flto -fuse-linker-plugin -fno-fat-lto-objects line 16 arg5 == 5
FAIL: gcc.dg/guality/pr36728-4.c -O2 -flto -fuse-linker-plugin -fno-fat-lto-objects line 16 arg6 == 6
FAIL: gcc.dg/guality/pr36728-4.c -O2 -flto -fuse-linker-plugin -fno-fat-lto-objects line 16 arg7 == 30
FAIL: gcc.dg/guality/pr36728-4.c -O3 -g line 14 arg1 == 1
FAIL: gcc.dg/guality/pr36728-4.c -O3 -g line 14 arg2 == 2
FAIL: gcc.dg/guality/pr36728-4.c -O3 -g line 14 arg3 == 3
FAIL: gcc.dg/guality/pr36728-4.c -O3 -g line 14 arg4 == 4
FAIL: gcc.dg/guality/pr36728-4.c -O3 -g line 14 arg5 == 5
FAIL: gcc.dg/guality/pr36728-4.c -O3 -g line 14 arg6 == 6
FAIL: gcc.dg/guality/pr36728-4.c -O3 -g line 14 arg7 == 30
FAIL: gcc.dg/guality/pr36728-4.c -O3 -g line 16 arg1 == 1
FAIL: gcc.dg/guality/pr36728-4.c -O3 -g line 16 arg2 == 2
FAIL: gcc.dg/guality/pr36728-4.c -O3 -g line 16 arg3 == 3
FAIL: gcc.dg/guality/pr36728-4.c -O3 -g line 16 arg4 == 4
FAIL: gcc.dg/guality/pr36728-4.c -O3 -g line 16 arg5 == 5
FAIL: gcc.dg/guality/pr36728-4.c -O3 -g line 16 arg6 == 6
FAIL: gcc.dg/guality/pr36728-4.c -O3 -g line 16 arg7 == 30
FAIL: gcc.dg/guality/pr36728-4.c -Os line 14 arg1 == 1
FAIL: gcc.dg/guality/pr36728-4.c -Os line 14 arg2 == 2
FAIL: gcc.dg/guality/pr36728-4.c -Os line 14 arg3 == 3
FAIL: gcc.dg/guality/pr36728-4.c -Os line 16 arg1 == 1
FAIL: gcc.dg/guality/pr36728-4.c -Os line 16 arg2 == 2
FAIL: gcc.dg/guality/pr36728-4.c -Os line 16 arg3 == 3
XPASS: gcc.dg/guality/pr41353-1.c -O0 line 28 j == 28 + 37
FAIL: gcc.dg/guality/pr41447-1.c -O2 execution test
FAIL: gcc.dg/guality/pr41447-1.c -O2 -flto -fno-use-linker-plugin -flto-partition=none execution test
FAIL: gcc.dg/guality/pr41447-1.c -O3 -g execution test
FAIL: gcc.dg/guality/pr41447-1.c -Os execution test
FAIL: gcc.dg/guality/pr41616-1.c -O2 -flto -fuse-linker-plugin -fno-fat-lto-objects execution test
FAIL: gcc.dg/guality/pr45882.c -O2 -flto -fuse-linker-plugin -fno-fat-lto-objects line 16 d == 112
FAIL: gcc.dg/guality/pr45882.c -O2 -flto -fuse-linker-plugin -fno-fat-lto-objects line 16 e == 142
FAIL: gcc.dg/guality/pr54200.c -O1 line 20 z == 3
FAIL: gcc.dg/guality/pr54200.c -O2 line 20 z == 3
FAIL: gcc.dg/guality/pr54200.c -O2 -flto -fno-use-linker-plugin -flto-partition=none line 20 z == 3
FAIL: gcc.dg/guality/pr54200.c -O2 -flto -fuse-linker-plugin -fno-fat-lto-objects line 20 z == 3
FAIL: gcc.dg/guality/pr54200.c -O3 -g line 20 z == 3
FAIL: gcc.dg/guality/pr54200.c -Os line 20 z == 3
FAIL: gcc.dg/guality/pr54519-1.c -O1 line 20 z == 6
FAIL: gcc.dg/guality/pr54519-1.c -O1 line 23 z == 8
FAIL: gcc.dg/guality/pr54519-1.c -O2 line 20 y == 25
FAIL: gcc.dg/guality/pr54519-1.c -O2 line 20 z == 6
FAIL: gcc.dg/guality/pr54519-1.c -O2 line 23 y == 117
FAIL: gcc.dg/guality/pr54519-1.c -O2 line 23 z == 8
FAIL: gcc.dg/guality/pr54519-1.c -O2 -flto -fno-use-linker-plugin -flto-partition=none line 20 y == 25
FAIL: gcc.dg/guality/pr54519-1.c -O2 -flto -fno-use-linker-plugin -flto-partition=none line 20 z == 6
FAIL: gcc.dg/guality/pr54519-1.c -O2 -flto -fno-use-linker-plugin -flto-partition=none line 23 y == 117
FAIL: gcc.dg/guality/pr54519-1.c -O2 -flto -fno-use-linker-plugin -flto-partition=none line 23 z == 8
FAIL: gcc.dg/guality/pr54519-1.c -O2 -flto -fuse-linker-plugin -fno-fat-lto-objects line 20 y == 25
FAIL: gcc.dg/guality/pr54519-1.c -O2 -flto -fuse-linker-plugin -fno-fat-lto-objects line 20 z == 6
FAIL: gcc.dg/guality/pr54519-1.c -Os line 20 y == 25
FAIL: gcc.dg/guality/pr54519-1.c -Os line 20 z == 6
FAIL: gcc.dg/guality/pr54519-1.c -Os line 23 y == 117
FAIL: gcc.dg/guality/pr54519-1.c -Os line 23 z == 8
FAIL: gcc.dg/guality/pr54519-2.c -O1 line 17 y == 25
FAIL: gcc.dg/guality/pr54519-2.c -O2 line 17 y == 25
FAIL: gcc.dg/guality/pr54519-2.c -O2 -flto -fno-use-linker-plugin -flto-partition=none line 17 y == 25
FAIL: gcc.dg/guality/pr54519-2.c -O2 -flto -fuse-linker-plugin -fno-fat-lto-objects line 17 y == 25
FAIL: gcc.dg/guality/pr54519-2.c -Os line 17 y == 25
FAIL: gcc.dg/guality/pr54519-3.c -O1 line 20 z == 6
FAIL: gcc.dg/guality/pr54519-3.c -O1 line 23 z == 8
FAIL: gcc.dg/guality/pr54519-3.c -O2 -flto -fno-use-linker-plugin -flto-partition=none line 20 y == 25
FAIL: gcc.dg/guality/pr54519-3.c -O2 -flto -fno-use-linker-plugin -flto-partition=none line 20 z == 6
FAIL: gcc.dg/guality/pr54519-3.c -O2 -flto -fno-use-linker-plugin -flto-partition=none line 23 y == 117
FAIL: gcc.dg/guality/pr54519-3.c -O2 -flto -fno-use-linker-plugin -flto-partition=none line 23 z == 8
FAIL: gcc.dg/guality/pr54519-3.c -O2 -flto -fuse-linker-plugin -fno-fat-lto-objects line 20 y == 25
FAIL: gcc.dg/guality/pr54519-3.c -O2 -flto -fuse-linker-plugin -fno-fat-lto-objects line 20 z == 6
FAIL: gcc.dg/guality/pr54519-3.c -O2 -flto -fuse-linker-plugin -fno-fat-lto-objects line 23 y == 117
FAIL: gcc.dg/guality/pr54519-3.c -O2 -flto -fuse-linker-plugin -fno-fat-lto-objects line 23 z == 8
FAIL: gcc.dg/guality/pr54519-4.c -O1 line 17 y == 25
FAIL: gcc.dg/guality/pr54519-4.c -O2 -flto -fno-use-linker-plugin -flto-partition=none line 17 y == 25
FAIL: gcc.dg/guality/pr54519-4.c -O2 -flto -fuse-linker-plugin -fno-fat-lto-objects line 17 y == 25
FAIL: gcc.dg/guality/pr54519-5.c -O1 line 17 y == 25
FAIL: gcc.dg/guality/pr54519-5.c -O2 line 17 y == 25
FAIL: gcc.dg/guality/pr54519-5.c -O2 -flto -fno-use-linker-plugin -flto-partition=none line 17 y == 25
FAIL: gcc.dg/guality/pr54519-5.c -O2 -flto -fuse-linker-plugin -fno-fat-lto-objects line 17 y == 25
FAIL: gcc.dg/guality/pr54519-5.c -Os line 17 y == 25
FAIL: gcc.dg/guality/pr54551.c -O1 line 18 a == 4
FAIL: gcc.dg/guality/pr54551.c -O1 line 18 z == 3
FAIL: gcc.dg/guality/pr54693.c -O1 line 22 i == c - 48
FAIL: gcc.dg/guality/pr54693.c -O2 line 22 i == c - 48
FAIL: gcc.dg/guality/pr54693.c -O2 -flto -fno-use-linker-plugin -flto-partition=none line 22 i == c - 48
FAIL: gcc.dg/guality/pr54693.c -O2 -flto -fuse-linker-plugin -fno-fat-lto-objects line 22 i == c - 48
FAIL: gcc.dg/guality/pr54693.c -O3 -fomit-frame-pointer -funroll-loops -fpeel-loops -ftracer -finline-functions line 22 i == c - 48
FAIL: gcc.dg/guality/pr54693.c -O3 -g line 22 i == c - 48
FAIL: gcc.dg/guality/pr54796.c -O1 line 17 a == 5
FAIL: gcc.dg/guality/pr54796.c -O1 line 17 b == 6
FAIL: gcc.dg/guality/pr54796.c -O1 line 17 c == 5
FAIL: gcc.dg/guality/pr54796.c -O2 line 17 a == 5
FAIL: gcc.dg/guality/pr54796.c -O2 line 17 b == 6
FAIL: gcc.dg/guality/pr54796.c -O2 line 17 c == 5
FAIL: gcc.dg/guality/pr54796.c -O2 -flto -fno-use-linker-plugin -flto-partition=none line 17 a == 5
FAIL: gcc.dg/guality/pr54796.c -O2 -flto -fno-use-linker-plugin -flto-partition=none line 17 b == 6
FAIL: gcc.dg/guality/pr54796.c -O2 -flto -fno-use-linker-plugin -flto-partition=none line 17 c == 5
FAIL: gcc.dg/guality/pr54796.c -O2 -flto -fuse-linker-plugin -fno-fat-lto-objects line 17 a == 5
FAIL: gcc.dg/guality/pr54796.c -O2 -flto -fuse-linker-plugin -fno-fat-lto-objects line 17 b == 6
FAIL: gcc.dg/guality/pr54796.c -O2 -flto -fuse-linker-plugin -fno-fat-lto-objects line 17 c == 5
FAIL: gcc.dg/guality/pr54796.c -O3 -g line 17 a == 5
FAIL: gcc.dg/guality/pr54796.c -O3 -g line 17 b == 6
FAIL: gcc.dg/guality/pr54796.c -O3 -g line 17 c == 5
FAIL: gcc.dg/guality/pr54796.c -Os line 17 a == 5
FAIL: gcc.dg/guality/pr54796.c -Os line 17 b == 6
FAIL: gcc.dg/guality/pr54796.c -Os line 17 c == 5
FAIL: gcc.dg/guality/pr68860-1.c -O1 line 14 arg1 == 1
FAIL: gcc.dg/guality/pr68860-1.c -O1 line 14 arg2 == 2
FAIL: gcc.dg/guality/pr68860-1.c -O1 line 14 arg3 == 3
FAIL: gcc.dg/guality/pr68860-1.c -O1 line 14 arg4 == 4
FAIL: gcc.dg/guality/pr68860-1.c -O1 line 14 arg7 == 30
FAIL: gcc.dg/guality/pr68860-1.c -O1 line 16 arg1 == 1
FAIL: gcc.dg/guality/pr68860-1.c -O1 line 16 arg2 == 2
FAIL: gcc.dg/guality/pr68860-1.c -O1 line 16 arg3 == 3
FAIL: gcc.dg/guality/pr68860-1.c -O1 line 16 arg4 == 4
FAIL: gcc.dg/guality/pr68860-1.c -O1 line 16 arg7 == 30
FAIL: gcc.dg/guality/pr68860-1.c -O2 line 14 arg1 == 1
FAIL: gcc.dg/guality/pr68860-1.c -O2 line 14 arg2 == 2
FAIL: gcc.dg/guality/pr68860-1.c -O2 line 14 arg3 == 3
FAIL: gcc.dg/guality/pr68860-1.c -O2 line 14 arg4 == 4
FAIL: gcc.dg/guality/pr68860-1.c -O2 line 14 arg5 == 5
FAIL: gcc.dg/guality/pr68860-1.c -O2 line 14 arg6 == 6
FAIL: gcc.dg/guality/pr68860-1.c -O2 line 14 arg7 == 30
FAIL: gcc.dg/guality/pr68860-1.c -O2 line 16 arg1 == 1
FAIL: gcc.dg/guality/pr68860-1.c -O2 line 16 arg2 == 2
FAIL: gcc.dg/guality/pr68860-1.c -O2 line 16 arg3 == 3
FAIL: gcc.dg/guality/pr68860-1.c -O2 line 16 arg4 == 4
FAIL: gcc.dg/guality/pr68860-1.c -O2 line 16 arg5 == 5
FAIL: gcc.dg/guality/pr68860-1.c -O2 line 16 arg6 == 6
FAIL: gcc.dg/guality/pr68860-1.c -O2 line 16 arg7 == 30
FAIL: gcc.dg/guality/pr68860-1.c -O2 -flto -fno-use-linker-plugin -flto-partition=none line 14 arg1 == 1
FAIL: gcc.dg/guality/pr68860-1.c -O2 -flto -fno-use-linker-plugin -flto-partition=none line 14 arg2 == 2
FAIL: gcc.dg/guality/pr68860-1.c -O2 -flto -fno-use-linker-plugin -flto-partition=none line 14 arg3 == 3
FAIL: gcc.dg/guality/pr68860-1.c -O2 -flto -fno-use-linker-plugin -flto-partition=none line 14 arg4 == 4
FAIL: gcc.dg/guality/pr68860-1.c -O2 -flto -fno-use-linker-plugin -flto-partition=none line 14 arg5 == 5
FAIL: gcc.dg/guality/pr68860-1.c -O2 -flto -fno-use-linker-plugin -flto-partition=none line 14 arg6 == 6
FAIL: gcc.dg/guality/pr68860-1.c -O2 -flto -fno-use-linker-plugin -flto-partition=none line 14 arg7 == 30
FAIL: gcc.dg/guality/pr68860-1.c -O2 -flto -fno-use-linker-plugin -flto-partition=none line 16 arg1 == 1
FAIL: gcc.dg/guality/pr68860-1.c -O2 -flto -fno-use-linker-plugin -flto-partition=none line 16 arg2 == 2
FAIL: gcc.dg/guality/pr68860-1.c -O2 -flto -fno-use-linker-plugin -flto-partition=none line 16 arg3 == 3
FAIL: gcc.dg/guality/pr68860-1.c -O2 -flto -fno-use-linker-plugin -flto-partition=none line 16 arg4 == 4
FAIL: gcc.dg/guality/pr68860-1.c -O2 -flto -fno-use-linker-plugin -flto-partition=none line 16 arg5 == 5
FAIL: gcc.dg/guality/pr68860-1.c -O2 -flto -fno-use-linker-plugin -flto-partition=none line 16 arg6 == 6
FAIL: gcc.dg/guality/pr68860-1.c -O2 -flto -fno-use-linker-plugin -flto-partition=none line 16 arg7 == 30
FAIL: gcc.dg/guality/pr68860-1.c -O2 -flto -fuse-linker-plugin -fno-fat-lto-objects line 14 arg1 == 1
FAIL: gcc.dg/guality/pr68860-1.c -O2 -flto -fuse-linker-plugin -fno-fat-lto-objects line 14 arg2 == 2
FAIL: gcc.dg/guality/pr68860-1.c -O2 -flto -fuse-linker-plugin -fno-fat-lto-objects line 14 arg3 == 3
FAIL: gcc.dg/guality/pr68860-1.c -O2 -flto -fuse-linker-plugin -fno-fat-lto-objects line 14 arg4 == 4
FAIL: gcc.dg/guality/pr68860-1.c -O2 -flto -fuse-linker-plugin -fno-fat-lto-objects line 14 arg5 == 5
FAIL: gcc.dg/guality/pr68860-1.c -O2 -flto -fuse-linker-plugin -fno-fat-lto-objects line 14 arg6 == 6
FAIL: gcc.dg/guality/pr68860-1.c -O2 -flto -fuse-linker-plugin -fno-fat-lto-objects line 14 arg7 == 30
FAIL: gcc.dg/guality/pr68860-1.c -O2 -flto -fuse-linker-plugin -fno-fat-lto-objects line 16 arg1 == 1
FAIL: gcc.dg/guality/pr68860-1.c -O2 -flto -fuse-linker-plugin -fno-fat-lto-objects line 16 arg2 == 2
FAIL: gcc.dg/guality/pr68860-1.c -O2 -flto -fuse-linker-plugin -fno-fat-lto-objects line 16 arg3 == 3
FAIL: gcc.dg/guality/pr68860-1.c -O2 -flto -fuse-linker-plugin -fno-fat-lto-objects line 16 arg4 == 4
FAIL: gcc.dg/guality/pr68860-1.c -O2 -flto -fuse-linker-plugin -fno-fat-lto-objects line 16 arg5 == 5
FAIL: gcc.dg/guality/pr68860-1.c -O2 -flto -fuse-linker-plugin -fno-fat-lto-objects line 16 arg6 == 6
FAIL: gcc.dg/guality/pr68860-1.c -O2 -flto -fuse-linker-plugin -fno-fat-lto-objects line 16 arg7 == 30
FAIL: gcc.dg/guality/pr68860-1.c -O3 -g line 14 arg1 == 1
FAIL: gcc.dg/guality/pr68860-1.c -O3 -g line 14 arg2 == 2
FAIL: gcc.dg/guality/pr68860-1.c -O3 -g line 14 arg3 == 3
FAIL: gcc.dg/guality/pr68860-1.c -O3 -g line 14 arg4 == 4
FAIL: gcc.dg/guality/pr68860-1.c -O3 -g line 14 arg5 == 5
FAIL: gcc.dg/guality/pr68860-1.c -O3 -g line 14 arg6 == 6
FAIL: gcc.dg/guality/pr68860-1.c -O3 -g line 14 arg7 == 30
FAIL: gcc.dg/guality/pr68860-1.c -O3 -g line 16 arg1 == 1
FAIL: gcc.dg/guality/pr68860-1.c -O3 -g line 16 arg2 == 2
FAIL: gcc.dg/guality/pr68860-1.c -O3 -g line 16 arg3 == 3
FAIL: gcc.dg/guality/pr68860-1.c -O3 -g line 16 arg4 == 4
FAIL: gcc.dg/guality/pr68860-1.c -O3 -g line 16 arg5 == 5
FAIL: gcc.dg/guality/pr68860-1.c -O3 -g line 16 arg6 == 6
FAIL: gcc.dg/guality/pr68860-1.c -O3 -g line 16 arg7 == 30
FAIL: gcc.dg/guality/pr68860-1.c -Os line 14 arg1 == 1
FAIL: gcc.dg/guality/pr68860-1.c -Os line 14 arg2 == 2
FAIL: gcc.dg/guality/pr68860-1.c -Os line 14 arg3 == 3
FAIL: gcc.dg/guality/pr68860-1.c -Os line 14 arg4 == 4
FAIL: gcc.dg/guality/pr68860-1.c -Os line 14 arg5 == 5
FAIL: gcc.dg/guality/pr68860-1.c -Os line 14 arg6 == 6
FAIL: gcc.dg/guality/pr68860-1.c -Os line 14 arg7 == 30
FAIL: gcc.dg/guality/pr68860-1.c -Os line 16 arg1 == 1
FAIL: gcc.dg/guality/pr68860-1.c -Os line 16 arg2 == 2
FAIL: gcc.dg/guality/pr68860-1.c -Os line 16 arg3 == 3
FAIL: gcc.dg/guality/pr68860-1.c -Os line 16 arg4 == 4
FAIL: gcc.dg/guality/pr68860-1.c -Os line 16 arg5 == 5
FAIL: gcc.dg/guality/pr68860-1.c -Os line 16 arg6 == 6
FAIL: gcc.dg/guality/pr68860-1.c -Os line 16 arg7 == 30
FAIL: gcc.dg/guality/pr68860-2.c -O1 line 14 arg1 == 1
FAIL: gcc.dg/guality/pr68860-2.c -O1 line 14 arg2 == 2
FAIL: gcc.dg/guality/pr68860-2.c -O1 line 14 arg3 == 3
FAIL: gcc.dg/guality/pr68860-2.c -O1 line 14 arg4 == 4
FAIL: gcc.dg/guality/pr68860-2.c -O1 line 14 arg7 == 30
FAIL: gcc.dg/guality/pr68860-2.c -O1 line 16 arg1 == 1
FAIL: gcc.dg/guality/pr68860-2.c -O1 line 16 arg2 == 2
FAIL: gcc.dg/guality/pr68860-2.c -O1 line 16 arg3 == 3
FAIL: gcc.dg/guality/pr68860-2.c -O1 line 16 arg4 == 4
FAIL: gcc.dg/guality/pr68860-2.c -O1 line 16 arg7 == 30
FAIL: gcc.dg/guality/pr68860-2.c -O2 line 14 arg1 == 1
FAIL: gcc.dg/guality/pr68860-2.c -O2 line 14 arg2 == 2
FAIL: gcc.dg/guality/pr68860-2.c -O2 line 14 arg4 == 4
FAIL: gcc.dg/guality/pr68860-2.c -O2 line 14 arg5 == 5
FAIL: gcc.dg/guality/pr68860-2.c -O2 line 14 arg7 == 30
FAIL: gcc.dg/guality/pr68860-2.c -O2 line 16 arg1 == 1
FAIL: gcc.dg/guality/pr68860-2.c -O2 line 16 arg2 == 2
FAIL: gcc.dg/guality/pr68860-2.c -O2 line 16 arg4 == 4
FAIL: gcc.dg/guality/pr68860-2.c -O2 line 16 arg5 == 5
FAIL: gcc.dg/guality/pr68860-2.c -O2 line 16 arg7 == 30
FAIL: gcc.dg/guality/pr68860-2.c -O2 -flto -fno-use-linker-plugin -flto-partition=none line 14 arg1 == 1
FAIL: gcc.dg/guality/pr68860-2.c -O2 -flto -fno-use-linker-plugin -flto-partition=none line 14 arg2 == 2
FAIL: gcc.dg/guality/pr68860-2.c -O2 -flto -fno-use-linker-plugin -flto-partition=none line 14 arg4 == 4
FAIL: gcc.dg/guality/pr68860-2.c -O2 -flto -fno-use-linker-plugin -flto-partition=none line 14 arg5 == 5
FAIL: gcc.dg/guality/pr68860-2.c -O2 -flto -fno-use-linker-plugin -flto-partition=none line 14 arg7 == 30
FAIL: gcc.dg/guality/pr68860-2.c -O2 -flto -fno-use-linker-plugin -flto-partition=none line 16 arg1 == 1
FAIL: gcc.dg/guality/pr68860-2.c -O2 -flto -fno-use-linker-plugin -flto-partition=none line 16 arg2 == 2
FAIL: gcc.dg/guality/pr68860-2.c -O2 -flto -fno-use-linker-plugin -flto-partition=none line 16 arg4 == 4
FAIL: gcc.dg/guality/pr68860-2.c -O2 -flto -fno-use-linker-plugin -flto-partition=none line 16 arg5 == 5
FAIL: gcc.dg/guality/pr68860-2.c -O2 -flto -fno-use-linker-plugin -flto-partition=none line 16 arg7 == 30
FAIL: gcc.dg/guality/pr68860-2.c -O2 -flto -fuse-linker-plugin -fno-fat-lto-objects line 14 arg1 == 1
FAIL: gcc.dg/guality/pr68860-2.c -O2 -flto -fuse-linker-plugin -fno-fat-lto-objects line 14 arg2 == 2
FAIL: gcc.dg/guality/pr68860-2.c -O2 -flto -fuse-linker-plugin -fno-fat-lto-objects line 14 arg3 == 3
FAIL: gcc.dg/guality/pr68860-2.c -O2 -flto -fuse-linker-plugin -fno-fat-lto-objects line 14 arg4 == 4
FAIL: gcc.dg/guality/pr68860-2.c -O2 -flto -fuse-linker-plugin -fno-fat-lto-objects line 14 arg5 == 5
FAIL: gcc.dg/guality/pr68860-2.c -O2 -flto -fuse-linker-plugin -fno-fat-lto-objects line 14 arg6 == 6
FAIL: gcc.dg/guality/pr68860-2.c -O2 -flto -fuse-linker-plugin -fno-fat-lto-objects line 14 arg7 == 30
FAIL: gcc.dg/guality/pr68860-2.c -O2 -flto -fuse-linker-plugin -fno-fat-lto-objects line 16 arg1 == 1
FAIL: gcc.dg/guality/pr68860-2.c -O2 -flto -fuse-linker-plugin -fno-fat-lto-objects line 16 arg2 == 2
FAIL: gcc.dg/guality/pr68860-2.c -O2 -flto -fuse-linker-plugin -fno-fat-lto-objects line 16 arg3 == 3
FAIL: gcc.dg/guality/pr68860-2.c -O2 -flto -fuse-linker-plugin -fno-fat-lto-objects line 16 arg4 == 4
FAIL: gcc.dg/guality/pr68860-2.c -O2 -flto -fuse-linker-plugin -fno-fat-lto-objects line 16 arg5 == 5
FAIL: gcc.dg/guality/pr68860-2.c -O2 -flto -fuse-linker-plugin -fno-fat-lto-objects line 16 arg6 == 6
FAIL: gcc.dg/guality/pr68860-2.c -O2 -flto -fuse-linker-plugin -fno-fat-lto-objects line 16 arg7 == 30
FAIL: gcc.dg/guality/pr68860-2.c -O3 -g line 14 arg1 == 1
FAIL: gcc.dg/guality/pr68860-2.c -O3 -g line 14 arg2 == 2
FAIL: gcc.dg/guality/pr68860-2.c -O3 -g line 14 arg3 == 3
FAIL: gcc.dg/guality/pr68860-2.c -O3 -g line 14 arg4 == 4
FAIL: gcc.dg/guality/pr68860-2.c -O3 -g line 14 arg5 == 5
FAIL: gcc.dg/guality/pr68860-2.c -O3 -g line 14 arg6 == 6
FAIL: gcc.dg/guality/pr68860-2.c -O3 -g line 14 arg7 == 30
FAIL: gcc.dg/guality/pr68860-2.c -O3 -g line 16 arg1 == 1
FAIL: gcc.dg/guality/pr68860-2.c -O3 -g line 16 arg2 == 2
FAIL: gcc.dg/guality/pr68860-2.c -O3 -g line 16 arg3 == 3
FAIL: gcc.dg/guality/pr68860-2.c -O3 -g line 16 arg4 == 4
FAIL: gcc.dg/guality/pr68860-2.c -O3 -g line 16 arg5 == 5
FAIL: gcc.dg/guality/pr68860-2.c -O3 -g line 16 arg6 == 6
FAIL: gcc.dg/guality/pr68860-2.c -O3 -g line 16 arg7 == 30
FAIL: gcc.dg/guality/pr68860-2.c -Os line 14 arg1 == 1
FAIL: gcc.dg/guality/pr68860-2.c -Os line 14 arg2 == 2
FAIL: gcc.dg/guality/pr68860-2.c -Os line 14 arg3 == 3
FAIL: gcc.dg/guality/pr68860-2.c -Os line 14 arg4 == 4
FAIL: gcc.dg/guality/pr68860-2.c -Os line 14 arg7 == 30
FAIL: gcc.dg/guality/pr68860-2.c -Os line 16 arg1 == 1
FAIL: gcc.dg/guality/pr68860-2.c -Os line 16 arg2 == 2
FAIL: gcc.dg/guality/pr68860-2.c -Os line 16 arg3 == 3
FAIL: gcc.dg/guality/pr68860-2.c -Os line 16 arg4 == 4
FAIL: gcc.dg/guality/pr68860-2.c -Os line 16 arg7 == 30
FAIL: gcc.dg/guality/pr69947.c -O2 -flto -fno-use-linker-plugin -flto-partition=none line 14 c[2] == 'o'
FAIL: gcc.dg/guality/pr69947.c -O2 -flto -fuse-linker-plugin -fno-fat-lto-objects line 14 c[2] == 'o'
FAIL: gcc.dg/guality/vla-1.c -O1 line 17 sizeof (a) == 6
FAIL: gcc.dg/guality/vla-1.c -O2 line 17 sizeof (a) == 6
FAIL: gcc.dg/guality/vla-1.c -O2 line 24 sizeof (a) == 17 * sizeof (short)
FAIL: gcc.dg/guality/vla-1.c -O2 -flto -fno-use-linker-plugin -flto-partition=none line 17 sizeof (a) == 6
FAIL: gcc.dg/guality/vla-1.c -O2 -flto -fno-use-linker-plugin -flto-partition=none line 24 sizeof (a) == 17 * sizeof (short)
FAIL: gcc.dg/guality/vla-1.c -O2 -flto -fuse-linker-plugin -fno-fat-lto-objects line 17 i == 5
FAIL: gcc.dg/guality/vla-1.c -O2 -flto -fuse-linker-plugin -fno-fat-lto-objects line 17 sizeof (a) == 6
FAIL: gcc.dg/guality/vla-1.c -O2 -flto -fuse-linker-plugin -fno-fat-lto-objects line 24 sizeof (a) == 17 * sizeof (short)
FAIL: gcc.dg/guality/vla-1.c -O3 -g line 17 i == 5
FAIL: gcc.dg/guality/vla-1.c -O3 -g line 17 sizeof (a) == 6
FAIL: gcc.dg/guality/vla-1.c -O3 -g line 24 sizeof (a) == 17 * sizeof (short)
FAIL: gcc.dg/guality/vla-1.c -Os line 17 sizeof (a) == 6
FAIL: gcc.target/aarch64/aapcs64/test_1.c compilation, -O0
FAIL: gcc.target/aarch64/aapcs64/test_1.c compilation, -O1
FAIL: gcc.target/aarch64/aapcs64/test_1.c compilation, -O2
FAIL: gcc.target/aarch64/aapcs64/test_1.c compilation, -O3 -g
FAIL: gcc.target/aarch64/aapcs64/test_1.c compilation, -Og -g
FAIL: gcc.target/aarch64/aapcs64/test_1.c compilation, -Os
UNRESOLVED: gcc.target/aarch64/aapcs64/test_1.c execution, -O0
UNRESOLVED: gcc.target/aarch64/aapcs64/test_1.c execution, -O1
UNRESOLVED: gcc.target/aarch64/aapcs64/test_1.c execution, -O2
UNRESOLVED: gcc.target/aarch64/aapcs64/test_1.c execution, -O3 -g
UNRESOLVED: gcc.target/aarch64/aapcs64/test_1.c execution, -Og -g
UNRESOLVED: gcc.target/aarch64/aapcs64/test_1.c execution, -Os
FAIL: gcc.target/aarch64/aapcs64/test_10.c compilation, -O0
FAIL: gcc.target/aarch64/aapcs64/test_10.c compilation, -O1
FAIL: gcc.target/aarch64/aapcs64/test_10.c compilation, -O2
FAIL: gcc.target/aarch64/aapcs64/test_10.c compilation, -O3 -g
FAIL: gcc.target/aarch64/aapcs64/test_10.c compilation, -Og -g
FAIL: gcc.target/aarch64/aapcs64/test_10.c compilation, -Os
UNRESOLVED: gcc.target/aarch64/aapcs64/test_10.c execution, -O0
UNRESOLVED: gcc.target/aarch64/aapcs64/test_10.c execution, -O1
UNRESOLVED: gcc.target/aarch64/aapcs64/test_10.c execution, -O2
UNRESOLVED: gcc.target/aarch64/aapcs64/test_10.c execution, -O3 -g
UNRESOLVED: gcc.target/aarch64/aapcs64/test_10.c execution, -Og -g
UNRESOLVED: gcc.target/aarch64/aapcs64/test_10.c execution, -Os
FAIL: gcc.target/aarch64/aapcs64/test_11.c compilation, -O0
FAIL: gcc.target/aarch64/aapcs64/test_11.c compilation, -O1
FAIL: gcc.target/aarch64/aapcs64/test_11.c compilation, -O2
FAIL: gcc.target/aarch64/aapcs64/test_11.c compilation, -O3 -g
FAIL: gcc.target/aarch64/aapcs64/test_11.c compilation, -Og -g
FAIL: gcc.target/aarch64/aapcs64/test_11.c compilation, -Os
UNRESOLVED: gcc.target/aarch64/aapcs64/test_11.c execution, -O0
UNRESOLVED: gcc.target/aarch64/aapcs64/test_11.c execution, -O1
UNRESOLVED: gcc.target/aarch64/aapcs64/test_11.c execution, -O2
UNRESOLVED: gcc.target/aarch64/aapcs64/test_11.c execution, -O3 -g
UNRESOLVED: gcc.target/aarch64/aapcs64/test_11.c execution, -Og -g
UNRESOLVED: gcc.target/aarch64/aapcs64/test_11.c execution, -Os
FAIL: gcc.target/aarch64/aapcs64/test_12.c compilation, -O0
FAIL: gcc.target/aarch64/aapcs64/test_12.c compilation, -O1
FAIL: gcc.target/aarch64/aapcs64/test_12.c compilation, -O2
FAIL: gcc.target/aarch64/aapcs64/test_12.c compilation, -O3 -g
FAIL: gcc.target/aarch64/aapcs64/test_12.c compilation, -Og -g
FAIL: gcc.target/aarch64/aapcs64/test_12.c compilation, -Os
UNRESOLVED: gcc.target/aarch64/aapcs64/test_12.c execution, -O0
UNRESOLVED: gcc.target/aarch64/aapcs64/test_12.c execution, -O1
UNRESOLVED: gcc.target/aarch64/aapcs64/test_12.c execution, -O2
UNRESOLVED: gcc.target/aarch64/aapcs64/test_12.c execution, -O3 -g
UNRESOLVED: gcc.target/aarch64/aapcs64/test_12.c execution, -Og -g
UNRESOLVED: gcc.target/aarch64/aapcs64/test_12.c execution, -Os
FAIL: gcc.target/aarch64/aapcs64/test_13.c compilation, -O0
FAIL: gcc.target/aarch64/aapcs64/test_13.c compilation, -O1
FAIL: gcc.target/aarch64/aapcs64/test_13.c compilation, -O2
FAIL: gcc.target/aarch64/aapcs64/test_13.c compilation, -O3 -g
FAIL: gcc.target/aarch64/aapcs64/test_13.c compilation, -Og -g
FAIL: gcc.target/aarch64/aapcs64/test_13.c compilation, -Os
UNRESOLVED: gcc.target/aarch64/aapcs64/test_13.c execution, -O0
UNRESOLVED: gcc.target/aarch64/aapcs64/test_13.c execution, -O1
UNRESOLVED: gcc.target/aarch64/aapcs64/test_13.c execution, -O2
UNRESOLVED: gcc.target/aarch64/aapcs64/test_13.c execution, -O3 -g
UNRESOLVED: gcc.target/aarch64/aapcs64/test_13.c execution, -Og -g
UNRESOLVED: gcc.target/aarch64/aapcs64/test_13.c execution, -Os
FAIL: gcc.target/aarch64/aapcs64/test_14.c compilation, -O0
FAIL: gcc.target/aarch64/aapcs64/test_14.c compilation, -O1
FAIL: gcc.target/aarch64/aapcs64/test_14.c compilation, -O2
FAIL: gcc.target/aarch64/aapcs64/test_14.c compilation, -O3 -g
FAIL: gcc.target/aarch64/aapcs64/test_14.c compilation, -Og -g
FAIL: gcc.target/aarch64/aapcs64/test_14.c compilation, -Os
UNRESOLVED: gcc.target/aarch64/aapcs64/test_14.c execution, -O0
UNRESOLVED: gcc.target/aarch64/aapcs64/test_14.c execution, -O1
UNRESOLVED: gcc.target/aarch64/aapcs64/test_14.c execution, -O2
UNRESOLVED: gcc.target/aarch64/aapcs64/test_14.c execution, -O3 -g
UNRESOLVED: gcc.target/aarch64/aapcs64/test_14.c execution, -Og -g
UNRESOLVED: gcc.target/aarch64/aapcs64/test_14.c execution, -Os
FAIL: gcc.target/aarch64/aapcs64/test_15.c compilation, -O0
FAIL: gcc.target/aarch64/aapcs64/test_15.c compilation, -O1
FAIL: gcc.target/aarch64/aapcs64/test_15.c compilation, -O2
FAIL: gcc.target/aarch64/aapcs64/test_15.c compilation, -O3 -g
FAIL: gcc.target/aarch64/aapcs64/test_15.c compilation, -Og -g
FAIL: gcc.target/aarch64/aapcs64/test_15.c compilation, -Os
UNRESOLVED: gcc.target/aarch64/aapcs64/test_15.c execution, -O0
UNRESOLVED: gcc.target/aarch64/aapcs64/test_15.c execution, -O1
UNRESOLVED: gcc.target/aarch64/aapcs64/test_15.c execution, -O2
UNRESOLVED: gcc.target/aarch64/aapcs64/test_15.c execution, -O3 -g
UNRESOLVED: gcc.target/aarch64/aapcs64/test_15.c execution, -Og -g
UNRESOLVED: gcc.target/aarch64/aapcs64/test_15.c execution, -Os
FAIL: gcc.target/aarch64/aapcs64/test_16.c compilation, -O0
FAIL: gcc.target/aarch64/aapcs64/test_16.c compilation, -O1
FAIL: gcc.target/aarch64/aapcs64/test_16.c compilation, -O2
FAIL: gcc.target/aarch64/aapcs64/test_16.c compilation, -O3 -g
FAIL: gcc.target/aarch64/aapcs64/test_16.c compilation, -Og -g
FAIL: gcc.target/aarch64/aapcs64/test_16.c compilation, -Os
UNRESOLVED: gcc.target/aarch64/aapcs64/test_16.c execution, -O0
UNRESOLVED: gcc.target/aarch64/aapcs64/test_16.c execution, -O1
UNRESOLVED: gcc.target/aarch64/aapcs64/test_16.c execution, -O2
UNRESOLVED: gcc.target/aarch64/aapcs64/test_16.c execution, -O3 -g
UNRESOLVED: gcc.target/aarch64/aapcs64/test_16.c execution, -Og -g
UNRESOLVED: gcc.target/aarch64/aapcs64/test_16.c execution, -Os
FAIL: gcc.target/aarch64/aapcs64/test_17.c compilation, -O0
FAIL: gcc.target/aarch64/aapcs64/test_17.c compilation, -O1
FAIL: gcc.target/aarch64/aapcs64/test_17.c compilation, -O2
FAIL: gcc.target/aarch64/aapcs64/test_17.c compilation, -O3 -g
FAIL: gcc.target/aarch64/aapcs64/test_17.c compilation, -Og -g
FAIL: gcc.target/aarch64/aapcs64/test_17.c compilation, -Os
UNRESOLVED: gcc.target/aarch64/aapcs64/test_17.c execution, -O0
UNRESOLVED: gcc.target/aarch64/aapcs64/test_17.c execution, -O1
UNRESOLVED: gcc.target/aarch64/aapcs64/test_17.c execution, -O2
UNRESOLVED: gcc.target/aarch64/aapcs64/test_17.c execution, -O3 -g
UNRESOLVED: gcc.target/aarch64/aapcs64/test_17.c execution, -Og -g
UNRESOLVED: gcc.target/aarch64/aapcs64/test_17.c execution, -Os
FAIL: gcc.target/aarch64/aapcs64/test_18.c compilation, -O0
FAIL: gcc.target/aarch64/aapcs64/test_18.c compilation, -O1
FAIL: gcc.target/aarch64/aapcs64/test_18.c compilation, -O2
FAIL: gcc.target/aarch64/aapcs64/test_18.c compilation, -O3 -g
FAIL: gcc.target/aarch64/aapcs64/test_18.c compilation, -Og -g
FAIL: gcc.target/aarch64/aapcs64/test_18.c compilation, -Os
UNRESOLVED: gcc.target/aarch64/aapcs64/test_18.c execution, -O0
UNRESOLVED: gcc.target/aarch64/aapcs64/test_18.c execution, -O1
UNRESOLVED: gcc.target/aarch64/aapcs64/test_18.c execution, -O2
UNRESOLVED: gcc.target/aarch64/aapcs64/test_18.c execution, -O3 -g
UNRESOLVED: gcc.target/aarch64/aapcs64/test_18.c execution, -Og -g
UNRESOLVED: gcc.target/aarch64/aapcs64/test_18.c execution, -Os
FAIL: gcc.target/aarch64/aapcs64/test_19.c compilation, -O0
FAIL: gcc.target/aarch64/aapcs64/test_19.c compilation, -O1
FAIL: gcc.target/aarch64/aapcs64/test_19.c compilation, -O2
FAIL: gcc.target/aarch64/aapcs64/test_19.c compilation, -O3 -g
FAIL: gcc.target/aarch64/aapcs64/test_19.c compilation, -Og -g
FAIL: gcc.target/aarch64/aapcs64/test_19.c compilation, -Os
UNRESOLVED: gcc.target/aarch64/aapcs64/test_19.c execution, -O0
UNRESOLVED: gcc.target/aarch64/aapcs64/test_19.c execution, -O1
UNRESOLVED: gcc.target/aarch64/aapcs64/test_19.c execution, -O2
UNRESOLVED: gcc.target/aarch64/aapcs64/test_19.c execution, -O3 -g
UNRESOLVED: gcc.target/aarch64/aapcs64/test_19.c execution, -Og -g
UNRESOLVED: gcc.target/aarch64/aapcs64/test_19.c execution, -Os
FAIL: gcc.target/aarch64/aapcs64/test_2.c compilation, -O0
FAIL: gcc.target/aarch64/aapcs64/test_2.c compilation, -O1
FAIL: gcc.target/aarch64/aapcs64/test_2.c compilation, -O2
FAIL: gcc.target/aarch64/aapcs64/test_2.c compilation, -O3 -g
FAIL: gcc.target/aarch64/aapcs64/test_2.c compilation, -Og -g
FAIL: gcc.target/aarch64/aapcs64/test_2.c compilation, -Os
UNRESOLVED: gcc.target/aarch64/aapcs64/test_2.c execution, -O0
UNRESOLVED: gcc.target/aarch64/aapcs64/test_2.c execution, -O1
UNRESOLVED: gcc.target/aarch64/aapcs64/test_2.c execution, -O2
UNRESOLVED: gcc.target/aarch64/aapcs64/test_2.c execution, -O3 -g
UNRESOLVED: gcc.target/aarch64/aapcs64/test_2.c execution, -Og -g
UNRESOLVED: gcc.target/aarch64/aapcs64/test_2.c execution, -Os
FAIL: gcc.target/aarch64/aapcs64/test_20.c compilation, -O0
FAIL: gcc.target/aarch64/aapcs64/test_20.c compilation, -O1
FAIL: gcc.target/aarch64/aapcs64/test_20.c compilation, -O2
FAIL: gcc.target/aarch64/aapcs64/test_20.c compilation, -O3 -g
FAIL: gcc.target/aarch64/aapcs64/test_20.c compilation, -Og -g
FAIL: gcc.target/aarch64/aapcs64/test_20.c compilation, -Os
UNRESOLVED: gcc.target/aarch64/aapcs64/test_20.c execution, -O0
UNRESOLVED: gcc.target/aarch64/aapcs64/test_20.c execution, -O1
UNRESOLVED: gcc.target/aarch64/aapcs64/test_20.c execution, -O2
UNRESOLVED: gcc.target/aarch64/aapcs64/test_20.c execution, -O3 -g
UNRESOLVED: gcc.target/aarch64/aapcs64/test_20.c execution, -Og -g
UNRESOLVED: gcc.target/aarch64/aapcs64/test_20.c execution, -Os
FAIL: gcc.target/aarch64/aapcs64/test_21.c compilation, -O0
FAIL: gcc.target/aarch64/aapcs64/test_21.c compilation, -O1
FAIL: gcc.target/aarch64/aapcs64/test_21.c compilation, -O2
FAIL: gcc.target/aarch64/aapcs64/test_21.c compilation, -O3 -g
FAIL: gcc.target/aarch64/aapcs64/test_21.c compilation, -Og -g
FAIL: gcc.target/aarch64/aapcs64/test_21.c compilation, -Os
UNRESOLVED: gcc.target/aarch64/aapcs64/test_21.c execution, -O0
UNRESOLVED: gcc.target/aarch64/aapcs64/test_21.c execution, -O1
UNRESOLVED: gcc.target/aarch64/aapcs64/test_21.c execution, -O2
UNRESOLVED: gcc.target/aarch64/aapcs64/test_21.c execution, -O3 -g
UNRESOLVED: gcc.target/aarch64/aapcs64/test_21.c execution, -Og -g
UNRESOLVED: gcc.target/aarch64/aapcs64/test_21.c execution, -Os
FAIL: gcc.target/aarch64/aapcs64/test_22.c compilation, -O0
FAIL: gcc.target/aarch64/aapcs64/test_22.c compilation, -O1
FAIL: gcc.target/aarch64/aapcs64/test_22.c compilation, -O2
FAIL: gcc.target/aarch64/aapcs64/test_22.c compilation, -O3 -g
FAIL: gcc.target/aarch64/aapcs64/test_22.c compilation, -Og -g
FAIL: gcc.target/aarch64/aapcs64/test_22.c compilation, -Os
UNRESOLVED: gcc.target/aarch64/aapcs64/test_22.c execution, -O0
UNRESOLVED: gcc.target/aarch64/aapcs64/test_22.c execution, -O1
UNRESOLVED: gcc.target/aarch64/aapcs64/test_22.c execution, -O2
UNRESOLVED: gcc.target/aarch64/aapcs64/test_22.c execution, -O3 -g
UNRESOLVED: gcc.target/aarch64/aapcs64/test_22.c execution, -Og -g
UNRESOLVED: gcc.target/aarch64/aapcs64/test_22.c execution, -Os
FAIL: gcc.target/aarch64/aapcs64/test_23.c compilation, -O0
FAIL: gcc.target/aarch64/aapcs64/test_23.c compilation, -O1
FAIL: gcc.target/aarch64/aapcs64/test_23.c compilation, -O2
FAIL: gcc.target/aarch64/aapcs64/test_23.c compilation, -O3 -g
FAIL: gcc.target/aarch64/aapcs64/test_23.c compilation, -Og -g
FAIL: gcc.target/aarch64/aapcs64/test_23.c compilation, -Os
UNRESOLVED: gcc.target/aarch64/aapcs64/test_23.c execution, -O0
UNRESOLVED: gcc.target/aarch64/aapcs64/test_23.c execution, -O1
UNRESOLVED: gcc.target/aarch64/aapcs64/test_23.c execution, -O2
UNRESOLVED: gcc.target/aarch64/aapcs64/test_23.c execution, -O3 -g
UNRESOLVED: gcc.target/aarch64/aapcs64/test_23.c execution, -Og -g
UNRESOLVED: gcc.target/aarch64/aapcs64/test_23.c execution, -Os
FAIL: gcc.target/aarch64/aapcs64/test_24.c compilation, -O0
FAIL: gcc.target/aarch64/aapcs64/test_24.c compilation, -O1
FAIL: gcc.target/aarch64/aapcs64/test_24.c compilation, -O2
FAIL: gcc.target/aarch64/aapcs64/test_24.c compilation, -O3 -g
FAIL: gcc.target/aarch64/aapcs64/test_24.c compilation, -Og -g
FAIL: gcc.target/aarch64/aapcs64/test_24.c compilation, -Os
UNRESOLVED: gcc.target/aarch64/aapcs64/test_24.c execution, -O0
UNRESOLVED: gcc.target/aarch64/aapcs64/test_24.c execution, -O1
UNRESOLVED: gcc.target/aarch64/aapcs64/test_24.c execution, -O2
UNRESOLVED: gcc.target/aarch64/aapcs64/test_24.c execution, -O3 -g
UNRESOLVED: gcc.target/aarch64/aapcs64/test_24.c execution, -Og -g
UNRESOLVED: gcc.target/aarch64/aapcs64/test_24.c execution, -Os
FAIL: gcc.target/aarch64/aapcs64/test_25.c compilation, -O0
FAIL: gcc.target/aarch64/aapcs64/test_25.c compilation, -O1
FAIL: gcc.target/aarch64/aapcs64/test_25.c compilation, -O2
FAIL: gcc.target/aarch64/aapcs64/test_25.c compilation, -O3 -g
FAIL: gcc.target/aarch64/aapcs64/test_25.c compilation, -Og -g
FAIL: gcc.target/aarch64/aapcs64/test_25.c compilation, -Os
UNRESOLVED: gcc.target/aarch64/aapcs64/test_25.c execution, -O0
UNRESOLVED: gcc.target/aarch64/aapcs64/test_25.c execution, -O1
UNRESOLVED: gcc.target/aarch64/aapcs64/test_25.c execution, -O2
UNRESOLVED: gcc.target/aarch64/aapcs64/test_25.c execution, -O3 -g
UNRESOLVED: gcc.target/aarch64/aapcs64/test_25.c execution, -Og -g
UNRESOLVED: gcc.target/aarch64/aapcs64/test_25.c execution, -Os
FAIL: gcc.target/aarch64/aapcs64/test_26.c compilation, -O0
FAIL: gcc.target/aarch64/aapcs64/test_26.c compilation, -O1
FAIL: gcc.target/aarch64/aapcs64/test_26.c compilation, -O2
FAIL: gcc.target/aarch64/aapcs64/test_26.c compilation, -O3 -g
FAIL: gcc.target/aarch64/aapcs64/test_26.c compilation, -Og -g
FAIL: gcc.target/aarch64/aapcs64/test_26.c compilation, -Os
UNRESOLVED: gcc.target/aarch64/aapcs64/test_26.c execution, -O0
UNRESOLVED: gcc.target/aarch64/aapcs64/test_26.c execution, -O1
UNRESOLVED: gcc.target/aarch64/aapcs64/test_26.c execution, -O2
UNRESOLVED: gcc.target/aarch64/aapcs64/test_26.c execution, -O3 -g
UNRESOLVED: gcc.target/aarch64/aapcs64/test_26.c execution, -Og -g
UNRESOLVED: gcc.target/aarch64/aapcs64/test_26.c execution, -Os
FAIL: gcc.target/aarch64/aapcs64/test_27.c compilation, -O0
FAIL: gcc.target/aarch64/aapcs64/test_27.c compilation, -O1
FAIL: gcc.target/aarch64/aapcs64/test_27.c compilation, -O2
FAIL: gcc.target/aarch64/aapcs64/test_27.c compilation, -O3 -g
FAIL: gcc.target/aarch64/aapcs64/test_27.c compilation, -Og -g
FAIL: gcc.target/aarch64/aapcs64/test_27.c compilation, -Os
UNRESOLVED: gcc.target/aarch64/aapcs64/test_27.c execution, -O0
UNRESOLVED: gcc.target/aarch64/aapcs64/test_27.c execution, -O1
UNRESOLVED: gcc.target/aarch64/aapcs64/test_27.c execution, -O2
UNRESOLVED: gcc.target/aarch64/aapcs64/test_27.c execution, -O3 -g
UNRESOLVED: gcc.target/aarch64/aapcs64/test_27.c execution, -Og -g
UNRESOLVED: gcc.target/aarch64/aapcs64/test_27.c execution, -Os
FAIL: gcc.target/aarch64/aapcs64/test_3.c compilation, -O0
FAIL: gcc.target/aarch64/aapcs64/test_3.c compilation, -O1
FAIL: gcc.target/aarch64/aapcs64/test_3.c compilation, -O2
FAIL: gcc.target/aarch64/aapcs64/test_3.c compilation, -O3 -g
FAIL: gcc.target/aarch64/aapcs64/test_3.c compilation, -Og -g
FAIL: gcc.target/aarch64/aapcs64/test_3.c compilation, -Os
UNRESOLVED: gcc.target/aarch64/aapcs64/test_3.c execution, -O0
UNRESOLVED: gcc.target/aarch64/aapcs64/test_3.c execution, -O1
UNRESOLVED: gcc.target/aarch64/aapcs64/test_3.c execution, -O2
UNRESOLVED: gcc.target/aarch64/aapcs64/test_3.c execution, -O3 -g
UNRESOLVED: gcc.target/aarch64/aapcs64/test_3.c execution, -Og -g
UNRESOLVED: gcc.target/aarch64/aapcs64/test_3.c execution, -Os
FAIL: gcc.target/aarch64/aapcs64/test_4.c compilation, -O0
FAIL: gcc.target/aarch64/aapcs64/test_4.c compilation, -O1
FAIL: gcc.target/aarch64/aapcs64/test_4.c compilation, -O2
FAIL: gcc.target/aarch64/aapcs64/test_4.c compilation, -O3 -g
FAIL: gcc.target/aarch64/aapcs64/test_4.c compilation, -Og -g
FAIL: gcc.target/aarch64/aapcs64/test_4.c compilation, -Os
UNRESOLVED: gcc.target/aarch64/aapcs64/test_4.c execution, -O0
UNRESOLVED: gcc.target/aarch64/aapcs64/test_4.c execution, -O1
UNRESOLVED: gcc.target/aarch64/aapcs64/test_4.c execution, -O2
UNRESOLVED: gcc.target/aarch64/aapcs64/test_4.c execution, -O3 -g
UNRESOLVED: gcc.target/aarch64/aapcs64/test_4.c execution, -Og -g
UNRESOLVED: gcc.target/aarch64/aapcs64/test_4.c execution, -Os
FAIL: gcc.target/aarch64/aapcs64/test_5.c compilation, -O0
FAIL: gcc.target/aarch64/aapcs64/test_5.c compilation, -O1
FAIL: gcc.target/aarch64/aapcs64/test_5.c compilation, -O2
FAIL: gcc.target/aarch64/aapcs64/test_5.c compilation, -O3 -g
FAIL: gcc.target/aarch64/aapcs64/test_5.c compilation, -Og -g
FAIL: gcc.target/aarch64/aapcs64/test_5.c compilation, -Os
UNRESOLVED: gcc.target/aarch64/aapcs64/test_5.c execution, -O0
UNRESOLVED: gcc.target/aarch64/aapcs64/test_5.c execution, -O1
UNRESOLVED: gcc.target/aarch64/aapcs64/test_5.c execution, -O2
UNRESOLVED: gcc.target/aarch64/aapcs64/test_5.c execution, -O3 -g
UNRESOLVED: gcc.target/aarch64/aapcs64/test_5.c execution, -Og -g
UNRESOLVED: gcc.target/aarch64/aapcs64/test_5.c execution, -Os
FAIL: gcc.target/aarch64/aapcs64/test_6.c compilation, -O0
FAIL: gcc.target/aarch64/aapcs64/test_6.c compilation, -O1
FAIL: gcc.target/aarch64/aapcs64/test_6.c compilation, -O2
FAIL: gcc.target/aarch64/aapcs64/test_6.c compilation, -O3 -g
FAIL: gcc.target/aarch64/aapcs64/test_6.c compilation, -Og -g
FAIL: gcc.target/aarch64/aapcs64/test_6.c compilation, -Os
UNRESOLVED: gcc.target/aarch64/aapcs64/test_6.c execution, -O0
UNRESOLVED: gcc.target/aarch64/aapcs64/test_6.c execution, -O1
UNRESOLVED: gcc.target/aarch64/aapcs64/test_6.c execution, -O2
UNRESOLVED: gcc.target/aarch64/aapcs64/test_6.c execution, -O3 -g
UNRESOLVED: gcc.target/aarch64/aapcs64/test_6.c execution, -Og -g
UNRESOLVED: gcc.target/aarch64/aapcs64/test_6.c execution, -Os
FAIL: gcc.target/aarch64/aapcs64/test_64x1_1.c compilation, -O0
FAIL: gcc.target/aarch64/aapcs64/test_64x1_1.c compilation, -O1
FAIL: gcc.target/aarch64/aapcs64/test_64x1_1.c compilation, -O2
FAIL: gcc.target/aarch64/aapcs64/test_64x1_1.c compilation, -O3 -g
FAIL: gcc.target/aarch64/aapcs64/test_64x1_1.c compilation, -Og -g
FAIL: gcc.target/aarch64/aapcs64/test_64x1_1.c compilation, -Os
UNRESOLVED: gcc.target/aarch64/aapcs64/test_64x1_1.c execution, -O0
UNRESOLVED: gcc.target/aarch64/aapcs64/test_64x1_1.c execution, -O1
UNRESOLVED: gcc.target/aarch64/aapcs64/test_64x1_1.c execution, -O2
UNRESOLVED: gcc.target/aarch64/aapcs64/test_64x1_1.c execution, -O3 -g
UNRESOLVED: gcc.target/aarch64/aapcs64/test_64x1_1.c execution, -Og -g
UNRESOLVED: gcc.target/aarch64/aapcs64/test_64x1_1.c execution, -Os
FAIL: gcc.target/aarch64/aapcs64/test_7.c compilation, -O0
FAIL: gcc.target/aarch64/aapcs64/test_7.c compilation, -O1
FAIL: gcc.target/aarch64/aapcs64/test_7.c compilation, -O2
FAIL: gcc.target/aarch64/aapcs64/test_7.c compilation, -O3 -g
FAIL: gcc.target/aarch64/aapcs64/test_7.c compilation, -Og -g
FAIL: gcc.target/aarch64/aapcs64/test_7.c compilation, -Os
UNRESOLVED: gcc.target/aarch64/aapcs64/test_7.c execution, -O0
UNRESOLVED: gcc.target/aarch64/aapcs64/test_7.c execution, -O1
UNRESOLVED: gcc.target/aarch64/aapcs64/test_7.c execution, -O2
UNRESOLVED: gcc.target/aarch64/aapcs64/test_7.c execution, -O3 -g
UNRESOLVED: gcc.target/aarch64/aapcs64/test_7.c execution, -Og -g
UNRESOLVED: gcc.target/aarch64/aapcs64/test_7.c execution, -Os
FAIL: gcc.target/aarch64/aapcs64/test_8.c compilation, -O0
FAIL: gcc.target/aarch64/aapcs64/test_8.c compilation, -O1
FAIL: gcc.target/aarch64/aapcs64/test_8.c compilation, -O2
FAIL: gcc.target/aarch64/aapcs64/test_8.c compilation, -O3 -g
FAIL: gcc.target/aarch64/aapcs64/test_8.c compilation, -Og -g
FAIL: gcc.target/aarch64/aapcs64/test_8.c compilation, -Os
UNRESOLVED: gcc.target/aarch64/aapcs64/test_8.c execution, -O0
UNRESOLVED: gcc.target/aarch64/aapcs64/test_8.c execution, -O1
UNRESOLVED: gcc.target/aarch64/aapcs64/test_8.c execution, -O2
UNRESOLVED: gcc.target/aarch64/aapcs64/test_8.c execution, -O3 -g
UNRESOLVED: gcc.target/aarch64/aapcs64/test_8.c execution, -Og -g
UNRESOLVED: gcc.target/aarch64/aapcs64/test_8.c execution, -Os
FAIL: gcc.target/aarch64/aapcs64/test_9.c compilation, -O0
FAIL: gcc.target/aarch64/aapcs64/test_9.c compilation, -O1
FAIL: gcc.target/aarch64/aapcs64/test_9.c compilation, -O2
FAIL: gcc.target/aarch64/aapcs64/test_9.c compilation, -O3 -g
FAIL: gcc.target/aarch64/aapcs64/test_9.c compilation, -Og -g
FAIL: gcc.target/aarch64/aapcs64/test_9.c compilation, -Os
UNRESOLVED: gcc.target/aarch64/aapcs64/test_9.c execution, -O0
UNRESOLVED: gcc.target/aarch64/aapcs64/test_9.c execution, -O1
UNRESOLVED: gcc.target/aarch64/aapcs64/test_9.c execution, -O2
UNRESOLVED: gcc.target/aarch64/aapcs64/test_9.c execution, -O3 -g
UNRESOLVED: gcc.target/aarch64/aapcs64/test_9.c execution, -Og -g
UNRESOLVED: gcc.target/aarch64/aapcs64/test_9.c execution, -Os
FAIL: gcc.target/aarch64/aapcs64/test_align-1.c compilation, -O0
FAIL: gcc.target/aarch64/aapcs64/test_align-1.c compilation, -O1
FAIL: gcc.target/aarch64/aapcs64/test_align-1.c compilation, -O2
FAIL: gcc.target/aarch64/aapcs64/test_align-1.c compilation, -O3 -g
FAIL: gcc.target/aarch64/aapcs64/test_align-1.c compilation, -Og -g
FAIL: gcc.target/aarch64/aapcs64/test_align-1.c compilation, -Os
UNRESOLVED: gcc.target/aarch64/aapcs64/test_align-1.c execution, -O0
UNRESOLVED: gcc.target/aarch64/aapcs64/test_align-1.c execution, -O1
UNRESOLVED: gcc.target/aarch64/aapcs64/test_align-1.c execution, -O2
UNRESOLVED: gcc.target/aarch64/aapcs64/test_align-1.c execution, -O3 -g
UNRESOLVED: gcc.target/aarch64/aapcs64/test_align-1.c execution, -Og -g
UNRESOLVED: gcc.target/aarch64/aapcs64/test_align-1.c execution, -Os
FAIL: gcc.target/aarch64/aapcs64/test_align-2.c compilation, -O0
FAIL: gcc.target/aarch64/aapcs64/test_align-2.c compilation, -O1
FAIL: gcc.target/aarch64/aapcs64/test_align-2.c compilation, -O2
FAIL: gcc.target/aarch64/aapcs64/test_align-2.c compilation, -O3 -g
FAIL: gcc.target/aarch64/aapcs64/test_align-2.c compilation, -Og -g
FAIL: gcc.target/aarch64/aapcs64/test_align-2.c compilation, -Os
UNRESOLVED: gcc.target/aarch64/aapcs64/test_align-2.c execution, -O0
UNRESOLVED: gcc.target/aarch64/aapcs64/test_align-2.c execution, -O1
UNRESOLVED: gcc.target/aarch64/aapcs64/test_align-2.c execution, -O2
UNRESOLVED: gcc.target/aarch64/aapcs64/test_align-2.c execution, -O3 -g
UNRESOLVED: gcc.target/aarch64/aapcs64/test_align-2.c execution, -Og -g
UNRESOLVED: gcc.target/aarch64/aapcs64/test_align-2.c execution, -Os
FAIL: gcc.target/aarch64/aapcs64/test_align-3.c compilation, -O0
FAIL: gcc.target/aarch64/aapcs64/test_align-3.c compilation, -O1
FAIL: gcc.target/aarch64/aapcs64/test_align-3.c compilation, -O2
FAIL: gcc.target/aarch64/aapcs64/test_align-3.c compilation, -O3 -g
FAIL: gcc.target/aarch64/aapcs64/test_align-3.c compilation, -Og -g
FAIL: gcc.target/aarch64/aapcs64/test_align-3.c compilation, -Os
UNRESOLVED: gcc.target/aarch64/aapcs64/test_align-3.c execution, -O0
UNRESOLVED: gcc.target/aarch64/aapcs64/test_align-3.c execution, -O1
UNRESOLVED: gcc.target/aarch64/aapcs64/test_align-3.c execution, -O2
UNRESOLVED: gcc.target/aarch64/aapcs64/test_align-3.c execution, -O3 -g
UNRESOLVED: gcc.target/aarch64/aapcs64/test_align-3.c execution, -Og -g
UNRESOLVED: gcc.target/aarch64/aapcs64/test_align-3.c execution, -Os
FAIL: gcc.target/aarch64/aapcs64/test_align-4.c compilation, -O0
FAIL: gcc.target/aarch64/aapcs64/test_align-4.c compilation, -O1
FAIL: gcc.target/aarch64/aapcs64/test_align-4.c compilation, -O2
FAIL: gcc.target/aarch64/aapcs64/test_align-4.c compilation, -O3 -g
FAIL: gcc.target/aarch64/aapcs64/test_align-4.c compilation, -Og -g
FAIL: gcc.target/aarch64/aapcs64/test_align-4.c compilation, -Os
UNRESOLVED: gcc.target/aarch64/aapcs64/test_align-4.c execution, -O0
UNRESOLVED: gcc.target/aarch64/aapcs64/test_align-4.c execution, -O1
UNRESOLVED: gcc.target/aarch64/aapcs64/test_align-4.c execution, -O2
UNRESOLVED: gcc.target/aarch64/aapcs64/test_align-4.c execution, -O3 -g
UNRESOLVED: gcc.target/aarch64/aapcs64/test_align-4.c execution, -Og -g
UNRESOLVED: gcc.target/aarch64/aapcs64/test_align-4.c execution, -Os
FAIL: gcc.target/aarch64/aapcs64/test_complex.c compilation, -O0
FAIL: gcc.target/aarch64/aapcs64/test_complex.c compilation, -O1
FAIL: gcc.target/aarch64/aapcs64/test_complex.c compilation, -O2
FAIL: gcc.target/aarch64/aapcs64/test_complex.c compilation, -O3 -g
FAIL: gcc.target/aarch64/aapcs64/test_complex.c compilation, -Og -g
FAIL: gcc.target/aarch64/aapcs64/test_complex.c compilation, -Os
UNRESOLVED: gcc.target/aarch64/aapcs64/test_complex.c execution, -O0
UNRESOLVED: gcc.target/aarch64/aapcs64/test_complex.c execution, -O1
UNRESOLVED: gcc.target/aarch64/aapcs64/test_complex.c execution, -O2
UNRESOLVED: gcc.target/aarch64/aapcs64/test_complex.c execution, -O3 -g
UNRESOLVED: gcc.target/aarch64/aapcs64/test_complex.c execution, -Og -g
UNRESOLVED: gcc.target/aarch64/aapcs64/test_complex.c execution, -Os
FAIL: gcc.target/aarch64/aapcs64/test_int128.c compilation, -O0
FAIL: gcc.target/aarch64/aapcs64/test_int128.c compilation, -O1
FAIL: gcc.target/aarch64/aapcs64/test_int128.c compilation, -O2
FAIL: gcc.target/aarch64/aapcs64/test_int128.c compilation, -O3 -g
FAIL: gcc.target/aarch64/aapcs64/test_int128.c compilation, -Og -g
FAIL: gcc.target/aarch64/aapcs64/test_int128.c compilation, -Os
UNRESOLVED: gcc.target/aarch64/aapcs64/test_int128.c execution, -O0
UNRESOLVED: gcc.target/aarch64/aapcs64/test_int128.c execution, -O1
UNRESOLVED: gcc.target/aarch64/aapcs64/test_int128.c execution, -O2
UNRESOLVED: gcc.target/aarch64/aapcs64/test_int128.c execution, -O3 -g
UNRESOLVED: gcc.target/aarch64/aapcs64/test_int128.c execution, -Og -g
UNRESOLVED: gcc.target/aarch64/aapcs64/test_int128.c execution, -Os
FAIL: gcc.target/aarch64/aapcs64/test_quad_double.c compilation, -O0
FAIL: gcc.target/aarch64/aapcs64/test_quad_double.c compilation, -O1
FAIL: gcc.target/aarch64/aapcs64/test_quad_double.c compilation, -O2
FAIL: gcc.target/aarch64/aapcs64/test_quad_double.c compilation, -O3 -g
FAIL: gcc.target/aarch64/aapcs64/test_quad_double.c compilation, -Og -g
FAIL: gcc.target/aarch64/aapcs64/test_quad_double.c compilation, -Os
UNRESOLVED: gcc.target/aarch64/aapcs64/test_quad_double.c execution, -O0
UNRESOLVED: gcc.target/aarch64/aapcs64/test_quad_double.c execution, -O1
UNRESOLVED: gcc.target/aarch64/aapcs64/test_quad_double.c execution, -O2
UNRESOLVED: gcc.target/aarch64/aapcs64/test_quad_double.c execution, -O3 -g
UNRESOLVED: gcc.target/aarch64/aapcs64/test_quad_double.c execution, -Og -g
UNRESOLVED: gcc.target/aarch64/aapcs64/test_quad_double.c execution, -Os
FAIL: gcc.target/aarch64/aapcs64/va_arg-1.c compilation, -O0
FAIL: gcc.target/aarch64/aapcs64/va_arg-1.c compilation, -O1
FAIL: gcc.target/aarch64/aapcs64/va_arg-1.c compilation, -O2
FAIL: gcc.target/aarch64/aapcs64/va_arg-1.c compilation, -O3 -g
FAIL: gcc.target/aarch64/aapcs64/va_arg-1.c compilation, -Og -g
FAIL: gcc.target/aarch64/aapcs64/va_arg-1.c compilation, -Os
UNRESOLVED: gcc.target/aarch64/aapcs64/va_arg-1.c execution, -O0
UNRESOLVED: gcc.target/aarch64/aapcs64/va_arg-1.c execution, -O1
UNRESOLVED: gcc.target/aarch64/aapcs64/va_arg-1.c execution, -O2
UNRESOLVED: gcc.target/aarch64/aapcs64/va_arg-1.c execution, -O3 -g
UNRESOLVED: gcc.target/aarch64/aapcs64/va_arg-1.c execution, -Og -g
UNRESOLVED: gcc.target/aarch64/aapcs64/va_arg-1.c execution, -Os
FAIL: gcc.target/aarch64/aapcs64/va_arg-10.c compilation, -O0
FAIL: gcc.target/aarch64/aapcs64/va_arg-10.c compilation, -O1
FAIL: gcc.target/aarch64/aapcs64/va_arg-10.c compilation, -O2
FAIL: gcc.target/aarch64/aapcs64/va_arg-10.c compilation, -O3 -g
FAIL: gcc.target/aarch64/aapcs64/va_arg-10.c compilation, -Og -g
FAIL: gcc.target/aarch64/aapcs64/va_arg-10.c compilation, -Os
UNRESOLVED: gcc.target/aarch64/aapcs64/va_arg-10.c execution, -O0
UNRESOLVED: gcc.target/aarch64/aapcs64/va_arg-10.c execution, -O1
UNRESOLVED: gcc.target/aarch64/aapcs64/va_arg-10.c execution, -O2
UNRESOLVED: gcc.target/aarch64/aapcs64/va_arg-10.c execution, -O3 -g
UNRESOLVED: gcc.target/aarch64/aapcs64/va_arg-10.c execution, -Og -g
UNRESOLVED: gcc.target/aarch64/aapcs64/va_arg-10.c execution, -Os
FAIL: gcc.target/aarch64/aapcs64/va_arg-11.c compilation, -O0
FAIL: gcc.target/aarch64/aapcs64/va_arg-11.c compilation, -O1
FAIL: gcc.target/aarch64/aapcs64/va_arg-11.c compilation, -O2
FAIL: gcc.target/aarch64/aapcs64/va_arg-11.c compilation, -O3 -g
FAIL: gcc.target/aarch64/aapcs64/va_arg-11.c compilation, -Og -g
FAIL: gcc.target/aarch64/aapcs64/va_arg-11.c compilation, -Os
UNRESOLVED: gcc.target/aarch64/aapcs64/va_arg-11.c execution, -O0
UNRESOLVED: gcc.target/aarch64/aapcs64/va_arg-11.c execution, -O1
UNRESOLVED: gcc.target/aarch64/aapcs64/va_arg-11.c execution, -O2
UNRESOLVED: gcc.target/aarch64/aapcs64/va_arg-11.c execution, -O3 -g
UNRESOLVED: gcc.target/aarch64/aapcs64/va_arg-11.c execution, -Og -g
UNRESOLVED: gcc.target/aarch64/aapcs64/va_arg-11.c execution, -Os
FAIL: gcc.target/aarch64/aapcs64/va_arg-12.c compilation, -O0
FAIL: gcc.target/aarch64/aapcs64/va_arg-12.c compilation, -O1
FAIL: gcc.target/aarch64/aapcs64/va_arg-12.c compilation, -O2
FAIL: gcc.target/aarch64/aapcs64/va_arg-12.c compilation, -O3 -g
FAIL: gcc.target/aarch64/aapcs64/va_arg-12.c compilation, -Og -g
FAIL: gcc.target/aarch64/aapcs64/va_arg-12.c compilation, -Os
UNRESOLVED: gcc.target/aarch64/aapcs64/va_arg-12.c execution, -O0
UNRESOLVED: gcc.target/aarch64/aapcs64/va_arg-12.c execution, -O1
UNRESOLVED: gcc.target/aarch64/aapcs64/va_arg-12.c execution, -O2
UNRESOLVED: gcc.target/aarch64/aapcs64/va_arg-12.c execution, -O3 -g
UNRESOLVED: gcc.target/aarch64/aapcs64/va_arg-12.c execution, -Og -g
UNRESOLVED: gcc.target/aarch64/aapcs64/va_arg-12.c execution, -Os
FAIL: gcc.target/aarch64/aapcs64/va_arg-13.c compilation, -O0
FAIL: gcc.target/aarch64/aapcs64/va_arg-13.c compilation, -O1
FAIL: gcc.target/aarch64/aapcs64/va_arg-13.c compilation, -O2
FAIL: gcc.target/aarch64/aapcs64/va_arg-13.c compilation, -O3 -g
FAIL: gcc.target/aarch64/aapcs64/va_arg-13.c compilation, -Og -g
FAIL: gcc.target/aarch64/aapcs64/va_arg-13.c compilation, -Os
UNRESOLVED: gcc.target/aarch64/aapcs64/va_arg-13.c execution, -O0
UNRESOLVED: gcc.target/aarch64/aapcs64/va_arg-13.c execution, -O1
UNRESOLVED: gcc.target/aarch64/aapcs64/va_arg-13.c execution, -O2
UNRESOLVED: gcc.target/aarch64/aapcs64/va_arg-13.c execution, -O3 -g
UNRESOLVED: gcc.target/aarch64/aapcs64/va_arg-13.c execution, -Og -g
UNRESOLVED: gcc.target/aarch64/aapcs64/va_arg-13.c execution, -Os
FAIL: gcc.target/aarch64/aapcs64/va_arg-14.c compilation, -O0
FAIL: gcc.target/aarch64/aapcs64/va_arg-14.c compilation, -O1
FAIL: gcc.target/aarch64/aapcs64/va_arg-14.c compilation, -O2
FAIL: gcc.target/aarch64/aapcs64/va_arg-14.c compilation, -O3 -g
FAIL: gcc.target/aarch64/aapcs64/va_arg-14.c compilation, -Og -g
FAIL: gcc.target/aarch64/aapcs64/va_arg-14.c compilation, -Os
UNRESOLVED: gcc.target/aarch64/aapcs64/va_arg-14.c execution, -O0
UNRESOLVED: gcc.target/aarch64/aapcs64/va_arg-14.c execution, -O1
UNRESOLVED: gcc.target/aarch64/aapcs64/va_arg-14.c execution, -O2
UNRESOLVED: gcc.target/aarch64/aapcs64/va_arg-14.c execution, -O3 -g
UNRESOLVED: gcc.target/aarch64/aapcs64/va_arg-14.c execution, -Og -g
UNRESOLVED: gcc.target/aarch64/aapcs64/va_arg-14.c execution, -Os
FAIL: gcc.target/aarch64/aapcs64/va_arg-15.c compilation, -O0
FAIL: gcc.target/aarch64/aapcs64/va_arg-15.c compilation, -O1
FAIL: gcc.target/aarch64/aapcs64/va_arg-15.c compilation, -O2
FAIL: gcc.target/aarch64/aapcs64/va_arg-15.c compilation, -O3 -g
FAIL: gcc.target/aarch64/aapcs64/va_arg-15.c compilation, -Og -g
FAIL: gcc.target/aarch64/aapcs64/va_arg-15.c compilation, -Os
UNRESOLVED: gcc.target/aarch64/aapcs64/va_arg-15.c execution, -O0
UNRESOLVED: gcc.target/aarch64/aapcs64/va_arg-15.c execution, -O1
UNRESOLVED: gcc.target/aarch64/aapcs64/va_arg-15.c execution, -O2
UNRESOLVED: gcc.target/aarch64/aapcs64/va_arg-15.c execution, -O3 -g
UNRESOLVED: gcc.target/aarch64/aapcs64/va_arg-15.c execution, -Og -g
UNRESOLVED: gcc.target/aarch64/aapcs64/va_arg-15.c execution, -Os
FAIL: gcc.target/aarch64/aapcs64/va_arg-16.c compilation, -O0
FAIL: gcc.target/aarch64/aapcs64/va_arg-16.c compilation, -O1
FAIL: gcc.target/aarch64/aapcs64/va_arg-16.c compilation, -O2
FAIL: gcc.target/aarch64/aapcs64/va_arg-16.c compilation, -O3 -g
FAIL: gcc.target/aarch64/aapcs64/va_arg-16.c compilation, -Og -g
FAIL: gcc.target/aarch64/aapcs64/va_arg-16.c compilation, -Os
UNRESOLVED: gcc.target/aarch64/aapcs64/va_arg-16.c execution, -O0
UNRESOLVED: gcc.target/aarch64/aapcs64/va_arg-16.c execution, -O1
UNRESOLVED: gcc.target/aarch64/aapcs64/va_arg-16.c execution, -O2
UNRESOLVED: gcc.target/aarch64/aapcs64/va_arg-16.c execution, -O3 -g
UNRESOLVED: gcc.target/aarch64/aapcs64/va_arg-16.c execution, -Og -g
UNRESOLVED: gcc.target/aarch64/aapcs64/va_arg-16.c execution, -Os
FAIL: gcc.target/aarch64/aapcs64/va_arg-2.c compilation, -O0
FAIL: gcc.target/aarch64/aapcs64/va_arg-2.c compilation, -O1
FAIL: gcc.target/aarch64/aapcs64/va_arg-2.c compilation, -O2
FAIL: gcc.target/aarch64/aapcs64/va_arg-2.c compilation, -O3 -g
FAIL: gcc.target/aarch64/aapcs64/va_arg-2.c compilation, -Og -g
FAIL: gcc.target/aarch64/aapcs64/va_arg-2.c compilation, -Os
UNRESOLVED: gcc.target/aarch64/aapcs64/va_arg-2.c execution, -O0
UNRESOLVED: gcc.target/aarch64/aapcs64/va_arg-2.c execution, -O1
UNRESOLVED: gcc.target/aarch64/aapcs64/va_arg-2.c execution, -O2
UNRESOLVED: gcc.target/aarch64/aapcs64/va_arg-2.c execution, -O3 -g
UNRESOLVED: gcc.target/aarch64/aapcs64/va_arg-2.c execution, -Og -g
UNRESOLVED: gcc.target/aarch64/aapcs64/va_arg-2.c execution, -Os
FAIL: gcc.target/aarch64/aapcs64/va_arg-3.c compilation, -O0
FAIL: gcc.target/aarch64/aapcs64/va_arg-3.c compilation, -O1
FAIL: gcc.target/aarch64/aapcs64/va_arg-3.c compilation, -O2
FAIL: gcc.target/aarch64/aapcs64/va_arg-3.c compilation, -O3 -g
FAIL: gcc.target/aarch64/aapcs64/va_arg-3.c compilation, -Og -g
FAIL: gcc.target/aarch64/aapcs64/va_arg-3.c compilation, -Os
UNRESOLVED: gcc.target/aarch64/aapcs64/va_arg-3.c execution, -O0
UNRESOLVED: gcc.target/aarch64/aapcs64/va_arg-3.c execution, -O1
UNRESOLVED: gcc.target/aarch64/aapcs64/va_arg-3.c execution, -O2
UNRESOLVED: gcc.target/aarch64/aapcs64/va_arg-3.c execution, -O3 -g
UNRESOLVED: gcc.target/aarch64/aapcs64/va_arg-3.c execution, -Og -g
UNRESOLVED: gcc.target/aarch64/aapcs64/va_arg-3.c execution, -Os
FAIL: gcc.target/aarch64/aapcs64/va_arg-4.c compilation, -O0
FAIL: gcc.target/aarch64/aapcs64/va_arg-4.c compilation, -O1
FAIL: gcc.target/aarch64/aapcs64/va_arg-4.c compilation, -O2
FAIL: gcc.target/aarch64/aapcs64/va_arg-4.c compilation, -O3 -g
FAIL: gcc.target/aarch64/aapcs64/va_arg-4.c compilation, -Og -g
FAIL: gcc.target/aarch64/aapcs64/va_arg-4.c compilation, -Os
UNRESOLVED: gcc.target/aarch64/aapcs64/va_arg-4.c execution, -O0
UNRESOLVED: gcc.target/aarch64/aapcs64/va_arg-4.c execution, -O1
UNRESOLVED: gcc.target/aarch64/aapcs64/va_arg-4.c execution, -O2
UNRESOLVED: gcc.target/aarch64/aapcs64/va_arg-4.c execution, -O3 -g
UNRESOLVED: gcc.target/aarch64/aapcs64/va_arg-4.c execution, -Og -g
UNRESOLVED: gcc.target/aarch64/aapcs64/va_arg-4.c execution, -Os
FAIL: gcc.target/aarch64/aapcs64/va_arg-5.c compilation, -O0
FAIL: gcc.target/aarch64/aapcs64/va_arg-5.c compilation, -O1
FAIL: gcc.target/aarch64/aapcs64/va_arg-5.c compilation, -O2
FAIL: gcc.target/aarch64/aapcs64/va_arg-5.c compilation, -O3 -g
FAIL: gcc.target/aarch64/aapcs64/va_arg-5.c compilation, -Og -g
FAIL: gcc.target/aarch64/aapcs64/va_arg-5.c compilation, -Os
UNRESOLVED: gcc.target/aarch64/aapcs64/va_arg-5.c execution, -O0
UNRESOLVED: gcc.target/aarch64/aapcs64/va_arg-5.c execution, -O1
UNRESOLVED: gcc.target/aarch64/aapcs64/va_arg-5.c execution, -O2
UNRESOLVED: gcc.target/aarch64/aapcs64/va_arg-5.c execution, -O3 -g
UNRESOLVED: gcc.target/aarch64/aapcs64/va_arg-5.c execution, -Og -g
UNRESOLVED: gcc.target/aarch64/aapcs64/va_arg-5.c execution, -Os
FAIL: gcc.target/aarch64/aapcs64/va_arg-6.c compilation, -O0
FAIL: gcc.target/aarch64/aapcs64/va_arg-6.c compilation, -O1
FAIL: gcc.target/aarch64/aapcs64/va_arg-6.c compilation, -O2
FAIL: gcc.target/aarch64/aapcs64/va_arg-6.c compilation, -O3 -g
FAIL: gcc.target/aarch64/aapcs64/va_arg-6.c compilation, -Og -g
FAIL: gcc.target/aarch64/aapcs64/va_arg-6.c compilation, -Os
UNRESOLVED: gcc.target/aarch64/aapcs64/va_arg-6.c execution, -O0
UNRESOLVED: gcc.target/aarch64/aapcs64/va_arg-6.c execution, -O1
UNRESOLVED: gcc.target/aarch64/aapcs64/va_arg-6.c execution, -O2
UNRESOLVED: gcc.target/aarch64/aapcs64/va_arg-6.c execution, -O3 -g
UNRESOLVED: gcc.target/aarch64/aapcs64/va_arg-6.c execution, -Og -g
UNRESOLVED: gcc.target/aarch64/aapcs64/va_arg-6.c execution, -Os
FAIL: gcc.target/aarch64/aapcs64/va_arg-7.c compilation, -O0
FAIL: gcc.target/aarch64/aapcs64/va_arg-7.c compilation, -O1
FAIL: gcc.target/aarch64/aapcs64/va_arg-7.c compilation, -O2
FAIL: gcc.target/aarch64/aapcs64/va_arg-7.c compilation, -O3 -g
FAIL: gcc.target/aarch64/aapcs64/va_arg-7.c compilation, -Og -g
FAIL: gcc.target/aarch64/aapcs64/va_arg-7.c compilation, -Os
UNRESOLVED: gcc.target/aarch64/aapcs64/va_arg-7.c execution, -O0
UNRESOLVED: gcc.target/aarch64/aapcs64/va_arg-7.c execution, -O1
UNRESOLVED: gcc.target/aarch64/aapcs64/va_arg-7.c execution, -O2
UNRESOLVED: gcc.target/aarch64/aapcs64/va_arg-7.c execution, -O3 -g
UNRESOLVED: gcc.target/aarch64/aapcs64/va_arg-7.c execution, -Og -g
UNRESOLVED: gcc.target/aarch64/aapcs64/va_arg-7.c execution, -Os
FAIL: gcc.target/aarch64/aapcs64/va_arg-8.c compilation, -O0
FAIL: gcc.target/aarch64/aapcs64/va_arg-8.c compilation, -O1
FAIL: gcc.target/aarch64/aapcs64/va_arg-8.c compilation, -O2
FAIL: gcc.target/aarch64/aapcs64/va_arg-8.c compilation, -O3 -g
FAIL: gcc.target/aarch64/aapcs64/va_arg-8.c compilation, -Og -g
FAIL: gcc.target/aarch64/aapcs64/va_arg-8.c compilation, -Os
UNRESOLVED: gcc.target/aarch64/aapcs64/va_arg-8.c execution, -O0
UNRESOLVED: gcc.target/aarch64/aapcs64/va_arg-8.c execution, -O1
UNRESOLVED: gcc.target/aarch64/aapcs64/va_arg-8.c execution, -O2
UNRESOLVED: gcc.target/aarch64/aapcs64/va_arg-8.c execution, -O3 -g
UNRESOLVED: gcc.target/aarch64/aapcs64/va_arg-8.c execution, -Og -g
UNRESOLVED: gcc.target/aarch64/aapcs64/va_arg-8.c execution, -Os
FAIL: gcc.target/aarch64/aapcs64/va_arg-9.c compilation, -O0
FAIL: gcc.target/aarch64/aapcs64/va_arg-9.c compilation, -O1
FAIL: gcc.target/aarch64/aapcs64/va_arg-9.c compilation, -O2
FAIL: gcc.target/aarch64/aapcs64/va_arg-9.c compilation, -O3 -g
FAIL: gcc.target/aarch64/aapcs64/va_arg-9.c compilation, -Og -g
FAIL: gcc.target/aarch64/aapcs64/va_arg-9.c compilation, -Os
UNRESOLVED: gcc.target/aarch64/aapcs64/va_arg-9.c execution, -O0
UNRESOLVED: gcc.target/aarch64/aapcs64/va_arg-9.c execution, -O1
UNRESOLVED: gcc.target/aarch64/aapcs64/va_arg-9.c execution, -O2
UNRESOLVED: gcc.target/aarch64/aapcs64/va_arg-9.c execution, -O3 -g
UNRESOLVED: gcc.target/aarch64/aapcs64/va_arg-9.c execution, -Og -g
UNRESOLVED: gcc.target/aarch64/aapcs64/va_arg-9.c execution, -Os
FAIL: gcc.target/aarch64/fuse_adrp_add_1.c scan-assembler adrp\\tx.*, fixed_regs\\n\\tadd\\tx.*, x.*fixed_regs
FAIL: gcc.target/aarch64/pr63304_1.c (test for excess errors)
FAIL: gcc.target/aarch64/pr63304_1.c scan-assembler-times adrp 6
FAIL: gcc.target/aarch64/pr70120-2.c (test for excess errors)
FAIL: gcc.target/aarch64/reload-valid-spoff.c (test for excess errors)
FAIL: gcc.target/aarch64/shrink_wrap_symbol_ref_1.c scan-rtl-dump pro_and_epilogue "Performing shrink-wrapping"
FAIL: gcc.target/aarch64/test_frame_10.c scan-assembler-times ldp\\tx19, x30, \\\\[sp\\\\], [0-9]+ 1
FAIL: gcc.target/aarch64/test_frame_10.c scan-assembler-times stp\\tx19, x30, \\\\[sp, -[0-9]+\\\\]! 1
FAIL: gcc.target/aarch64/test_frame_15.c scan-assembler-times sub\\tsp, sp, #[0-9]+ 1
FAIL: gcc.target/aarch64/test_frame_8.c scan-assembler-times ldr\\tx30, \\\\[sp\\\\], [0-9]+ 3
FAIL: gcc.target/aarch64/test_frame_8.c scan-assembler-times str\\tx30, \\\\[sp, -[0-9]+\\\\]! 3
FAIL: gcc.target/aarch64/vect-abs-compile.c scan-assembler abs\\\\tv[0-9]+.16b
FAIL: gcc.target/aarch64/vect-abs-compile.c scan-assembler abs\\\\tv[0-9]+.8h
FAIL: gcc.target/aarch64/vect-add-sub-cond.c scan-assembler-not \\tld[^\\t]*\\t[wx]
=== gcc Summary for unix/-fstack-protector ===
# of expected passes 104516
# of unexpected failures 832
# of unexpected successes 14
# of expected failures 289
# of unresolved testcases 306
# of unsupported tests 2109
=== gcc Summary ===
# of expected passes 209101
# of unexpected failures 1591
# of unexpected successes 28
# of expected failures 578
# of unresolved testcases 612
# of unsupported tests 4222
/build/gcc-6-a8uATG/gcc-6-6.2.0/build/gcc/xgcc version 6.2.0 20161109 (Debian 6.2.0-13)
=== gfortran tests ===
Running target unix
FAIL: gfortran.dg/ieee/ieee_6.f90 -O0 execution test
FAIL: gfortran.dg/ieee/ieee_6.f90 -O1 execution test
FAIL: gfortran.dg/ieee/ieee_6.f90 -O2 execution test
FAIL: gfortran.dg/ieee/ieee_6.f90 -O3 -fomit-frame-pointer -funroll-loops -fpeel-loops -ftracer -finline-functions execution test
FAIL: gfortran.dg/ieee/ieee_6.f90 -O3 -g execution test
FAIL: gfortran.dg/ieee/ieee_6.f90 -Os execution test
=== gfortran Summary for unix ===
# of expected passes 42258
# of unexpected failures 6
# of expected failures 77
# of unsupported tests 63
Running target unix/-fstack-protector
FAIL: gfortran.dg/ieee/ieee_6.f90 -O0 execution test
FAIL: gfortran.dg/ieee/ieee_6.f90 -O1 execution test
FAIL: gfortran.dg/ieee/ieee_6.f90 -O2 execution test
FAIL: gfortran.dg/ieee/ieee_6.f90 -O3 -fomit-frame-pointer -funroll-loops -fpeel-loops -ftracer -finline-functions execution test
FAIL: gfortran.dg/ieee/ieee_6.f90 -O3 -g execution test
FAIL: gfortran.dg/ieee/ieee_6.f90 -Os execution test
=== gfortran Summary for unix/-fstack-protector ===
# of expected passes 42258
# of unexpected failures 6
# of expected failures 77
# of unsupported tests 63
=== gfortran Summary ===
# of expected passes 84516
# of unexpected failures 12
# of expected failures 154
# of unsupported tests 126
/build/gcc-6-a8uATG/gcc-6-6.2.0/build/gcc/gfortran version 6.2.0 20161109 (Debian 6.2.0-13)
=== gnat tests ===
Running target unix
=== gnat Summary for unix ===
# of expected passes 2476
# of expected failures 22
# of unsupported tests 21
Running target unix/-fstack-protector
=== gnat Summary for unix/-fstack-protector ===
# of expected passes 2476
# of expected failures 22
# of unsupported tests 21
=== gnat Summary ===
# of expected passes 4952
# of expected failures 44
# of unsupported tests 42
/build/gcc-6-a8uATG/gcc-6-6.2.0/build/gnattools/gnatmake version 6.2.0
=== go tests ===
Running target unix
=== go Summary for unix ===
# of expected passes 486
# of untested testcases 834
Running target unix/-fstack-protector
=== go Summary for unix/-fstack-protector ===
# of expected passes 486
# of untested testcases 834
=== go Summary ===
# of expected passes 972
# of untested testcases 1668
/build/gcc-6-a8uATG/gcc-6-6.2.0/build/gcc/gccgo version 6.2.0 20161109 (Debian 6.2.0-13)
=== obj-c++ tests ===
Running target unix
=== obj-c++ Summary for unix ===
# of expected passes 1446
# of expected failures 10
# of unsupported tests 77
Running target unix/-fstack-protector
=== obj-c++ Summary for unix/-fstack-protector ===
# of expected passes 1446
# of expected failures 10
# of unsupported tests 77
=== obj-c++ Summary ===
# of expected passes 2892
# of expected failures 20
# of unsupported tests 154
/build/gcc-6-a8uATG/gcc-6-6.2.0/build/gcc/xg++ version 6.2.0 20161109 (Debian 6.2.0-13)
=== objc tests ===
Running target unix
=== objc Summary for unix ===
# of expected passes 2787
# of unsupported tests 69
Running target unix/-fstack-protector
=== objc Summary for unix/-fstack-protector ===
# of expected passes 2787
# of unsupported tests 69
=== objc Summary ===
# of expected passes 5574
# of unsupported tests 138
/build/gcc-6-a8uATG/gcc-6-6.2.0/build/gcc/xgcc version 6.2.0 20161109 (Debian 6.2.0-13)
Compiler version: 6.2.0 20161109 (Debian 6.2.0-13)
Platform: aarch64-unknown-linux-gnu
configure flags: -v --with-pkgversion='Debian 6.2.0-13' --with-bugurl=file:///usr/share/doc/gcc-6/README.Bugs --enable-languages=c,ada,c++,java,go,d,fortran,objc,obj-c++ --prefix=/usr --program-suffix=-6 --program-prefix=aarch64-linux-gnu- --enable-shared --enable-linker-build-id --libexecdir=/usr/lib --without-included-gettext --enable-threads=posix --libdir=/usr/lib --enable-nls --with-sysroot=/ --enable-clocale=gnu --enable-libstdcxx-debug --enable-libstdcxx-time=yes --with-default-libstdcxx-abi=new --enable-gnu-unique-object --disable-libquadmath --enable-plugin --enable-default-pie --with-system-zlib --disable-browser-plugin --enable-java-awt=gtk --enable-gtk-cairo --with-java-home=/usr/lib/jvm/java-1.5.0-gcj-6-arm64/jre --enable-java-home --with-jvm-root-dir=/usr/lib/jvm/java-1.5.0-gcj-6-arm64 --with-jvm-jar-dir=/usr/lib/jvm-exports/java-1.5.0-gcj-6-arm64 --with-arch-directory=aarch64 --with-ecj-jar=/usr/share/java/eclipse-ecj.jar --enable-multiarch --enable-fix-cortex-a53-843419 --enable-checking=release --build=aarch64-linux-gnu --host=aarch64-linux-gnu --target=aarch64-linux-gnu
BOOT_CFLAGS=
Build Dependencies:
Desired=Unknown/Install/Remove/Purge/Hold
| Status=Not/Inst/Conf-files/Unpacked/halF-conf/Half-inst/trig-aWait/Trig-pend
|/ Err?=(none)/Reinst-required (Status,Err: uppercase=bad)
||/ Name Version Architecture Description
+++-=========================-==================-============-===============================================================================
ii binutils 2.27.51.20161108-1 arm64 GNU assembler, linker and binary utilities
ii g++-5 5.4.1-3 arm64 GNU C++ compiler
ii g++-6 6.2.0-11 arm64 GNU C++ compiler
ii libc6:arm64 2.24-5 arm64 GNU C Library: Shared libraries
ii libgmp-dev:arm64 2:6.1.1+dfsg-1 arm64 Multiprecision arithmetic library developers tools
ii libisl-dev:arm64 0.17.1-1 arm64 manipulating sets and relations of integer points bounded by linear constraints
ii libmpc-dev:arm64 1.0.3-1 arm64 multiple precision complex floating-point library development package
ii libmpfr-dev:arm64 3.1.5-1 arm64 multiple precision floating-point computation developers tools
svn-updates:
updates from the 6 branch upto 20161109 (r241998).
libiberty-updates:
libiberty updates, taken from the trunk 20161108
gcc-gfdl-build:
Build a dummy s-tm-texi without access to the texinfo sources
gcc-textdomain:
Set gettext's domain and textdomain to the versioned package name.
gcc-driver-extra-langs:
Add options and specs for languages that are not built from a source
(but built from separate sources).
gcc-hash-style-gnu:
Link using --hash-style=gnu (aarch64, alpha, amd64, armel, armhf, ia64,
i386, powerpc, ppc64, s390, sparc)
libstdc++-pic:
Build and install libstdc++_pic.a library.
libstdc++-doclink:
adjust hrefs to point to the local documentation
libstdc++-man-3cxx:
Install libstdc++ man pages with suffix .3cxx instead of .3
libstdc++-test-installed:
Add support to run the libstdc++-v3 testsuite using the
installed shared libraries.
libjava-stacktrace:
libgcj: Lookup source file name and line number in separated
debug files found in /usr/lib/debug
libjava-jnipath:
- Add /usr/lib/jni and /usr/lib/<multiarch>/jni to java.library.path.
- When running the i386 binaries on amd64, look in
- /usr/lib32/gcj-x.y and /usr/lib32/jni instead.
libjava-sjlj:
Don't try to use _Unwind_Backtrace on SJLJ targets.
See bug #387875, #388505, GCC PR 29206.
libjava-disable-plugin:
Don't build the gcjwebplugin, even when configured with --enable-plugin
alpha-no-ev4-directive:
never emit .ev4 directive.
boehm-gc-getnprocs:
boehm-gc/pthread_support.c (GC_get_nprocs): Use sysconf as fallback.
note-gnu-stack:
Add .note.GNU-stack sections for gcc's crt files, libffi and boehm-gc
Taken from FC.
libgomp-omp_h-multilib:
Fix up omp.h for multilibs.
gccgo-version:
Omit the subminor number from the go libdir
pr47818:
Fix PR ada/47818: Pragma Assert is rejected with No_Implementation_Pragmas restriction.
gcc-base-version:
Set base version to 5, introduce full version 5.x.y.
libgo-testsuite:
Only run the libgo testsuite for flags configured in RUNTESTFLAGS
gcc-target-include-asm:
Search \$(builddir)/sys-include for the asm header files
libgo-revert-timeout-exp:
libgo-setcontext-config:
libgo: Overwrite the setcontext_clobbers_tls check on mips*
gcc-auto-build:
Fix cross building a native compiler.
kfreebsd-unwind:
DWARF2 EH unwinding support for AMD x86-64 and x86 KFreeBSD.
libitm-no-fortify-source:
Build libitm with -U_FORTIFY_SOURCE on x86 and x86_64.
sparc64-biarch-long-double-128:
Fix --with-long-double-128 for sparc32 when defaulting to 64-bit.
gcc-ia64-bootstrap-ignore:
Ignore bootstrap comparison failure on ia64. Filed upstream as
PR middle-end/65874.
gotools-configury:
Fix gotools cross build.
pr66368:
PR go/66368, build libgo with -fno-stack-protector
pr67590:
Fix PR67590, setting objdump macro.
ada-gnattools-ldflags:
Link gnat tools with the defaults LDFLAGS
libjit-ldflags:
gcc-SOURCE_DATE_EPOCH:
Allow embedded timestamps by C/C++ macros to be set externally
gcc-SOURCE_DATE_EPOCH-2:
cmd-go-combine-gccgo-s-ld-and-ldShared-methods:
cmd/go: combine gccgo's ld() and ldShared() methods
libjava-mips64el:
PR55947-revert:
Revert fix for PR target/55947, causing PR libstdc++/72813
gccgo-issue16780:
gccgo: Call default_file_start from s390_asm_file_start
pr77379:
Fix PR c++/77379, taken from the trunk.
vulcan-cpu:
Accept vulcan as a cpu name for the AArch64 port of GCC
vulcan-costs:
Add cost model for vulcan CPU
libffi-pax:
libffi-race-condition:
pr77686-workaround:
Apply workaround for PR libstdc++/77686
libgo-add-getrandom-mips-sparc:
Backport r240457 from trunk
libgo-fix-getrandom-clone-sparc64:
Backport r241072 from trunk
libgo-rawClone-no_split_stack:
Backport r241171 from trunk
libgo-rawClone-no-pt_regs:
Backport r241084 from trunk
libgo-elf-relocations-sparc64:
Backport r241051 from trunk
src/libgo/go/debug/elf/testdata/go-relocation-test-gcc620-sparc64.obj is
encoded in debian/go-relocation-test-gcc620-sparc64.obj.uue and is
decoded at patch time.
pr77822:
Fix PR target/77822 (AArch64), taken from the trunk.
pr77822-s390x:
S390: Fix PR/77822.
libstdc++-functexcept:
PR libstdc++/66145, std::ios_base::failure objects thrown from libstdc++.so use old ABI
Just build src/c++11/functexcept.cc using the new ABI. It will break
code, which will be handled in the archive by adding Breaks for the
affected packages. Third party code using such code will need a rebuild.
ada-arm:
ada-kfreebsd:
add support for GNU/kFreeBSD.
ada-revert-pr63225:
Revert the changes made to allow bootstrapping with -fno-inline.
We allow inlining during bootstrap and this change breaks aliversion compatibility
with earlier uploads of libgnatvsn5. This patch shall be removed in the next
major version of GNAT.
ada-driver-check:
Simplify Ada driver check (we always build using the required
Ada version. Needed for warnings on alpha.
ada-gcc-name:
use gcc-6 instead of gcc as the command name.
ada-default-project-path:
- Change the default search path for project files to the one specified
by the Debian Policy for Ada: /usr/share/ada/adainclude.
ada-library-project-files-soname:
- in project files, use the exact Library_Version provided, if any, as
the soname of libraries; do not strip minor version numbers
(PR ada/40025).
ada-link-lib:
- Install the shared Ada libraries as '.so.1', not '.so' to conform
to the Debian policy.
- Don't include a runtime link path (-rpath), when linking binaries.
- Build the shared libraries on hppa-linux.
- Instead of building libada as a target library only, build it as
both a host and, if different, target library.
- Build the GNAT tools in their top-level directory; do not use
recursive makefiles.
- Link the GNAT tools dynamically.
ada-libgnatvsn:
- Introduce a new shared library named libgnatvsn, containing
common components of GNAT under the GNAT-Modified GPL, for
use in GNAT tools, ASIS, GLADE and GPS. Link the gnat tools
against this new library.
ada-libgnatprj:
- Introduce a new shared library named libgnatprj, containing
the GNAT project file manager licensed under the pure GPL, for
use in GNAT tools, GLADE and GPS. Link the GNAT tools against
this new library.
ada-gnattools-cross:
- When building the native gnat, link the gnat tools against
the build tree (build/\$(host_alias)/{libgnatvsn,libgnatprj}.)
- When building a cross gnat, link against the libgnatvsn-6-dev
and libgnatprj-6-dev packages.
This link will be done by /usr/bin/\$(host_alias)-gnat*, thus
the native gnat with the same major version will be required.
ada-acats:
- When running the ACATS, look for the gnat tools in their new
directory (build/gnattools), and for the shared libraries in
build/gcc/ada/rts, build/libgnatvsn and build/libgnatprj.
libgnatprj-cross-hack:
ada-sjlj:
ada-link-shlib:
In gnatlink, pass the options and libraries after objects to the
linker to avoid link failures with --as-needed. Closes: #680292.
gdc-6:
This implements D language support in the GCC back end, and adds
relevant documentation about the GDC front end (code part).
gdc-updates:
gdc updates up to 20160115.
gdc-versym-cpu:
Implements D CPU version conditions.
gdc-versym-os:
Implements D OS version conditions.
gdc-frontend-posix:
Fix build of the D frontend on the Hurd and KFreeBSD.
gdc-base-version:
Use the GCC base version for the D include dir name
gdc-profiledbuild:
Don't build gdc build tools idgen and impcnvgen with profiling flags
gdc-libphobos-link:
gdc: Always link with -ldl when linking with -lgphobos.
gdc-symbol-mangling:
gdc-texinfo:
Add macros for the gdc texinfo documentation.
gdc-driver-nophobos:
Modify gdc driver to have no libphobos by default.
disable-gdc-tests:
Disable D tests, hang on many buildds
sys-auxv-header:
Check for the sys/auxv.h header file.
libcilkrts-targets:
Disable libcilkrts on KFreeBSD and the Hurd. See #734973.
arm-multilib-defaults:
Set MULTILIB_DEFAULTS for ARM multilib builds
gcc-ice-dump:
For ICEs, dump the preprocessed source file to stderr
when in a distro build environment.
gcc-ice-apport:
Report an ICE to apport (if apport is available
and the environment variable GCC_NOAPPORT is not set)
skip-bootstrap-multilib:
Skip non-default multilib and libstdc++-v3 debug builds in bootstrap builds
libjava-fixed-symlinks:
Remove unneed '..' elements from symlinks in JAVA_HOME
libffi-ro-eh_frame_sect:
PR libffi/47248, force a read only eh frame section.
libffi-mips:
Backport Mips go closure support, taken from libffi issue #197.
pr67899:
Proposed patch for PR sanitizer/67899
gcc-multiarch:
- Remaining multiarch patches, not yet submitted upstream.
- Add MULTIARCH_DIRNAME definitions for multilib configurations,
which are used for the non-multilib builds.
libjava-multiarch:
Install libjava libraries to multiarch location
libjava-nobiarch-check:
For biarch builds, disable the testsuite for the non-default architecture
for runtime libraries, which are not built by default (libjava).
config-ml:
- Disable some biarch libraries for biarch builds.
- Fix multilib builds on kernels which don't support all multilibs.
g++-multiarch-incdir:
Use /usr/include/<multiarch>/c++/4.x as the include directory
for host dependent c++ header files.
canonical-cpppath:
Don't use any relative path names for the standard include paths.
gcc-multilib-multiarch:
Don't auto-detect multilib osdirnames.
libgomp-kfreebsd-testsuite:
Disable lock-2.c test on kfreebsd-*
go-testsuite:
Skip Go testcase on AArch64 which hangs on the buildds.
ada-749574:
ada-mips:
Improve support for mips.
ada-bootstrap-compare:
For the bootstrap comparison, ignore gcc/ada/a-except.o on
mips and mipsel. See PR ada/65618.
Counting all warnings,
there are 0 warnings in stage3 of this bootstrap.
Number of warnings per file:
Number of warning types:
More information about the Gcc-testresults
mailing list