Results for 7.0.0 20160524 (experimental) (GCC) testsuite on x86_64-pc-linux-gnu
ataignu@gmail.com
ataignu@gmail.com
Tue May 24 12:36:00 GMT 2016
Native configuration is x86_64-pc-linux-gnu
=== gcc tests ===
Running target unix
UNRESOLVED: gcc.dg/vect/pr58135.c -flto -ffat-lto-objects scan-tree-dump-times slp2 "basic block vectorized" 1
UNRESOLVED: gcc.dg/vect/pr58135.c scan-tree-dump-times slp2 "basic block vectorized" 1
FAIL: gcc.target/i386/avx512f-vprord-1.c scan-assembler-times vprord[ \\\\t]+[^{\\n]*%zmm[0-9]+(?:\\n|[ \\\\t]+#) 1
FAIL: gcc.target/i386/avx512f-vprord-1.c scan-assembler-times vprord[ \\\\t]+[^{\\n]*%zmm[0-9]+{%k[1-7]}(?:\\n|[ \\\\t]+#) 1
FAIL: gcc.target/i386/avx512f-vprord-1.c scan-assembler-times vprord[ \\\\t]+[^{\\n]*%zmm[0-9]+{%k[1-7]}{z}(?:\\n|[ \\\\t]+#) 1
=== gcc Summary ===
# of expected passes 117941
# of unexpected failures 3
# of expected failures 315
# of unresolved testcases 2
# of unsupported tests 1715
/hdd/share/software/gcc/build/gcc/xgcc version 7.0.0 20160524 (experimental) (GCC)
=== g++ tests ===
Running target unix
ERROR: g++.dg/cpp1y/lambda-generic-static1.C -std=c++11: syntax error in target selector "target c++1y" for " dg-do 2 run { target c++1y } "
UNRESOLVED: g++.dg/cpp1y/lambda-generic-static1.C -std=c++11: syntax error in target selector "target c++1y" for " dg-do 2 run { target c++1y } "
ERROR: g++.dg/cpp1y/lambda-generic-static1.C -std=c++14: syntax error in target selector "target c++1y" for " dg-do 2 run { target c++1y } "
UNRESOLVED: g++.dg/cpp1y/lambda-generic-static1.C -std=c++14: syntax error in target selector "target c++1y" for " dg-do 2 run { target c++1y } "
ERROR: g++.dg/cpp1y/lambda-generic-static1.C -std=c++98: syntax error in target selector "target c++1y" for " dg-do 2 run { target c++1y } "
UNRESOLVED: g++.dg/cpp1y/lambda-generic-static1.C -std=c++98: syntax error in target selector "target c++1y" for " dg-do 2 run { target c++1y } "
ERROR: g++.dg/cpp1y/lambda-generic-static2.C -std=c++11: syntax error in target selector "target c++1y" for " dg-do 2 run { target c++1y } "
UNRESOLVED: g++.dg/cpp1y/lambda-generic-static2.C -std=c++11: syntax error in target selector "target c++1y" for " dg-do 2 run { target c++1y } "
ERROR: g++.dg/cpp1y/lambda-generic-static2.C -std=c++14: syntax error in target selector "target c++1y" for " dg-do 2 run { target c++1y } "
UNRESOLVED: g++.dg/cpp1y/lambda-generic-static2.C -std=c++14: syntax error in target selector "target c++1y" for " dg-do 2 run { target c++1y } "
ERROR: g++.dg/cpp1y/lambda-generic-static2.C -std=c++98: syntax error in target selector "target c++1y" for " dg-do 2 run { target c++1y } "
UNRESOLVED: g++.dg/cpp1y/lambda-generic-static2.C -std=c++98: syntax error in target selector "target c++1y" for " dg-do 2 run { target c++1y } "
XPASS: g++.dg/tls/thread_local-order2.C -std=c++11 execution test
XPASS: g++.dg/tls/thread_local-order2.C -std=c++14 execution test
=== g++ Summary ===
# of expected passes 105564
# of unexpected successes 2
# of expected failures 308
# of unresolved testcases 6
# of unsupported tests 3727
/hdd/share/software/gcc/build/gcc/testsuite/g++/../../xg++ version 7.0.0 20160524 (experimental) (GCC)
=== libatomic tests ===
Running target unix
=== libatomic Summary ===
# of expected passes 54
=== libgomp tests ===
Running target unix
=== libgomp Summary ===
# of expected passes 1798
# of unsupported tests 155
=== libitm tests ===
Running target unix
=== libitm Summary ===
# of expected passes 42
# of expected failures 3
# of unsupported tests 1
=== libstdc++ tests ===
Running target unix
FAIL: 22_locale/time_get/get_date/wchar_t/4.cc execution test
=== libstdc++ Summary ===
# of expected passes 10639
# of unexpected failures 1
# of expected failures 66
# of unsupported tests 548
Compiler version: 7.0.0 20160524 (experimental) (GCC)
Platform: x86_64-pc-linux-gnu
configure flags: --prefix=/share/software/gcc/build/../installed --enable-languages=c,c++ --disable-multilib
More information about the Gcc-testresults
mailing list