Results for 7.0.0 20160504 (experimental) (GCC) testsuite on x86_64-pc-linux-gnu
ataignu@gmail.com
ataignu@gmail.com
Wed May 4 18:01:00 GMT 2016
Native configuration is x86_64-pc-linux-gnu
=== gcc tests ===
Running target unix
FAIL: gcc.target/i386/avx512f-vprord-1.c scan-assembler-times vprord[ \\\\t]+[^{\\n]*%zmm[0-9]+(?:\\n|[ \\\\t]+#) 1
FAIL: gcc.target/i386/avx512f-vprord-1.c scan-assembler-times vprord[ \\\\t]+[^{\\n]*%zmm[0-9]+{%k[1-7]}(?:\\n|[ \\\\t]+#) 1
FAIL: gcc.target/i386/avx512f-vprord-1.c scan-assembler-times vprord[ \\\\t]+[^{\\n]*%zmm[0-9]+{%k[1-7]}{z}(?:\\n|[ \\\\t]+#) 1
=== gcc Summary ===
# of expected passes 112378
# of unexpected failures 3
# of expected failures 321
# of unsupported tests 2219
/hdd/share/software/gcc/build/gcc/xgcc version 7.0.0 20160504 (experimental) (GCC)
=== g++ tests ===
Running target unix
XPASS: g++.dg/tls/thread_local-order2.C -std=c++11 execution test
XPASS: g++.dg/tls/thread_local-order2.C -std=c++14 execution test
=== g++ Summary ===
# of expected passes 105216
# of unexpected successes 2
# of expected failures 314
# of unsupported tests 3714
/hdd/share/software/gcc/build/gcc/testsuite/g++/../../xg++ version 7.0.0 20160504 (experimental) (GCC)
=== libatomic tests ===
Running target unix
=== libatomic Summary ===
# of expected passes 54
=== libgomp tests ===
Running target unix
=== libgomp Summary ===
# of expected passes 1798
# of unsupported tests 155
=== libitm tests ===
Running target unix
=== libitm Summary ===
# of expected passes 42
# of expected failures 3
# of unsupported tests 1
=== libstdc++ tests ===
Running target unix
=== libstdc++ Summary ===
# of expected passes 10402
# of expected failures 66
# of unsupported tests 548
Compiler version: 7.0.0 20160504 (experimental) (GCC)
Platform: x86_64-pc-linux-gnu
configure flags: --prefix=/share/software/gcc/build/../installed --enable-languages=c,c++ --disable-multilib
More information about the Gcc-testresults
mailing list