Results for 6.0.0 20160324 (experimental) [trunk revision 234452] (GCC) testsuite on sparc-sun-solaris2.12
Rainer Orth
ro@CeBiTec.Uni-Bielefeld.DE
Fri Mar 25 11:12:00 GMT 2016
LAST_UPDATED: Thu Mar 24 12:23:39 UTC 2016 (revision 234452)
=== acats tests ===
=== acats Summary ===
# of expected passes 2320
# of unexpected failures 0
Native configuration is sparc-sun-solaris2.12
=== g++ tests ===
Running target unix
FAIL: g++.dg/template/ptrmem30.C -std=c++11 (test for excess errors)
FAIL: g++.dg/template/ptrmem30.C -std=c++14 (test for excess errors)
FAIL: g++.dg/template/ptrmem30.C -std=c++98 (test for excess errors)
=== g++ Summary for unix ===
# of expected passes 91454
# of unexpected failures 3
# of expected failures 305
# of unsupported tests 3837
Running target unix/-m64
FAIL: g++.dg/template/ptrmem30.C -std=c++11 (test for excess errors)
FAIL: g++.dg/template/ptrmem30.C -std=c++14 (test for excess errors)
FAIL: g++.dg/template/ptrmem30.C -std=c++98 (test for excess errors)
=== g++ Summary for unix/-m64 ===
# of expected passes 93326
# of unexpected failures 3
# of expected failures 305
# of unsupported tests 3814
=== g++ Summary ===
# of expected passes 184780
# of unexpected failures 6
# of expected failures 610
# of unsupported tests 7651
/var/gcc/regression/trunk/12-gcc/build/gcc/testsuite/g++/../../xg++ version 6.0.0 20160324 (experimental) [trunk revision 234452] (GCC)
=== gcc tests ===
Running target unix
FAIL: gcc.dg/simulate-thread/atomic-other-int.c -O2 -g thread simulation test
FAIL: gcc.dg/simulate-thread/atomic-other-int.c -O3 -g thread simulation test
FAIL: gcc.dg/simulate-thread/speculative-store-4.c -O0 -g thread simulation test
FAIL: gcc.dg/simulate-thread/speculative-store-4.c -O2 -g thread simulation test
FAIL: gcc.dg/simulate-thread/speculative-store-4.c -O3 -g thread simulation test
FAIL: gcc.dg/simulate-thread/speculative-store.c -O0 -g thread simulation test
=== gcc Summary for unix ===
# of expected passes 87591
# of unexpected failures 6
# of expected failures 341
# of unsupported tests 2119
Running target unix/-m64
FAIL: gcc.dg/ifcvt-4.c scan-rtl-dump ce1 "2 true changes made"
=== gcc Summary for unix/-m64 ===
# of expected passes 88499
# of unexpected failures 1
# of expected failures 329
# of unsupported tests 1991
=== gcc Summary ===
# of expected passes 176090
# of unexpected failures 7
# of expected failures 670
# of unsupported tests 4110
/var/gcc/regression/trunk/12-gcc/build/gcc/xgcc version 6.0.0 20160324 (experimental) [trunk revision 234452] (GCC)
=== gfortran tests ===
Running target unix
FAIL: gfortran.dg/coarray/event_1.f90 -fcoarray=lib -O2 -lcaf_single -latomic execution test
FAIL: gfortran.dg/coarray/event_2.f90 -fcoarray=lib -O2 -lcaf_single -latomic execution test
=== gfortran Summary for unix ===
# of expected passes 41687
# of unexpected failures 2
# of expected failures 73
# of unsupported tests 228
Running target unix/-m64
FAIL: gfortran.dg/coarray/event_1.f90 -fcoarray=lib -O2 -lcaf_single -latomic execution test
FAIL: gfortran.dg/coarray/event_2.f90 -fcoarray=lib -O2 -lcaf_single -latomic execution test
=== gfortran Summary for unix/-m64 ===
# of expected passes 41934
# of unexpected failures 2
# of expected failures 73
# of unsupported tests 107
=== gfortran Summary ===
# of expected passes 83621
# of unexpected failures 4
# of expected failures 146
# of unsupported tests 335
/var/gcc/regression/trunk/12-gcc/build/gcc/testsuite/gfortran/../../gfortran version 6.0.0 20160324 (experimental) [trunk revision 234452] (GCC)
=== gnat tests ===
Running target unix
=== gnat Summary for unix ===
# of expected passes 2464
# of expected failures 22
# of unsupported tests 21
Running target unix/-m64
=== gnat Summary for unix/-m64 ===
# of expected passes 2464
# of expected failures 22
# of unsupported tests 21
=== gnat Summary ===
# of expected passes 4928
# of expected failures 44
# of unsupported tests 42
/var/gcc/regression/trunk/12-gcc/build/gcc/gnatmake version 6.0.0 20160324 (experimental) [trunk revision 234452]
=== go tests ===
Running target unix
FAIL: ./bug449-out.go compilation, -O0 -g -fno-var-tracking-assignments
WARNING: program timed out.
=== go Summary for unix ===
# of expected passes 7361
# of unexpected failures 1
# of expected failures 1
# of untested testcases 12
# of unsupported tests 3
Running target unix/-m64
FAIL: ./bug449-out.go compilation, -O0 -g -fno-var-tracking-assignments
WARNING: program timed out.
=== go Summary for unix/-m64 ===
# of expected passes 7241
# of unexpected failures 1
# of expected failures 1
# of untested testcases 12
# of unsupported tests 3
=== go Summary ===
# of expected passes 14602
# of unexpected failures 2
# of expected failures 2
# of untested testcases 24
# of unsupported tests 6
=== obj-c++ tests ===
Running target unix
=== obj-c++ Summary for unix ===
# of expected passes 1454
# of expected failures 2
# of unsupported tests 77
Running target unix/-m64
=== obj-c++ Summary for unix/-m64 ===
# of expected passes 1446
# of expected failures 10
# of unsupported tests 77
=== obj-c++ Summary ===
# of expected passes 2900
# of expected failures 12
# of unsupported tests 154
/var/gcc/regression/trunk/12-gcc/build/gcc/testsuite/obj-c++/../../xg++ version 6.0.0 20160324 (experimental) [trunk revision 234452] (GCC)
=== objc tests ===
Running target unix
=== objc Summary for unix ===
# of expected passes 2789
# of unsupported tests 68
Running target unix/-m64
=== objc Summary for unix/-m64 ===
# of expected passes 2789
# of unsupported tests 68
=== objc Summary ===
# of expected passes 5578
# of unsupported tests 136
/var/gcc/regression/trunk/12-gcc/build/gcc/xgcc version 6.0.0 20160324 (experimental) [trunk revision 234452] (GCC)
=== boehm-gc tests ===
Running target unix
=== boehm-gc Summary for unix ===
# of expected passes 12
# of unsupported tests 1
Running target unix/-m64
=== boehm-gc Summary for unix/-m64 ===
# of expected passes 12
# of unsupported tests 1
=== boehm-gc Summary ===
# of expected passes 24
# of unsupported tests 2
=== libatomic tests ===
Running target unix
=== libatomic Summary for unix ===
# of expected passes 44
# of unsupported tests 5
Running target unix/-m64
=== libatomic Summary for unix/-m64 ===
# of expected passes 54
=== libatomic Summary ===
# of expected passes 98
# of unsupported tests 5
=== libffi tests ===
Running target unix
=== libffi Summary for unix ===
# of expected passes 1914
# of unsupported tests 30
Running target unix/-m64
=== libffi Summary for unix/-m64 ===
# of expected passes 1914
# of unsupported tests 30
=== libffi Summary ===
# of expected passes 3828
# of unsupported tests 60
=== libgo tests ===
Running target unix
FAIL: reflect
FAIL: go/build
FAIL: runtime/pprof
=== libgo Summary for unix ===
# of expected passes 131
# of unexpected failures 3
Running target unix/-m64
FAIL: go/build
=== libgo Summary for unix/-m64 ===
# of expected passes 133
# of unexpected failures 1
=== libgo Summary ===
# of expected passes 264
# of unexpected failures 4
/var/gcc/regression/trunk/12-gcc/build/./gcc/gccgo version 6.0.0 20160324 (experimental) [trunk revision 234452] (GCC)
=== libgomp tests ===
Running target unix
=== libgomp Summary for unix ===
# of expected passes 4798
# of unsupported tests 316
Running target unix/-m64
=== libgomp Summary for unix/-m64 ===
# of expected passes 4798
# of unsupported tests 316
=== libgomp Summary ===
# of expected passes 9596
# of unsupported tests 632
=== libitm tests ===
Running target unix
=== libitm Summary for unix ===
# of expected passes 42
# of expected failures 3
# of unsupported tests 1
Running target unix/-m64
=== libitm Summary for unix/-m64 ===
# of expected passes 42
# of expected failures 3
# of unsupported tests 1
=== libitm Summary ===
# of expected passes 84
# of expected failures 6
# of unsupported tests 2
=== libjava tests ===
Running target unix
=== libjava Summary for unix ===
# of expected passes 2582
# of expected failures 4
Running target unix/-m64
=== libjava Summary for unix/-m64 ===
# of expected passes 2582
# of expected failures 4
=== libjava Summary ===
# of expected passes 5164
# of expected failures 8
=== libstdc++ tests ===
Running target unix
=== libstdc++ Summary for unix ===
# of expected passes 9842
# of expected failures 68
# of unsupported tests 694
Running target unix/-m64
=== libstdc++ Summary for unix/-m64 ===
# of expected passes 9842
# of expected failures 68
# of unsupported tests 694
=== libstdc++ Summary ===
# of expected passes 19684
# of expected failures 136
# of unsupported tests 1388
Compiler version: 6.0.0 20160324 (experimental) [trunk revision 234452] (GCC)
Platform: sparc-sun-solaris2.12
configure flags: --prefix=/vol/gcc --target=sparc-sun-solaris2.12 --enable-objc-gc --with-as=/usr/ccs/bin/as --without-gnu-as --with-gmp-include=/vol/gcc/include --with-gmp-lib=/vol/gcc/lib --with-mpfr-include=/vol/gcc/include --with-mpfr-lib=/vol/gcc/lib --with-mpc-include=/vol/gcc/include --with-mpc-lib=/vol/gcc/lib --enable-languages=all,ada,obj-c++,go --with-isl-include=/vol/gcc/include --with-isl-lib=/vol/gcc/lib
BOOT_CFLAGS=-g -O2
More information about the Gcc-testresults
mailing list