Results for 7.0.0 20160616 (experimental) [trunk revision 237541] (GCC) testsuite on hppa64-hp-hpux11.00
John David Anglin
dave@hiauly2.hia.nrc.ca
Thu Jun 30 01:40:00 GMT 2016
Native configuration is hppa64-hp-hpux11.00
=== g++ tests ===
Running target unix
WARNING: program timed out.
FAIL: g++.dg/cpp0x/constexpr-70001-1.C -std=c++11 (test for excess errors)
WARNING: program timed out.
FAIL: g++.dg/cpp0x/constexpr-70001-1.C -std=c++14 (test for excess errors)
WARNING: program timed out.
FAIL: g++.dg/cpp0x/constexpr-70001-3.C -std=c++11 (test for excess errors)
WARNING: program timed out.
FAIL: g++.dg/cpp0x/constexpr-70001-3.C -std=c++14 (test for excess errors)
WARNING: program timed out.
FAIL: g++.dg/cpp0x/constexpr-70001-4.C -std=c++11 (test for excess errors)
WARNING: program timed out.
FAIL: g++.dg/cpp0x/constexpr-70001-4.C -std=c++14 (test for excess errors)
FAIL: c-c++-common/pr60226.c -std=gnu++98 (test for excess errors)
FAIL: c-c++-common/pr60226.c -std=gnu++11 (test for excess errors)
FAIL: c-c++-common/pr60226.c -std=gnu++14 (test for excess errors)
WARNING: program timed out.
WARNING: program timed out.
FAIL: g++.dg/torture/pr65655.C -O0 (test for excess errors)
WARNING: program timed out.
FAIL: g++.dg/torture/pr65655.C -O1 (test for excess errors)
WARNING: program timed out.
FAIL: g++.dg/torture/pr65655.C -O2 (test for excess errors)
WARNING: program timed out.
FAIL: g++.dg/torture/pr65655.C -O3 -g (test for excess errors)
WARNING: program timed out.
FAIL: g++.dg/torture/pr65655.C -Os (test for excess errors)
WARNING: program timed out.
FAIL: g++.dg/torture/pr65655.C -O2 -flto -flto-partition=none (test for excess errors)
WARNING: program timed out.
FAIL: g++.dg/torture/pr65655.C -O2 -flto (test for excess errors)
FAIL: g++.old-deja/g++.abi/vtable2.C -std=gnu++98 execution test
FAIL: g++.old-deja/g++.abi/vtable2.C -std=gnu++11 execution test
FAIL: g++.old-deja/g++.abi/vtable2.C -std=gnu++14 execution test
=== g++ Summary ===
# of expected passes 91650
# of unexpected failures 19
# of expected failures 307
# of unsupported tests 4193
/home/gnu/gcc/objdir/gcc/testsuite/g++/../../xg++ version 7.0.0 20160616 (experimental) [trunk revision 237541] (GCC)
=== gcc tests ===
Running target unix
WARNING: program timed out.
FAIL: gcc.c-torture/compile/20001226-1.c -O3 -g (test for excess errors)
WARNING: program timed out.
FAIL: gcc.c-torture/compile/limits-externdecl.c -O0 (test for excess errors)
WARNING: program timed out.
FAIL: gcc.c-torture/compile/limits-externdecl.c -O1 (test for excess errors)
WARNING: program timed out.
FAIL: gcc.c-torture/compile/limits-externdecl.c -O2 (test for excess errors)
WARNING: program timed out.
FAIL: gcc.c-torture/compile/limits-externdecl.c -O3 -g (test for excess errors)
WARNING: program timed out.
FAIL: gcc.c-torture/compile/limits-externdecl.c -Os (test for excess errors)
WARNING: program timed out.
FAIL: gcc.c-torture/compile/limits-externdecl.c -O2 -flto -flto-partition=none (test for excess errors)
WARNING: program timed out.
FAIL: gcc.c-torture/compile/limits-externdecl.c -O2 -flto (test for excess errors)
WARNING: program timed out.
FAIL: gcc.c-torture/compile/limits-fndefn.c -O1 (test for excess errors)
WARNING: program timed out.
FAIL: gcc.c-torture/compile/limits-fndefn.c -O2 (test for excess errors)
WARNING: program timed out.
FAIL: gcc.c-torture/compile/limits-fndefn.c -O3 -g (test for excess errors)
WARNING: program timed out.
FAIL: gcc.c-torture/compile/limits-fndefn.c -Os (test for excess errors)
WARNING: program timed out.
FAIL: gcc.c-torture/compile/limits-fndefn.c -O2 -flto -flto-partition=none (test for excess errors)
WARNING: program timed out.
FAIL: gcc.c-torture/compile/limits-fndefn.c -O2 -flto (test for excess errors)
WARNING: program timed out.
FAIL: gcc.c-torture/compile/limits-structnest.c -O0 (test for excess errors)
WARNING: program timed out.
FAIL: gcc.c-torture/compile/limits-structnest.c -O1 (test for excess errors)
WARNING: program timed out.
FAIL: gcc.c-torture/compile/limits-structnest.c -O2 (test for excess errors)
WARNING: program timed out.
FAIL: gcc.c-torture/compile/limits-structnest.c -O3 -g (test for excess errors)
WARNING: program timed out.
FAIL: gcc.c-torture/compile/limits-structnest.c -Os (test for excess errors)
WARNING: program timed out.
FAIL: gcc.c-torture/compile/limits-structnest.c -O2 -flto -flto-partition=none (test for excess errors)
WARNING: program timed out.
FAIL: gcc.c-torture/compile/limits-structnest.c -O2 -flto (test for excess errors)
WARNING: program timed out.
FAIL: gcc.dg/atomic/c11-atomic-exec-2.c -O2 -flto -flto-partition=none (test for excess errors)
WARNING: program timed out.
FAIL: gcc.dg/atomic/c11-atomic-exec-2.c -O2 -flto (test for excess errors)
FAIL: gcc.dg/atomic/c11-atomic-exec-5.c -O0 execution test
FAIL: gcc.dg/atomic/c11-atomic-exec-5.c -O1 execution test
FAIL: gcc.dg/atomic/c11-atomic-exec-5.c -O2 execution test
FAIL: gcc.dg/atomic/c11-atomic-exec-5.c -O3 -fomit-frame-pointer -funroll-loops -fpeel-loops -ftracer -finline-functions execution test
FAIL: gcc.dg/atomic/c11-atomic-exec-5.c -O3 -g execution test
FAIL: gcc.dg/atomic/c11-atomic-exec-5.c -Os execution test
FAIL: gcc.dg/atomic/c11-atomic-exec-5.c -O2 -flto -flto-partition=none execution test
FAIL: gcc.dg/atomic/c11-atomic-exec-5.c -O2 -flto execution test
FAIL: gcc.dg/20030711-1.c execution test
WARNING: program timed out.
FAIL: gcc.dg/c11-atomic-2.c (test for excess errors)
WARNING: program timed out.
WARNING: program timed out.
FAIL: gcc.dg/c99-intconst-1.c (test for excess errors)
WARNING: program timed out.
FAIL: gcc.dg/pr48141.c (test for excess errors)
XPASS: gcc.dg/sibcall-3.c execution test
XPASS: gcc.dg/sibcall-4.c execution test
FAIL: c-c++-common/pr60226.c -Wc++-compat (test for excess errors)
FAIL: gcc.dg/plugin/must-tail-call-1.c -fplugin=./must_tail_call_plugin.so (test for excess errors)
ERROR: gcc.dg/tree-ssa/attr-hotcold-2.c: error executing dg-final: syntax error in target selector "profile_estimate"
UNRESOLVED: gcc.dg/tree-ssa/attr-hotcold-2.c: error executing dg-final: syntax error in target selector "profile_estimate"
FAIL: gcc.dg/tree-ssa/scev-3.c scan-tree-dump-times optimized "&a" 1
FAIL: gcc.dg/tree-ssa/scev-4.c scan-tree-dump-times optimized "&a" 1
FAIL: gcc.dg/tree-ssa/slsr-8.c scan-tree-dump-times optimized " w?\\\\* " 7
FAIL: gcc.dg/tree-ssa/sra-17.c scan-tree-dump-times esra "Removing load: a = \\\\*.?L.?C.?.?.?0;" 1
FAIL: gcc.dg/tree-ssa/sra-17.c scan-tree-dump-times esra "SR\\\\.[0-9_]+ = \\\\*.?L.?C.?.?.?0\\\\[" 4
FAIL: gcc.dg/tree-ssa/sra-18.c scan-tree-dump-times esra "Removing load: a = \\\\*.?L.?C.?.?.?0;" 1
FAIL: gcc.dg/tree-ssa/sra-18.c scan-tree-dump-times esra "SR\\\\.[0-9_]+ = \\\\*.?L.?C.?.?.?0\\\\.b\\\\[0\\\\]\\\\.f\\\\[0\\\\]\\\\.x" 1
FAIL: gcc.dg/tree-ssa/sra-18.c scan-tree-dump-times esra "SR\\\\.[0-9_]+ = \\\\*.?L.?C.?.?.?0\\\\.b\\\\[0\\\\]\\\\.f\\\\[1\\\\]\\\\.x" 1
FAIL: gcc.dg/tree-ssa/sra-18.c scan-tree-dump-times esra "SR\\\\.[0-9_]+ = \\\\*.?L.?C.?.?.?0\\\\.b\\\\[1\\\\]\\\\.f\\\\[0\\\\]\\\\.x" 1
FAIL: gcc.dg/tree-ssa/sra-18.c scan-tree-dump-times esra "SR\\\\.[0-9_]+ = \\\\*.?L.?C.?.?.?0\\\\.b\\\\[1\\\\]\\\\.f\\\\[1\\\\]\\\\.x" 1
FAIL: gcc.target/hppa/shadd-3.c scan-assembler-times sh.add 5
=== gcc Summary ===
# of expected passes 83095
# of unexpected failures 48
# of unexpected successes 2
# of expected failures 160
# of unresolved testcases 1
# of unsupported tests 1937
/home/gnu/gcc/objdir/gcc/xgcc version 7.0.0 20160616 (experimental) [trunk revision 237541] (GCC)
=== gfortran tests ===
Running target unix
FAIL: gfortran.dg/coarray/event_2.f90 -fcoarray=lib -O2 -lcaf_single -latomic execution test
WARNING: program timed out.
FAIL: gfortran.dg/minlocval_3.f90 -O3 -fomit-frame-pointer -funroll-loops -fpeel-loops -ftracer -finline-functions (test for excess errors)
UNRESOLVED: gfortran.dg/minlocval_3.f90 -O3 -fomit-frame-pointer -funroll-loops -fpeel-loops -ftracer -finline-functions compilation failed to produce executable
WARNING: program timed out.
FAIL: gfortran.dg/minlocval_3.f90 -O3 -g (test for excess errors)
UNRESOLVED: gfortran.dg/minlocval_3.f90 -O3 -g compilation failed to produce executable
=== gfortran Summary ===
# of expected passes 40900
# of unexpected failures 3
# of expected failures 86
# of unresolved testcases 2
# of unsupported tests 331
/home/gnu/gcc/objdir/gcc/testsuite/gfortran/../../gfortran version 7.0.0 20160616 (experimental) [trunk revision 237541] (GCC)
=== obj-c++ tests ===
Running target unix
=== obj-c++ Summary ===
# of expected passes 1446
# of expected failures 10
# of unsupported tests 77
/home/gnu/gcc/objdir/gcc/testsuite/obj-c++/../../xg++ version 7.0.0 20160616 (experimental) [trunk revision 237541] (GCC)
=== objc tests ===
Running target unix
=== objc Summary ===
# of expected passes 2787
# of unsupported tests 69
/home/gnu/gcc/objdir/gcc/xgcc version 7.0.0 20160616 (experimental) [trunk revision 237541] (GCC)
=== libatomic tests ===
Running target unix
=== libatomic Summary ===
# of expected passes 44
# of unsupported tests 5
=== libgomp tests ===
Running target unix
WARNING: program timed out.
FAIL: libgomp.c/for-3.c (test for excess errors)
UNRESOLVED: libgomp.c/for-3.c compilation failed to produce executable
WARNING: program timed out.
FAIL: libgomp.c/for-5.c (test for excess errors)
UNRESOLVED: libgomp.c/for-5.c compilation failed to produce executable
WARNING: program timed out.
FAIL: libgomp.c/for-6.c (test for excess errors)
UNRESOLVED: libgomp.c/for-6.c compilation failed to produce executable
WARNING: program timed out.
FAIL: libgomp.c++/for-11.C (test for excess errors)
UNRESOLVED: libgomp.c++/for-11.C compilation failed to produce executable
WARNING: program timed out.
FAIL: libgomp.c++/for-13.C (test for excess errors)
UNRESOLVED: libgomp.c++/for-13.C compilation failed to produce executable
WARNING: program timed out.
FAIL: libgomp.c++/for-14.C (test for excess errors)
UNRESOLVED: libgomp.c++/for-14.C compilation failed to produce executable
FAIL: libgomp.oacc-c/../libgomp.oacc-c-c++-common/reduction-cplx-dbl.c -DACC_DEVICE_TYPE_host=1 -DACC_MEM_SHARED=1 -O2 (test for excess errors)
UNRESOLVED: libgomp.oacc-c/../libgomp.oacc-c-c++-common/reduction-cplx-dbl.c -DACC_DEVICE_TYPE_host=1 -DACC_MEM_SHARED=1 -O2 compilation failed to produce executable
FAIL: libgomp.oacc-c/../libgomp.oacc-c-c++-common/reduction-cplx-flt.c -DACC_DEVICE_TYPE_host=1 -DACC_MEM_SHARED=1 -O2 (test for excess errors)
UNRESOLVED: libgomp.oacc-c/../libgomp.oacc-c-c++-common/reduction-cplx-flt.c -DACC_DEVICE_TYPE_host=1 -DACC_MEM_SHARED=1 -O2 compilation failed to produce executable
FAIL: libgomp.oacc-c++/../libgomp.oacc-c-c++-common/loop-dim-default.c -DACC_DEVICE_TYPE_host=1 -DACC_MEM_SHARED=1 -O2 (test for excess errors)
UNRESOLVED: libgomp.oacc-c++/../libgomp.oacc-c-c++-common/loop-dim-default.c -DACC_DEVICE_TYPE_host=1 -DACC_MEM_SHARED=1 -O2 compilation failed to produce executable
=== libgomp Summary ===
# of expected passes 4834
# of unexpected failures 9
# of unresolved testcases 9
# of unsupported tests 379
=== libstdc++ tests ===
Running target unix
WARNING: program timed out.
FAIL: 20_util/scoped_allocator/2.cc (test for excess errors)
UNRESOLVED: 20_util/scoped_allocator/2.cc compilation failed to produce executable
FAIL: 22_locale/conversions/buffer/1.cc (test for excess errors)
UNRESOLVED: 22_locale/conversions/buffer/1.cc compilation failed to produce executable
FAIL: 22_locale/conversions/buffer/requirements/typedefs.cc (test for excess errors)
FAIL: 22_locale/conversions/string/1.cc (test for excess errors)
FAIL: 22_locale/conversions/string/2.cc (test for excess errors)
UNRESOLVED: 22_locale/conversions/string/2.cc compilation failed to produce executable
FAIL: 22_locale/conversions/string/3.cc (test for excess errors)
UNRESOLVED: 22_locale/conversions/string/3.cc compilation failed to produce executable
FAIL: 22_locale/conversions/string/66441.cc (test for excess errors)
UNRESOLVED: 22_locale/conversions/string/66441.cc compilation failed to produce executable
FAIL: 22_locale/conversions/string/requirements/typedefs-2.cc (test for excess errors)
FAIL: 22_locale/conversions/string/requirements/typedefs.cc (test for excess errors)
FAIL: 22_locale/num_put/put/char/14220.cc execution test
WARNING: program timed out.
FAIL: 23_containers/deque/requirements/exception/basic.cc (test for excess errors)
UNRESOLVED: 23_containers/deque/requirements/exception/basic.cc compilation failed to produce executable
FAIL: 27_io/basic_ostream/inserters_arithmetic/char/4402.cc execution test
WARNING: program timed out.
FAIL: 28_regex/algorithms/regex_match/awk/cstring_01.cc (test for excess errors)
UNRESOLVED: 28_regex/algorithms/regex_match/awk/cstring_01.cc compilation failed to produce executable
WARNING: program timed out.
FAIL: 28_regex/algorithms/regex_match/basic/empty_range.cc (test for excess errors)
UNRESOLVED: 28_regex/algorithms/regex_match/basic/empty_range.cc compilation failed to produce executable
WARNING: program timed out.
FAIL: 28_regex/algorithms/regex_match/basic/string_01.cc (test for excess errors)
UNRESOLVED: 28_regex/algorithms/regex_match/basic/string_01.cc compilation failed to produce executable
WARNING: program timed out.
FAIL: 28_regex/algorithms/regex_match/basic/string_range_00_03.cc (test for excess errors)
UNRESOLVED: 28_regex/algorithms/regex_match/basic/string_range_00_03.cc compilation failed to produce executable
WARNING: program timed out.
FAIL: 28_regex/algorithms/regex_match/basic/string_range_01_03.cc (test for excess errors)
UNRESOLVED: 28_regex/algorithms/regex_match/basic/string_range_01_03.cc compilation failed to produce executable
WARNING: program timed out.
FAIL: 28_regex/algorithms/regex_match/basic/string_range_02_03.cc (test for excess errors)
UNRESOLVED: 28_regex/algorithms/regex_match/basic/string_range_02_03.cc compilation failed to produce executable
WARNING: program timed out.
FAIL: 28_regex/algorithms/regex_match/cstring_bracket_01.cc (test for excess errors)
UNRESOLVED: 28_regex/algorithms/regex_match/cstring_bracket_01.cc compilation failed to produce executable
WARNING: program timed out.
FAIL: 28_regex/algorithms/regex_match/ecma/char/53622.cc (test for excess errors)
UNRESOLVED: 28_regex/algorithms/regex_match/ecma/char/53622.cc compilation failed to produce executable
WARNING: program timed out.
FAIL: 28_regex/algorithms/regex_match/ecma/char/57173.cc (test for excess errors)
UNRESOLVED: 28_regex/algorithms/regex_match/ecma/char/57173.cc compilation failed to produce executable
WARNING: program timed out.
FAIL: 28_regex/algorithms/regex_match/ecma/char/58576.cc (test for excess errors)
UNRESOLVED: 28_regex/algorithms/regex_match/ecma/char/58576.cc compilation failed to produce executable
WARNING: program timed out.
FAIL: 28_regex/algorithms/regex_match/ecma/char/anymatcher.cc (test for excess errors)
UNRESOLVED: 28_regex/algorithms/regex_match/ecma/char/anymatcher.cc compilation failed to produce executable
WARNING: program timed out.
FAIL: 28_regex/algorithms/regex_match/ecma/char/backref.cc (test for excess errors)
UNRESOLVED: 28_regex/algorithms/regex_match/ecma/char/backref.cc compilation failed to produce executable
WARNING: program timed out.
FAIL: 28_regex/algorithms/regex_match/ecma/char/empty_range.cc (test for excess errors)
UNRESOLVED: 28_regex/algorithms/regex_match/ecma/char/empty_range.cc compilation failed to produce executable
WARNING: program timed out.
FAIL: 28_regex/algorithms/regex_match/ecma/char/emptygroup.cc (test for excess errors)
WARNING: program timed out.
FAIL: 28_regex/algorithms/regex_match/ecma/char/quoted_char.cc (test for excess errors)
UNRESOLVED: 28_regex/algorithms/regex_match/ecma/char/quoted_char.cc compilation failed to produce executable
WARNING: program timed out.
FAIL: 28_regex/algorithms/regex_match/extended/cstring_plus.cc (test for excess errors)
UNRESOLVED: 28_regex/algorithms/regex_match/extended/cstring_plus.cc compilation failed to produce executable
WARNING: program timed out.
FAIL: 28_regex/algorithms/regex_match/extended/cstring_questionmark.cc (test for excess errors)
UNRESOLVED: 28_regex/algorithms/regex_match/extended/cstring_questionmark.cc compilation failed to produce executable
WARNING: program timed out.
FAIL: 28_regex/algorithms/regex_match/extended/cstring_range.cc (test for excess errors)
UNRESOLVED: 28_regex/algorithms/regex_match/extended/cstring_range.cc compilation failed to produce executable
WARNING: program timed out.
FAIL: 28_regex/algorithms/regex_match/extended/string_any.cc (test for excess errors)
UNRESOLVED: 28_regex/algorithms/regex_match/extended/string_any.cc compilation failed to produce executable
WARNING: program timed out.
FAIL: 28_regex/algorithms/regex_match/extended/string_range_00_03.cc (test for excess errors)
UNRESOLVED: 28_regex/algorithms/regex_match/extended/string_range_00_03.cc compilation failed to produce executable
WARNING: program timed out.
FAIL: 28_regex/algorithms/regex_match/extended/string_range_01_03.cc (test for excess errors)
UNRESOLVED: 28_regex/algorithms/regex_match/extended/string_range_01_03.cc compilation failed to produce executable
WARNING: program timed out.
FAIL: 28_regex/algorithms/regex_match/extended/string_range_02_03.cc (test for excess errors)
UNRESOLVED: 28_regex/algorithms/regex_match/extended/string_range_02_03.cc compilation failed to produce executable
WARNING: program timed out.
FAIL: 28_regex/algorithms/regex_replace/char/51711.cc (test for excess errors)
WARNING: program timed out.
FAIL: 28_regex/algorithms/regex_replace/char/basic_replace.cc (test for excess errors)
UNRESOLVED: 28_regex/algorithms/regex_replace/char/basic_replace.cc compilation failed to produce executable
WARNING: program timed out.
FAIL: 28_regex/algorithms/regex_search/61424.cc (test for excess errors)
UNRESOLVED: 28_regex/algorithms/regex_search/61424.cc compilation failed to produce executable
WARNING: program timed out.
FAIL: 28_regex/algorithms/regex_search/61720.cc (test for excess errors)
UNRESOLVED: 28_regex/algorithms/regex_search/61720.cc compilation failed to produce executable
WARNING: program timed out.
FAIL: 28_regex/algorithms/regex_search/basic/string_01.cc (test for excess errors)
UNRESOLVED: 28_regex/algorithms/regex_search/basic/string_01.cc compilation failed to produce executable
WARNING: program timed out.
FAIL: 28_regex/algorithms/regex_search/ecma/assertion.cc (test for excess errors)
UNRESOLVED: 28_regex/algorithms/regex_search/ecma/assertion.cc compilation failed to produce executable
WARNING: program timed out.
FAIL: 28_regex/algorithms/regex_search/ecma/flags.cc (test for excess errors)
UNRESOLVED: 28_regex/algorithms/regex_search/ecma/flags.cc compilation failed to produce executable
WARNING: program timed out.
FAIL: 28_regex/algorithms/regex_search/ecma/greedy.cc (test for excess errors)
UNRESOLVED: 28_regex/algorithms/regex_search/ecma/greedy.cc compilation failed to produce executable
WARNING: program timed out.
FAIL: 28_regex/iterators/regex_iterator/char/64140.cc (test for excess errors)
UNRESOLVED: 28_regex/iterators/regex_iterator/char/64140.cc compilation failed to produce executable
WARNING: program timed out.
FAIL: 28_regex/iterators/regex_iterator/char/string_position_01.cc (test for excess errors)
UNRESOLVED: 28_regex/iterators/regex_iterator/char/string_position_01.cc compilation failed to produce executable
WARNING: program timed out.
FAIL: 28_regex/iterators/regex_token_iterator/64303.cc (test for excess errors)
UNRESOLVED: 28_regex/iterators/regex_token_iterator/64303.cc compilation failed to produce executable
WARNING: program timed out.
FAIL: 28_regex/iterators/regex_token_iterator/char/string_01.cc (test for excess errors)
UNRESOLVED: 28_regex/iterators/regex_token_iterator/char/string_01.cc compilation failed to produce executable
WARNING: program timed out.
FAIL: 28_regex/match_results/format.cc (test for excess errors)
UNRESOLVED: 28_regex/match_results/format.cc compilation failed to produce executable
WARNING: program timed out.
FAIL: 28_regex/match_results/out_of_range_submatches.cc (test for excess errors)
UNRESOLVED: 28_regex/match_results/out_of_range_submatches.cc compilation failed to produce executable
WARNING: program timed out.
FAIL: 28_regex/regression.cc (test for excess errors)
UNRESOLVED: 28_regex/regression.cc compilation failed to produce executable
FAIL: 30_threads/call_once/constexpr.cc (test for excess errors)
FAIL: 30_threads/mutex/cons/constexpr.cc (test for excess errors)
FAIL: 30_threads/once_flag/cons/constexpr.cc (test for excess errors)
WARNING: program timed out.
FAIL: ext/vstring/requirements/exception/basic.cc (test for excess errors)
UNRESOLVED: ext/vstring/requirements/exception/basic.cc compilation failed to produce executable
=== libstdc++ Summary ===
# of expected passes 7997
# of unexpected failures 53
# of expected failures 65
# of unresolved testcases 42
# of unsupported tests 896
Compiler version: 7.0.0 20160616 (experimental) [trunk revision 237541] (GCC)
Platform: hppa64-hp-hpux11.00
configure flags:Test Run By dave on Sat Jun 25 04:20:36 2016
More information about the Gcc-testresults
mailing list