Results for 7.0.0 20160616 (experimental) [trunk revision 237523] (GCC) testsuite on powerpc-ibm-aix7.1.0.0
David Edelsohn
edelsohn@p7curie.watson.ibm.com
Thu Jun 16 19:34:00 GMT 2016
LAST_UPDATED: Thu Jun 16 12:10:56 UTC 2016 (revision 237523)
Native configuration is powerpc-ibm-aix7.1.0.0
=== g++ tests ===
Running target unix
FAIL: g++.dg/compat/eh/new1 cp_compat_x_tst.o-cp_compat_y_tst.o execute
XPASS: g++.dg/debug/pr56294.C -gdwarf-2 (test for excess errors)
XPASS: g++.dg/debug/pr56294.C -gdwarf-2 -g1 (test for excess errors)
XPASS: g++.dg/debug/pr56294.C -gdwarf-2 -g3 (test for excess errors)
XPASS: g++.dg/debug/pr56294.C -gxcoff (test for excess errors)
XPASS: g++.dg/debug/pr56294.C -gxcoff+ (test for excess errors)
XPASS: g++.dg/debug/pr56294.C -gxcoff+1 (test for excess errors)
XPASS: g++.dg/debug/pr56294.C -gxcoff+3 (test for excess errors)
XPASS: g++.dg/debug/pr56294.C -gxcoff1 (test for excess errors)
XPASS: g++.dg/debug/pr56294.C -gxcoff3 (test for excess errors)
XPASS: g++.dg/debug/pr56819.C -gdwarf-2 (test for excess errors)
XPASS: g++.dg/debug/pr56819.C -gdwarf-2 -g1 (test for excess errors)
XPASS: g++.dg/debug/pr56819.C -gdwarf-2 -g3 (test for excess errors)
XPASS: g++.dg/debug/pr56819.C -gxcoff (test for excess errors)
XPASS: g++.dg/debug/pr56819.C -gxcoff+ (test for excess errors)
XPASS: g++.dg/debug/pr56819.C -gxcoff+1 (test for excess errors)
XPASS: g++.dg/debug/pr56819.C -gxcoff+3 (test for excess errors)
XPASS: g++.dg/debug/pr56819.C -gxcoff1 (test for excess errors)
XPASS: g++.dg/debug/pr56819.C -gxcoff3 (test for excess errors)
FAIL: g++.dg/debug/pr71432.C -gdwarf-2 (test for excess errors)
FAIL: g++.dg/debug/pr71432.C -gdwarf-2 -O2 (test for excess errors)
FAIL: g++.dg/debug/pr71432.C -gdwarf-2 -O3 (test for excess errors)
FAIL: g++.dg/debug/pr71432.C -gdwarf-2 -g1 (test for excess errors)
FAIL: g++.dg/debug/pr71432.C -gdwarf-2 -g1 -O2 (test for excess errors)
FAIL: g++.dg/debug/pr71432.C -gdwarf-2 -g1 -O3 (test for excess errors)
FAIL: g++.dg/debug/pr71432.C -gdwarf-2 -g3 (test for excess errors)
FAIL: g++.dg/debug/pr71432.C -gdwarf-2 -g3 -O2 (test for excess errors)
FAIL: g++.dg/debug/pr71432.C -gdwarf-2 -g3 -O3 (test for excess errors)
FAIL: g++.dg/debug/pr71432.C -gxcoff (test for excess errors)
FAIL: g++.dg/debug/pr71432.C -gxcoff -O2 (test for excess errors)
FAIL: g++.dg/debug/pr71432.C -gxcoff -O3 (test for excess errors)
FAIL: g++.dg/debug/pr71432.C -gxcoff+ (test for excess errors)
FAIL: g++.dg/debug/pr71432.C -gxcoff+ -O2 (test for excess errors)
FAIL: g++.dg/debug/pr71432.C -gxcoff+ -O3 (test for excess errors)
FAIL: g++.dg/debug/pr71432.C -gxcoff+1 (test for excess errors)
FAIL: g++.dg/debug/pr71432.C -gxcoff+1 -O2 (test for excess errors)
FAIL: g++.dg/debug/pr71432.C -gxcoff+1 -O3 (test for excess errors)
FAIL: g++.dg/debug/pr71432.C -gxcoff+3 (test for excess errors)
FAIL: g++.dg/debug/pr71432.C -gxcoff+3 -O2 (test for excess errors)
FAIL: g++.dg/debug/pr71432.C -gxcoff+3 -O3 (test for excess errors)
FAIL: g++.dg/debug/pr71432.C -gxcoff1 (test for excess errors)
FAIL: g++.dg/debug/pr71432.C -gxcoff1 -O2 (test for excess errors)
FAIL: g++.dg/debug/pr71432.C -gxcoff1 -O3 (test for excess errors)
FAIL: g++.dg/debug/pr71432.C -gxcoff3 (test for excess errors)
FAIL: g++.dg/debug/pr71432.C -gxcoff3 -O2 (test for excess errors)
FAIL: g++.dg/debug/pr71432.C -gxcoff3 -O3 (test for excess errors)
XPASS: g++.dg/debug/dwarf2/imported-decl-2.C -std=gnu++11 scan-assembler-not ascii "BBBB\\\\\\\\0".*ascii "AAAA\\\\\\\\0".*DW_TAG_imported_declaration
XPASS: g++.dg/debug/dwarf2/imported-decl-2.C -std=gnu++14 scan-assembler-not ascii "BBBB\\\\\\\\0".*ascii "AAAA\\\\\\\\0".*DW_TAG_imported_declaration
XPASS: g++.dg/debug/dwarf2/imported-decl-2.C -std=gnu++98 scan-assembler-not ascii "BBBB\\\\\\\\0".*ascii "AAAA\\\\\\\\0".*DW_TAG_imported_declaration
XPASS: g++.dg/debug/dwarf2/pr46123-2.C -std=gnu++11 broken -feliminate-dwarf2-dups (test for bogus messages, line 1)
XPASS: g++.dg/debug/dwarf2/pr46123-2.C -std=gnu++14 broken -feliminate-dwarf2-dups (test for bogus messages, line 1)
XPASS: g++.dg/debug/dwarf2/pr46123-2.C -std=gnu++98 broken -feliminate-dwarf2-dups (test for bogus messages, line 1)
FAIL: c-c++-common/pr60226.c -std=gnu++11 (test for excess errors)
FAIL: c-c++-common/pr60226.c -std=gnu++14 (test for excess errors)
FAIL: c-c++-common/pr60226.c -std=gnu++98 (test for excess errors)
FAIL: g++.dg/eh/delete1.C -std=c++11 execution test
FAIL: g++.dg/eh/delete1.C -std=c++14 execution test
FAIL: g++.dg/eh/delete1.C -std=c++98 execution test
FAIL: g++.dg/eh/new1.C -std=c++14 execution test
FAIL: g++.dg/init/new40.C execution test
XPASS: g++.dg/template/linkage1.C -std=c++98 scan-assembler-not (weak|glob)[^\\n]*_Z3fooIXadL_ZL11static_funcvEEEvv
XPASS: g++.dg/tls/thread_local-order2.C -std=c++11 execution test
XPASS: g++.dg/tls/thread_local-order2.C -std=c++14 execution test
FAIL: g++.dg/tree-prof/pr57451.C compilation, -fprofile-use -D_PROFILE_USE
UNRESOLVED: g++.dg/tree-prof/pr57451.C execution, -fprofile-use -D_PROFILE_USE
FAIL: g++.dg/vect/pr36648.cc -std=c++11 scan-tree-dump-times vect "vectorized 1 loops" 1
FAIL: g++.dg/vect/pr36648.cc -std=c++11 scan-tree-dump-times vect "vectorizing stmts using SLP" 1
FAIL: g++.dg/vect/pr36648.cc -std=c++14 scan-tree-dump-times vect "vectorized 1 loops" 1
FAIL: g++.dg/vect/pr36648.cc -std=c++14 scan-tree-dump-times vect "vectorizing stmts using SLP" 1
FAIL: g++.dg/vect/pr36648.cc -std=c++98 scan-tree-dump-times vect "vectorized 1 loops" 1
FAIL: g++.dg/vect/pr36648.cc -std=c++98 scan-tree-dump-times vect "vectorizing stmts using SLP" 1
FAIL: g++.old-deja/g++.eh/new2.C -std=gnu++14 execution test
XPASS: g++.old-deja/g++.mike/p755a.C -std=c++11 execution test
XPASS: g++.old-deja/g++.mike/p755a.C -std=c++98 execution test
=== g++ Summary ===
# of expected passes 90410
# of unexpected failures 44
# of unexpected successes 29
# of expected failures 450
# of unresolved testcases 1
# of unsupported tests 4078
/tmp/20160616/gcc/testsuite/g++/../../xg++ version 7.0.0 20160616 (experimental) [trunk revision 237523] (GCC)
=== gcc tests ===
Running target unix
XPASS: gcc.c-torture/execute/alias-2.c -O0 execution test
XPASS: gcc.c-torture/execute/alias-2.c -O1 execution test
XPASS: gcc.c-torture/execute/alias-2.c -O2 execution test
XPASS: gcc.c-torture/execute/alias-2.c -O3 -g execution test
XPASS: gcc.c-torture/execute/alias-2.c -Os execution test
XPASS: gcc.dg/autopar/pr46799.c (test for excess errors)
FAIL: gcc.dg/cpp/trad/include.c (test for excess errors)
FAIL: gcc.dg/debug/dwarf2/prod-options.c scan-assembler DW_AT_producer: "GNU C
XPASS: gcc.dg/debug/dwarf2/stacked-qualified-types-3.c scan-assembler-times DIE \\\\([^\\n]*\\\\) DW_TAG_(?:const|volatile|atomic|restrict)_type 8
FAIL: c-c++-common/pr60226.c -Wc++-compat (test for excess errors)
FAIL: gcc.dg/asm-names.c scan-assembler-not ____frob14
FAIL: gcc.dg/optimize-bswapsi-4.c scan-tree-dump bswap "32 bit bswap implementation found at"
XPASS: gcc.dg/pr64935-1.c (test for excess errors)
FAIL: gcc.dg/pr65779.c (test for excess errors)
FAIL: gcc.dg/pr69634.c (test for excess errors)
FAIL: gcc.dg/pr70859-2.c (test for errors, line 14)
FAIL: gcc.dg/pr70859-2.c (test for errors, line 16)
FAIL: gcc.dg/pr70859-2.c (test for excess errors)
FAIL: gcc.dg/sms-8.c scan-rtl-dump-times sms "SMS succeeded" 0
FAIL: gcc.dg/ipa/iinline-attr.c scan-ipa-dump inline "hooray[^\\\\n]*inline copy in test"
XPASS: gcc.dg/torture/pr59166.c -O0 (test for excess errors)
FAIL: gcc.dg/torture/pr68264.c -O0 execution test
FAIL: gcc.dg/torture/pr68264.c -Os execution test
FAIL: gcc.dg/torture/pr69776-2.c -O2 execution test
FAIL: gcc.dg/torture/pr69776-2.c -O3 -g execution test
FAIL: gcc.dg/tree-prof/time-profiler-2.c scan-ipa-dump-times profile "Read tp_first_run: 0" 2
FAIL: gcc.dg/tree-prof/time-profiler-2.c scan-ipa-dump-times profile "Read tp_first_run: 2" 1
FAIL: gcc.dg/tree-prof/time-profiler-2.c scan-ipa-dump-times profile "Read tp_first_run: 3" 1
ERROR: gcc.dg/tree-ssa/attr-hotcold-2.c: error executing dg-final: syntax error in target selector "profile_estimate"
UNRESOLVED: gcc.dg/tree-ssa/attr-hotcold-2.c: error executing dg-final: syntax error in target selector "profile_estimate"
FAIL: gcc.dg/tree-ssa/ivopts-lt-2.c scan-tree-dump-times ivopts "PHI <p_" 1
FAIL: gcc.dg/tree-ssa/ivopts-lt-2.c scan-tree-dump-times ivopts "PHI" 1
FAIL: gcc.dg/tree-ssa/ivopts-lt-2.c scan-tree-dump-times ivopts "p_[0-9]* <" 1
FAIL: gcc.dg/tree-ssa/pr71179.c (test for excess errors)
FAIL: gcc.dg/tree-ssa/scev-3.c scan-tree-dump-times optimized "&a" 1
FAIL: gcc.dg/tree-ssa/scev-4.c scan-tree-dump-times optimized "&a" 1
FAIL: gcc.dg/tree-ssa/scev-5.c scan-tree-dump-times optimized "&a" 1
FAIL: gcc.dg/tree-ssa/slsr-8.c scan-tree-dump-times optimized " w?\\\\* " 7
FAIL: gcc.dg/tree-ssa/ssa-fre-55.c (test for excess errors)
FAIL: gcc.dg/vect/costmodel/ppc/costmodel-bb-slp-9a-pr63175.c scan-assembler-not \\tlwz?u?x?
FAIL: gcc.dg/vect/costmodel/ppc/costmodel-vect-33.c scan-tree-dump-times vect "vectorization not profitable" 1
FAIL: gcc.dg/vect/bb-slp-pr65935.c scan-tree-dump-times slp1 "basic block vectorized" 1
FAIL: gcc.dg/vect/bb-slp-pr69907.c scan-tree-dump slp1 "BB vectorization with gaps at the end of a load is not supported"
FAIL: gcc.dg/vect/no-tree-sra-bb-slp-pr50730.c scan-tree-dump-times slp2 "basic block vectorized" 1
FAIL: gcc.dg/vect/no-vfa-vect-depend-2.c scan-tree-dump-times vect "vectorized 1 loops" 1
FAIL: gcc.dg/vect/no-vfa-vect-depend-3.c scan-tree-dump-times vect "vectorized 1 loops" 4
FAIL: gcc.dg/vect/pr46032.c scan-tree-dump-times vect "note: vectorized 1 loop" 1
FAIL: gcc.dg/vect/pr62171.c scan-tree-dump-times vect "vectorized 1 loops" 1
FAIL: gcc.dg/vect/slp-45.c scan-tree-dump-times vect "vectorized 1 loops" 13
FAIL: gcc.dg/vect/slp-perm-8.c scan-tree-dump-times vect "vectorized 1 loops" 1
XPASS: gcc.dg/vect/vect-24.c scan-tree-dump-times vect "vectorized 3 loops" 1
FAIL: gcc.dg/vect/vect-31.c scan-tree-dump-times vect "vectorized 4 loops" 1
XPASS: gcc.target/powerpc/20050830-1.c scan-assembler bdn
=== gcc Summary ===
# of expected passes 74674
# of unexpected failures 40
# of unexpected successes 11
# of expected failures 259
# of unresolved testcases 1
# of unsupported tests 1774
/tmp/20160616/gcc/xgcc version 7.0.0 20160616 (experimental) [trunk revision 237523] (GCC)
=== gfortran tests ===
Running target unix
FAIL: gfortran.dg/coarray/event_2.f90 -fcoarray=lib -O2 -lcaf_single execution test
FAIL: gfortran.dg/bind_c_array_params_2.f90 -O scan-assembler-times [ \\t][\$,_0-9]*myBindC 1
FAIL: gfortran.dg/pr70937.f90 -O (test for excess errors)
FAIL: gfortran.dg/graphite/vect-pr40979.f90 -O scan-tree-dump-times vect "vectorized 1 loops" 1
FAIL: gfortran.dg/vect/fast-math-pr37021.f90 -O scan-tree-dump vect "vectorized 2 loops"
FAIL: gfortran.dg/vect/pr52580.f -O scan-tree-dump-times vect "LOOP VECTORIZED" 1
FAIL: gfortran.dg/vect/pr62283-2.f -O scan-tree-dump slp2 "basic block vectorized"
FAIL: gfortran.dg/vect/vect-8.f90 -O scan-tree-dump-times vect "vectorized 20 loops" 1
FAIL: gfortran.dg/vect/vect-gems.f90 -O scan-tree-dump-times vect "vectorized 1 loops" 1
=== gfortran Summary ===
# of expected passes 41293
# of unexpected failures 9
# of expected failures 94
# of unsupported tests 396
/tmp/20160616/gcc/testsuite/gfortran/../../gfortran version 7.0.0 20160616 (experimental) [trunk revision 237523] (GCC)
=== objc tests ===
Running target unix
FAIL: objc.dg-struct-layout-encoding-1/t026_main.m execution test
=== objc Summary ===
# of expected passes 2664
# of unexpected failures 1
# of expected failures 10
# of unsupported tests 59
/tmp/20160616/gcc/xgcc version 7.0.0 20160616 (experimental) [trunk revision 237523] (GCC)
=== libatomic tests ===
Running target unix
=== libatomic Summary ===
# of expected passes 44
# of unsupported tests 5
=== libgomp tests ===
Running target unix
FAIL: libgomp.fortran/omp_workshare1.f -O execution test
FAIL: libgomp.fortran/omp_workshare2.f -O execution test
FAIL: libgomp.fortran/recursion1.f90 -O0 execution test
FAIL: libgomp.fortran/recursion1.f90 -O1 execution test
WARNING: program timed out.
FAIL: libgomp.fortran/recursion1.f90 -O2 execution test
WARNING: program timed out.
FAIL: libgomp.fortran/recursion1.f90 -O3 -fomit-frame-pointer -funroll-loops -fpeel-loops -ftracer -finline-functions execution test
FAIL: libgomp.fortran/recursion1.f90 -O3 -g execution test
FAIL: libgomp.fortran/recursion1.f90 -Os execution test
FAIL: libgomp.graphite/force-parallel-7.c execution test
FAIL: libgomp.oacc-c/../libgomp.oacc-c-c++-common/atomic_update-1.c -DACC_DEVICE_TYPE_host=1 -DACC_MEM_SHARED=1 -O2 execution test
FAIL: libgomp.oacc-c++/../libgomp.oacc-c-c++-common/atomic_update-1.c -DACC_DEVICE_TYPE_host=1 -DACC_MEM_SHARED=1 -O2 execution test
=== libgomp Summary ===
# of expected passes 4889
# of unexpected failures 11
# of unsupported tests 377
=== libstdc++ tests ===
Running target unix
FAIL: 18_support/50594.cc execution test
FAIL: 21_strings/basic_string/inserters_extractors/wchar_t/28277.cc execution test
FAIL: 27_io/basic_ostream/inserters_character/wchar_t/28277-3.cc execution test
FAIL: 27_io/basic_ostream/inserters_character/wchar_t/28277-4.cc execution test
FAIL: 27_io/ios_base/storage/11584.cc execution test
FAIL: ext/mt_allocator/check_new.cc execution test
FAIL: ext/pool_allocator/check_new.cc execution test
FAIL: ext/vstring/inserters_extractors/wchar_t/28277.cc execution test
=== libstdc++ Summary ===
# of expected passes 9353
# of unexpected failures 8
# of expected failures 66
# of unsupported tests 699
Compiler version: 7.0.0 20160616 (experimental) [trunk revision 237523] (GCC)
Platform: powerpc-ibm-aix7.1.0.0
configure flags: --prefix=/gsa/yktgsa/home/e/d/edelsohn/install/powerpc-ibm-aix7.1.0.0-20160616 --disable-werror --enable-languages=c,c++,fortran,objc --with-gmp=/gsa/yktgsa/home/e/d/edelsohn/install --with-isl=/gsa/yktgsa/home/e/d/edelsohn/install --with-libiconv-prefix=/gsa/yktgsa/home/e/d/edelsohn/install --disable-libstdcxx-pch
More information about the Gcc-testresults
mailing list