Results for 7.0.0 20160726 (experimental) [trunk revision 238754] (GCC) testsuite on powerpc64le-unknown-linux-gnu
Bill Seurer (POWER8)
seurer@linux.vnet.ibm.com
Tue Jul 26 15:26:00 GMT 2016
Linux 3.13.0-35-generic ppc64le
GNU C Library (Ubuntu EGLIBC 2.19-0ubuntu6.6) stable release version 2.19
GNU ld (GNU Binutils) 2.26.20160125
GNU assembler (GNU Binutils) 2.26.20160125
GNU Make 3.81
DejaGnu:
Expect version is 5.45
Tcl version is 8.6
Framework version is 1.5
64-bit
LAST_UPDATED: Tue Jul 26 13:18:38 UTC 2016 (revision 238754)
Native configuration is powerpc64le-unknown-linux-gnu
=== gcc tests ===
Running target unix
ERROR: gcc.dg/atomic/pr71675.c -O0 : syntax error in target selector "target c11" for " dg-do 3 compile { target c11 } "
UNRESOLVED: gcc.dg/atomic/pr71675.c -O0 : syntax error in target selector "target c11" for " dg-do 3 compile { target c11 } "
ERROR: gcc.dg/atomic/pr71675.c -O1 : syntax error in target selector "target c11" for " dg-do 3 compile { target c11 } "
UNRESOLVED: gcc.dg/atomic/pr71675.c -O1 : syntax error in target selector "target c11" for " dg-do 3 compile { target c11 } "
ERROR: gcc.dg/atomic/pr71675.c -O2 -flto -fno-use-linker-plugin -flto-partition=none : syntax error in target selector "target c11" for " dg-do 3 compile { target c11 } "
UNRESOLVED: gcc.dg/atomic/pr71675.c -O2 -flto -fno-use-linker-plugin -flto-partition=none : syntax error in target selector "target c11" for " dg-do 3 compile { target c11 } "
ERROR: gcc.dg/atomic/pr71675.c -O2 -flto -fuse-linker-plugin -fno-fat-lto-objects : syntax error in target selector "target c11" for " dg-do 3 compile { target c11 } "
UNRESOLVED: gcc.dg/atomic/pr71675.c -O2 -flto -fuse-linker-plugin -fno-fat-lto-objects : syntax error in target selector "target c11" for " dg-do 3 compile { target c11 } "
ERROR: gcc.dg/atomic/pr71675.c -O2 : syntax error in target selector "target c11" for " dg-do 3 compile { target c11 } "
UNRESOLVED: gcc.dg/atomic/pr71675.c -O2 : syntax error in target selector "target c11" for " dg-do 3 compile { target c11 } "
ERROR: gcc.dg/atomic/pr71675.c -O3 -fomit-frame-pointer -funroll-loops -fpeel-loops -ftracer -finline-functions : syntax error in target selector "target c11" for " dg-do 3 compile { target c11 } "
UNRESOLVED: gcc.dg/atomic/pr71675.c -O3 -fomit-frame-pointer -funroll-loops -fpeel-loops -ftracer -finline-functions : syntax error in target selector "target c11" for " dg-do 3 compile { target c11 } "
ERROR: gcc.dg/atomic/pr71675.c -O3 -g : syntax error in target selector "target c11" for " dg-do 3 compile { target c11 } "
UNRESOLVED: gcc.dg/atomic/pr71675.c -O3 -g : syntax error in target selector "target c11" for " dg-do 3 compile { target c11 } "
ERROR: gcc.dg/atomic/pr71675.c -Os : syntax error in target selector "target c11" for " dg-do 3 compile { target c11 } "
UNRESOLVED: gcc.dg/atomic/pr71675.c -Os : syntax error in target selector "target c11" for " dg-do 3 compile { target c11 } "
FAIL: gcc.dg/loop-8.c scan-rtl-dump-times loop2_invariant "Decided" 1
FAIL: gcc.dg/pr59833.c execution test
FAIL: gcc.dg/sms-4.c scan-rtl-dump-times sms "SMS succeeded" 1
FAIL: gcc.dg/ipa/iinline-attr.c scan-ipa-dump inline "hooray[^\\\\n]*inline copy in test"
FAIL: gcc.dg/simulate-thread/atomic-other-short.c -O0 -g thread simulation test
FAIL: gcc.dg/simulate-thread/atomic-other-short.c -O2 -g thread simulation test
FAIL: gcc.dg/simulate-thread/atomic-other-short.c -O3 -g thread simulation test
FAIL: gcc.dg/tree-ssa/ivopts-lt-2.c scan-tree-dump-times ivopts "PHI <p_" 1
FAIL: gcc.dg/tree-ssa/ivopts-lt-2.c scan-tree-dump-times ivopts "PHI" 1
FAIL: gcc.dg/tree-ssa/ivopts-lt-2.c scan-tree-dump-times ivopts "p_[0-9]* <" 1
FAIL: gcc.dg/tree-ssa/scev-3.c scan-tree-dump-times optimized "&a" 1
FAIL: gcc.dg/tree-ssa/scev-4.c scan-tree-dump-times optimized "&a" 1
FAIL: gcc.dg/tree-ssa/scev-5.c scan-tree-dump-times optimized "&a" 1
FAIL: gcc.dg/tree-ssa/slsr-8.c scan-tree-dump-times optimized " w?\\\\* " 7
XPASS: gcc.dg/tree-ssa/ssa-dom-cse-2.c scan-tree-dump optimized "return 28;"
FAIL: gcc.dg/vect/costmodel/ppc/costmodel-vect-33.c scan-tree-dump-times vect "vectorization not profitable" 1
XPASS: gcc.dg/vect/vect-24.c -flto -ffat-lto-objects scan-tree-dump-times vect "vectorized 3 loops" 1
XPASS: gcc.dg/vect/vect-24.c scan-tree-dump-times vect "vectorized 3 loops" 1
FAIL: gcc.target/powerpc/p9-dimode1.c scan-assembler-not ld
FAIL: gcc.target/powerpc/p9-dimode2.c scan-assembler-not ld
=== gcc Summary ===
# of expected passes 97568
# of unexpected failures 17
# of unexpected successes 3
# of expected failures 317
# of unresolved testcases 8
# of unsupported tests 1696
/home/gccbuild/build/nightly/build-gcc-trunk/gcc/xgcc version 7.0.0 20160726 (experimental) [trunk revision 238754] (GCC)
=== gfortran tests ===
Running target unix
FAIL: gfortran.dg/ieee/large_2.f90 -O0 execution test
FAIL: gfortran.dg/ieee/large_2.f90 -O1 execution test
FAIL: gfortran.dg/ieee/large_2.f90 -O2 execution test
FAIL: gfortran.dg/ieee/large_2.f90 -O3 -fomit-frame-pointer -funroll-loops -fpeel-loops -ftracer -finline-functions execution test
FAIL: gfortran.dg/ieee/large_2.f90 -O3 -g execution test
FAIL: gfortran.dg/ieee/large_2.f90 -Os execution test
=== gfortran Summary ===
# of expected passes 42533
# of unexpected failures 6
# of expected failures 86
# of unsupported tests 82
/home/gccbuild/build/nightly/build-gcc-trunk/gcc/testsuite/gfortran/../../gfortran version 7.0.0 20160726 (experimental) [trunk revision 238754] (GCC)
=== g++ tests ===
Running target unix
FAIL: g++.dg/cpp1y/vla-initlist1.C -std=gnu++11 execution test
FAIL: g++.dg/cpp1y/vla-initlist1.C -std=gnu++14 execution test
XPASS: g++.dg/tls/thread_local-order2.C -std=c++11 execution test
XPASS: g++.dg/tls/thread_local-order2.C -std=c++14 execution test
=== g++ Summary ===
# of expected passes 97788
# of unexpected failures 2
# of unexpected successes 2
# of expected failures 302
# of unsupported tests 3825
/home/gccbuild/build/nightly/build-gcc-trunk/gcc/testsuite/g++/../../xg++ version 7.0.0 20160726 (experimental) [trunk revision 238754] (GCC)
=== go tests ===
Running target unix
FAIL: go.test/test/ken/cplx2.go execution, -O2 -g
=== go Summary ===
# of expected passes 7250
# of unexpected failures 1
# of expected failures 1
# of untested testcases 7
# of unsupported tests 3
/home/gccbuild/build/nightly/build-gcc-trunk/gcc/testsuite/go/../../gccgo version 7.0.0 20160726 (experimental) [trunk revision 238754] (GCC)
=== obj-c++ tests ===
Running target unix
=== obj-c++ Summary ===
# of expected passes 1446
# of expected failures 10
# of unsupported tests 77
/home/gccbuild/build/nightly/build-gcc-trunk/gcc/testsuite/obj-c++/../../xg++ version 7.0.0 20160726 (experimental) [trunk revision 238754] (GCC)
=== objc tests ===
Running target unix
=== objc Summary ===
# of expected passes 2789
# of unsupported tests 68
/home/gccbuild/build/nightly/build-gcc-trunk/gcc/xgcc version 7.0.0 20160726 (experimental) [trunk revision 238754] (GCC)
=== boehm-gc tests ===
Running target unix
=== boehm-gc Summary ===
# of expected passes 12
# of unsupported tests 1
=== libatomic tests ===
Running target unix
=== libatomic Summary ===
# of expected passes 54
=== libffi tests ===
Running target unix
=== libffi Summary ===
# of expected passes 1934
# of unsupported tests 28
=== libgo tests ===
Running target unix
FAIL: net
FAIL: crypto/sha1
FAIL: net/http
FAIL: text/template
=== libgo Summary ===
# of expected passes 133
# of unexpected failures 4
/home/gccbuild/build/nightly/build-gcc-trunk/./gcc/gccgo version 7.0.0 20160726 (experimental) [trunk revision 238754] (GCC)
=== libgomp tests ===
Running target unix
=== libgomp Summary ===
# of expected passes 4892
# of unsupported tests 380
=== libitm tests ===
Running target unix
=== libitm Summary ===
# of expected passes 42
# of expected failures 3
# of unsupported tests 1
=== libjava tests ===
Running target unix
=== libjava Summary ===
# of expected passes 2614
# of expected failures 4
=== libstdc++ tests ===
Running target unix
FAIL: libstdc++-abi/abi_check
=== libstdc++ Summary ===
# of expected passes 11053
# of unexpected failures 1
# of expected failures 66
# of unsupported tests 380
Compiler version: 7.0.0 20160726 (experimental) [trunk revision 238754] (GCC)
Platform: powerpc64le-unknown-linux-gnu
configure flags: --prefix=/opt/gcc-nightly/trunk --with-as=/home/gccbuild/binutils/install/binutils-2.26/bin/as --with-ld=/home/gccbuild/binutils/install/binutils-2.26/bin/ld --enable-languages=c,c++,fortran,objc,obj-c++,java,go --disable-multilib --disable-libsanitizer --with-cpu=power8 --enable-lto --enable-decimal-float --with-long-double-128
fail XPASS: gcc.test-framework/dg-bogus-exp-XF.c (test for excess errors)
fail FAIL: gcc.test-framework/dg-do-assemble-exp-P.c (test for excess errors) (PRMS 42)
fail FAIL: gcc.test-framework/dg-do-compile-exp-P.c (test for excess errors) (PRMS 42)
fail FAIL: gcc.test-framework/dg-do-link-exp-P.c (test for excess errors) (PRMS 42)
fail FAIL: gcc.test-framework/dg-do-run-exp-P.c (test for excess errors) (PRMS 42)
fail FAIL: gcc.test-framework/dg-dot-run-exp-P.c (test for excess errors) (PRMS 42)
fail FAIL: gcc.test-framework/dg-dox-run-exp-XF.c (test for excess errors) (PRMS 42)
fail FAIL: gcc.test-framework/dg-output-exp-P.c (test for excess errors) (PRMS 42)
fail FAIL: gcc.test-framework/dg-output-exp-XF.c (test for excess errors) (PRMS 42)
fail FAIL: gcc.test-framework/dg-warning-exp-P.c warning test (test for warnings, line 9) (PRMS 42)
=== Test Framework Summary ===
# of expected passes 2524
# of unexpected failures 10
More information about the Gcc-testresults
mailing list