Results for 7.0.0 20160724 (experimental) [master revision 69847a9:3ea5701:bdac511d6b9d08ab47991ad74b20f45961e12d39] (Cavium Inc. (Build 193)) testsuite on aarch64-unknown-linux-gnu
jenkins@cavium.com
jenkins@cavium.com
Sun Jul 24 04:31:00 GMT 2016
LAST_UPDATED: Sun Jul 24 03:03:15 UTC 2016 (revision 69847a9:3ea5701:bdac511d6b9d08ab47991ad74b20f45961e12d39)
Native configuration is aarch64-unknown-linux-gnu
=== libatomic tests ===
Running target unix
=== libatomic Summary ===
# of expected passes 54
=== libffi tests ===
Running target unix
=== libffi Summary ===
# of expected passes 2214
=== libgo tests ===
Running target unix
FAIL: crypto/sha1
FAIL: text/template
=== libgo Summary ===
# of expected passes 135
# of unexpected failures 2
/data1/jenkins/workspace/BuildThunderX_native_gcc_upstream/objdir/./gcc/gccgo version 7.0.0 20160724 (experimental) [master revision 69847a9:3ea5701:bdac511d6b9d08ab47991ad74b20f45961e12d39] (Cavium Inc. (Build 193))
=== libgomp tests ===
Running target unix
=== libgomp Summary ===
# of expected passes 4892
# of unsupported tests 380
=== libitm tests ===
Running target unix
=== libitm Summary ===
# of expected passes 42
# of expected failures 3
# of unsupported tests 1
=== libstdc++ tests ===
Running target unix
FAIL: libstdc++-abi/abi_check
=== libstdc++ Summary ===
# of expected passes 10560
# of unexpected failures 1
# of expected failures 66
# of unsupported tests 573
=== gcc tests ===
Running target unix
ERROR: gcc.dg/atomic/pr71675.c -O0 : syntax error in target selector "target c11" for " dg-do 3 compile { target c11 } "
UNRESOLVED: gcc.dg/atomic/pr71675.c -O0 : syntax error in target selector "target c11" for " dg-do 3 compile { target c11 } "
ERROR: gcc.dg/atomic/pr71675.c -O1 : syntax error in target selector "target c11" for " dg-do 3 compile { target c11 } "
UNRESOLVED: gcc.dg/atomic/pr71675.c -O1 : syntax error in target selector "target c11" for " dg-do 3 compile { target c11 } "
ERROR: gcc.dg/atomic/pr71675.c -O2 -flto -fno-use-linker-plugin -flto-partition=none : syntax error in target selector "target c11" for " dg-do 3 compile { target c11 } "
UNRESOLVED: gcc.dg/atomic/pr71675.c -O2 -flto -fno-use-linker-plugin -flto-partition=none : syntax error in target selector "target c11" for " dg-do 3 compile { target c11 } "
ERROR: gcc.dg/atomic/pr71675.c -O2 -flto -fuse-linker-plugin -fno-fat-lto-objects : syntax error in target selector "target c11" for " dg-do 3 compile { target c11 } "
UNRESOLVED: gcc.dg/atomic/pr71675.c -O2 -flto -fuse-linker-plugin -fno-fat-lto-objects : syntax error in target selector "target c11" for " dg-do 3 compile { target c11 } "
ERROR: gcc.dg/atomic/pr71675.c -O2 : syntax error in target selector "target c11" for " dg-do 3 compile { target c11 } "
UNRESOLVED: gcc.dg/atomic/pr71675.c -O2 : syntax error in target selector "target c11" for " dg-do 3 compile { target c11 } "
ERROR: gcc.dg/atomic/pr71675.c -O3 -fomit-frame-pointer -funroll-loops -fpeel-loops -ftracer -finline-functions : syntax error in target selector "target c11" for " dg-do 3 compile { target c11 } "
UNRESOLVED: gcc.dg/atomic/pr71675.c -O3 -fomit-frame-pointer -funroll-loops -fpeel-loops -ftracer -finline-functions : syntax error in target selector "target c11" for " dg-do 3 compile { target c11 } "
ERROR: gcc.dg/atomic/pr71675.c -O3 -g : syntax error in target selector "target c11" for " dg-do 3 compile { target c11 } "
UNRESOLVED: gcc.dg/atomic/pr71675.c -O3 -g : syntax error in target selector "target c11" for " dg-do 3 compile { target c11 } "
ERROR: gcc.dg/atomic/pr71675.c -Os : syntax error in target selector "target c11" for " dg-do 3 compile { target c11 } "
UNRESOLVED: gcc.dg/atomic/pr71675.c -Os : syntax error in target selector "target c11" for " dg-do 3 compile { target c11 } "
FAIL: gcc.dg/tree-ssa/scev-4.c scan-tree-dump-times optimized "&a" 1
FAIL: gcc.dg/tree-ssa/slsr-8.c scan-tree-dump-times optimized " w?\\\\* " 7
FAIL: gcc.dg/vect/pr56541.c -flto -ffat-lto-objects scan-tree-dump-times vect "vectorized 1 loops" 1
FAIL: gcc.dg/vect/pr56541.c scan-tree-dump-times vect "vectorized 1 loops" 1
XPASS: gcc.dg/vect/vect-24.c -flto -ffat-lto-objects scan-tree-dump-times vect "vectorized 3 loops" 1
XPASS: gcc.dg/vect/vect-24.c scan-tree-dump-times vect "vectorized 3 loops" 1
FAIL: gcc.target/aarch64/vect-abs-compile.c scan-assembler abs\\\\tv[0-9]+.16b
FAIL: gcc.target/aarch64/vect-abs-compile.c scan-assembler abs\\\\tv[0-9]+.8h
=== gcc Summary ===
# of expected passes 100362
# of unexpected failures 6
# of unexpected successes 2
# of expected failures 274
# of unresolved testcases 8
# of unsupported tests 1750
/data1/jenkins/workspace/BuildThunderX_native_gcc_upstream/objdir/gcc/xgcc version 7.0.0 20160724 (experimental) [master revision 69847a9:3ea5701:bdac511d6b9d08ab47991ad74b20f45961e12d39] (Cavium Inc. (Build 193))
=== gfortran tests ===
Running target unix
FAIL: gfortran.dg/ieee/ieee_6.f90 -O0 execution test
FAIL: gfortran.dg/ieee/ieee_6.f90 -O1 execution test
FAIL: gfortran.dg/ieee/ieee_6.f90 -O2 execution test
FAIL: gfortran.dg/ieee/ieee_6.f90 -O3 -fomit-frame-pointer -funroll-loops -fpeel-loops -ftracer -finline-functions execution test
FAIL: gfortran.dg/ieee/ieee_6.f90 -O3 -g execution test
FAIL: gfortran.dg/ieee/ieee_6.f90 -Os execution test
=== gfortran Summary ===
# of expected passes 41964
# of unexpected failures 6
# of expected failures 69
# of unsupported tests 60
/data1/jenkins/workspace/BuildThunderX_native_gcc_upstream/objdir/gcc/testsuite/gfortran/../../gfortran version 7.0.0 20160724 (experimental) [master revision 69847a9:3ea5701:bdac511d6b9d08ab47991ad74b20f45961e12d39] (Cavium Inc. (Build 193))
=== g++ tests ===
Running target unix
XPASS: g++.dg/tls/thread_local-order2.C -std=c++11 execution test
XPASS: g++.dg/tls/thread_local-order2.C -std=c++14 execution test
=== g++ Summary ===
# of expected passes 95621
# of unexpected successes 2
# of expected failures 305
# of unsupported tests 3912
/data1/jenkins/workspace/BuildThunderX_native_gcc_upstream/objdir/gcc/testsuite/g++/../../xg++ version 7.0.0 20160724 (experimental) [master revision 69847a9:3ea5701:bdac511d6b9d08ab47991ad74b20f45961e12d39] (Cavium Inc. (Build 193))
=== go tests ===
Running target unix
FAIL: go.test/test/ken/cplx2.go execution, -O2 -g
=== go Summary ===
# of expected passes 7244
# of unexpected failures 1
# of expected failures 1
# of untested testcases 10
# of unsupported tests 3
/data1/jenkins/workspace/BuildThunderX_native_gcc_upstream/objdir/gcc/testsuite/go/../../gccgo version 7.0.0 20160724 (experimental) [master revision 69847a9:3ea5701:bdac511d6b9d08ab47991ad74b20f45961e12d39] (Cavium Inc. (Build 193))
Compiler version: 7.0.0 20160724 (experimental) [master revision 69847a9:3ea5701:bdac511d6b9d08ab47991ad74b20f45961e12d39] (Cavium Inc. (Build 193))
Platform: aarch64-unknown-linux-gnu
configure flags: --disable-libsanitizer --prefix=/data1/jenkins/workspace/BuildThunderX_native_gcc_upstream/objdir/../tools --with-cpu=thunderx+lse --enable-languages=c,c++,fortran,go --disable-werror --with-sysroot=/ --enable-plugins --enable-gnu-indirect-function --with-pkgversion='Cavium Inc. (Build 193)'
More information about the Gcc-testresults
mailing list