Results for 7.0.0 20160722 (experimental) [trunk revision 238632] (GCC) testsuite on i386-pc-solaris2.12
Rainer Orth
ro@CeBiTec.Uni-Bielefeld.DE
Fri Jul 22 13:05:00 GMT 2016
LAST_UPDATED: Fri Jul 22 09:17:16 2016 (revision 238632)
=== acats tests ===
=== acats Summary ===
# of expected passes 2320
# of unexpected failures 0
Native configuration is i386-pc-solaris2.12
=== g++ tests ===
Running target unix
FAIL: g++.dg/init/elide5.C -std=c++11 (test for excess errors)
FAIL: g++.dg/init/elide5.C -std=c++14 (test for excess errors)
=== g++ Summary for unix ===
# of expected passes 98504
# of unexpected failures 2
# of expected failures 316
# of unsupported tests 3594
Running target unix/-m64
=== g++ Summary for unix/-m64 ===
# of expected passes 99867
# of expected failures 316
# of unsupported tests 3838
=== g++ Summary ===
# of expected passes 198371
# of unexpected failures 2
# of expected failures 632
# of unsupported tests 7432
/var/gcc/regression/trunk/12-gcc/build/gcc/testsuite/g++/../../xg++ version 7.0.0 20160722 (experimental) [trunk revision 238632] (GCC)
=== gcc tests ===
Running target unix
FAIL: gcc.c-torture/execute/alias-3.c -O0 execution test
FAIL: gcc.c-torture/execute/alias-3.c -O1 execution test
FAIL: gcc.c-torture/execute/alias-3.c -O2 execution test
FAIL: gcc.c-torture/execute/alias-3.c -O2 -flto execution test
FAIL: gcc.c-torture/execute/alias-3.c -O2 -flto -flto-partition=none execution test
FAIL: gcc.c-torture/execute/alias-3.c -O3 -g execution test
FAIL: gcc.c-torture/execute/alias-3.c -Os execution test
FAIL: gcc.dg/attr-weakref-1.c (test for excess errors)
WARNING: gcc.dg/attr-weakref-1.c compilation failed to produce executable
FAIL: gcc.dg/tree-ssa/pr19210-1.c (test for warnings, line 12)
FAIL: gcc.dg/tree-ssa/pr19210-1.c (test for warnings, line 24)
FAIL: gcc.dg/tree-ssa/pr19210-1.c (test for warnings, line 27)
FAIL: gcc.dg/tree-ssa/pr19210-1.c (test for warnings, line 9)
FAIL: gcc.dg/tree-ssa/pr19210-2.c (test for warnings, line 12)
FAIL: gcc.dg/tree-ssa/pr19210-2.c (test for warnings, line 23)
FAIL: gcc.dg/tree-ssa/pr19210-2.c (test for warnings, line 26)
FAIL: gcc.dg/tree-ssa/pr19210-2.c (test for warnings, line 9)
FAIL: gcc.dg/tree-ssa/scev-5.c scan-tree-dump-times optimized "&a" 1
FAIL: gcc.dg/tree-ssa/slsr-8.c scan-tree-dump-times optimized " w?\\\\* " 7
FAIL: gcc.target/i386/avx512f-vprord-1.c scan-assembler-times vprord[ \\\\t]+[^{\\n]*%zmm[0-9]+(?:\\n|[ \\\\t]+#) 1
FAIL: gcc.target/i386/avx512f-vprord-1.c scan-assembler-times vprord[ \\\\t]+[^{\\n]*%zmm[0-9]+{%k[1-7]}(?:\\n|[ \\\\t]+#) 1
FAIL: gcc.target/i386/avx512f-vprord-1.c scan-assembler-times vprord[ \\\\t]+[^{\\n]*%zmm[0-9]+{%k[1-7]}{z}(?:\\n|[ \\\\t]+#) 1
=== gcc Summary for unix ===
# of expected passes 107650
# of unexpected failures 21
# of expected failures 325
# of unsupported tests 2753
Running target unix/-m64
FAIL: gcc.c-torture/execute/alias-3.c -O0 execution test
FAIL: gcc.c-torture/execute/alias-3.c -O1 execution test
FAIL: gcc.c-torture/execute/alias-3.c -O2 execution test
FAIL: gcc.c-torture/execute/alias-3.c -O2 -flto execution test
FAIL: gcc.c-torture/execute/alias-3.c -O2 -flto -flto-partition=none execution test
FAIL: gcc.c-torture/execute/alias-3.c -O3 -g execution test
FAIL: gcc.c-torture/execute/alias-3.c -Os execution test
FAIL: gcc.dg/attr-weakref-1.c (test for excess errors)
WARNING: gcc.dg/attr-weakref-1.c compilation failed to produce executable
FAIL: gcc.dg/tree-ssa/ivopt_mult_4.c scan-tree-dump-times ivopts "Replacing" 0
FAIL: gcc.dg/tree-ssa/pr19210-1.c (test for warnings, line 12)
FAIL: gcc.dg/tree-ssa/pr19210-1.c (test for warnings, line 24)
FAIL: gcc.dg/tree-ssa/pr19210-1.c (test for warnings, line 27)
FAIL: gcc.dg/tree-ssa/pr19210-1.c (test for warnings, line 9)
FAIL: gcc.dg/tree-ssa/pr19210-2.c (test for warnings, line 12)
FAIL: gcc.dg/tree-ssa/pr19210-2.c (test for warnings, line 23)
FAIL: gcc.dg/tree-ssa/pr19210-2.c (test for warnings, line 26)
FAIL: gcc.dg/tree-ssa/pr19210-2.c (test for warnings, line 9)
FAIL: gcc.dg/tree-ssa/slsr-8.c scan-tree-dump-times optimized " w?\\\\* " 7
FAIL: gcc.dg/vect/costmodel/x86_64/costmodel-pr68961.c scan-tree-dump-times slp2 "vectorization is not profitable" 1
FAIL: gcc.target/i386/avx512f-vprord-1.c scan-assembler-times vprord[ \\\\t]+[^{\\n]*%zmm[0-9]+(?:\\n|[ \\\\t]+#) 1
FAIL: gcc.target/i386/avx512f-vprord-1.c scan-assembler-times vprord[ \\\\t]+[^{\\n]*%zmm[0-9]+{%k[1-7]}(?:\\n|[ \\\\t]+#) 1
FAIL: gcc.target/i386/avx512f-vprord-1.c scan-assembler-times vprord[ \\\\t]+[^{\\n]*%zmm[0-9]+{%k[1-7]}{z}(?:\\n|[ \\\\t]+#) 1
=== gcc Summary for unix/-m64 ===
# of expected passes 108916
# of unexpected failures 22
# of expected failures 321
# of unsupported tests 2838
=== gcc Summary ===
# of expected passes 216566
# of unexpected failures 43
# of expected failures 646
# of unsupported tests 5591
/var/gcc/regression/trunk/12-gcc/build/gcc/xgcc version 7.0.0 20160722 (experimental) [trunk revision 238632] (GCC)
=== gfortran tests ===
Running target unix
FAIL: gfortran.dg/coarray/event_1.f90 -fcoarray=lib -O2 -lcaf_single -latomic execution test
FAIL: gfortran.dg/coarray/event_2.f90 -fcoarray=lib -O2 -lcaf_single -latomic execution test
=== gfortran Summary for unix ===
# of expected passes 42431
# of unexpected failures 2
# of expected failures 78
# of unsupported tests 175
Running target unix/-m64
FAIL: gfortran.dg/coarray/event_1.f90 -fcoarray=lib -O2 -lcaf_single -latomic execution test
FAIL: gfortran.dg/graphite/pr68279.f90 -O (internal compiler error)
FAIL: gfortran.dg/graphite/pr68279.f90 -O (test for excess errors)
=== gfortran Summary for unix/-m64 ===
# of expected passes 42648
# of unexpected failures 3
# of expected failures 78
# of unsupported tests 72
=== gfortran Summary ===
# of expected passes 85079
# of unexpected failures 5
# of expected failures 156
# of unsupported tests 247
/var/gcc/regression/trunk/12-gcc/build/gcc/testsuite/gfortran/../../gfortran version 7.0.0 20160722 (experimental) [trunk revision 238632] (GCC)
=== gnat tests ===
Running target unix
FAIL: gnat.dg/vect3.adb scan-tree-dump-times vect "vectorized 1 loops" 15
FAIL: gnat.dg/vect6.adb scan-tree-dump-times vect "vectorized 1 loops" 15
=== gnat Summary for unix ===
# of expected passes 2508
# of unexpected failures 2
# of expected failures 22
# of unsupported tests 5
Running target unix/-m64
FAIL: gnat.dg/vect3.adb scan-tree-dump-times vect "vectorized 1 loops" 15
FAIL: gnat.dg/vect6.adb scan-tree-dump-times vect "vectorized 1 loops" 15
=== gnat Summary for unix/-m64 ===
# of expected passes 2508
# of unexpected failures 2
# of expected failures 22
# of unsupported tests 5
=== gnat Summary ===
# of expected passes 5016
# of unexpected failures 4
# of expected failures 44
# of unsupported tests 10
/var/gcc/regression/trunk/12-gcc/build/gcc/gnatmake version 7.0.0 20160722 (experimental) [trunk revision 238632]
=== go tests ===
Running target unix
=== go Summary for unix ===
# of expected passes 7366
# of expected failures 1
# of untested testcases 10
# of unsupported tests 2
Running target unix/-m64
=== go Summary for unix/-m64 ===
# of expected passes 7247
# of expected failures 1
# of untested testcases 10
# of unsupported tests 1
=== go Summary ===
# of expected passes 14613
# of expected failures 2
# of untested testcases 20
# of unsupported tests 3
=== obj-c++ tests ===
Running target unix
=== obj-c++ Summary for unix ===
# of expected passes 1454
# of expected failures 2
# of unsupported tests 77
Running target unix/-m64
=== obj-c++ Summary for unix/-m64 ===
# of expected passes 1446
# of expected failures 10
# of unsupported tests 77
=== obj-c++ Summary ===
# of expected passes 2900
# of expected failures 12
# of unsupported tests 154
/var/gcc/regression/trunk/12-gcc/build/gcc/testsuite/obj-c++/../../xg++ version 7.0.0 20160722 (experimental) [trunk revision 238632] (GCC)
=== objc tests ===
Running target unix
=== objc Summary for unix ===
# of expected passes 2783
# of expected failures 6
# of unsupported tests 68
Running target unix/-m64
=== objc Summary for unix/-m64 ===
# of expected passes 2783
# of expected failures 6
# of unsupported tests 68
=== objc Summary ===
# of expected passes 5566
# of expected failures 12
# of unsupported tests 136
/var/gcc/regression/trunk/12-gcc/build/gcc/xgcc version 7.0.0 20160722 (experimental) [trunk revision 238632] (GCC)
=== boehm-gc tests ===
Running target unix
=== boehm-gc Summary for unix ===
# of expected passes 12
# of unsupported tests 1
Running target unix/-m64
=== boehm-gc Summary for unix/-m64 ===
# of expected passes 12
# of unsupported tests 1
=== boehm-gc Summary ===
# of expected passes 24
# of unsupported tests 2
=== libatomic tests ===
Running target unix
=== libatomic Summary for unix ===
# of expected passes 44
# of unsupported tests 5
Running target unix/-m64
=== libatomic Summary for unix/-m64 ===
# of expected passes 54
=== libatomic Summary ===
# of expected passes 98
# of unsupported tests 5
=== libffi tests ===
Running target unix
=== libffi Summary for unix ===
# of expected passes 2799
Running target unix/-m64
=== libffi Summary for unix/-m64 ===
# of expected passes 2214
=== libffi Summary ===
# of expected passes 5013
=== libgo tests ===
Running target unix
FAIL: go/build
=== libgo Summary for unix ===
# of expected passes 133
# of unexpected failures 1
Running target unix/-m64
FAIL: go/build
=== libgo Summary for unix/-m64 ===
# of expected passes 133
# of unexpected failures 1
=== libgo Summary ===
# of expected passes 266
# of unexpected failures 2
/var/gcc/regression/trunk/12-gcc/build/./gcc/gccgo version 7.0.0 20160722 (experimental) [trunk revision 238632] (GCC)
=== libgomp tests ===
Running target unix
=== libgomp Summary for unix ===
# of expected passes 4934
# of unsupported tests 382
Running target unix/-m64
=== libgomp Summary for unix/-m64 ===
# of expected passes 4934
# of unsupported tests 382
=== libgomp Summary ===
# of expected passes 9868
# of unsupported tests 764
=== libitm tests ===
Running target unix
=== libitm Summary for unix ===
# of expected passes 42
# of expected failures 3
# of unsupported tests 1
Running target unix/-m64
=== libitm Summary for unix/-m64 ===
# of expected passes 42
# of expected failures 3
# of unsupported tests 1
=== libitm Summary ===
# of expected passes 84
# of expected failures 6
# of unsupported tests 2
=== libjava tests ===
Running target unix
=== libjava Summary for unix ===
# of expected passes 2614
# of expected failures 4
Running target unix/-m64
=== libjava Summary for unix/-m64 ===
# of expected passes 2614
# of expected failures 4
=== libjava Summary ===
# of expected passes 5228
# of expected failures 8
=== libstdc++ tests ===
Running target unix
FAIL: experimental/filesystem/operations/copy.cc execution test
FAIL: experimental/filesystem/operations/copy_file.cc execution test
=== libstdc++ Summary for unix ===
# of expected passes 10056
# of unexpected failures 2
# of expected failures 67
# of unsupported tests 677
Running target unix/-m64
FAIL: experimental/filesystem/operations/copy.cc execution test
FAIL: experimental/filesystem/operations/copy_file.cc execution test
=== libstdc++ Summary for unix/-m64 ===
# of expected passes 10048
# of unexpected failures 2
# of expected failures 67
# of unsupported tests 681
=== libstdc++ Summary ===
# of expected passes 20104
# of unexpected failures 4
# of expected failures 134
# of unsupported tests 1358
Compiler version: 7.0.0 20160722 (experimental) [trunk revision 238632] (GCC)
Platform: i386-pc-solaris2.12
configure flags: --prefix=/vol/gcc --target=i386-pc-solaris2.12 --enable-objc-gc --with-as=/usr/ccs/bin/as --without-gnu-as --with-gmp-include=/vol/gcc/include --with-gmp-lib=/vol/gcc/lib --with-mpfr-include=/vol/gcc/include --with-mpfr-lib=/vol/gcc/lib --with-mpc-include=/vol/gcc/include --with-mpc-lib=/vol/gcc/lib --enable-languages=all,ada,obj-c++,go --with-isl-include=/vol/gcc/include --with-isl-lib=/vol/gcc/lib
BOOT_CFLAGS=-g -O2
More information about the Gcc-testresults
mailing list