Results for 7.0.0 20160715 (experimental) (GCC) testsuite on aarch64-unknown-linux-gnu
Jenkins
jenkins@cavium.com
Fri Jul 15 03:09:00 GMT 2016
Native configuration is aarch64-unknown-linux-gnu
=== libatomic tests ===
Running target unix
=== libatomic Summary ===
# of expected passes 54
=== libgomp tests ===
Running target unix
FAIL: libgomp.c/depend-1.c execution test
FAIL: libgomp.c/depend-2.c execution test
FAIL: libgomp.c/depend-5.c execution test
FAIL: libgomp.c/doacross-2.c execution test
FAIL: libgomp.c/examples-4/task_dep-2.c execution test
FAIL: libgomp.c/for-4.c execution test
FAIL: libgomp.c/for-5.c execution test
FAIL: libgomp.c/for-6.c execution test
FAIL: libgomp.c/pr36802-1.c execution test
FAIL: libgomp.c/reduction-2.c execution test
FAIL: libgomp.c/reduction-8.c execution test
FAIL: libgomp.c/reduction-9.c execution test
FAIL: libgomp.c/simd-6.c execution test
FAIL: libgomp.c/sort-1.c execution test
FAIL: libgomp.c/target-25.c execution test
FAIL: libgomp.c/target-8.c execution test
FAIL: libgomp.c/taskloop-3.c execution test
FAIL: libgomp.c/taskloop-4.c execution test
FAIL: libgomp.c++/for-13.C execution test
FAIL: libgomp.c++/for-14.C execution test
FAIL: libgomp.c++/loop-8.C execution test
FAIL: libgomp.c++/member-2.C execution test
FAIL: libgomp.c++/reduction-10.C execution test
FAIL: libgomp.c++/reduction-11.C execution test
FAIL: libgomp.c++/reduction-12.C execution test
FAIL: libgomp.c++/reduction-8.C execution test
FAIL: libgomp.c++/reduction-9.C execution test
FAIL: libgomp.c++/target-1.C execution test
FAIL: libgomp.fortran/allocatable10.f90 -O0 execution test
FAIL: libgomp.fortran/allocatable10.f90 -O3 -fomit-frame-pointer -funroll-loops -fpeel-loops -ftracer -finline-functions execution test
FAIL: libgomp.fortran/allocatable10.f90 -O3 -g execution test
FAIL: libgomp.fortran/allocatable6.f90 -O0 execution test
FAIL: libgomp.fortran/allocatable6.f90 -O1 execution test
FAIL: libgomp.fortran/allocatable6.f90 -O3 -fomit-frame-pointer -funroll-loops -fpeel-loops -ftracer -finline-functions execution test
FAIL: libgomp.fortran/allocatable6.f90 -O3 -g execution test
FAIL: libgomp.fortran/collapse3.f90 -Os execution test
FAIL: libgomp.fortran/depend-3.f90 -O0 execution test
FAIL: libgomp.fortran/depend-3.f90 -O1 execution test
FAIL: libgomp.fortran/depend-3.f90 -O2 execution test
FAIL: libgomp.fortran/depend-3.f90 -O3 -fomit-frame-pointer -funroll-loops -fpeel-loops -ftracer -finline-functions execution test
FAIL: libgomp.fortran/depend-3.f90 -O3 -g execution test
FAIL: libgomp.fortran/depend-3.f90 -Os execution test
FAIL: libgomp.fortran/do1.f90 -O0 execution test
FAIL: libgomp.fortran/do1.f90 -O1 execution test
FAIL: libgomp.fortran/do1.f90 -O2 execution test
FAIL: libgomp.fortran/do1.f90 -O3 -fomit-frame-pointer -funroll-loops -fpeel-loops -ftracer -finline-functions execution test
FAIL: libgomp.fortran/do1.f90 -Os execution test
FAIL: libgomp.fortran/do2.f90 -O0 execution test
FAIL: libgomp.fortran/do2.f90 -O1 execution test
FAIL: libgomp.fortran/do2.f90 -O2 execution test
WARNING: program timed out.
FAIL: libgomp.fortran/do2.f90 -O3 -fomit-frame-pointer -funroll-loops -fpeel-loops -ftracer -finline-functions execution test
FAIL: libgomp.fortran/do2.f90 -O3 -g execution test
FAIL: libgomp.fortran/do2.f90 -Os execution test
FAIL: libgomp.fortran/examples-4/declare_target-4.f90 -O2 execution test
FAIL: libgomp.fortran/examples-4/teams-4.f90 -O1 execution test
FAIL: libgomp.fortran/nestedfn2.f90 -O2 execution test
FAIL: libgomp.fortran/nestedfn4.f90 -O execution test
FAIL: libgomp.fortran/omp_parse1.f90 -O1 execution test
FAIL: libgomp.fortran/omp_parse1.f90 -O2 execution test
FAIL: libgomp.fortran/omp_parse1.f90 -O3 -fomit-frame-pointer -funroll-loops -fpeel-loops -ftracer -finline-functions execution test
FAIL: libgomp.fortran/omp_parse1.f90 -O3 -g execution test
FAIL: libgomp.fortran/omp_parse2.f90 -O0 execution test
FAIL: libgomp.fortran/omp_parse2.f90 -O3 -g execution test
FAIL: libgomp.fortran/omp_parse2.f90 -Os execution test
FAIL: libgomp.fortran/pointer2.f90 -O0 execution test
FAIL: libgomp.fortran/pointer2.f90 -O2 execution test
FAIL: libgomp.fortran/pointer2.f90 -O3 -fomit-frame-pointer -funroll-loops -fpeel-loops -ftracer -finline-functions execution test
FAIL: libgomp.fortran/pr29629.f90 -O0 execution test
FAIL: libgomp.fortran/pr29629.f90 -O1 execution test
FAIL: libgomp.fortran/pr29629.f90 -O3 -fomit-frame-pointer -funroll-loops -fpeel-loops -ftracer -finline-functions execution test
FAIL: libgomp.fortran/pr29629.f90 -O3 -g execution test
FAIL: libgomp.fortran/pr29629.f90 -Os execution test
FAIL: libgomp.fortran/pr34020.f90 -O0 execution test
FAIL: libgomp.fortran/pr34020.f90 -O1 execution test
FAIL: libgomp.fortran/pr34020.f90 -O2 execution test
FAIL: libgomp.fortran/pr34020.f90 -O3 -g execution test
FAIL: libgomp.fortran/pr34020.f90 -Os execution test
FAIL: libgomp.fortran/reduction1.f90 -O0 execution test
FAIL: libgomp.fortran/reduction1.f90 -O1 execution test
FAIL: libgomp.fortran/reduction1.f90 -O2 execution test
FAIL: libgomp.fortran/reduction1.f90 -O3 -fomit-frame-pointer -funroll-loops -fpeel-loops -ftracer -finline-functions execution test
FAIL: libgomp.fortran/reduction1.f90 -O3 -g execution test
FAIL: libgomp.fortran/reduction1.f90 -Os execution test
FAIL: libgomp.fortran/reduction3.f90 -O0 execution test
FAIL: libgomp.fortran/reduction3.f90 -O2 execution test
FAIL: libgomp.fortran/simd3.f90 -O1 execution test
FAIL: libgomp.fortran/simd3.f90 -O3 -fomit-frame-pointer -funroll-loops -fpeel-loops -ftracer -finline-functions execution test
FAIL: libgomp.fortran/simd3.f90 -O3 -g execution test
FAIL: libgomp.fortran/simd4.f90 -O3 -fomit-frame-pointer -funroll-loops -fpeel-loops -ftracer -finline-functions execution test
FAIL: libgomp.fortran/simd4.f90 -O3 -g execution test
FAIL: libgomp.fortran/target4.f90 -O3 -fomit-frame-pointer -funroll-loops -fpeel-loops -ftracer -finline-functions execution test
FAIL: libgomp.fortran/target4.f90 -Os execution test
FAIL: libgomp.fortran/udr1.f90 -O1 execution test
FAIL: libgomp.fortran/udr1.f90 -O2 execution test
FAIL: libgomp.fortran/udr1.f90 -O3 -fomit-frame-pointer -funroll-loops -fpeel-loops -ftracer -finline-functions execution test
FAIL: libgomp.fortran/udr1.f90 -O3 -g execution test
FAIL: libgomp.fortran/udr1.f90 -Os execution test
FAIL: libgomp.fortran/udr10.f90 -O2 execution test
FAIL: libgomp.fortran/udr10.f90 -O3 -g execution test
FAIL: libgomp.fortran/udr11.f90 -O0 execution test
FAIL: libgomp.fortran/udr11.f90 -O2 execution test
FAIL: libgomp.fortran/udr12.f90 -O0 execution test
FAIL: libgomp.fortran/udr12.f90 -O1 execution test
FAIL: libgomp.fortran/udr12.f90 -O3 -g execution test
FAIL: libgomp.fortran/udr12.f90 -Os execution test
FAIL: libgomp.fortran/udr13.f90 -O0 execution test
FAIL: libgomp.fortran/udr13.f90 -O1 execution test
FAIL: libgomp.fortran/udr13.f90 -O2 execution test
FAIL: libgomp.fortran/udr13.f90 -O3 -fomit-frame-pointer -funroll-loops -fpeel-loops -ftracer -finline-functions execution test
FAIL: libgomp.fortran/udr13.f90 -O3 -g execution test
FAIL: libgomp.fortran/udr13.f90 -Os execution test
FAIL: libgomp.fortran/udr14.f90 -O1 execution test
FAIL: libgomp.fortran/udr14.f90 -O3 -fomit-frame-pointer -funroll-loops -fpeel-loops -ftracer -finline-functions execution test
FAIL: libgomp.fortran/udr14.f90 -O3 -g execution test
FAIL: libgomp.fortran/udr14.f90 -Os execution test
FAIL: libgomp.fortran/udr15.f90 -O2 execution test
FAIL: libgomp.fortran/udr15.f90 -O3 -g execution test
FAIL: libgomp.fortran/udr15.f90 -Os execution test
FAIL: libgomp.fortran/udr2.f90 -O0 execution test
FAIL: libgomp.fortran/udr2.f90 -O1 execution test
FAIL: libgomp.fortran/udr2.f90 -O2 execution test
FAIL: libgomp.fortran/udr2.f90 -O3 -fomit-frame-pointer -funroll-loops -fpeel-loops -ftracer -finline-functions execution test
FAIL: libgomp.fortran/udr2.f90 -O3 -g execution test
FAIL: libgomp.fortran/udr2.f90 -Os execution test
FAIL: libgomp.fortran/udr3.f90 -O0 execution test
FAIL: libgomp.fortran/udr3.f90 -O1 execution test
FAIL: libgomp.fortran/udr3.f90 -O2 execution test
FAIL: libgomp.fortran/udr3.f90 -O3 -fomit-frame-pointer -funroll-loops -fpeel-loops -ftracer -finline-functions execution test
FAIL: libgomp.fortran/udr3.f90 -O3 -g execution test
FAIL: libgomp.fortran/udr3.f90 -Os execution test
FAIL: libgomp.fortran/udr4.f90 -O0 execution test
FAIL: libgomp.fortran/udr4.f90 -O1 execution test
FAIL: libgomp.fortran/udr4.f90 -O2 execution test
FAIL: libgomp.fortran/udr4.f90 -O3 -fomit-frame-pointer -funroll-loops -fpeel-loops -ftracer -finline-functions execution test
FAIL: libgomp.fortran/udr4.f90 -O3 -g execution test
FAIL: libgomp.fortran/udr4.f90 -Os execution test
FAIL: libgomp.fortran/udr5.f90 -O1 execution test
FAIL: libgomp.fortran/udr5.f90 -O3 -fomit-frame-pointer -funroll-loops -fpeel-loops -ftracer -finline-functions execution test
FAIL: libgomp.fortran/udr5.f90 -O3 -g execution test
FAIL: libgomp.fortran/udr5.f90 -Os execution test
FAIL: libgomp.fortran/udr6.f90 -O0 execution test
FAIL: libgomp.fortran/udr6.f90 -O2 execution test
FAIL: libgomp.fortran/udr6.f90 -O3 -fomit-frame-pointer -funroll-loops -fpeel-loops -ftracer -finline-functions execution test
FAIL: libgomp.fortran/udr6.f90 -O3 -g execution test
FAIL: libgomp.fortran/udr6.f90 -Os execution test
FAIL: libgomp.fortran/udr7.f90 -O0 execution test
FAIL: libgomp.fortran/udr7.f90 -O2 execution test
FAIL: libgomp.fortran/udr8.f90 -O0 execution test
FAIL: libgomp.fortran/udr8.f90 -O1 execution test
FAIL: libgomp.fortran/udr8.f90 -O3 -g execution test
FAIL: libgomp.fortran/udr9.f90 -O0 execution test
FAIL: libgomp.fortran/udr9.f90 -O2 execution test
FAIL: libgomp.fortran/udr9.f90 -O3 -g execution test
=== libgomp Summary ===
# of expected passes 4735
# of unexpected failures 153
# of unsupported tests 380
=== libitm tests ===
Running target unix
=== libitm Summary ===
# of expected passes 42
# of expected failures 3
# of unsupported tests 1
=== libstdc++ tests ===
Running target unix
=== libstdc++ Summary ===
# of expected passes 10320
# of expected failures 66
# of unsupported tests 572
=== gcc tests ===
Running target unix
FAIL: gcc.dg/atomic/c11-atomic-exec-4.c -O0 execution test
FAIL: gcc.dg/atomic/c11-atomic-exec-4.c -O3 -g execution test
FAIL: gcc.dg/tree-ssa/scev-4.c scan-tree-dump-times optimized "&a" 1
FAIL: gcc.dg/tree-ssa/slsr-8.c scan-tree-dump-times optimized " w?\\\\* " 7
FAIL: gcc.dg/vect/pr56541.c -flto -ffat-lto-objects scan-tree-dump-times vect "vectorized 1 loops" 1
FAIL: gcc.dg/vect/pr56541.c scan-tree-dump-times vect "vectorized 1 loops" 1
XPASS: gcc.dg/vect/vect-24.c -flto -ffat-lto-objects scan-tree-dump-times vect "vectorized 3 loops" 1
XPASS: gcc.dg/vect/vect-24.c scan-tree-dump-times vect "vectorized 3 loops" 1
FAIL: gcc.target/aarch64/vect-abs-compile.c scan-assembler abs\\\\tv[0-9]+.16b
FAIL: gcc.target/aarch64/vect-abs-compile.c scan-assembler abs\\\\tv[0-9]+.8h
=== gcc Summary ===
# of expected passes 100179
# of unexpected failures 8
# of unexpected successes 2
# of expected failures 274
# of unsupported tests 1749
/data1/jenkins/workspace/BuildThunderX_native_gcc_upstream/objdir/gcc/xgcc version 7.0.0 20160715 (experimental) (GCC)
=== gfortran tests ===
Running target unix
FAIL: gfortran.dg/ieee/ieee_6.f90 -O0 execution test
FAIL: gfortran.dg/ieee/ieee_6.f90 -O1 execution test
FAIL: gfortran.dg/ieee/ieee_6.f90 -O2 execution test
FAIL: gfortran.dg/ieee/ieee_6.f90 -O3 -fomit-frame-pointer -funroll-loops -fpeel-loops -ftracer -finline-functions execution test
FAIL: gfortran.dg/ieee/ieee_6.f90 -O3 -g execution test
FAIL: gfortran.dg/ieee/ieee_6.f90 -Os execution test
=== gfortran Summary ===
# of expected passes 41880
# of unexpected failures 6
# of expected failures 69
# of unsupported tests 72
/data1/jenkins/workspace/BuildThunderX_native_gcc_upstream/objdir/gcc/testsuite/gfortran/../../gfortran version 7.0.0 20160715 (experimental) (GCC)
=== g++ tests ===
Running target unix
XPASS: g++.dg/tls/thread_local-order2.C -std=c++11 execution test
XPASS: g++.dg/tls/thread_local-order2.C -std=c++14 execution test
=== g++ Summary ===
# of expected passes 95053
# of unexpected successes 2
# of expected failures 305
# of unsupported tests 3893
/data1/jenkins/workspace/BuildThunderX_native_gcc_upstream/objdir/gcc/testsuite/g++/../../xg++ version 7.0.0 20160715 (experimental) (GCC)
Compiler version: 7.0.0 20160715 (experimental) (GCC)
Platform: aarch64-unknown-linux-gnu
configure flags: --disable-libsanitizer --prefix=/data1/jenkins/workspace/BuildThunderX_native_gcc_upstream/objdir/../tools --with-cpu=thunderx+lse --enable-languages=c,c++,fortran --disable-werror --with-sysroot=/ --enable-plugins
More information about the Gcc-testresults
mailing list