Results for 7.0.0 20160709 (experimental) (GCC) testsuite on x86_64-pc-linux-gnu
ataignu@gmail.com
ataignu@gmail.com
Sat Jul 9 10:56:00 GMT 2016
Native configuration is x86_64-pc-linux-gnu
=== gcc tests ===
Running target unix
UNRESOLVED: gcc.dg/tree-prof/merge_block.c compilation, -fauto-profile
UNRESOLVED: gcc.dg/tree-prof/merge_block.c execution, -fauto-profile
FAIL: gcc.dg/tree-prof/merge_block.c execution, -g
UNRESOLVED: gcc.dg/tree-prof/pr44777.c scan-tree-dump-not dom2 "make_decl_rtl \\\\(\\\\)"
UNRESOLVED: gcc.dg/tree-prof/pr44777.c scan-tree-dump-times dom2 "->alias" 1
UNRESOLVED: gcc.dg/tree-prof/pr44777.c scan-tree-dump-times dom2 "decl\\\\.rtl" 1
UNRESOLVED: gcc.dg/tree-prof/pr44777.c scan-tree-dump-times dom2 "if " 2
UNRESOLVED: gcc.dg/tree-prof/pr44777.c scan-tree-dump-times dom2 "rtmem" 2
UNRESOLVED: gcc.dg/tree-prof/stringop-1.c scan-tree-dump-times dom2 "square" 1
UNRESOLVED: gcc.dg/tree-prof/update-tailcall.c scan-tree-dump-times dom2 "\\\\*blah" 1
UNRESOLVED: gcc.dg/tree-prof/wcoverage-mismatch.c scan-tree-dump-times dom2 "\\\\+" 1
UNRESOLVED: gcc.dg/tree-prof/wcoverage-mismatch.c scan-tree-dump-times dom2 "first_gp_reg_save" 1
FAIL: gcc.dg/tree-ssa/slsr-8.c scan-tree-dump-times optimized " w?\\\\* " 7
FAIL: gcc.target/i386/avx512f-vprord-1.c scan-assembler-times vprord[ \\\\t]+[^{\\n]*%zmm[0-9]+(?:\\n|[ \\\\t]+#) 1
FAIL: gcc.target/i386/avx512f-vprord-1.c scan-assembler-times vprord[ \\\\t]+[^{\\n]*%zmm[0-9]+{%k[1-7]}(?:\\n|[ \\\\t]+#) 1
FAIL: gcc.target/i386/avx512f-vprord-1.c scan-assembler-times vprord[ \\\\t]+[^{\\n]*%zmm[0-9]+{%k[1-7]}{z}(?:\\n|[ \\\\t]+#) 1
=== gcc Summary ===
# of expected passes 119632
# of unexpected failures 5
# of expected failures 315
# of unresolved testcases 11
# of unsupported tests 1836
/hdd/share/software/gcc/build/gcc/xgcc version 7.0.0 20160709 (experimental) (GCC)
=== g++ tests ===
Running target unix
UNRESOLVED: g++.dg/bprob/g++-bprob-2.C scan-assembler .ascii bar
UNRESOLVED: g++.dg/bprob/g++-bprob-2.C scan-assembler .ascii foo
XPASS: g++.dg/tls/thread_local-order2.C -std=c++11 execution test
XPASS: g++.dg/tls/thread_local-order2.C -std=c++14 execution test
=== g++ Summary ===
# of expected passes 106711
# of unexpected successes 2
# of expected failures 311
# of unresolved testcases 2
# of unsupported tests 3839
/hdd/share/software/gcc/build/gcc/testsuite/g++/../../xg++ version 7.0.0 20160709 (experimental) (GCC)
=== libatomic tests ===
Running target unix
=== libatomic Summary ===
# of expected passes 54
=== libgomp tests ===
Running target unix
=== libgomp Summary ===
# of expected passes 1686
# of unsupported tests 203
=== libitm tests ===
Running target unix
=== libitm Summary ===
# of expected passes 42
# of expected failures 3
# of unsupported tests 1
=== libstdc++ tests ===
Running target unix
FAIL: 22_locale/time_get/get_date/wchar_t/4.cc execution test
=== libstdc++ Summary ===
# of expected passes 10709
# of unexpected failures 1
# of expected failures 66
# of unsupported tests 547
Compiler version: 7.0.0 20160709 (experimental) (GCC)
Platform: x86_64-pc-linux-gnu
configure flags: --prefix=/share/software/gcc/build/../installed --enable-languages=c,c++ --disable-multilib
More information about the Gcc-testresults
mailing list