Results for 5.3.1 20160124 [gcc-5-branch revision 232779] (GCC) testsuite on hppa64-hp-hpux11.11
John David Anglin
dave@hiauly3.hia.nrc.ca
Thu Jan 28 00:22:00 GMT 2016
Native configuration is hppa64-hp-hpux11.11
=== g++ tests ===
Running target unix
WARNING: program timed out.
WARNING: program timed out.
FAIL: g++.dg/torture/pr65655.C -O0 (test for excess errors)
WARNING: program timed out.
FAIL: g++.dg/torture/pr65655.C -O1 (test for excess errors)
WARNING: program timed out.
FAIL: g++.dg/torture/pr65655.C -O2 (test for excess errors)
WARNING: program timed out.
FAIL: g++.dg/torture/pr65655.C -O3 -fomit-frame-pointer (test for excess errors)
WARNING: program timed out.
FAIL: g++.dg/torture/pr65655.C -O3 -g (test for excess errors)
WARNING: program timed out.
FAIL: g++.dg/torture/pr65655.C -Os (test for excess errors)
WARNING: program timed out.
FAIL: g++.dg/torture/pr65655.C -O2 -flto -flto-partition=none (test for excess errors)
WARNING: program timed out.
FAIL: g++.dg/torture/pr65655.C -O2 -flto (test for excess errors)
=== g++ Summary ===
# of expected passes 79841
# of unexpected failures 8
# of expected failures 285
# of unsupported tests 4077
/mnt/gnu/gcc/objdir-test/gcc/testsuite/g++/../../xg++ version 5.3.1 20160124 [gcc-5-branch revision 232779] (GCC)
=== gcc tests ===
Running target unix
FAIL: gcc.dg/atomic/c11-atomic-exec-5.c -O0 execution test
FAIL: gcc.dg/atomic/c11-atomic-exec-5.c -O1 execution test
FAIL: gcc.dg/atomic/c11-atomic-exec-5.c -O2 execution test
FAIL: gcc.dg/atomic/c11-atomic-exec-5.c -O3 -fomit-frame-pointer execution test
FAIL: gcc.dg/atomic/c11-atomic-exec-5.c -O3 -fomit-frame-pointer -funroll-loops execution test
FAIL: gcc.dg/atomic/c11-atomic-exec-5.c -O3 -fomit-frame-pointer -funroll-all-loops -finline-functions execution test
FAIL: gcc.dg/atomic/c11-atomic-exec-5.c -O3 -g execution test
FAIL: gcc.dg/atomic/c11-atomic-exec-5.c -Os execution test
FAIL: gcc.dg/atomic/c11-atomic-exec-5.c -O2 -flto -flto-partition=none execution test
FAIL: gcc.dg/atomic/c11-atomic-exec-5.c -O2 -flto execution test
FAIL: gcc.dg/pr64434.c scan-rtl-dump-times expand "Swap operands" 1
XPASS: gcc.dg/sibcall-3.c execution test
XPASS: gcc.dg/sibcall-4.c execution test
FAIL: gcc.dg/uninit-19.c (test for warnings, line 22)
FAIL: gcc.dg/uninit-19.c (test for excess errors)
WARNING: program timed out.
=== gcc Summary ===
# of expected passes 84644
# of unexpected failures 13
# of unexpected successes 2
# of expected failures 132
# of unsupported tests 1915
/mnt/gnu/gcc/objdir-test/gcc/xgcc version 5.3.1 20160124 [gcc-5-branch revision 232779] (GCC)
=== gfortran tests ===
Running target unix
UNRESOLVED: gfortran.dg/derived_constructor_comps_6.f90 -O0 scan-tree-dump-times original "__builtin_malloc" 15
UNRESOLVED: gfortran.dg/derived_constructor_comps_6.f90 -O0 scan-tree-dump-times original "__builtin_free" 33
UNRESOLVED: gfortran.dg/derived_constructor_comps_6.f90 -O1 scan-tree-dump-times original "__builtin_malloc" 15
UNRESOLVED: gfortran.dg/derived_constructor_comps_6.f90 -O1 scan-tree-dump-times original "__builtin_free" 33
UNRESOLVED: gfortran.dg/derived_constructor_comps_6.f90 -O2 scan-tree-dump-times original "__builtin_malloc" 15
UNRESOLVED: gfortran.dg/derived_constructor_comps_6.f90 -O2 scan-tree-dump-times original "__builtin_free" 33
UNRESOLVED: gfortran.dg/derived_constructor_comps_6.f90 -O3 -fomit-frame-pointer scan-tree-dump-times original "__builtin_malloc" 15
UNRESOLVED: gfortran.dg/derived_constructor_comps_6.f90 -O3 -fomit-frame-pointer scan-tree-dump-times original "__builtin_free" 33
UNRESOLVED: gfortran.dg/derived_constructor_comps_6.f90 -O3 -fomit-frame-pointer -funroll-loops scan-tree-dump-times original "__builtin_malloc" 15
UNRESOLVED: gfortran.dg/derived_constructor_comps_6.f90 -O3 -fomit-frame-pointer -funroll-loops scan-tree-dump-times original "__builtin_free" 33
UNRESOLVED: gfortran.dg/derived_constructor_comps_6.f90 -O3 -fomit-frame-pointer -funroll-all-loops -finline-functions scan-tree-dump-times original "__builtin_malloc" 15
UNRESOLVED: gfortran.dg/derived_constructor_comps_6.f90 -O3 -fomit-frame-pointer -funroll-all-loops -finline-functions scan-tree-dump-times original "__builtin_free" 33
UNRESOLVED: gfortran.dg/derived_constructor_comps_6.f90 -O3 -g scan-tree-dump-times original "__builtin_malloc" 15
UNRESOLVED: gfortran.dg/derived_constructor_comps_6.f90 -O3 -g scan-tree-dump-times original "__builtin_free" 33
UNRESOLVED: gfortran.dg/derived_constructor_comps_6.f90 -Os scan-tree-dump-times original "__builtin_malloc" 15
UNRESOLVED: gfortran.dg/derived_constructor_comps_6.f90 -Os scan-tree-dump-times original "__builtin_free" 33
WARNING: program timed out.
FAIL: gfortran.dg/minlocval_3.f90 -O3 -fomit-frame-pointer -funroll-all-loops -finline-functions (test for excess errors)
UNRESOLVED: gfortran.dg/minlocval_3.f90 -O3 -fomit-frame-pointer -funroll-all-loops -finline-functions compilation failed to produce executable
WARNING: program timed out.
FAIL: gfortran.dg/minlocval_3.f90 -O3 -g (test for excess errors)
UNRESOLVED: gfortran.dg/minlocval_3.f90 -O3 -g compilation failed to produce executable
=== gfortran Summary ===
# of expected passes 47504
# of unexpected failures 2
# of expected failures 81
# of unresolved testcases 18
# of unsupported tests 410
/mnt/gnu/gcc/objdir-test/gcc/testsuite/gfortran/../../gfortran version 5.3.1 20160124 [gcc-5-branch revision 232779] (GCC)
=== obj-c++ tests ===
Running target unix
=== obj-c++ Summary ===
# of expected passes 1445
# of expected failures 10
# of unsupported tests 86
/mnt/gnu/gcc/objdir-test/gcc/testsuite/obj-c++/../../xg++ version 5.3.1 20160124 [gcc-5-branch revision 232779] (GCC)
=== objc tests ===
Running target unix
=== objc Summary ===
# of expected passes 3014
# of unsupported tests 75
/mnt/gnu/gcc/objdir-test/gcc/xgcc version 5.3.1 20160124 [gcc-5-branch revision 232779] (GCC)
=== libatomic tests ===
Running target unix
=== libatomic Summary ===
# of expected passes 44
# of unsupported tests 5
=== libgomp tests ===
Running target unix
=== libgomp Summary ===
# of expected passes 5764
# of unsupported tests 293
=== libstdc++ tests ===
Running target unix
=== libstdc++ Summary ===
# of expected passes 8648
# of expected failures 65
# of unsupported tests 1023
Compiler version: 5.3.1 20160124 [gcc-5-branch revision 232779] (GCC)
Platform: hppa64-hp-hpux11.11
configure flags:Test Run By dave on Mon Jan 25 21:58:10 2016
More information about the Gcc-testresults
mailing list