Results for 4.9.4 20160117 (prerelease) (GCC) testsuite on s390x-ibm-linux-gnu z196
Andreas Krebbel
krebbel@linux.vnet.ibm.com
Sun Jan 17 21:41:00 GMT 2016
LAST_UPDATED: Sun Jan 17 10:58:35 UTC 2016 (revision 232481)
=== acats tests ===
FAIL: c52103x
FAIL: c52104x
FAIL: cb1010a
=== acats Summary ===
# of expected passes 2317
# of unexpected failures 3
Native configuration is s390x-ibm-linux-gnu z196
=== g++ tests ===
Running target unix-m64
=== g++ Summary ===
Running target unix-m64
ERROR: couldn't load description file for unix-m64
=== gcc tests ===
Running target unix-m64
=== gcc Summary ===
Running target unix-m64
ERROR: couldn't load description file for unix-m64
=== gfortran tests ===
Running target unix-m64
=== gfortran Summary ===
Running target unix-m64
ERROR: couldn't load description file for unix-m64
=== gnat tests ===
Running target unix-m64
ERROR: couldn't load description file for unix-m64
=== go tests ===
Running target unix-m64
=== go Summary ===
Running target unix-m64
ERROR: couldn't load description file for unix-m64
=== obj-c++ tests ===
Running target unix-m64
ERROR: couldn't load description file for unix-m64
=== objc tests ===
Running target unix-m64
=== objc Summary ===
Running target unix-m64
ERROR: couldn't load description file for unix-m64
=== boehm-gc tests ===
Running target unix-m64
ERROR: couldn't load description file for unix-m64
=== libatomic tests ===
Running target unix-m64
ERROR: couldn't load description file for unix-m64
=== libffi tests ===
Running target unix-m64
ERROR: couldn't load description file for unix-m64
=== libgo tests ===
Running target unix
FAIL: math
FAIL: os
FAIL: syscall
FAIL: net/http
FAIL: net/http/cgi
FAIL: os/exec
FAIL: os/signal
FAIL: testing/quick
=== libgo Summary for unix ===
# of expected passes 114
# of unexpected failures 8
Running target unix/-m31
FAIL: bufio
FAIL: bytes
FAIL: fmt
FAIL: math
FAIL: net
FAIL: os
FAIL: reflect
FAIL: runtime
FAIL: sync
FAIL: syscall
FAIL: time
FAIL: crypto/cipher
FAIL: encoding/gob
FAIL: encoding/json
FAIL: html/template
FAIL: math/big
FAIL: net/http
FAIL: net/http/cgi
FAIL: net/rpc
FAIL: old/regexp
FAIL: old/template
FAIL: os/exec
FAIL: os/signal
FAIL: sync/atomic
FAIL: text/template
FAIL: text/template/parse
=== libgo Summary for unix/-m31 ===
# of expected passes 96
# of unexpected failures 26
=== libgo Summary ===
# of expected passes 210
# of unexpected failures 34
-z196/./gcc/gccgo version 4.9.4 20160117 (prerelease) (GCC)
=== libgomp tests ===
Running target unix-m64
ERROR: couldn't load description file for unix-m64
=== libitm tests ===
Running target unix-m64
ERROR: couldn't load description file for unix-m64
=== libjava tests ===
Running target unix-m64
ERROR: couldn't load description file for unix-m64
=== libstdc++ tests ===
Running target unix-m64
=== libstdc++ Summary ===
Running target unix-m64
ERROR: couldn't load description file for unix-m64
Version: 4.9.4 20160117 (prerelease) (GCC)
Platform: s390x-ibm-linux-gnu z196
configure flags: --enable-shared --with-system-zlib --enable-threads=posix --enable-__cxa_atexit --enable-checking --prefix=/bigdisk/build-system/arena/20160116/gcc-4.9/install-s390x-z196 --enable-languages=c,c++,objc,obj-c++,fortran,java,ada,go --with-mode=zarch --with-arch=z196
GCC version:
More information about the Gcc-testresults
mailing list