Results for 5.2.0 (gcc-5.2.0-release o32 n32 n64) testsuite on mips64el-redhat-linux-gnu
paul.hua.gm@gmail.com
paul.hua.gm@gmail.com
Thu Jan 7 01:13:00 GMT 2016
-- Build environment ----------------------------------------------------------
Linux loongson 3.10.0-15.03.17.loongson3 #2 SMP PREEMPT Mon Nov 30 08:52:19 CST 2015 mips64 mips64 mips64 GNU/Linux
OS: Fedora release 21 (Twenty One)
CPU: processor : 0-7
motherboard : Loongson-3B-one-way
cpu model : ICT Loongson-3B V0.5 FPU V0.1
BogoMIPS : 880.43
clock : 1100.000000MHz
wait instruction : no
microsecond timers : yes
tlb_entries : 64
extra interrupt vector : no
hardware watchpoint : yes, count: 0, address/irw mask: []
ASEs implemented :
shadow register sets : 1
kscratch registers : 0
VCED exceptions : not available
VCEI exceptions : not available
-- Time consumed --------------------------------------------------------------
Build: real 320m11.023s
user 1548m59.234s
sys 205m35.219s
Test: real 344m56.911s
user 2065m37.672s
sys 547m57.848s
-------------------------------------------------------------------------------
Native configuration is mips64el-redhat-linux-gnu
=== gcc tests ===
Running target unix
FAIL: gcc.c-torture/execute/20110418-1.c -O1 execution test
FAIL: gcc.c-torture/execute/20110418-1.c -O2 execution test
FAIL: gcc.c-torture/execute/20110418-1.c -O2 -flto -fno-use-linker-plugin -flto-partition=none execution test
FAIL: gcc.c-torture/execute/20110418-1.c -O3 -fomit-frame-pointer execution test
FAIL: gcc.c-torture/execute/20110418-1.c -O3 -g execution test
FAIL: gcc.c-torture/execute/20110418-1.c -Os execution test
FAIL: gcc.dg/attr-ifunc-1.c execution test
FAIL: gcc.dg/attr-ifunc-3.c execution test
FAIL: gcc.dg/attr-ifunc-4.c (test for excess errors)
UNRESOLVED: gcc.dg/attr-ifunc-4.c compilation failed to produce executable
FAIL: gcc.dg/attr-ifunc-5.c execution test
FAIL: gcc.dg/localalias.c execution test
FAIL: gcc.dg/uninit-19.c (test for warnings, line 22)
FAIL: gcc.dg/uninit-19.c (test for excess errors)
XPASS: c-c++-common/goacc/acc_on_device-2.c scan-rtl-dump-times expand "\\\\(call [^\\\\n]* acc_on_device" 0
XPASS: gcc.dg/guality/example.c -O0 execution test
XPASS: gcc.dg/guality/example.c -O1 execution test
XPASS: gcc.dg/guality/guality.c -O0 execution test
XPASS: gcc.dg/guality/guality.c -O1 execution test
XPASS: gcc.dg/guality/guality.c -Os execution test
XPASS: gcc.dg/guality/inline-params.c -O2 execution test
XPASS: gcc.dg/guality/inline-params.c -O2 -flto -fno-use-linker-plugin -flto-partition=none execution test
XPASS: gcc.dg/guality/inline-params.c -O3 -fomit-frame-pointer execution test
XPASS: gcc.dg/guality/inline-params.c -O3 -g execution test
XPASS: gcc.dg/guality/inline-params.c -Os execution test
FAIL: gcc.dg/guality/pr36728-1.c -O1 line 16 arg1 == 1
FAIL: gcc.dg/guality/pr36728-1.c -O1 line 16 arg3 == 3
FAIL: gcc.dg/guality/pr36728-1.c -O1 line 16 arg7 == 30
FAIL: gcc.dg/guality/pr36728-1.c -O1 line 18 arg1 == 1
FAIL: gcc.dg/guality/pr36728-1.c -O1 line 18 arg2 == 2
FAIL: gcc.dg/guality/pr36728-1.c -O1 line 18 arg3 == 3
FAIL: gcc.dg/guality/pr36728-1.c -O1 line 18 arg7 == 30
FAIL: gcc.dg/guality/pr36728-1.c -O2 line 16 arg1 == 1
FAIL: gcc.dg/guality/pr36728-1.c -O2 line 16 arg2 == 2
FAIL: gcc.dg/guality/pr36728-1.c -O2 line 16 arg3 == 3
FAIL: gcc.dg/guality/pr36728-1.c -O2 line 16 arg7 == 30
FAIL: gcc.dg/guality/pr36728-1.c -O2 line 18 arg1 == 1
FAIL: gcc.dg/guality/pr36728-1.c -O2 line 18 arg2 == 2
FAIL: gcc.dg/guality/pr36728-1.c -O2 line 18 arg3 == 3
FAIL: gcc.dg/guality/pr36728-1.c -O2 line 18 arg7 == 30
FAIL: gcc.dg/guality/pr36728-1.c -O2 -flto -fno-use-linker-plugin -flto-partition=none line 16 arg1 == 1
FAIL: gcc.dg/guality/pr36728-1.c -O2 -flto -fno-use-linker-plugin -flto-partition=none line 16 arg2 == 2
FAIL: gcc.dg/guality/pr36728-1.c -O2 -flto -fno-use-linker-plugin -flto-partition=none line 16 arg3 == 3
FAIL: gcc.dg/guality/pr36728-1.c -O2 -flto -fno-use-linker-plugin -flto-partition=none line 16 arg7 == 30
FAIL: gcc.dg/guality/pr36728-1.c -O2 -flto -fno-use-linker-plugin -flto-partition=none line 18 arg1 == 1
FAIL: gcc.dg/guality/pr36728-1.c -O2 -flto -fno-use-linker-plugin -flto-partition=none line 18 arg2 == 2
FAIL: gcc.dg/guality/pr36728-1.c -O2 -flto -fno-use-linker-plugin -flto-partition=none line 18 arg3 == 3
FAIL: gcc.dg/guality/pr36728-1.c -O2 -flto -fno-use-linker-plugin -flto-partition=none line 18 arg7 == 30
FAIL: gcc.dg/guality/pr36728-1.c -O2 -flto -fuse-linker-plugin -fno-fat-lto-objects line 16 arg1 == 1
FAIL: gcc.dg/guality/pr36728-1.c -O2 -flto -fuse-linker-plugin -fno-fat-lto-objects line 16 arg2 == 2
FAIL: gcc.dg/guality/pr36728-1.c -O2 -flto -fuse-linker-plugin -fno-fat-lto-objects line 16 arg3 == 3
FAIL: gcc.dg/guality/pr36728-1.c -O2 -flto -fuse-linker-plugin -fno-fat-lto-objects line 16 arg7 == 30
FAIL: gcc.dg/guality/pr36728-1.c -O2 -flto -fuse-linker-plugin -fno-fat-lto-objects line 18 arg1 == 1
FAIL: gcc.dg/guality/pr36728-1.c -O2 -flto -fuse-linker-plugin -fno-fat-lto-objects line 18 arg2 == 2
FAIL: gcc.dg/guality/pr36728-1.c -O2 -flto -fuse-linker-plugin -fno-fat-lto-objects line 18 arg3 == 3
FAIL: gcc.dg/guality/pr36728-1.c -O2 -flto -fuse-linker-plugin -fno-fat-lto-objects line 18 arg7 == 30
FAIL: gcc.dg/guality/pr36728-1.c -O3 -fomit-frame-pointer line 16 arg1 == 1
FAIL: gcc.dg/guality/pr36728-1.c -O3 -fomit-frame-pointer line 16 arg2 == 2
FAIL: gcc.dg/guality/pr36728-1.c -O3 -fomit-frame-pointer line 16 arg3 == 3
FAIL: gcc.dg/guality/pr36728-1.c -O3 -fomit-frame-pointer line 16 arg7 == 30
FAIL: gcc.dg/guality/pr36728-1.c -O3 -fomit-frame-pointer line 18 arg1 == 1
FAIL: gcc.dg/guality/pr36728-1.c -O3 -fomit-frame-pointer line 18 arg2 == 2
FAIL: gcc.dg/guality/pr36728-1.c -O3 -fomit-frame-pointer line 18 arg3 == 3
FAIL: gcc.dg/guality/pr36728-1.c -O3 -fomit-frame-pointer line 18 arg7 == 30
FAIL: gcc.dg/guality/pr36728-1.c -O3 -g line 16 arg1 == 1
FAIL: gcc.dg/guality/pr36728-1.c -O3 -g line 16 arg2 == 2
FAIL: gcc.dg/guality/pr36728-1.c -O3 -g line 16 arg3 == 3
FAIL: gcc.dg/guality/pr36728-1.c -O3 -g line 16 arg7 == 30
FAIL: gcc.dg/guality/pr36728-1.c -O3 -g line 18 arg1 == 1
FAIL: gcc.dg/guality/pr36728-1.c -O3 -g line 18 arg2 == 2
FAIL: gcc.dg/guality/pr36728-1.c -O3 -g line 18 arg3 == 3
FAIL: gcc.dg/guality/pr36728-1.c -O3 -g line 18 arg7 == 30
FAIL: gcc.dg/guality/pr36728-1.c -Os line 16 arg1 == 1
FAIL: gcc.dg/guality/pr36728-1.c -Os line 16 arg2 == 2
FAIL: gcc.dg/guality/pr36728-1.c -Os line 16 arg3 == 3
FAIL: gcc.dg/guality/pr36728-1.c -Os line 16 arg7 == 30
FAIL: gcc.dg/guality/pr36728-1.c -Os line 18 arg1 == 1
FAIL: gcc.dg/guality/pr36728-1.c -Os line 18 arg2 == 2
FAIL: gcc.dg/guality/pr36728-1.c -Os line 18 arg3 == 3
FAIL: gcc.dg/guality/pr36728-1.c -Os line 18 arg7 == 30
FAIL: gcc.dg/guality/pr36728-2.c -O1 line 16 arg2 == 2
FAIL: gcc.dg/guality/pr36728-2.c -O1 line 18 arg1 == 1
FAIL: gcc.dg/guality/pr36728-2.c -O1 line 18 arg2 == 2
FAIL: gcc.dg/guality/pr36728-2.c -O2 line 16 arg1 == 1
FAIL: gcc.dg/guality/pr36728-2.c -O2 line 16 arg2 == 2
FAIL: gcc.dg/guality/pr36728-2.c -O2 line 18 arg1 == 1
FAIL: gcc.dg/guality/pr36728-2.c -O2 line 18 arg2 == 2
FAIL: gcc.dg/guality/pr36728-2.c -O2 -flto -fno-use-linker-plugin -flto-partition=none line 16 arg1 == 1
FAIL: gcc.dg/guality/pr36728-2.c -O2 -flto -fno-use-linker-plugin -flto-partition=none line 16 arg2 == 2
FAIL: gcc.dg/guality/pr36728-2.c -O2 -flto -fno-use-linker-plugin -flto-partition=none line 18 arg1 == 1
FAIL: gcc.dg/guality/pr36728-2.c -O2 -flto -fno-use-linker-plugin -flto-partition=none line 18 arg2 == 2
FAIL: gcc.dg/guality/pr36728-2.c -O2 -flto -fuse-linker-plugin -fno-fat-lto-objects line 16 arg1 == 1
FAIL: gcc.dg/guality/pr36728-2.c -O2 -flto -fuse-linker-plugin -fno-fat-lto-objects line 16 arg2 == 2
FAIL: gcc.dg/guality/pr36728-2.c -O2 -flto -fuse-linker-plugin -fno-fat-lto-objects line 18 arg1 == 1
FAIL: gcc.dg/guality/pr36728-2.c -O2 -flto -fuse-linker-plugin -fno-fat-lto-objects line 18 arg2 == 2
FAIL: gcc.dg/guality/pr36728-2.c -O3 -fomit-frame-pointer line 16 arg1 == 1
FAIL: gcc.dg/guality/pr36728-2.c -O3 -fomit-frame-pointer line 16 arg2 == 2
FAIL: gcc.dg/guality/pr36728-2.c -O3 -fomit-frame-pointer line 18 arg1 == 1
FAIL: gcc.dg/guality/pr36728-2.c -O3 -fomit-frame-pointer line 18 arg2 == 2
FAIL: gcc.dg/guality/pr36728-2.c -O3 -g line 16 arg1 == 1
FAIL: gcc.dg/guality/pr36728-2.c -O3 -g line 16 arg2 == 2
FAIL: gcc.dg/guality/pr36728-2.c -O3 -g line 18 arg1 == 1
FAIL: gcc.dg/guality/pr36728-2.c -O3 -g line 18 arg2 == 2
FAIL: gcc.dg/guality/pr36728-2.c -Os line 16 arg1 == 1
FAIL: gcc.dg/guality/pr36728-2.c -Os line 16 arg2 == 2
FAIL: gcc.dg/guality/pr36728-2.c -Os line 18 arg1 == 1
FAIL: gcc.dg/guality/pr36728-2.c -Os line 18 arg2 == 2
FAIL: gcc.dg/guality/pr36728-3.c -O1 line 14 arg1 == 1
FAIL: gcc.dg/guality/pr36728-3.c -O1 line 14 arg2 == 2
FAIL: gcc.dg/guality/pr36728-3.c -O1 line 14 arg7 == 30
FAIL: gcc.dg/guality/pr36728-3.c -O1 line 16 arg1 == 1
FAIL: gcc.dg/guality/pr36728-3.c -O1 line 16 arg2 == 2
FAIL: gcc.dg/guality/pr36728-3.c -O1 line 16 arg7 == 30
FAIL: gcc.dg/guality/pr36728-3.c -O2 line 14 arg1 == 1
FAIL: gcc.dg/guality/pr36728-3.c -O2 line 14 arg2 == 2
FAIL: gcc.dg/guality/pr36728-3.c -O2 line 14 arg7 == 30
FAIL: gcc.dg/guality/pr36728-3.c -O2 line 16 arg1 == 1
FAIL: gcc.dg/guality/pr36728-3.c -O2 line 16 arg2 == 2
FAIL: gcc.dg/guality/pr36728-3.c -O2 line 16 arg7 == 30
FAIL: gcc.dg/guality/pr36728-3.c -O2 -flto -fno-use-linker-plugin -flto-partition=none line 14 arg1 == 1
FAIL: gcc.dg/guality/pr36728-3.c -O2 -flto -fno-use-linker-plugin -flto-partition=none line 14 arg2 == 2
FAIL: gcc.dg/guality/pr36728-3.c -O2 -flto -fno-use-linker-plugin -flto-partition=none line 14 arg7 == 30
FAIL: gcc.dg/guality/pr36728-3.c -O2 -flto -fno-use-linker-plugin -flto-partition=none line 16 arg1 == 1
FAIL: gcc.dg/guality/pr36728-3.c -O2 -flto -fno-use-linker-plugin -flto-partition=none line 16 arg2 == 2
FAIL: gcc.dg/guality/pr36728-3.c -O2 -flto -fno-use-linker-plugin -flto-partition=none line 16 arg7 == 30
FAIL: gcc.dg/guality/pr36728-3.c -O2 -flto -fuse-linker-plugin -fno-fat-lto-objects line 14 arg1 == 1
FAIL: gcc.dg/guality/pr36728-3.c -O2 -flto -fuse-linker-plugin -fno-fat-lto-objects line 14 arg2 == 2
FAIL: gcc.dg/guality/pr36728-3.c -O2 -flto -fuse-linker-plugin -fno-fat-lto-objects line 14 arg7 == 30
FAIL: gcc.dg/guality/pr36728-3.c -O2 -flto -fuse-linker-plugin -fno-fat-lto-objects line 16 arg1 == 1
FAIL: gcc.dg/guality/pr36728-3.c -O2 -flto -fuse-linker-plugin -fno-fat-lto-objects line 16 arg2 == 2
FAIL: gcc.dg/guality/pr36728-3.c -O2 -flto -fuse-linker-plugin -fno-fat-lto-objects line 16 arg7 == 30
FAIL: gcc.dg/guality/pr36728-3.c -O3 -fomit-frame-pointer line 14 arg1 == 1
FAIL: gcc.dg/guality/pr36728-3.c -O3 -fomit-frame-pointer line 14 arg2 == 2
FAIL: gcc.dg/guality/pr36728-3.c -O3 -fomit-frame-pointer line 14 arg7 == 30
FAIL: gcc.dg/guality/pr36728-3.c -O3 -fomit-frame-pointer line 16 arg1 == 1
FAIL: gcc.dg/guality/pr36728-3.c -O3 -fomit-frame-pointer line 16 arg2 == 2
FAIL: gcc.dg/guality/pr36728-3.c -O3 -fomit-frame-pointer line 16 arg7 == 30
FAIL: gcc.dg/guality/pr36728-3.c -O3 -g line 14 arg1 == 1
FAIL: gcc.dg/guality/pr36728-3.c -O3 -g line 14 arg2 == 2
FAIL: gcc.dg/guality/pr36728-3.c -O3 -g line 14 arg7 == 30
FAIL: gcc.dg/guality/pr36728-3.c -O3 -g line 16 arg1 == 1
FAIL: gcc.dg/guality/pr36728-3.c -O3 -g line 16 arg2 == 2
FAIL: gcc.dg/guality/pr36728-3.c -O3 -g line 16 arg7 == 30
FAIL: gcc.dg/guality/pr36728-3.c -Os line 14 arg1 == 1
FAIL: gcc.dg/guality/pr36728-3.c -Os line 14 arg2 == 2
FAIL: gcc.dg/guality/pr36728-3.c -Os line 14 arg7 == 30
FAIL: gcc.dg/guality/pr36728-3.c -Os line 16 arg1 == 1
FAIL: gcc.dg/guality/pr36728-3.c -Os line 16 arg2 == 2
FAIL: gcc.dg/guality/pr36728-3.c -Os line 16 arg7 == 30
FAIL: gcc.dg/guality/pr36728-4.c -O1 line 14 arg1 == 1
FAIL: gcc.dg/guality/pr36728-4.c -O1 line 16 arg1 == 1
FAIL: gcc.dg/guality/pr36728-4.c -O2 line 14 arg1 == 1
FAIL: gcc.dg/guality/pr36728-4.c -O2 line 16 arg1 == 1
FAIL: gcc.dg/guality/pr36728-4.c -O2 -flto -fno-use-linker-plugin -flto-partition=none line 14 arg1 == 1
FAIL: gcc.dg/guality/pr36728-4.c -O2 -flto -fno-use-linker-plugin -flto-partition=none line 16 arg1 == 1
FAIL: gcc.dg/guality/pr36728-4.c -O2 -flto -fuse-linker-plugin -fno-fat-lto-objects line 14 arg1 == 1
FAIL: gcc.dg/guality/pr36728-4.c -O2 -flto -fuse-linker-plugin -fno-fat-lto-objects line 16 arg1 == 1
FAIL: gcc.dg/guality/pr36728-4.c -O3 -fomit-frame-pointer line 14 arg1 == 1
FAIL: gcc.dg/guality/pr36728-4.c -O3 -fomit-frame-pointer line 16 arg1 == 1
FAIL: gcc.dg/guality/pr36728-4.c -O3 -g line 14 arg1 == 1
FAIL: gcc.dg/guality/pr36728-4.c -O3 -g line 16 arg1 == 1
FAIL: gcc.dg/guality/pr36728-4.c -Os line 14 arg1 == 1
FAIL: gcc.dg/guality/pr36728-4.c -Os line 16 arg1 == 1
XPASS: gcc.dg/guality/pr41353-1.c -O0 line 28 j == 28 + 37
FAIL: gcc.dg/guality/pr41616-1.c -O2 -flto -fuse-linker-plugin -fno-fat-lto-objects execution test
FAIL: gcc.dg/guality/pr43051-1.c -O1 line 34 c == &a[0]
FAIL: gcc.dg/guality/pr43051-1.c -O2 line 34 c == &a[0]
FAIL: gcc.dg/guality/pr43051-1.c -O2 line 36 e == &a[1]
FAIL: gcc.dg/guality/pr43051-1.c -O2 line 39 c == &a[0]
FAIL: gcc.dg/guality/pr43051-1.c -O2 -flto -fno-use-linker-plugin -flto-partition=none line 34 c == &a[0]
FAIL: gcc.dg/guality/pr43051-1.c -O2 -flto -fno-use-linker-plugin -flto-partition=none line 36 e == &a[1]
FAIL: gcc.dg/guality/pr43051-1.c -O2 -flto -fno-use-linker-plugin -flto-partition=none line 39 c == &a[0]
FAIL: gcc.dg/guality/pr43051-1.c -O2 -flto -fuse-linker-plugin -fno-fat-lto-objects line 34 c == &a[0]
FAIL: gcc.dg/guality/pr43051-1.c -O2 -flto -fuse-linker-plugin -fno-fat-lto-objects line 36 e == &a[1]
FAIL: gcc.dg/guality/pr43051-1.c -O2 -flto -fuse-linker-plugin -fno-fat-lto-objects line 39 c == &a[0]
FAIL: gcc.dg/guality/pr43051-1.c -O3 -fomit-frame-pointer line 35 v == 1
FAIL: gcc.dg/guality/pr43051-1.c -O3 -fomit-frame-pointer line 36 e == &a[1]
FAIL: gcc.dg/guality/pr43051-1.c -O3 -fomit-frame-pointer line 39 c == &a[0]
FAIL: gcc.dg/guality/pr43051-1.c -O3 -fomit-frame-pointer line 40 v == 1
FAIL: gcc.dg/guality/pr43051-1.c -O3 -fomit-frame-pointer line 41 e == &a[1]
FAIL: gcc.dg/guality/pr43051-1.c -O3 -fomit-frame-pointer -funroll-all-loops -finline-functions line 34 c == &a[0]
FAIL: gcc.dg/guality/pr43051-1.c -O3 -fomit-frame-pointer -funroll-all-loops -finline-functions line 35 v == 1
FAIL: gcc.dg/guality/pr43051-1.c -O3 -fomit-frame-pointer -funroll-all-loops -finline-functions line 36 e == &a[1]
FAIL: gcc.dg/guality/pr43051-1.c -O3 -fomit-frame-pointer -funroll-all-loops -finline-functions line 39 c == &a[0]
FAIL: gcc.dg/guality/pr43051-1.c -O3 -fomit-frame-pointer -funroll-all-loops -finline-functions line 40 v == 1
FAIL: gcc.dg/guality/pr43051-1.c -O3 -fomit-frame-pointer -funroll-all-loops -finline-functions line 41 e == &a[1]
FAIL: gcc.dg/guality/pr43051-1.c -O3 -fomit-frame-pointer -funroll-loops line 34 c == &a[0]
FAIL: gcc.dg/guality/pr43051-1.c -O3 -fomit-frame-pointer -funroll-loops line 35 v == 1
FAIL: gcc.dg/guality/pr43051-1.c -O3 -fomit-frame-pointer -funroll-loops line 36 e == &a[1]
FAIL: gcc.dg/guality/pr43051-1.c -O3 -fomit-frame-pointer -funroll-loops line 39 c == &a[0]
FAIL: gcc.dg/guality/pr43051-1.c -O3 -fomit-frame-pointer -funroll-loops line 40 v == 1
FAIL: gcc.dg/guality/pr43051-1.c -O3 -fomit-frame-pointer -funroll-loops line 41 e == &a[1]
FAIL: gcc.dg/guality/pr43051-1.c -O3 -g line 35 v == 1
FAIL: gcc.dg/guality/pr43051-1.c -O3 -g line 36 e == &a[1]
FAIL: gcc.dg/guality/pr43051-1.c -O3 -g line 39 c == &a[0]
FAIL: gcc.dg/guality/pr43051-1.c -O3 -g line 40 v == 1
FAIL: gcc.dg/guality/pr43051-1.c -O3 -g line 41 e == &a[1]
FAIL: gcc.dg/guality/pr43051-1.c -Os line 36 e == &a[1]
FAIL: gcc.dg/guality/pr43051-1.c -Os line 39 c == &a[0]
FAIL: gcc.dg/guality/pr43051-1.c -Os line 40 v == 1
FAIL: gcc.dg/guality/pr43051-1.c -Os line 41 e == &a[1]
FAIL: gcc.dg/guality/pr43177.c -O2 line 15 l == 10
FAIL: gcc.dg/guality/pr43177.c -O2 line 15 x == 7
FAIL: gcc.dg/guality/pr43177.c -O2 line 24 l == 10
FAIL: gcc.dg/guality/pr43177.c -O2 line 24 x == 7
FAIL: gcc.dg/guality/pr43177.c -O2 -flto -fno-use-linker-plugin -flto-partition=none line 15 l == 10
FAIL: gcc.dg/guality/pr43177.c -O2 -flto -fno-use-linker-plugin -flto-partition=none line 15 x == 7
FAIL: gcc.dg/guality/pr43177.c -O2 -flto -fno-use-linker-plugin -flto-partition=none line 24 l == 10
FAIL: gcc.dg/guality/pr43177.c -O2 -flto -fno-use-linker-plugin -flto-partition=none line 24 x == 7
FAIL: gcc.dg/guality/pr43177.c -O2 -flto -fuse-linker-plugin -fno-fat-lto-objects line 15 l == 10
FAIL: gcc.dg/guality/pr43177.c -O2 -flto -fuse-linker-plugin -fno-fat-lto-objects line 15 x == 7
FAIL: gcc.dg/guality/pr43177.c -O2 -flto -fuse-linker-plugin -fno-fat-lto-objects line 24 l == 10
FAIL: gcc.dg/guality/pr43177.c -O2 -flto -fuse-linker-plugin -fno-fat-lto-objects line 24 x == 7
FAIL: gcc.dg/guality/pr43177.c -O3 -fomit-frame-pointer line 15 l == 10
FAIL: gcc.dg/guality/pr43177.c -O3 -fomit-frame-pointer line 15 x == 7
FAIL: gcc.dg/guality/pr43177.c -O3 -fomit-frame-pointer line 24 l == 10
FAIL: gcc.dg/guality/pr43177.c -O3 -fomit-frame-pointer line 24 x == 7
FAIL: gcc.dg/guality/pr43177.c -O3 -g line 15 l == 10
FAIL: gcc.dg/guality/pr43177.c -O3 -g line 15 x == 7
FAIL: gcc.dg/guality/pr43177.c -O3 -g line 24 l == 10
FAIL: gcc.dg/guality/pr43177.c -O3 -g line 24 x == 7
FAIL: gcc.dg/guality/pr43177.c -Os line 15 l == 10
FAIL: gcc.dg/guality/pr43177.c -Os line 15 x == 7
FAIL: gcc.dg/guality/pr43177.c -Os line 24 l == 10
FAIL: gcc.dg/guality/pr43177.c -Os line 24 x == 7
FAIL: gcc.dg/guality/pr43479.c -O1 line 13 h == 9
FAIL: gcc.dg/guality/pr43479.c -O1 line 18 h == 9
FAIL: gcc.dg/guality/pr43479.c -O2 line 13 h == 9
FAIL: gcc.dg/guality/pr43479.c -O2 line 18 h == 9
FAIL: gcc.dg/guality/pr43479.c -O2 -flto -fno-use-linker-plugin -flto-partition=none line 13 h == 9
FAIL: gcc.dg/guality/pr43479.c -O2 -flto -fno-use-linker-plugin -flto-partition=none line 18 h == 9
FAIL: gcc.dg/guality/pr43479.c -O2 -flto -fuse-linker-plugin -fno-fat-lto-objects line 13 h == 9
FAIL: gcc.dg/guality/pr43479.c -O2 -flto -fuse-linker-plugin -fno-fat-lto-objects line 18 h == 9
FAIL: gcc.dg/guality/pr43479.c -O3 -fomit-frame-pointer line 13 h == 9
FAIL: gcc.dg/guality/pr43479.c -O3 -fomit-frame-pointer line 18 h == 9
FAIL: gcc.dg/guality/pr43479.c -O3 -g line 13 h == 9
FAIL: gcc.dg/guality/pr43479.c -O3 -g line 18 h == 9
FAIL: gcc.dg/guality/pr43479.c -Os line 13 h == 9
FAIL: gcc.dg/guality/pr43479.c -Os line 18 h == 9
FAIL: gcc.dg/guality/pr45882.c -O1 line 16 b == 7
FAIL: gcc.dg/guality/pr45882.c -O1 line 16 c == 11
FAIL: gcc.dg/guality/pr45882.c -O1 line 16 d == 112
FAIL: gcc.dg/guality/pr45882.c -O1 line 16 e == 142
FAIL: gcc.dg/guality/pr45882.c -O2 line 16 b == 7
FAIL: gcc.dg/guality/pr45882.c -O2 line 16 c == 11
FAIL: gcc.dg/guality/pr45882.c -O2 line 16 d == 112
FAIL: gcc.dg/guality/pr45882.c -O2 line 16 e == 142
FAIL: gcc.dg/guality/pr45882.c -O2 -flto -fno-use-linker-plugin -flto-partition=none line 16 b == 7
FAIL: gcc.dg/guality/pr45882.c -O2 -flto -fno-use-linker-plugin -flto-partition=none line 16 c == 11
FAIL: gcc.dg/guality/pr45882.c -O2 -flto -fno-use-linker-plugin -flto-partition=none line 16 d == 112
FAIL: gcc.dg/guality/pr45882.c -O2 -flto -fno-use-linker-plugin -flto-partition=none line 16 e == 142
FAIL: gcc.dg/guality/pr45882.c -O2 -flto -fuse-linker-plugin -fno-fat-lto-objects line 16 b == 7
FAIL: gcc.dg/guality/pr45882.c -O2 -flto -fuse-linker-plugin -fno-fat-lto-objects line 16 c == 11
FAIL: gcc.dg/guality/pr45882.c -O2 -flto -fuse-linker-plugin -fno-fat-lto-objects line 16 d == 112
FAIL: gcc.dg/guality/pr45882.c -O2 -flto -fuse-linker-plugin -fno-fat-lto-objects line 16 e == 142
FAIL: gcc.dg/guality/pr45882.c -O3 -fomit-frame-pointer line 16 b == 7
FAIL: gcc.dg/guality/pr45882.c -O3 -fomit-frame-pointer line 16 c == 11
FAIL: gcc.dg/guality/pr45882.c -O3 -fomit-frame-pointer line 16 d == 112
FAIL: gcc.dg/guality/pr45882.c -O3 -fomit-frame-pointer line 16 e == 142
FAIL: gcc.dg/guality/pr45882.c -O3 -g line 16 b == 7
FAIL: gcc.dg/guality/pr45882.c -O3 -g line 16 c == 11
FAIL: gcc.dg/guality/pr45882.c -O3 -g line 16 d == 112
FAIL: gcc.dg/guality/pr45882.c -O3 -g line 16 e == 142
FAIL: gcc.dg/guality/pr45882.c -Os line 16 b == 7
FAIL: gcc.dg/guality/pr45882.c -Os line 16 c == 11
FAIL: gcc.dg/guality/pr45882.c -Os line 16 d == 112
FAIL: gcc.dg/guality/pr45882.c -Os line 16 e == 142
FAIL: gcc.dg/guality/pr54200.c -Os line 20 z == 3
FAIL: gcc.dg/guality/pr54519-1.c -O1 line 20 x == 36
FAIL: gcc.dg/guality/pr54519-1.c -O1 line 20 y == 25
FAIL: gcc.dg/guality/pr54519-1.c -O1 line 23 x == 98
FAIL: gcc.dg/guality/pr54519-1.c -O1 line 23 y == 117
FAIL: gcc.dg/guality/pr54519-1.c -O2 line 20 x == 36
FAIL: gcc.dg/guality/pr54519-1.c -O2 line 20 y == 25
FAIL: gcc.dg/guality/pr54519-1.c -O2 line 23 x == 98
FAIL: gcc.dg/guality/pr54519-1.c -O2 line 23 y == 117
FAIL: gcc.dg/guality/pr54519-1.c -O2 -flto -fno-use-linker-plugin -flto-partition=none line 20 x == 36
FAIL: gcc.dg/guality/pr54519-1.c -O2 -flto -fno-use-linker-plugin -flto-partition=none line 20 y == 25
FAIL: gcc.dg/guality/pr54519-1.c -O2 -flto -fno-use-linker-plugin -flto-partition=none line 20 z == 6
FAIL: gcc.dg/guality/pr54519-1.c -O2 -flto -fno-use-linker-plugin -flto-partition=none line 23 x == 98
FAIL: gcc.dg/guality/pr54519-1.c -O2 -flto -fno-use-linker-plugin -flto-partition=none line 23 y == 117
FAIL: gcc.dg/guality/pr54519-1.c -O2 -flto -fno-use-linker-plugin -flto-partition=none line 23 z == 8
FAIL: gcc.dg/guality/pr54519-1.c -O3 -fomit-frame-pointer line 20 x == 36
FAIL: gcc.dg/guality/pr54519-1.c -O3 -fomit-frame-pointer line 20 y == 25
FAIL: gcc.dg/guality/pr54519-1.c -O3 -fomit-frame-pointer line 23 x == 98
FAIL: gcc.dg/guality/pr54519-1.c -O3 -fomit-frame-pointer line 23 y == 117
FAIL: gcc.dg/guality/pr54519-1.c -O3 -g line 20 x == 36
FAIL: gcc.dg/guality/pr54519-1.c -O3 -g line 20 y == 25
FAIL: gcc.dg/guality/pr54519-1.c -O3 -g line 23 x == 98
FAIL: gcc.dg/guality/pr54519-1.c -O3 -g line 23 y == 117
FAIL: gcc.dg/guality/pr54519-1.c -Os line 20 x == 36
FAIL: gcc.dg/guality/pr54519-1.c -Os line 20 y == 25
FAIL: gcc.dg/guality/pr54519-1.c -Os line 23 x == 98
FAIL: gcc.dg/guality/pr54519-1.c -Os line 23 y == 117
FAIL: gcc.dg/guality/pr54519-2.c -O1 line 17 x == 6
FAIL: gcc.dg/guality/pr54519-2.c -O2 line 17 x == 6
FAIL: gcc.dg/guality/pr54519-2.c -O2 -flto -fno-use-linker-plugin -flto-partition=none line 17 x == 6
FAIL: gcc.dg/guality/pr54519-2.c -O2 -flto -fno-use-linker-plugin -flto-partition=none line 17 y == 25
FAIL: gcc.dg/guality/pr54519-2.c -O2 -flto -fuse-linker-plugin -fno-fat-lto-objects line 17 x == 6
FAIL: gcc.dg/guality/pr54519-2.c -O2 -flto -fuse-linker-plugin -fno-fat-lto-objects line 17 y == 25
FAIL: gcc.dg/guality/pr54519-2.c -O3 -fomit-frame-pointer line 17 x == 6
FAIL: gcc.dg/guality/pr54519-2.c -O3 -fomit-frame-pointer line 17 y == 25
FAIL: gcc.dg/guality/pr54519-2.c -O3 -g line 17 x == 6
FAIL: gcc.dg/guality/pr54519-2.c -O3 -g line 17 y == 25
FAIL: gcc.dg/guality/pr54519-2.c -Os line 17 x == 6
FAIL: gcc.dg/guality/pr54519-2.c -Os line 17 y == 25
FAIL: gcc.dg/guality/pr54519-3.c -O2 line 20 x == 36
FAIL: gcc.dg/guality/pr54519-3.c -O2 line 20 z == 6
FAIL: gcc.dg/guality/pr54519-3.c -O2 line 23 x == 98
FAIL: gcc.dg/guality/pr54519-3.c -O2 line 23 z == 8
FAIL: gcc.dg/guality/pr54519-3.c -O2 -flto -fno-use-linker-plugin -flto-partition=none line 20 x == 36
FAIL: gcc.dg/guality/pr54519-3.c -O2 -flto -fno-use-linker-plugin -flto-partition=none line 20 y == 25
FAIL: gcc.dg/guality/pr54519-3.c -O2 -flto -fno-use-linker-plugin -flto-partition=none line 20 z == 6
FAIL: gcc.dg/guality/pr54519-3.c -O2 -flto -fno-use-linker-plugin -flto-partition=none line 23 x == 98
FAIL: gcc.dg/guality/pr54519-3.c -O2 -flto -fno-use-linker-plugin -flto-partition=none line 23 y == 117
FAIL: gcc.dg/guality/pr54519-3.c -O2 -flto -fno-use-linker-plugin -flto-partition=none line 23 z == 8
FAIL: gcc.dg/guality/pr54519-3.c -O2 -flto -fuse-linker-plugin -fno-fat-lto-objects line 20 x == 36
FAIL: gcc.dg/guality/pr54519-3.c -O2 -flto -fuse-linker-plugin -fno-fat-lto-objects line 20 y == 25
FAIL: gcc.dg/guality/pr54519-3.c -O2 -flto -fuse-linker-plugin -fno-fat-lto-objects line 20 z == 6
FAIL: gcc.dg/guality/pr54519-3.c -O2 -flto -fuse-linker-plugin -fno-fat-lto-objects line 23 x == 98
FAIL: gcc.dg/guality/pr54519-3.c -O2 -flto -fuse-linker-plugin -fno-fat-lto-objects line 23 y == 117
FAIL: gcc.dg/guality/pr54519-3.c -O2 -flto -fuse-linker-plugin -fno-fat-lto-objects line 23 z == 8
FAIL: gcc.dg/guality/pr54519-3.c -O3 -fomit-frame-pointer line 20 x == 36
FAIL: gcc.dg/guality/pr54519-3.c -O3 -fomit-frame-pointer line 20 z == 6
FAIL: gcc.dg/guality/pr54519-3.c -O3 -fomit-frame-pointer line 23 x == 98
FAIL: gcc.dg/guality/pr54519-3.c -O3 -fomit-frame-pointer line 23 z == 8
FAIL: gcc.dg/guality/pr54519-3.c -O3 -g line 20 x == 36
FAIL: gcc.dg/guality/pr54519-3.c -O3 -g line 20 z == 6
FAIL: gcc.dg/guality/pr54519-3.c -O3 -g line 23 x == 98
FAIL: gcc.dg/guality/pr54519-3.c -O3 -g line 23 z == 8
FAIL: gcc.dg/guality/pr54519-3.c -Os line 20 x == 36
FAIL: gcc.dg/guality/pr54519-3.c -Os line 20 z == 6
FAIL: gcc.dg/guality/pr54519-3.c -Os line 23 x == 98
FAIL: gcc.dg/guality/pr54519-3.c -Os line 23 z == 8
FAIL: gcc.dg/guality/pr54519-4.c -O2 line 17 x == 6
FAIL: gcc.dg/guality/pr54519-4.c -O2 line 17 y == 25
FAIL: gcc.dg/guality/pr54519-4.c -O2 -flto -fno-use-linker-plugin -flto-partition=none line 17 x == 6
FAIL: gcc.dg/guality/pr54519-4.c -O2 -flto -fno-use-linker-plugin -flto-partition=none line 17 y == 25
FAIL: gcc.dg/guality/pr54519-4.c -O2 -flto -fuse-linker-plugin -fno-fat-lto-objects line 17 x == 6
FAIL: gcc.dg/guality/pr54519-4.c -O2 -flto -fuse-linker-plugin -fno-fat-lto-objects line 17 y == 25
FAIL: gcc.dg/guality/pr54519-4.c -O3 -fomit-frame-pointer line 17 x == 6
FAIL: gcc.dg/guality/pr54519-4.c -O3 -fomit-frame-pointer line 17 y == 25
FAIL: gcc.dg/guality/pr54519-4.c -O3 -g line 17 x == 6
FAIL: gcc.dg/guality/pr54519-4.c -O3 -g line 17 y == 25
FAIL: gcc.dg/guality/pr54519-4.c -Os line 17 x == 6
FAIL: gcc.dg/guality/pr54519-4.c -Os line 17 y == 25
FAIL: gcc.dg/guality/pr54519-5.c -O1 line 17 x == 6
FAIL: gcc.dg/guality/pr54519-5.c -O1 line 17 y == 25
FAIL: gcc.dg/guality/pr54519-5.c -O2 line 17 x == 6
FAIL: gcc.dg/guality/pr54519-5.c -O2 line 17 y == 25
FAIL: gcc.dg/guality/pr54519-5.c -O2 -flto -fno-use-linker-plugin -flto-partition=none line 17 x == 6
FAIL: gcc.dg/guality/pr54519-5.c -O2 -flto -fno-use-linker-plugin -flto-partition=none line 17 y == 25
FAIL: gcc.dg/guality/pr54519-5.c -O2 -flto -fuse-linker-plugin -fno-fat-lto-objects line 17 x == 6
FAIL: gcc.dg/guality/pr54519-5.c -O2 -flto -fuse-linker-plugin -fno-fat-lto-objects line 17 y == 25
FAIL: gcc.dg/guality/pr54519-5.c -O3 -fomit-frame-pointer line 17 x == 6
FAIL: gcc.dg/guality/pr54519-5.c -O3 -fomit-frame-pointer line 17 y == 25
FAIL: gcc.dg/guality/pr54519-5.c -O3 -g line 17 x == 6
FAIL: gcc.dg/guality/pr54519-5.c -O3 -g line 17 y == 25
FAIL: gcc.dg/guality/pr54519-5.c -Os line 17 x == 6
FAIL: gcc.dg/guality/pr54519-5.c -Os line 17 y == 25
FAIL: gcc.dg/guality/pr54551.c -O1 line 18 a == 4
FAIL: gcc.dg/guality/pr54551.c -O1 line 18 z == 3
FAIL: gcc.dg/guality/pr54551.c -O2 line 18 a == 4
FAIL: gcc.dg/guality/pr54551.c -O2 line 18 z == 3
FAIL: gcc.dg/guality/pr54551.c -O2 -flto -fno-use-linker-plugin -flto-partition=none line 18 a == 4
FAIL: gcc.dg/guality/pr54551.c -O2 -flto -fno-use-linker-plugin -flto-partition=none line 18 z == 3
FAIL: gcc.dg/guality/pr54551.c -O3 -fomit-frame-pointer line 18 a == 4
FAIL: gcc.dg/guality/pr54551.c -O3 -fomit-frame-pointer line 18 z == 3
FAIL: gcc.dg/guality/pr54551.c -O3 -g line 18 a == 4
FAIL: gcc.dg/guality/pr54551.c -O3 -g line 18 z == 3
FAIL: gcc.dg/guality/pr54551.c -Os line 18 a == 4
FAIL: gcc.dg/guality/pr54551.c -Os line 18 z == 3
FAIL: gcc.dg/guality/pr54693-2.c -O1 line 21 y == 20 - 2 * i
FAIL: gcc.dg/guality/pr54693-2.c -O1 line 21 z == 30 - 3 * i
FAIL: gcc.dg/guality/pr54693-2.c -O2 line 21 x == 10 - i
FAIL: gcc.dg/guality/pr54693-2.c -O2 -flto -fno-use-linker-plugin -flto-partition=none line 21 x == 10 - i
FAIL: gcc.dg/guality/pr54693-2.c -O2 -flto -fuse-linker-plugin -fno-fat-lto-objects line 21 x == 10 - i
FAIL: gcc.dg/guality/pr54693-2.c -O3 -fomit-frame-pointer line 21 x == 10 - i
FAIL: gcc.dg/guality/pr54693-2.c -O3 -g line 21 x == 10 - i
FAIL: gcc.dg/guality/pr54796.c -O1 line 17 a == 5
FAIL: gcc.dg/guality/pr54796.c -O1 line 17 b == 6
FAIL: gcc.dg/guality/pr54796.c -O1 line 17 c == 5
FAIL: gcc.dg/guality/pr54796.c -O2 line 17 a == 5
FAIL: gcc.dg/guality/pr54796.c -O2 line 17 b == 6
FAIL: gcc.dg/guality/pr54796.c -O2 line 17 c == 5
FAIL: gcc.dg/guality/pr54796.c -O2 -flto -fno-use-linker-plugin -flto-partition=none line 17 a == 5
FAIL: gcc.dg/guality/pr54796.c -O2 -flto -fno-use-linker-plugin -flto-partition=none line 17 b == 6
FAIL: gcc.dg/guality/pr54796.c -O2 -flto -fno-use-linker-plugin -flto-partition=none line 17 c == 5
FAIL: gcc.dg/guality/pr54796.c -O3 -fomit-frame-pointer line 17 a == 5
FAIL: gcc.dg/guality/pr54796.c -O3 -fomit-frame-pointer line 17 b == 6
FAIL: gcc.dg/guality/pr54796.c -O3 -fomit-frame-pointer line 17 c == 5
FAIL: gcc.dg/guality/pr54796.c -O3 -g line 17 a == 5
FAIL: gcc.dg/guality/pr54796.c -O3 -g line 17 b == 6
FAIL: gcc.dg/guality/pr54796.c -O3 -g line 17 c == 5
FAIL: gcc.dg/guality/pr54796.c -Os line 17 a == 5
FAIL: gcc.dg/guality/pr54796.c -Os line 17 b == 6
FAIL: gcc.dg/guality/pr54796.c -Os line 17 c == 5
FAIL: gcc.dg/guality/pr54970.c -O1 line 15 a[0] == 1
FAIL: gcc.dg/guality/pr54970.c -O1 line 20 a[0] == 1
FAIL: gcc.dg/guality/pr54970.c -O1 line 25 a[0] == 1
FAIL: gcc.dg/guality/pr54970.c -O1 line 31 a[0] == 4
FAIL: gcc.dg/guality/pr54970.c -O1 line 36 a[0] == 4
FAIL: gcc.dg/guality/pr54970.c -O1 line 45 a[0] == 4
FAIL: gcc.dg/guality/pr54970.c -O1 line 45 p[-2] == 4
FAIL: gcc.dg/guality/pr54970.c -O1 line 45 q[-1] == 4
FAIL: gcc.dg/guality/pr54970.c -O2 line 15 a[0] == 1
FAIL: gcc.dg/guality/pr54970.c -O2 line 20 a[0] == 1
FAIL: gcc.dg/guality/pr54970.c -O2 line 25 a[0] == 1
FAIL: gcc.dg/guality/pr54970.c -O2 line 31 a[0] == 4
FAIL: gcc.dg/guality/pr54970.c -O2 line 36 a[0] == 4
FAIL: gcc.dg/guality/pr54970.c -O2 line 45 a[0] == 4
FAIL: gcc.dg/guality/pr54970.c -O2 line 45 p[-2] == 4
FAIL: gcc.dg/guality/pr54970.c -O2 line 45 q[-1] == 4
FAIL: gcc.dg/guality/pr54970.c -O2 -flto -fno-use-linker-plugin -flto-partition=none line 15 a[0] == 1
FAIL: gcc.dg/guality/pr54970.c -O2 -flto -fno-use-linker-plugin -flto-partition=none line 20 a[0] == 1
FAIL: gcc.dg/guality/pr54970.c -O2 -flto -fno-use-linker-plugin -flto-partition=none line 25 a[0] == 1
FAIL: gcc.dg/guality/pr54970.c -O2 -flto -fno-use-linker-plugin -flto-partition=none line 31 a[0] == 4
FAIL: gcc.dg/guality/pr54970.c -O2 -flto -fno-use-linker-plugin -flto-partition=none line 36 a[0] == 4
FAIL: gcc.dg/guality/pr54970.c -O2 -flto -fno-use-linker-plugin -flto-partition=none line 45 a[0] == 4
FAIL: gcc.dg/guality/pr54970.c -O2 -flto -fno-use-linker-plugin -flto-partition=none line 45 p[-2] == 4
FAIL: gcc.dg/guality/pr54970.c -O2 -flto -fno-use-linker-plugin -flto-partition=none line 45 q[-1] == 4
FAIL: gcc.dg/guality/pr54970.c -O2 -flto -fuse-linker-plugin -fno-fat-lto-objects line 15 a[0] == 1
FAIL: gcc.dg/guality/pr54970.c -O2 -flto -fuse-linker-plugin -fno-fat-lto-objects line 20 a[0] == 1
FAIL: gcc.dg/guality/pr54970.c -O2 -flto -fuse-linker-plugin -fno-fat-lto-objects line 25 a[0] == 1
FAIL: gcc.dg/guality/pr54970.c -O2 -flto -fuse-linker-plugin -fno-fat-lto-objects line 31 a[0] == 4
FAIL: gcc.dg/guality/pr54970.c -O2 -flto -fuse-linker-plugin -fno-fat-lto-objects line 36 a[0] == 4
FAIL: gcc.dg/guality/pr54970.c -O2 -flto -fuse-linker-plugin -fno-fat-lto-objects line 45 a[0] == 4
FAIL: gcc.dg/guality/pr54970.c -O2 -flto -fuse-linker-plugin -fno-fat-lto-objects line 45 p[-2] == 4
FAIL: gcc.dg/guality/pr54970.c -O2 -flto -fuse-linker-plugin -fno-fat-lto-objects line 45 q[-1] == 4
FAIL: gcc.dg/guality/pr54970.c -O3 -fomit-frame-pointer line 15 a[0] == 1
FAIL: gcc.dg/guality/pr54970.c -O3 -fomit-frame-pointer line 20 a[0] == 1
FAIL: gcc.dg/guality/pr54970.c -O3 -fomit-frame-pointer line 25 a[0] == 1
FAIL: gcc.dg/guality/pr54970.c -O3 -fomit-frame-pointer line 31 a[0] == 4
FAIL: gcc.dg/guality/pr54970.c -O3 -fomit-frame-pointer line 36 a[0] == 4
FAIL: gcc.dg/guality/pr54970.c -O3 -fomit-frame-pointer line 45 a[0] == 4
FAIL: gcc.dg/guality/pr54970.c -O3 -fomit-frame-pointer line 45 p[-2] == 4
FAIL: gcc.dg/guality/pr54970.c -O3 -fomit-frame-pointer line 45 q[-1] == 4
FAIL: gcc.dg/guality/pr54970.c -O3 -g line 15 a[0] == 1
FAIL: gcc.dg/guality/pr54970.c -O3 -g line 20 a[0] == 1
FAIL: gcc.dg/guality/pr54970.c -O3 -g line 25 a[0] == 1
FAIL: gcc.dg/guality/pr54970.c -O3 -g line 31 a[0] == 4
FAIL: gcc.dg/guality/pr54970.c -O3 -g line 36 a[0] == 4
FAIL: gcc.dg/guality/pr54970.c -O3 -g line 45 a[0] == 4
FAIL: gcc.dg/guality/pr54970.c -O3 -g line 45 p[-2] == 4
FAIL: gcc.dg/guality/pr54970.c -O3 -g line 45 q[-1] == 4
FAIL: gcc.dg/guality/pr56154-2.c -O1 line pr56154-2.c:30 x == 28
FAIL: gcc.dg/guality/pr56154-2.c -O2 line pr56154-2.c:30 x == 28
FAIL: gcc.dg/guality/pr56154-2.c -O3 -fomit-frame-pointer line pr56154-2.c:30 x == 28
FAIL: gcc.dg/guality/pr56154-2.c -O3 -g line pr56154-2.c:30 x == 28
FAIL: gcc.dg/guality/pr56154-2.c -Os line pr56154-2.c:30 x == 28
FAIL: gcc.dg/guality/pr56154-3.c -O1 line pr56154-3.c:22 x == 28
FAIL: gcc.dg/guality/pr58791-2.c -O2 -flto -fno-use-linker-plugin -flto-partition=none line pr58791-2.c:27 d & 1 == 1
FAIL: gcc.dg/guality/pr58791-5.c -O1 line pr58791-5.c:20 b1 == 9
FAIL: gcc.dg/guality/pr58791-5.c -O1 line pr58791-5.c:20 b2 == 73
FAIL: gcc.dg/guality/pr58791-5.c -O1 line pr58791-5.c:20 b3 == 585
FAIL: gcc.dg/guality/pr58791-5.c -O1 line pr58791-5.c:20 b4 == 4681
FAIL: gcc.dg/guality/pr58791-5.c -O2 line pr58791-5.c:20 b1 == 9
FAIL: gcc.dg/guality/pr58791-5.c -O2 line pr58791-5.c:20 b2 == 73
FAIL: gcc.dg/guality/pr58791-5.c -O2 line pr58791-5.c:20 b3 == 585
FAIL: gcc.dg/guality/pr58791-5.c -O2 line pr58791-5.c:20 b4 == 4681
FAIL: gcc.dg/guality/pr58791-5.c -O2 -flto -fno-use-linker-plugin -flto-partition=none line pr58791-5.c:20 b1 == 9
FAIL: gcc.dg/guality/pr58791-5.c -O2 -flto -fno-use-linker-plugin -flto-partition=none line pr58791-5.c:20 b2 == 73
FAIL: gcc.dg/guality/pr58791-5.c -O2 -flto -fno-use-linker-plugin -flto-partition=none line pr58791-5.c:20 b3 == 585
FAIL: gcc.dg/guality/pr58791-5.c -O2 -flto -fno-use-linker-plugin -flto-partition=none line pr58791-5.c:20 b4 == 4681
FAIL: gcc.dg/guality/pr58791-5.c -O3 -fomit-frame-pointer line pr58791-5.c:20 b1 == 9
FAIL: gcc.dg/guality/pr58791-5.c -O3 -fomit-frame-pointer line pr58791-5.c:20 b2 == 73
FAIL: gcc.dg/guality/pr58791-5.c -O3 -fomit-frame-pointer line pr58791-5.c:20 b3 == 585
FAIL: gcc.dg/guality/pr58791-5.c -O3 -fomit-frame-pointer line pr58791-5.c:20 b4 == 4681
FAIL: gcc.dg/guality/pr58791-5.c -O3 -g line pr58791-5.c:20 b1 == 9
FAIL: gcc.dg/guality/pr58791-5.c -O3 -g line pr58791-5.c:20 b2 == 73
FAIL: gcc.dg/guality/pr58791-5.c -O3 -g line pr58791-5.c:20 b3 == 585
FAIL: gcc.dg/guality/pr58791-5.c -O3 -g line pr58791-5.c:20 b4 == 4681
FAIL: gcc.dg/guality/pr58791-5.c -Os line pr58791-5.c:20 b1 == 9
FAIL: gcc.dg/guality/pr58791-5.c -Os line pr58791-5.c:20 b2 == 73
FAIL: gcc.dg/guality/pr58791-5.c -Os line pr58791-5.c:20 b3 == 585
FAIL: gcc.dg/guality/pr58791-5.c -Os line pr58791-5.c:20 b4 == 4681
FAIL: gcc.dg/guality/sra-1.c -O1 line 43 a.i == 4
FAIL: gcc.dg/guality/sra-1.c -O2 line 21 a.i == 4
FAIL: gcc.dg/guality/sra-1.c -O2 line 21 a.j == 14
FAIL: gcc.dg/guality/sra-1.c -O2 line 43 a.i == 4
FAIL: gcc.dg/guality/sra-1.c -O2 line 43 a.j == 14
FAIL: gcc.dg/guality/sra-1.c -O2 -flto -fno-use-linker-plugin -flto-partition=none line 21 a.i == 4
FAIL: gcc.dg/guality/sra-1.c -O2 -flto -fno-use-linker-plugin -flto-partition=none line 21 a.j == 14
FAIL: gcc.dg/guality/sra-1.c -O2 -flto -fno-use-linker-plugin -flto-partition=none line 43 a.i == 4
FAIL: gcc.dg/guality/sra-1.c -O2 -flto -fno-use-linker-plugin -flto-partition=none line 43 a.j == 14
FAIL: gcc.dg/guality/sra-1.c -O2 -flto -fuse-linker-plugin -fno-fat-lto-objects line 21 a.i == 4
FAIL: gcc.dg/guality/sra-1.c -O2 -flto -fuse-linker-plugin -fno-fat-lto-objects line 43 a.i == 4
FAIL: gcc.dg/guality/sra-1.c -O2 -flto -fuse-linker-plugin -fno-fat-lto-objects line 43 a.j == 14
FAIL: gcc.dg/guality/sra-1.c -O3 -fomit-frame-pointer line 21 a.i == 4
FAIL: gcc.dg/guality/sra-1.c -O3 -fomit-frame-pointer line 21 a.j == 14
FAIL: gcc.dg/guality/sra-1.c -O3 -fomit-frame-pointer line 43 a.i == 4
FAIL: gcc.dg/guality/sra-1.c -O3 -fomit-frame-pointer line 43 a.j == 14
FAIL: gcc.dg/guality/sra-1.c -O3 -g line 21 a.i == 4
FAIL: gcc.dg/guality/sra-1.c -O3 -g line 21 a.j == 14
FAIL: gcc.dg/guality/sra-1.c -O3 -g line 43 a.i == 4
FAIL: gcc.dg/guality/sra-1.c -O3 -g line 43 a.j == 14
FAIL: gcc.dg/guality/sra-1.c -Os line 21 a.i == 4
FAIL: gcc.dg/guality/sra-1.c -Os line 21 a.j == 14
FAIL: gcc.dg/guality/sra-1.c -Os line 43 a.i == 4
FAIL: gcc.dg/guality/sra-1.c -Os line 43 a.j == 14
FAIL: gcc.dg/guality/vla-1.c -O1 line 17 sizeof (a) == 6
FAIL: gcc.dg/guality/vla-1.c -O1 line 24 i == 5
FAIL: gcc.dg/guality/vla-1.c -O1 line 24 sizeof (a) == 17 * sizeof (short)
FAIL: gcc.dg/guality/vla-1.c -O2 line 17 sizeof (a) == 6
FAIL: gcc.dg/guality/vla-1.c -O2 line 24 sizeof (a) == 17 * sizeof (short)
FAIL: gcc.dg/guality/vla-1.c -O2 -flto -fno-use-linker-plugin -flto-partition=none line 17 sizeof (a) == 6
FAIL: gcc.dg/guality/vla-1.c -O2 -flto -fno-use-linker-plugin -flto-partition=none line 24 sizeof (a) == 17 * sizeof (short)
FAIL: gcc.dg/guality/vla-1.c -O2 -flto -fuse-linker-plugin -fno-fat-lto-objects line 17 sizeof (a) == 6
FAIL: gcc.dg/guality/vla-1.c -O2 -flto -fuse-linker-plugin -fno-fat-lto-objects line 24 sizeof (a) == 17 * sizeof (short)
FAIL: gcc.dg/guality/vla-1.c -O3 -fomit-frame-pointer line 17 sizeof (a) == 6
FAIL: gcc.dg/guality/vla-1.c -O3 -fomit-frame-pointer line 24 sizeof (a) == 17 * sizeof (short)
FAIL: gcc.dg/guality/vla-1.c -O3 -g line 17 sizeof (a) == 6
FAIL: gcc.dg/guality/vla-1.c -O3 -g line 24 sizeof (a) == 17 * sizeof (short)
FAIL: gcc.dg/guality/vla-1.c -Os line 17 sizeof (a) == 6
FAIL: gcc.dg/guality/vla-1.c -Os line 24 sizeof (a) == 17 * sizeof (short)
FAIL: gcc.dg/guality/vla-2.c -O2 line 25 sizeof (a) == 6 * sizeof (int)
FAIL: gcc.dg/guality/vla-2.c -O2 -flto -fno-use-linker-plugin -flto-partition=none line 25 sizeof (a) == 6 * sizeof (int)
FAIL: gcc.dg/guality/vla-2.c -O2 -flto -fuse-linker-plugin -fno-fat-lto-objects line 25 sizeof (a) == 6 * sizeof (int)
FAIL: gcc.dg/guality/vla-2.c -O3 -fomit-frame-pointer line 25 sizeof (a) == 6 * sizeof (int)
FAIL: gcc.dg/guality/vla-2.c -O3 -g line 25 sizeof (a) == 6 * sizeof (int)
FAIL: gcc.dg/guality/vla-2.c -Os line 25 sizeof (a) == 6 * sizeof (int)
FAIL: c-c++-common/torture/builtin-arith-overflow-12.c -O0 execution test
FAIL: c-c++-common/torture/builtin-arith-overflow-12.c -O2 execution test
FAIL: c-c++-common/torture/builtin-arith-overflow-12.c -O2 -flto -fno-use-linker-plugin -flto-partition=none execution test
FAIL: c-c++-common/torture/builtin-arith-overflow-12.c -O2 -flto -fuse-linker-plugin -fno-fat-lto-objects execution test
FAIL: gcc.dg/torture/c99-contract-1.c -O1 execution test
FAIL: gcc.dg/torture/c99-contract-1.c -O2 execution test
FAIL: gcc.dg/torture/c99-contract-1.c -O2 -flto -fno-use-linker-plugin -flto-partition=none execution test
FAIL: gcc.dg/torture/c99-contract-1.c -O2 -flto -fuse-linker-plugin -fno-fat-lto-objects execution test
FAIL: gcc.dg/torture/c99-contract-1.c -O3 -fomit-frame-pointer execution test
FAIL: gcc.dg/torture/c99-contract-1.c -O3 -g execution test
FAIL: gcc.dg/torture/c99-contract-1.c -Os execution test
FAIL: gcc.dg/tree-prof/stringop-2.c compilation, -fprofile-generate -D_PROFILE_GENERATE
UNRESOLVED: gcc.dg/tree-prof/stringop-2.c compilation, -fprofile-use -D_PROFILE_USE
UNRESOLVED: gcc.dg/tree-prof/stringop-2.c execution, -fprofile-generate -D_PROFILE_GENERATE
UNRESOLVED: gcc.dg/tree-prof/stringop-2.c execution, -fprofile-use -D_PROFILE_USE
FAIL: gcc.dg/tree-ssa/ssa-dom-cse-2.c scan-tree-dump optimized "return 28;"
FAIL: gcc.target/mips/branch-1.c -O2 scan-assembler \\tandi\\t.*\\tandi\\t.*\\tandi\\t.*\\tandi\\t
FAIL: gcc.target/mips/branch-1.c -O2 -flto -fno-use-linker-plugin -flto-partition=none scan-assembler \\tandi\\t.*\\tandi\\t.*\\tandi\\t.*\\tandi\\t
FAIL: gcc.target/mips/branch-1.c -O2 -flto -fuse-linker-plugin -fno-fat-lto-objects scan-assembler \\tandi\\t.*\\tandi\\t.*\\tandi\\t.*\\tandi\\t
FAIL: gcc.target/mips/branch-1.c -Os scan-assembler \\tandi\\t.*\\tandi\\t.*\\tandi\\t.*\\tandi\\t
XPASS: gcc.target/mips/dspr2-MULT.c -O2 scan-assembler \\\\\$ac1
XPASS: gcc.target/mips/dspr2-MULT.c -O2 -flto -fno-use-linker-plugin -flto-partition=none scan-assembler \\\\\$ac1
XPASS: gcc.target/mips/dspr2-MULT.c -O2 -flto -fuse-linker-plugin -fno-fat-lto-objects scan-assembler \\\\\$ac1
XPASS: gcc.target/mips/dspr2-MULT.c -O3 -fomit-frame-pointer scan-assembler \\\\\$ac1
XPASS: gcc.target/mips/dspr2-MULT.c -O3 -g scan-assembler \\\\\$ac1
XPASS: gcc.target/mips/dspr2-MULTU.c -O2 scan-assembler \\\\\$ac1
XPASS: gcc.target/mips/dspr2-MULTU.c -O2 -flto -fno-use-linker-plugin -flto-partition=none scan-assembler \\\\\$ac1
XPASS: gcc.target/mips/dspr2-MULTU.c -O2 -flto -fuse-linker-plugin -fno-fat-lto-objects scan-assembler \\\\\$ac1
XPASS: gcc.target/mips/dspr2-MULTU.c -O3 -fomit-frame-pointer scan-assembler \\\\\$ac1
XPASS: gcc.target/mips/dspr2-MULTU.c -O3 -g scan-assembler \\\\\$ac1
FAIL: gcc.target/mips/madd-8.c -O1 scan-assembler \\tmul\\t
FAIL: gcc.target/mips/madd-8.c -O1 scan-assembler-not \\tmadd\\t
FAIL: gcc.target/mips/madd-8.c -O1 scan-assembler-not \\tmflo\\t
FAIL: gcc.target/mips/madd-8.c -O1 scan-assembler-not \\tmtlo\\t
FAIL: gcc.target/mips/mips-3d-1.c -O0 (test for excess errors)
FAIL: gcc.target/mips/mips-3d-1.c -O1 (test for excess errors)
FAIL: gcc.target/mips/mips-3d-1.c -O2 (test for excess errors)
FAIL: gcc.target/mips/mips-3d-1.c -O2 -flto -fno-use-linker-plugin -flto-partition=none (test for excess errors)
FAIL: gcc.target/mips/mips-3d-1.c -O2 -flto -fuse-linker-plugin -fno-fat-lto-objects (test for excess errors)
FAIL: gcc.target/mips/mips-3d-1.c -O3 -fomit-frame-pointer (test for excess errors)
FAIL: gcc.target/mips/mips-3d-1.c -O3 -g (test for excess errors)
FAIL: gcc.target/mips/mips-3d-1.c -Os (test for excess errors)
FAIL: gcc.target/mips/mips-3d-2.c -O0 (test for excess errors)
FAIL: gcc.target/mips/mips-3d-2.c -O1 (test for excess errors)
FAIL: gcc.target/mips/mips-3d-2.c -O2 (test for excess errors)
FAIL: gcc.target/mips/mips-3d-2.c -O2 -flto -fno-use-linker-plugin -flto-partition=none (test for excess errors)
FAIL: gcc.target/mips/mips-3d-2.c -O2 -flto -fuse-linker-plugin -fno-fat-lto-objects (test for excess errors)
FAIL: gcc.target/mips/mips-3d-2.c -O3 -fomit-frame-pointer (test for excess errors)
FAIL: gcc.target/mips/mips-3d-2.c -O3 -g (test for excess errors)
FAIL: gcc.target/mips/mips-3d-2.c -Os (test for excess errors)
FAIL: gcc.target/mips/mips-3d-3.c -O0 (test for excess errors)
FAIL: gcc.target/mips/mips-3d-3.c -O1 (test for excess errors)
FAIL: gcc.target/mips/mips-3d-3.c -O2 (test for excess errors)
FAIL: gcc.target/mips/mips-3d-3.c -O2 -flto -fno-use-linker-plugin -flto-partition=none (test for excess errors)
FAIL: gcc.target/mips/mips-3d-3.c -O2 -flto -fuse-linker-plugin -fno-fat-lto-objects (test for excess errors)
FAIL: gcc.target/mips/mips-3d-3.c -O3 -fomit-frame-pointer (test for excess errors)
FAIL: gcc.target/mips/mips-3d-3.c -O3 -g (test for excess errors)
FAIL: gcc.target/mips/mips-3d-3.c -Os (test for excess errors)
FAIL: gcc.target/mips/mips-3d-4.c -O0 (test for excess errors)
FAIL: gcc.target/mips/mips-3d-4.c -O1 (test for excess errors)
FAIL: gcc.target/mips/mips-3d-4.c -O2 (test for excess errors)
FAIL: gcc.target/mips/mips-3d-4.c -O2 -flto -fno-use-linker-plugin -flto-partition=none (test for excess errors)
FAIL: gcc.target/mips/mips-3d-4.c -O2 -flto -fuse-linker-plugin -fno-fat-lto-objects (test for excess errors)
FAIL: gcc.target/mips/mips-3d-4.c -O3 -fomit-frame-pointer (test for excess errors)
FAIL: gcc.target/mips/mips-3d-4.c -O3 -g (test for excess errors)
FAIL: gcc.target/mips/mips-3d-4.c -Os (test for excess errors)
FAIL: gcc.target/mips/mips-3d-5.c -O0 (test for excess errors)
FAIL: gcc.target/mips/mips-3d-5.c -O1 (test for excess errors)
FAIL: gcc.target/mips/mips-3d-5.c -O2 (test for excess errors)
FAIL: gcc.target/mips/mips-3d-5.c -O2 -flto -fno-use-linker-plugin -flto-partition=none (test for excess errors)
FAIL: gcc.target/mips/mips-3d-5.c -O2 -flto -fuse-linker-plugin -fno-fat-lto-objects (test for excess errors)
FAIL: gcc.target/mips/mips-3d-5.c -O3 -fomit-frame-pointer (test for excess errors)
FAIL: gcc.target/mips/mips-3d-5.c -O3 -g (test for excess errors)
FAIL: gcc.target/mips/mips-3d-5.c -Os (test for excess errors)
FAIL: gcc.target/mips/mips-3d-6.c -O0 (test for excess errors)
FAIL: gcc.target/mips/mips-3d-6.c -O1 (test for excess errors)
FAIL: gcc.target/mips/mips-3d-6.c -O2 (test for excess errors)
FAIL: gcc.target/mips/mips-3d-6.c -O2 -flto -fno-use-linker-plugin -flto-partition=none (test for excess errors)
FAIL: gcc.target/mips/mips-3d-6.c -O2 -flto -fuse-linker-plugin -fno-fat-lto-objects (test for excess errors)
FAIL: gcc.target/mips/mips-3d-6.c -O3 -fomit-frame-pointer (test for excess errors)
FAIL: gcc.target/mips/mips-3d-6.c -O3 -g (test for excess errors)
FAIL: gcc.target/mips/mips-3d-6.c -Os (test for excess errors)
FAIL: gcc.target/mips/mips-3d-7.c -O0 (test for excess errors)
FAIL: gcc.target/mips/mips-3d-7.c -O1 (test for excess errors)
FAIL: gcc.target/mips/mips-3d-7.c -O2 (test for excess errors)
FAIL: gcc.target/mips/mips-3d-7.c -O2 -flto -fno-use-linker-plugin -flto-partition=none (test for excess errors)
FAIL: gcc.target/mips/mips-3d-7.c -O2 -flto -fuse-linker-plugin -fno-fat-lto-objects (test for excess errors)
FAIL: gcc.target/mips/mips-3d-7.c -O3 -fomit-frame-pointer (test for excess errors)
FAIL: gcc.target/mips/mips-3d-7.c -O3 -g (test for excess errors)
FAIL: gcc.target/mips/mips-3d-7.c -Os (test for excess errors)
FAIL: gcc.target/mips/mips-3d-8.c -O0 (test for excess errors)
FAIL: gcc.target/mips/mips-3d-8.c -O1 (test for excess errors)
FAIL: gcc.target/mips/mips-3d-8.c -O2 (test for excess errors)
FAIL: gcc.target/mips/mips-3d-8.c -O2 -flto -fno-use-linker-plugin -flto-partition=none (test for excess errors)
FAIL: gcc.target/mips/mips-3d-8.c -O2 -flto -fuse-linker-plugin -fno-fat-lto-objects (test for excess errors)
FAIL: gcc.target/mips/mips-3d-8.c -O3 -fomit-frame-pointer (test for excess errors)
FAIL: gcc.target/mips/mips-3d-8.c -O3 -g (test for excess errors)
FAIL: gcc.target/mips/mips-3d-8.c -Os (test for excess errors)
FAIL: gcc.target/mips/mips-3d-9.c -O0 (test for excess errors)
FAIL: gcc.target/mips/mips-3d-9.c -O1 (test for excess errors)
FAIL: gcc.target/mips/mips-3d-9.c -O2 (test for excess errors)
FAIL: gcc.target/mips/mips-3d-9.c -O2 -flto -fno-use-linker-plugin -flto-partition=none (test for excess errors)
FAIL: gcc.target/mips/mips-3d-9.c -O2 -flto -fuse-linker-plugin -fno-fat-lto-objects (test for excess errors)
FAIL: gcc.target/mips/mips-3d-9.c -O3 -fomit-frame-pointer (test for excess errors)
FAIL: gcc.target/mips/mips-3d-9.c -O3 -fomit-frame-pointer -funroll-all-loops -finline-functions (test for excess errors)
FAIL: gcc.target/mips/mips-3d-9.c -O3 -fomit-frame-pointer -funroll-loops (test for excess errors)
FAIL: gcc.target/mips/mips-3d-9.c -O3 -g (test for excess errors)
FAIL: gcc.target/mips/mips-3d-9.c -Os (test for excess errors)
FAIL: gcc.target/mips/mips-ps-1.c -O0 (test for excess errors)
UNRESOLVED: gcc.target/mips/mips-ps-1.c -O0 compilation failed to produce executable
FAIL: gcc.target/mips/mips-ps-1.c -O1 (test for excess errors)
UNRESOLVED: gcc.target/mips/mips-ps-1.c -O1 compilation failed to produce executable
FAIL: gcc.target/mips/mips-ps-1.c -O2 (test for excess errors)
UNRESOLVED: gcc.target/mips/mips-ps-1.c -O2 compilation failed to produce executable
FAIL: gcc.target/mips/mips-ps-1.c -O2 -flto -fno-use-linker-plugin -flto-partition=none (test for excess errors)
UNRESOLVED: gcc.target/mips/mips-ps-1.c -O2 -flto -fno-use-linker-plugin -flto-partition=none compilation failed to produce executable
FAIL: gcc.target/mips/mips-ps-1.c -O2 -flto -fuse-linker-plugin -fno-fat-lto-objects (test for excess errors)
UNRESOLVED: gcc.target/mips/mips-ps-1.c -O2 -flto -fuse-linker-plugin -fno-fat-lto-objects compilation failed to produce executable
FAIL: gcc.target/mips/mips-ps-1.c -O3 -fomit-frame-pointer (test for excess errors)
UNRESOLVED: gcc.target/mips/mips-ps-1.c -O3 -fomit-frame-pointer compilation failed to produce executable
FAIL: gcc.target/mips/mips-ps-1.c -O3 -g (test for excess errors)
UNRESOLVED: gcc.target/mips/mips-ps-1.c -O3 -g compilation failed to produce executable
FAIL: gcc.target/mips/mips-ps-1.c -Os (test for excess errors)
UNRESOLVED: gcc.target/mips/mips-ps-1.c -Os compilation failed to produce executable
FAIL: gcc.target/mips/mips-ps-2.c -O0 (test for excess errors)
UNRESOLVED: gcc.target/mips/mips-ps-2.c -O0 compilation failed to produce executable
FAIL: gcc.target/mips/mips-ps-2.c -O1 (test for excess errors)
UNRESOLVED: gcc.target/mips/mips-ps-2.c -O1 compilation failed to produce executable
FAIL: gcc.target/mips/mips-ps-2.c -O2 (test for excess errors)
UNRESOLVED: gcc.target/mips/mips-ps-2.c -O2 compilation failed to produce executable
FAIL: gcc.target/mips/mips-ps-2.c -O2 -flto -fno-use-linker-plugin -flto-partition=none (test for excess errors)
UNRESOLVED: gcc.target/mips/mips-ps-2.c -O2 -flto -fno-use-linker-plugin -flto-partition=none compilation failed to produce executable
FAIL: gcc.target/mips/mips-ps-2.c -O2 -flto -fuse-linker-plugin -fno-fat-lto-objects (test for excess errors)
UNRESOLVED: gcc.target/mips/mips-ps-2.c -O2 -flto -fuse-linker-plugin -fno-fat-lto-objects compilation failed to produce executable
FAIL: gcc.target/mips/mips-ps-2.c -O3 -fomit-frame-pointer (test for excess errors)
UNRESOLVED: gcc.target/mips/mips-ps-2.c -O3 -fomit-frame-pointer compilation failed to produce executable
FAIL: gcc.target/mips/mips-ps-2.c -O3 -g (test for excess errors)
UNRESOLVED: gcc.target/mips/mips-ps-2.c -O3 -g compilation failed to produce executable
FAIL: gcc.target/mips/mips-ps-2.c -Os (test for excess errors)
UNRESOLVED: gcc.target/mips/mips-ps-2.c -Os compilation failed to produce executable
FAIL: gcc.target/mips/mips-ps-3.c -O0 (test for excess errors)
UNRESOLVED: gcc.target/mips/mips-ps-3.c -O0 compilation failed to produce executable
FAIL: gcc.target/mips/mips-ps-3.c -O1 (test for excess errors)
UNRESOLVED: gcc.target/mips/mips-ps-3.c -O1 compilation failed to produce executable
FAIL: gcc.target/mips/mips-ps-3.c -O2 (test for excess errors)
UNRESOLVED: gcc.target/mips/mips-ps-3.c -O2 compilation failed to produce executable
FAIL: gcc.target/mips/mips-ps-3.c -O2 -flto -fno-use-linker-plugin -flto-partition=none (test for excess errors)
UNRESOLVED: gcc.target/mips/mips-ps-3.c -O2 -flto -fno-use-linker-plugin -flto-partition=none compilation failed to produce executable
FAIL: gcc.target/mips/mips-ps-3.c -O2 -flto -fuse-linker-plugin -fno-fat-lto-objects (test for excess errors)
UNRESOLVED: gcc.target/mips/mips-ps-3.c -O2 -flto -fuse-linker-plugin -fno-fat-lto-objects compilation failed to produce executable
FAIL: gcc.target/mips/mips-ps-3.c -O3 -fomit-frame-pointer (test for excess errors)
UNRESOLVED: gcc.target/mips/mips-ps-3.c -O3 -fomit-frame-pointer compilation failed to produce executable
FAIL: gcc.target/mips/mips-ps-3.c -O3 -g (test for excess errors)
UNRESOLVED: gcc.target/mips/mips-ps-3.c -O3 -g compilation failed to produce executable
FAIL: gcc.target/mips/mips-ps-3.c -Os (test for excess errors)
UNRESOLVED: gcc.target/mips/mips-ps-3.c -Os compilation failed to produce executable
FAIL: gcc.target/mips/mips-ps-4.c -O0 (test for excess errors)
UNRESOLVED: gcc.target/mips/mips-ps-4.c -O0 compilation failed to produce executable
FAIL: gcc.target/mips/mips-ps-4.c -O1 (test for excess errors)
UNRESOLVED: gcc.target/mips/mips-ps-4.c -O1 compilation failed to produce executable
FAIL: gcc.target/mips/mips-ps-4.c -O2 (test for excess errors)
UNRESOLVED: gcc.target/mips/mips-ps-4.c -O2 compilation failed to produce executable
FAIL: gcc.target/mips/mips-ps-4.c -O2 -flto -fno-use-linker-plugin -flto-partition=none (test for excess errors)
UNRESOLVED: gcc.target/mips/mips-ps-4.c -O2 -flto -fno-use-linker-plugin -flto-partition=none compilation failed to produce executable
FAIL: gcc.target/mips/mips-ps-4.c -O2 -flto -fuse-linker-plugin -fno-fat-lto-objects (test for excess errors)
UNRESOLVED: gcc.target/mips/mips-ps-4.c -O2 -flto -fuse-linker-plugin -fno-fat-lto-objects compilation failed to produce executable
FAIL: gcc.target/mips/mips-ps-4.c -O3 -fomit-frame-pointer (test for excess errors)
UNRESOLVED: gcc.target/mips/mips-ps-4.c -O3 -fomit-frame-pointer compilation failed to produce executable
FAIL: gcc.target/mips/mips-ps-4.c -O3 -g (test for excess errors)
UNRESOLVED: gcc.target/mips/mips-ps-4.c -O3 -g compilation failed to produce executable
FAIL: gcc.target/mips/mips-ps-4.c -Os (test for excess errors)
UNRESOLVED: gcc.target/mips/mips-ps-4.c -Os compilation failed to produce executable
FAIL: gcc.target/mips/mips-ps-6.c -O0 (test for excess errors)
UNRESOLVED: gcc.target/mips/mips-ps-6.c -O0 compilation failed to produce executable
FAIL: gcc.target/mips/mips-ps-6.c -O1 (test for excess errors)
UNRESOLVED: gcc.target/mips/mips-ps-6.c -O1 compilation failed to produce executable
FAIL: gcc.target/mips/mips-ps-6.c -O2 (test for excess errors)
UNRESOLVED: gcc.target/mips/mips-ps-6.c -O2 compilation failed to produce executable
FAIL: gcc.target/mips/mips-ps-6.c -O2 -flto -fno-use-linker-plugin -flto-partition=none (test for excess errors)
UNRESOLVED: gcc.target/mips/mips-ps-6.c -O2 -flto -fno-use-linker-plugin -flto-partition=none compilation failed to produce executable
FAIL: gcc.target/mips/mips-ps-6.c -O2 -flto -fuse-linker-plugin -fno-fat-lto-objects (test for excess errors)
UNRESOLVED: gcc.target/mips/mips-ps-6.c -O2 -flto -fuse-linker-plugin -fno-fat-lto-objects compilation failed to produce executable
FAIL: gcc.target/mips/mips-ps-6.c -O3 -fomit-frame-pointer (test for excess errors)
UNRESOLVED: gcc.target/mips/mips-ps-6.c -O3 -fomit-frame-pointer compilation failed to produce executable
FAIL: gcc.target/mips/mips-ps-6.c -O3 -g (test for excess errors)
UNRESOLVED: gcc.target/mips/mips-ps-6.c -O3 -g compilation failed to produce executable
FAIL: gcc.target/mips/mips-ps-6.c -Os (test for excess errors)
UNRESOLVED: gcc.target/mips/mips-ps-6.c -Os compilation failed to produce executable
FAIL: gcc.target/mips/msub-8.c -O1 scan-assembler \\tmul\\t
FAIL: gcc.target/mips/msub-8.c -O1 scan-assembler-not \\tmflo\\t
FAIL: gcc.target/mips/msub-8.c -O1 scan-assembler-not \\tmsub\\t
FAIL: gcc.target/mips/msub-8.c -O1 scan-assembler-not \\tmtlo\\t
FAIL: gcc.target/mips/save-restore-3.c -O0 scan-assembler \\tsave\\t\\\\\$4-\\\\\$6,
=== gcc Summary ===
# of expected passes 104579
# of unexpected failures 648
# of unexpected successes 22
# of expected failures 204
# of unresolved testcases 44
# of unsupported tests 3127
/home/xuchenghua/GCC/gcc-5.2.0-release_obj/gcc/xgcc version 5.2.0 (gcc-5.2.0-release o32 n32 n64)
=== gfortran tests ===
Running target unix
FAIL: gfortran.dg/bind_c_array_params_2.f90 -O scan-assembler-times [ \\t][\$,_0-9]*myBindC 1
FAIL: gfortran.dg/coarray_lib_this_image_1.f90 -O scan-tree-dump-times original "myucobound =[^\\n\\r]* parm...dim\\\\[1\\\\].lbound \\\\+ [^\\n\\r]*_gfortran_caf_num_images \\\\(0, -1\\\\).? \\\\+ -?[0-9]+\\\\);" 1
FAIL: gfortran.dg/coarray_lib_this_image_2.f90 -O scan-tree-dump-times original "myucobound =[^\\n\\r]* parm...dim\\\\[1\\\\].lbound \\\\+ [^\\n\\r]*_gfortran_caf_num_images \\\\(0, -1\\\\).? \\\\+ -?[0-9]+\\\\);" 1
=== gfortran Summary ===
# of expected passes 48360
# of unexpected failures 3
# of expected failures 65
# of unsupported tests 103
/home/xuchenghua/GCC/gcc-5.2.0-release_obj/gcc/testsuite/gfortran/../../gfortran version 5.2.0 (gcc-5.2.0-release o32 n32 n64)
=== g++ tests ===
Running target unix
FAIL: g++.dg/ext/attr-ifunc-1.C -std=gnu++11 execution test
FAIL: g++.dg/ext/attr-ifunc-1.C -std=gnu++14 execution test
FAIL: g++.dg/ext/attr-ifunc-1.C -std=gnu++98 execution test
FAIL: g++.dg/ext/attr-ifunc-2.C -std=gnu++11 execution test
FAIL: g++.dg/ext/attr-ifunc-2.C -std=gnu++14 execution test
FAIL: g++.dg/ext/attr-ifunc-2.C -std=gnu++98 execution test
FAIL: g++.dg/ext/attr-ifunc-3.C -std=gnu++11 (test for excess errors)
UNRESOLVED: g++.dg/ext/attr-ifunc-3.C -std=gnu++11 compilation failed to produce executable
FAIL: g++.dg/ext/attr-ifunc-3.C -std=gnu++14 (test for excess errors)
UNRESOLVED: g++.dg/ext/attr-ifunc-3.C -std=gnu++14 compilation failed to produce executable
FAIL: g++.dg/ext/attr-ifunc-3.C -std=gnu++98 (test for excess errors)
UNRESOLVED: g++.dg/ext/attr-ifunc-3.C -std=gnu++98 compilation failed to produce executable
FAIL: g++.dg/ext/attr-ifunc-4.C -std=gnu++11 (test for excess errors)
UNRESOLVED: g++.dg/ext/attr-ifunc-4.C -std=gnu++11 compilation failed to produce executable
FAIL: g++.dg/ext/attr-ifunc-4.C -std=gnu++14 (test for excess errors)
UNRESOLVED: g++.dg/ext/attr-ifunc-4.C -std=gnu++14 compilation failed to produce executable
FAIL: g++.dg/ext/attr-ifunc-4.C -std=gnu++98 (test for excess errors)
UNRESOLVED: g++.dg/ext/attr-ifunc-4.C -std=gnu++98 compilation failed to produce executable
XPASS: g++.dg/tls/thread_local-order2.C -std=c++11 execution test
XPASS: g++.dg/tls/thread_local-order2.C -std=c++14 execution test
FAIL: c-c++-common/torture/builtin-arith-overflow-12.c -O0 execution test
FAIL: c-c++-common/torture/builtin-arith-overflow-12.c -O2 execution test
FAIL: c-c++-common/torture/builtin-arith-overflow-12.c -O2 -flto -fno-use-linker-plugin -flto-partition=none execution test
FAIL: c-c++-common/torture/builtin-arith-overflow-12.c -O2 -flto -fuse-linker-plugin -fno-fat-lto-objects execution test
=== g++ Summary ===
# of expected passes 83770
# of unexpected failures 16
# of unexpected successes 2
# of expected failures 279
# of unresolved testcases 6
# of unsupported tests 3722
/home/xuchenghua/GCC/gcc-5.2.0-release_obj/gcc/testsuite/g++/../../xg++ version 5.2.0 (gcc-5.2.0-release o32 n32 n64)
=== go tests ===
Running target unix
FAIL: go.test/test/chan/select5.go execution
FAIL: go.test/test/cmplxdivide.go
FAIL: go.test/test/fixedbugs/issue5856.go execution, -O2 -g
FAIL: go.test/test/ken/cplx2.go execution, -O2 -g
FAIL: go.test/test/mallocfin.go execution, -O2 -g
FAIL: go.test/test/nilptr.go execution, -O2 -g
FAIL: go.test/test/recover.go execution, -O2 -g
WARNING: program timed out.
=== go Summary ===
# of expected passes 7233
# of unexpected failures 7
# of expected failures 1
# of untested testcases 10
# of unsupported tests 3
/home/xuchenghua/GCC/gcc-5.2.0-release_obj/gcc/testsuite/go/../../gccgo version 5.2.0 (gcc-5.2.0-release o32 n32 n64)
=== obj-c++ tests ===
Running target unix
=== obj-c++ Summary ===
# of expected passes 1445
# of expected failures 10
# of unsupported tests 86
/home/xuchenghua/GCC/gcc-5.2.0-release_obj/gcc/testsuite/obj-c++/../../xg++ version 5.2.0 (gcc-5.2.0-release o32 n32 n64)
=== objc tests ===
Running target unix
=== objc Summary ===
# of expected passes 3016
# of unsupported tests 74
/home/xuchenghua/GCC/gcc-5.2.0-release_obj/gcc/xgcc version 5.2.0 (gcc-5.2.0-release o32 n32 n64)
=== libatomic tests ===
Running target unix
=== libatomic Summary ===
# of expected passes 54
=== libffi tests ===
Running target unix
=== libffi Summary ===
# of expected passes 1914
# of unsupported tests 30
=== libgo tests ===
Running target unix
FAIL: math
FAIL: net
FAIL: reflect
FAIL: regexp
FAIL: syscall
FAIL: time
FAIL: crypto/rsa
FAIL: crypto/subtle
FAIL: html/template
FAIL: go/doc
FAIL: math/big
FAIL: math/rand
FAIL: net/http
FAIL: net/rpc
FAIL: net/rpc/jsonrpc
FAIL: old/template
FAIL: os/exec
FAIL: text/template
FAIL: testing/quick
=== libgo Summary for unix ===
# of expected passes 105
# of unexpected failures 19
Running target unix/-mabi=n32
FAIL: math
FAIL: net
FAIL: reflect
FAIL: regexp
FAIL: runtime
FAIL: syscall
FAIL: time
FAIL: crypto/rsa
FAIL: crypto/subtle
FAIL: html/template
FAIL: go/doc
FAIL: math/big
FAIL: math/rand
FAIL: net/http
FAIL: net/http/cgi
FAIL: net/rpc
FAIL: net/rpc/jsonrpc
FAIL: old/template
FAIL: os/exec
FAIL: text/template
FAIL: testing/quick
=== libgo Summary for unix/-mabi=n32 ===
# of expected passes 103
# of unexpected failures 21
Running target unix/-mabi=32
FAIL: math
FAIL: net
FAIL: reflect
FAIL: runtime
FAIL: strconv
FAIL: syscall
FAIL: time
FAIL: crypto/rsa
FAIL: crypto/subtle
FAIL: encoding/binary
FAIL: encoding/json
FAIL: html/template
FAIL: go/doc
FAIL: math/big
FAIL: math/rand
FAIL: net/http
FAIL: net/http/cgi
FAIL: net/rpc
FAIL: net/rpc/jsonrpc
FAIL: old/template
FAIL: os/exec
FAIL: sync/atomic
FAIL: text/template
FAIL: testing/quick
=== libgo Summary for unix/-mabi=32 ===
# of expected passes 100
# of unexpected failures 24
=== libgo Summary ===
# of expected passes 308
# of unexpected failures 64
/home/xuchenghua/GCC/gcc-5.2.0-release_obj/./gcc/gccgo version 5.2.0 (gcc-5.2.0-release o32 n32 n64)
=== libgomp tests ===
Running target unix
=== libgomp Summary ===
# of expected passes 5774
# of unsupported tests 280
=== libstdc++ tests ===
Running target unix
FAIL: libstdc++-abi/abi_check
=== libstdc++ Summary ===
# of expected passes 10370
# of unexpected failures 1
# of expected failures 65
# of unsupported tests 258
Compiler version: 5.2.0 (gcc-5.2.0-release o32 n32 n64)
Platform: mips64el-redhat-linux-gnu
configure flags: --prefix=/home/xuchenghua/toolchain/gcc-5.2.0-release/ --enable-bootstrap --enable-shared --enable-threads=posix --enable-checking=release --enable-multilib--with-system-zlib --enable-__cxa_atexit --disable-libunwind-exceptions --enable-gnu-unique-object --enable-linker-build-id --enable-languages=c,c++,objc,obj-c++,fortran,go,lto --enable-plugin --enable-initfini-array --disable-libgcj --with-arch=mips64r2 --with-abi=64 --with-multilib-list=32,n32,64 --enable-gnu-indirect-function --with-long-double-128 --build=mips64el-redhat-linux --with-pkgversion='gcc-5.2.0-release o32 n32 n64'
More information about the Gcc-testresults
mailing list