Results for 6.0.0 20160105 (experimental) [trunk revision 232093] (Debian 20160105-1) testsuite on x86_64-pc-linux-gnu
Matthias Klose
doko@debian.org
Wed Jan 6 17:54:00 GMT 2016
LAST_UPDATED: Tue Jan 5 23:16:08 UTC 2016 (revision 232093)
Target: x86_64-linux-gnu
gcc version 6.0.0 20160105 (experimental) [trunk revision 232093] (Debian 20160105-1)
=== acats tests ===
=== acats Summary ===
# of expected passes 2320
# of unexpected failures 0
Native configuration is x86_64-pc-linux-gnu
=== g++ tests ===
Running target unix
XPASS: g++.dg/tls/thread_local-order2.C -std=c++11 execution test
XPASS: g++.dg/tls/thread_local-order2.C -std=c++11 execution test
XPASS: g++.dg/tls/thread_local-order2.C -std=c++14 execution test
XPASS: g++.dg/tls/thread_local-order2.C -std=c++14 execution test
FAIL: c-c++-common/ubsan/float-cast-overflow-10.c -O2 output pattern test
FAIL: c-c++-common/ubsan/float-cast-overflow-10.c -O2 output pattern test
FAIL: c-c++-common/ubsan/float-cast-overflow-10.c -O2 -flto -fno-use-linker-plugin -flto-partition=none output pattern test
FAIL: c-c++-common/ubsan/float-cast-overflow-10.c -O2 -flto -fuse-linker-plugin -fno-fat-lto-objects output pattern test
FAIL: c-c++-common/ubsan/float-cast-overflow-10.c -O2 -flto -fuse-linker-plugin -fno-fat-lto-objects output pattern test
FAIL: c-c++-common/ubsan/overflow-mul-4.c -O1 output pattern test
FAIL: c-c++-common/ubsan/overflow-mul-4.c -O1 output pattern test
FAIL: c-c++-common/ubsan/overflow-mul-4.c -O2 output pattern test
FAIL: c-c++-common/ubsan/overflow-mul-4.c -O2 -flto -fuse-linker-plugin -fno-fat-lto-objects output pattern test
FAIL: c-c++-common/ubsan/overflow-mul-4.c -O3 -fomit-frame-pointer -funroll-loops -fpeel-loops -ftracer -finline-functions output pattern test
FAIL: c-c++-common/ubsan/overflow-mul-4.c -O3 -g output pattern test
FAIL: c-c++-common/ubsan/overflow-mul-4.c -Os output pattern test
FAIL: c-c++-common/ubsan/overflow-mul-4.c -Os output pattern test
=== g++ Summary ===
# of expected passes 203447
# of unexpected failures 13
# of unexpected successes 4
# of expected failures 522
# of unsupported tests 7050
/scratch/packages/gcc/snap/gcc-snapshot-20160105/build/gcc/testsuite/g++/../../xg++ version 6.0.0 20160105 (experimental) [trunk revision 232093] (Debian 20160105-1)
=== gcc tests ===
Running target unix
FAIL: gcc.dg/debug/dwarf2/stacked-qualified-types-3.c scan-assembler-times DIE \\\\([^\\n]*\\\\) DW_TAG_(?:const|volatile|atomic|restrict)_type 8
FAIL: gcc.dg/debug/dwarf2/stacked-qualified-types-3.c scan-assembler-times DIE \\\\([^\\n]*\\\\) DW_TAG_(?:const|volatile|atomic|restrict)_type 8
FAIL: gcc.dg/atomic-invalid-2.c (test for warnings, line 100)
FAIL: gcc.dg/atomic-invalid-2.c (test for warnings, line 100)
FAIL: gcc.dg/atomic-invalid-2.c (test for warnings, line 101)
FAIL: gcc.dg/atomic-invalid-2.c (test for warnings, line 101)
FAIL: gcc.dg/atomic-invalid-2.c (test for warnings, line 102)
FAIL: gcc.dg/atomic-invalid-2.c (test for warnings, line 102)
FAIL: gcc.dg/atomic-invalid-2.c (test for warnings, line 104)
FAIL: gcc.dg/atomic-invalid-2.c (test for warnings, line 104)
FAIL: gcc.dg/atomic-invalid-2.c (test for warnings, line 105)
FAIL: gcc.dg/atomic-invalid-2.c (test for warnings, line 105)
FAIL: gcc.dg/atomic-invalid-2.c (test for warnings, line 106)
FAIL: gcc.dg/atomic-invalid-2.c (test for warnings, line 106)
FAIL: gcc.dg/atomic-invalid-2.c (test for warnings, line 116)
FAIL: gcc.dg/atomic-invalid-2.c (test for warnings, line 116)
FAIL: gcc.dg/atomic-invalid-2.c (test for warnings, line 117)
FAIL: gcc.dg/atomic-invalid-2.c (test for warnings, line 117)
FAIL: gcc.dg/atomic-invalid-2.c (test for warnings, line 15)
FAIL: gcc.dg/atomic-invalid-2.c (test for warnings, line 15)
FAIL: gcc.dg/atomic-invalid-2.c (test for warnings, line 16)
FAIL: gcc.dg/atomic-invalid-2.c (test for warnings, line 16)
FAIL: gcc.dg/atomic-invalid-2.c (test for warnings, line 17)
FAIL: gcc.dg/atomic-invalid-2.c (test for warnings, line 17)
FAIL: gcc.dg/atomic-invalid-2.c (test for warnings, line 27)
FAIL: gcc.dg/atomic-invalid-2.c (test for warnings, line 27)
FAIL: gcc.dg/atomic-invalid-2.c (test for warnings, line 28)
FAIL: gcc.dg/atomic-invalid-2.c (test for warnings, line 28)
FAIL: gcc.dg/atomic-invalid-2.c (test for warnings, line 41)
FAIL: gcc.dg/atomic-invalid-2.c (test for warnings, line 41)
FAIL: gcc.dg/atomic-invalid-2.c (test for warnings, line 42)
FAIL: gcc.dg/atomic-invalid-2.c (test for warnings, line 42)
FAIL: gcc.dg/atomic-invalid-2.c (test for warnings, line 43)
FAIL: gcc.dg/atomic-invalid-2.c (test for warnings, line 43)
FAIL: gcc.dg/atomic-invalid-2.c (test for warnings, line 45)
FAIL: gcc.dg/atomic-invalid-2.c (test for warnings, line 45)
FAIL: gcc.dg/atomic-invalid-2.c (test for warnings, line 46)
FAIL: gcc.dg/atomic-invalid-2.c (test for warnings, line 46)
FAIL: gcc.dg/atomic-invalid-2.c (test for warnings, line 47)
FAIL: gcc.dg/atomic-invalid-2.c (test for warnings, line 47)
FAIL: gcc.dg/atomic-invalid-2.c (test for warnings, line 57)
FAIL: gcc.dg/atomic-invalid-2.c (test for warnings, line 57)
FAIL: gcc.dg/atomic-invalid-2.c (test for warnings, line 58)
FAIL: gcc.dg/atomic-invalid-2.c (test for warnings, line 58)
FAIL: gcc.dg/atomic-invalid-2.c (test for warnings, line 74)
FAIL: gcc.dg/atomic-invalid-2.c (test for warnings, line 74)
FAIL: gcc.dg/atomic-invalid-2.c (test for warnings, line 75)
FAIL: gcc.dg/atomic-invalid-2.c (test for warnings, line 75)
FAIL: gcc.dg/atomic-invalid-2.c (test for warnings, line 76)
FAIL: gcc.dg/atomic-invalid-2.c (test for warnings, line 76)
FAIL: gcc.dg/atomic-invalid-2.c (test for warnings, line 86)
FAIL: gcc.dg/atomic-invalid-2.c (test for warnings, line 86)
FAIL: gcc.dg/atomic-invalid-2.c (test for warnings, line 87)
FAIL: gcc.dg/atomic-invalid-2.c (test for warnings, line 87)
FAIL: gcc.dg/atomic-invalid-2.c (test for excess errors)
FAIL: gcc.dg/atomic-invalid-2.c (test for excess errors)
FAIL: c-c++-common/ubsan/float-cast-overflow-1.c -O0 output pattern test
FAIL: c-c++-common/ubsan/float-cast-overflow-10.c -O2 output pattern test
FAIL: c-c++-common/ubsan/float-cast-overflow-10.c -O2 -flto -fno-use-linker-plugin -flto-partition=none output pattern test
FAIL: c-c++-common/ubsan/float-cast-overflow-10.c -O2 -flto -fno-use-linker-plugin -flto-partition=none output pattern test
FAIL: c-c++-common/ubsan/float-cast-overflow-10.c -O2 -flto -fuse-linker-plugin -fno-fat-lto-objects output pattern test
FAIL: c-c++-common/ubsan/float-cast-overflow-10.c -O2 -flto -fuse-linker-plugin -fno-fat-lto-objects output pattern test
FAIL: c-c++-common/ubsan/overflow-mul-4.c -O0 output pattern test
FAIL: c-c++-common/ubsan/overflow-mul-4.c -O0 output pattern test
FAIL: c-c++-common/ubsan/overflow-mul-4.c -O1 output pattern test
FAIL: c-c++-common/ubsan/overflow-mul-4.c -O1 output pattern test
FAIL: c-c++-common/ubsan/overflow-mul-4.c -O2 output pattern test
FAIL: c-c++-common/ubsan/overflow-mul-4.c -O2 -flto -fno-use-linker-plugin -flto-partition=none output pattern test
FAIL: c-c++-common/ubsan/overflow-mul-4.c -O2 -flto -fno-use-linker-plugin -flto-partition=none output pattern test
FAIL: c-c++-common/ubsan/overflow-mul-4.c -O2 -flto -fuse-linker-plugin -fno-fat-lto-objects output pattern test
FAIL: c-c++-common/ubsan/overflow-mul-4.c -O3 -fomit-frame-pointer -funroll-loops -fpeel-loops -ftracer -finline-functions output pattern test
FAIL: c-c++-common/ubsan/overflow-mul-4.c -O3 -g output pattern test
FAIL: c-c++-common/ubsan/overflow-mul-4.c -O3 -g output pattern test
FAIL: c-c++-common/ubsan/overflow-mul-4.c -Os output pattern test
FAIL: gcc.target/i386/avx512vl-vmovapd-1.c scan-assembler-times vmovapd[ \\\\t]+[^{\\n]*%xmm[0-9]+[^\\n]*\\\\){%k[1-7]}(?:\\n|[ \\\\t]+#) 1
FAIL: gcc.target/i386/avx512vl-vmovapd-1.c scan-assembler-times vmovapd[ \\\\t]+[^{\\n]*%xmm[0-9]+[^\\n]*\\\\){%k[1-7]}(?:\\n|[ \\\\t]+#) 1
FAIL: gcc.target/i386/avx512vl-vmovapd-1.c scan-assembler-times vmovapd[ \\\\t]+[^{\\n]*%ymm[0-9]+[^\\n]*\\\\){%k[1-7]}(?:\\n|[ \\\\t]+#) 1
FAIL: gcc.target/i386/avx512vl-vmovapd-1.c scan-assembler-times vmovapd[ \\\\t]+[^{\\n]*%ymm[0-9]+[^\\n]*\\\\){%k[1-7]}(?:\\n|[ \\\\t]+#) 1
FAIL: gcc.target/i386/avx512vl-vmovaps-1.c scan-assembler-times vmovaps[ \\\\t]+[^{\\n]*%xmm[0-9]+[^\\n]*\\\\){%k[1-7]}(?:\\n|[ \\\\t]+#) 1
FAIL: gcc.target/i386/avx512vl-vmovaps-1.c scan-assembler-times vmovaps[ \\\\t]+[^{\\n]*%xmm[0-9]+[^\\n]*\\\\){%k[1-7]}(?:\\n|[ \\\\t]+#) 1
FAIL: gcc.target/i386/avx512vl-vmovaps-1.c scan-assembler-times vmovaps[ \\\\t]+[^{\\n]*%ymm[0-9]+[^\\n]*\\\\){%k[1-7]}(?:\\n|[ \\\\t]+#) 1
FAIL: gcc.target/i386/avx512vl-vmovaps-1.c scan-assembler-times vmovaps[ \\\\t]+[^{\\n]*%ymm[0-9]+[^\\n]*\\\\){%k[1-7]}(?:\\n|[ \\\\t]+#) 1
=== gcc Summary ===
# of expected passes 229704
# of unexpected failures 82
# of expected failures 598
# of unsupported tests 3390
/scratch/packages/gcc/snap/gcc-snapshot-20160105/build/gcc/xgcc version 6.0.0 20160105 (experimental) [trunk revision 232093] (Debian 20160105-1)
=== gfortran tests ===
Running target unix
=== gfortran Summary ===
# of expected passes 83040
# of expected failures 142
# of unsupported tests 128
/scratch/packages/gcc/snap/gcc-snapshot-20160105/build/gcc/testsuite/gfortran/../../gfortran version 6.0.0 20160105 (experimental) [trunk revision 232093] (Debian 20160105-1)
=== gnat tests ===
Running target unix
=== gnat Summary for unix ===
# of expected passes 2488
# of expected failures 22
# of unsupported tests 3
Running target unix
=== gnat Summary for unix ===
# of expected passes 2488
# of expected failures 22
# of unsupported tests 3
=== gnat Summary ===
# of expected passes 4976
# of expected failures 44
# of unsupported tests 6
/scratch/packages/gcc/snap/gcc-snapshot-20160105/build/gcc/gnatmake version 6.0.0 20160105 (experimental) [trunk revision 232093]
=== go tests ===
Running target unix
=== go Summary ===
# of expected passes 14510
# of expected failures 2
# of untested testcases 12
# of unsupported tests 2
/scratch/packages/gcc/snap/gcc-snapshot-20160105/build/gcc/testsuite/go/../../gccgo version 6.0.0 20160105 (experimental) [trunk revision 232093] (Debian 20160105-1)
=== obj-c++ tests ===
Running target unix
FAIL: obj-c++.dg/property/dotsyntax-11.mm -fgnu-runtime (test for errors, line 51)
FAIL: obj-c++.dg/property/dotsyntax-11.mm -fgnu-runtime (test for errors, line 56)
FAIL: obj-c++.dg/property/dotsyntax-11.mm -fgnu-runtime (test for errors, line 59)
=== obj-c++ Summary for unix ===
# of expected passes 1443
# of unexpected failures 3
# of expected failures 10
# of unsupported tests 77
Running target unix
FAIL: obj-c++.dg/property/dotsyntax-11.mm -fgnu-runtime (test for errors, line 51)
FAIL: obj-c++.dg/property/dotsyntax-11.mm -fgnu-runtime (test for errors, line 56)
FAIL: obj-c++.dg/property/dotsyntax-11.mm -fgnu-runtime (test for errors, line 59)
=== obj-c++ Summary for unix ===
# of expected passes 1443
# of unexpected failures 3
# of expected failures 10
# of unsupported tests 77
=== obj-c++ Summary ===
# of expected passes 2886
# of unexpected failures 6
# of expected failures 20
# of unsupported tests 154
/scratch/packages/gcc/snap/gcc-snapshot-20160105/build/gcc/testsuite/obj-c++/../../xg++ version 6.0.0 20160105 (experimental) [trunk revision 232093] (Debian 20160105-1)
=== objc tests ===
Running target unix
=== objc Summary ===
# of expected passes 5564
# of expected failures 12
# of unsupported tests 136
/scratch/packages/gcc/snap/gcc-snapshot-20160105/build/gcc/xgcc version 6.0.0 20160105 (experimental) [trunk revision 232093] (Debian 20160105-1)
=== boehm-gc tests ===
Running target unix
=== boehm-gc Summary for unix ===
# of expected passes 12
# of unsupported tests 1
Running target unix
=== boehm-gc Summary for unix ===
# of expected passes 12
# of unsupported tests 1
=== boehm-gc Summary ===
# of expected passes 24
# of unsupported tests 2
=== libatomic tests ===
Running target unix
=== libatomic Summary for unix ===
# of expected passes 54
Running target unix
=== libatomic Summary for unix ===
# of expected passes 54
=== libatomic Summary ===
# of expected passes 108
=== libffi tests ===
Running target unix
=== libffi Summary for unix ===
# of expected passes 1914
# of unsupported tests 30
Running target unix
=== libffi Summary for unix ===
# of expected passes 1914
# of unsupported tests 30
=== libffi Summary ===
# of expected passes 3828
# of unsupported tests 60
=== libgo tests ===
Running target unix
FAIL: syscall
=== libgo Summary for unix ===
# of expected passes 132
# of unexpected failures 1
Running target unix/-m32
FAIL: syscall
=== libgo Summary for unix/-m32 ===
# of expected passes 132
# of unexpected failures 1
Running target unix/-mx32
FAIL: syscall
=== libgo Summary for unix/-mx32 ===
# of expected passes 132
# of unexpected failures 1
=== libgo Summary ===
# of expected passes 396
# of unexpected failures 3
/scratch/packages/gcc/snap/gcc-snapshot-20160105/build/./gcc/gccgo version 6.0.0 20160105 (experimental) [trunk revision 232093] (Debian 20160105-1)
=== libgomp tests ===
Running target unix
=== libgomp Summary for unix ===
# of expected passes 4682
# of unsupported tests 259
Running target unix
=== libgomp Summary for unix ===
# of expected passes 4682
# of unsupported tests 259
=== libgomp Summary ===
# of expected passes 9364
# of unsupported tests 518
=== libitm tests ===
Running target unix
=== libitm Summary for unix ===
# of expected passes 38
# of expected failures 3
# of unsupported tests 1
Running target unix
=== libitm Summary for unix ===
# of expected passes 38
# of expected failures 3
# of unsupported tests 1
=== libitm Summary ===
# of expected passes 76
# of expected failures 6
# of unsupported tests 2
=== libjava tests ===
Running target unix
=== libjava Summary for unix ===
# of expected passes 2582
# of expected failures 4
Running target unix
=== libjava Summary for unix ===
# of expected passes 2582
# of expected failures 4
=== libjava Summary ===
# of expected passes 5164
# of expected failures 8
=== libstdc++ tests ===
Running target unix
FAIL: 22_locale/numpunct/members/char/3.cc execution test
FAIL: 22_locale/numpunct/members/char/3.cc execution test
FAIL: 22_locale/time_get/get_date/wchar_t/4.cc execution test
FAIL: 22_locale/time_get/get_date/wchar_t/4.cc execution test
XPASS: 26_numerics/headers/cmath/c_math.cc execution test
=== libstdc++ Summary ===
# of expected passes 15996
# of unexpected failures 4
# of unexpected successes 1
# of expected failures 131
# of unsupported tests 466
Compiler version: 6.0.0 20160105 (experimental) [trunk revision 232093] (Debian 20160105-1)
Platform: x86_64-pc-linux-gnu
configure flags: -v --with-pkgversion='Debian 20160105-1' --with-bugurl=file:///usr/share/doc/gcc-snapshot/README.Bugs --enable-languages=c,ada,c++,java,go,fortran,objc,obj-c++ --prefix=/usr/lib/gcc-snapshot --enable-shared --enable-linker-build-id --disable-nls --with-sysroot=/ --enable-clocale=gnu --enable-libstdcxx-debug --enable-libstdcxx-time=yes --with-default-libstdcxx-abi=new --enable-gnu-unique-object --disable-vtable-verify --enable-libmpx --enable-plugin --with-system-zlib --disable-browser-plugin --enable-java-awt=gtk --enable-gtk-cairo --with-java-home=/usr/lib/jvm/java-1.5.0-gcj-6-snap-amd64/jre --enable-java-home --with-jvm-root-dir=/usr/lib/jvm/java-1.5.0-gcj-6-snap-amd64 --with-jvm-jar-dir=/usr/lib/jvm-exports/java-1.5.0-gcj-6-snap-amd64 --with-arch-directory=amd64 --with-ecj-jar=/usr/share/java/eclipse-ecj.jar --enable-objc-gc --enable-multiarch --with-arch-32=i586 --with-abi=m64 --with-multilib-list=m32,m64,mx32 --enable-multilib --with-tune=generic --disable-werror --enable-checking=yes --build=x86_64-linux-gnu --host=x86_64-linux-gnu --target=x86_64-linux-gnu
BOOT_CFLAGS=
Build Dependencies:
Desired=Unknown/Install/Remove/Purge/Hold
| Status=Not/Inst/Conf-files/Unpacked/halF-conf/Half-inst/trig-aWait/Trig-pend
|/ Err?=(none)/Reinst-required (Status,Err: uppercase=bad)
||/ Name Version Architecture Description
+++-================================-=========================-============-===============================================================================
ii binutils 2.25.90.20160101-1 amd64 GNU assembler, linker and binary utilities
ii binutils-aarch64-linux-gnu 2.25.90.20160101-1 amd64 GNU binary utilities, for aarch64-linux-gnu target
ii binutils-alpha-linux-gnu 2.25.90.20160101-1 amd64 GNU binary utilities, for alpha-linux-gnu target
ii binutils-arm-linux-gnueabi 2.25.90.20160101-1 amd64 GNU binary utilities, for arm-linux-gnueabi target
ii binutils-arm-linux-gnueabihf 2.25.90.20160101-1 amd64 GNU binary utilities, for arm-linux-gnueabihf target
ii binutils-dev 2.25.90.20160101-1 amd64 GNU binary utilities (BFD development files)
ii binutils-hppa-linux-gnu 2.25.90.20160101-1 amd64 GNU binary utilities, for hppa-linux-gnu target
ii binutils-hppa64-linux-gnu 2.25.90.20160101-1 amd64 GNU assembler, linker and binary utilities targeted for hppa64-linux
ii binutils-m68k-linux-gnu 2.25.90.20160101-1 amd64 GNU binary utilities, for m68k-linux-gnu target
ii binutils-mingw-w64-i686 2.25.90.20151209-1+6.5+b1 amd64 Cross-binutils for Win32 (x86) using MinGW-w64
ii binutils-mingw-w64-x86-64 2.25.90.20151209-1+6.5+b1 amd64 Cross-binutils for Win64 (x64) using MinGW-w64
ii binutils-mips-linux-gnu 2.25.90.20160101-1 amd64 GNU binary utilities, for mips-linux-gnu target
ii binutils-mips64-linux-gnuabi64 2.25.90.20160101-1 amd64 GNU binary utilities, for mips64-linux-gnuabi64 target
ii binutils-mips64el-linux-gnuabi64 2.25.90.20160101-1 amd64 GNU binary utilities, for mips64el-linux-gnuabi64 target
ii binutils-mipsel-linux-gnu 2.25.90.20160101-1 amd64 GNU binary utilities, for mipsel-linux-gnu target
ii binutils-multiarch 2.25.90.20160101-1 amd64 Binary utilities that support multi-arch targets
ii binutils-powerpc-linux-gnu 2.25.90.20160101-1 amd64 GNU binary utilities, for powerpc-linux-gnu target
ii binutils-powerpc64-linux-gnu 2.25.90.20160101-1 amd64 GNU binary utilities, for powerpc64-linux-gnu target
ii binutils-powerpc64le-linux-gnu 2.25.90.20160101-1 amd64 GNU binary utilities, for powerpc64le-linux-gnu target
ii binutils-s390x-linux-gnu 2.25.90.20160101-1 amd64 GNU binary utilities, for s390x-linux-gnu target
ii binutils-sh4-linux-gnu 2.25.90.20160101-1 amd64 GNU binary utilities, for sh4-linux-gnu target
ii binutils-source 2.25.90.20160101-1 all GNU assembler, linker and binary utilities (source)
ii binutils-sparc64-linux-gnu 2.25.90.20160101-1 amd64 GNU binary utilities, for sparc64-linux-gnu target
ii g++-4.8 4.8.5-3 amd64 GNU C++ compiler
ii g++-4.9 4.9.3-10 amd64 GNU C++ compiler
ii g++-5 5.3.1-5 amd64 GNU C++ compiler
ii g++-5-multilib 5.3.1-5 amd64 GNU C++ compiler (multilib support)
ii g++-mingw-w64 5.2.1-26+16 all GNU C++ compiler for MinGW-w64
ii g++-mingw-w64-i686 5.3.1-3+16+b1 amd64 GNU C++ compiler for MinGW-w64 targeting Win32
ii g++-mingw-w64-x86-64 5.3.1-3+16+b1 amd64 GNU C++ compiler for MinGW-w64 targeting Win64
ii g++-multilib 4:5.3.1-1 amd64 GNU C++ compiler (multilib files)
ii libc6:amd64 2.21-6 amd64 GNU C Library: Shared libraries
ii libgmp-dev:amd64 2:6.1.0+dfsg-2 amd64 Multiprecision arithmetic library developers tools
ii libisl-dev:amd64 0.15-3 amd64 manipulating sets and relations of integer points bounded by linear constraints
ii libmpc-dev:amd64 1.0.3-1 amd64 multiple precision complex floating-point library development package
ii libmpfr-dev:amd64 3.1.3-2 amd64 multiple precision floating-point computation developers tools
sys-auxv-header:
Check for the sys/auxv.h header file.
libcilkrts-targets:
Disable libcilkrts on KFreeBSD and the Hurd. See #734973.
arm-multilib-soft:
ARM hard/soft float multilib support
arm-multilib-defaults:
Set MULTILIB_DEFAULTS for ARM multilib builds
gcc-ice-dump:
For ICEs, dump the preprocessed source file to stderr
when in a distro build environment.
gcc-ice-apport:
Report an ICE to apport (if apport is available
and the environment variable GCC_NOAPPORT is not set)
skip-bootstrap-multilib:
Skip non-default multilib and libstdc++-v3 debug builds in bootstrap builds
libjava-fixed-symlinks:
Remove unneed '..' elements from symlinks in JAVA_HOME
libffi-ro-eh_frame_sect:
PR libffi/47248, force a read only eh frame section.
pr67899:
Proposed patch for PR sanitizer/67899
gcc-multiarch:
- Remaining multiarch patches, not yet submitted upstream.
- Add MULTIARCH_DIRNAME definitions for multilib configurations,
which are used for the non-multilib builds.
libjava-nobiarch-check:
For biarch builds, disable the testsuite for the non-default architecture
for runtime libraries, which are not built by default (libjava).
config-ml:
- Disable some biarch libraries for biarch builds.
- Fix multilib builds on kernels which don't support all multilibs.
gcc-multilib-multiarch:
Don't auto-detect multilib osdirnames.
libgomp-kfreebsd-testsuite:
Disable lock-2.c test on kfreebsd-*
go-testsuite:
Skip Go testcase on AArch64 which hangs on the buildds.
ada-749574:
ada-mips:
Improve support for mips.
ada-bootstrap-compare:
For the bootstrap comparison, ignore gcc/ada/a-except.o on
mips and mipsel. See PR ada/65618.
Counting all warnings,
there are 0 warnings in stage3 of this bootstrap.
Number of warnings per file:
Number of warning types:
More information about the Gcc-testresults
mailing list