Results for 5.3.1 20160219 [gcc-5-branch revision 233542] (GCC) testsuite on sparc-sun-solaris2.12
Rainer Orth
ro@CeBiTec.Uni-Bielefeld.DE
Tue Feb 23 08:36:00 GMT 2016
LAST_UPDATED: Fri Feb 19 12:00:04 UTC 2016 (revision 233542)
=== acats tests ===
=== acats Summary ===
# of expected passes 2320
# of unexpected failures 0
Native configuration is sparc-sun-solaris2.12
=== g++ tests ===
Running target unix
=== g++ Summary for unix ===
# of expected passes 82094
# of expected failures 288
# of unsupported tests 3835
Running target unix/-m64
=== g++ Summary for unix/-m64 ===
# of expected passes 83966
# of expected failures 288
# of unsupported tests 3812
=== g++ Summary ===
# of expected passes 166060
# of expected failures 576
# of unsupported tests 7647
/var/gcc/regression/gcc-5-branch/12-gcc-gas/build/gcc/testsuite/g++/../../xg++ version 5.3.1 20160219 [gcc-5-branch revision 233542] (GCC)
=== gcc tests ===
Running target unix
FAIL: gcc.dg/atomic/c11-atomic-exec-3.c -O3 -g (test for excess errors)
WARNING: gcc.dg/atomic/c11-atomic-exec-3.c -O3 -g compilation failed to produce executable
WARNING: program timed out.
FAIL: gcc.dg/simulate-thread/atomic-other-int.c -O2 -g thread simulation test
FAIL: gcc.dg/simulate-thread/atomic-other-int.c -O3 -g thread simulation test
FAIL: gcc.dg/simulate-thread/speculative-store-4.c -O0 -g thread simulation test
FAIL: gcc.dg/simulate-thread/speculative-store-4.c -O2 -g thread simulation test
FAIL: gcc.dg/simulate-thread/speculative-store-4.c -O3 -g thread simulation test
FAIL: gcc.dg/simulate-thread/speculative-store.c -O0 -g thread simulation test
=== gcc Summary for unix ===
# of expected passes 90582
# of unexpected failures 7
# of expected failures 336
# of unsupported tests 2115
Running target unix/-m64
FAIL: gcc.target/sparc/20151219-1.c (test for excess errors)
FAIL: gcc.target/sparc/20151219-1.c scan-assembler-not stx\\t%
=== gcc Summary for unix/-m64 ===
# of expected passes 91449
# of unexpected failures 2
# of expected failures 325
# of unsupported tests 2006
=== gcc Summary ===
# of expected passes 182031
# of unexpected failures 9
# of expected failures 661
# of unsupported tests 4121
/var/gcc/regression/gcc-5-branch/12-gcc-gas/build/gcc/xgcc version 5.3.1 20160219 [gcc-5-branch revision 233542] (GCC)
=== gfortran tests ===
Running target unix
FAIL: gfortran.dg/coarray/event_1.f90 -fcoarray=lib -O2 -lcaf_single -latomic execution test
FAIL: gfortran.dg/coarray/event_2.f90 -fcoarray=lib -O2 -lcaf_single -latomic execution test
=== gfortran Summary for unix ===
# of expected passes 48905
# of unexpected failures 2
# of expected failures 81
# of unsupported tests 274
Running target unix/-m64
FAIL: gfortran.dg/coarray/event_1.f90 -fcoarray=lib -O2 -lcaf_single -latomic execution test
FAIL: gfortran.dg/coarray/event_2.f90 -fcoarray=lib -O2 -lcaf_single -latomic execution test
=== gfortran Summary for unix/-m64 ===
# of expected passes 49232
# of unexpected failures 2
# of expected failures 81
# of unsupported tests 113
=== gfortran Summary ===
# of expected passes 98137
# of unexpected failures 4
# of expected failures 162
# of unsupported tests 387
/var/gcc/regression/gcc-5-branch/12-gcc-gas/build/gcc/testsuite/gfortran/../../gfortran version 5.3.1 20160219 [gcc-5-branch revision 233542] (GCC)
=== gnat tests ===
Running target unix
=== gnat Summary for unix ===
# of expected passes 1307
# of expected failures 20
# of unsupported tests 19
Running target unix/-m64
=== gnat Summary for unix/-m64 ===
# of expected passes 1307
# of expected failures 20
# of unsupported tests 19
=== gnat Summary ===
# of expected passes 2614
# of expected failures 40
# of unsupported tests 38
/var/gcc/regression/gcc-5-branch/12-gcc-gas/build/gcc/gnatmake version 5.3.1 20160219 [gcc-5-branch revision 233542]
=== go tests ===
Running target unix
=== go Summary for unix ===
# of expected passes 7360
# of expected failures 1
# of untested testcases 11
# of unsupported tests 3
Running target unix/-m64
=== go Summary for unix/-m64 ===
# of expected passes 7240
# of expected failures 1
# of untested testcases 11
# of unsupported tests 3
=== go Summary ===
# of expected passes 14600
# of expected failures 2
# of untested testcases 22
# of unsupported tests 6
=== obj-c++ tests ===
Running target unix
=== obj-c++ Summary for unix ===
# of expected passes 1453
# of expected failures 2
# of unsupported tests 86
Running target unix/-m64
=== obj-c++ Summary for unix/-m64 ===
# of expected passes 1445
# of expected failures 10
# of unsupported tests 86
=== obj-c++ Summary ===
# of expected passes 2898
# of expected failures 12
# of unsupported tests 172
/var/gcc/regression/gcc-5-branch/12-gcc-gas/build/gcc/testsuite/obj-c++/../../xg++ version 5.3.1 20160219 [gcc-5-branch revision 233542] (GCC)
=== objc tests ===
Running target unix
=== objc Summary for unix ===
# of expected passes 3016
# of unsupported tests 74
Running target unix/-m64
=== objc Summary for unix/-m64 ===
# of expected passes 3016
# of unsupported tests 74
=== objc Summary ===
# of expected passes 6032
# of unsupported tests 148
/var/gcc/regression/gcc-5-branch/12-gcc-gas/build/gcc/xgcc version 5.3.1 20160219 [gcc-5-branch revision 233542] (GCC)
=== boehm-gc tests ===
Running target unix
=== boehm-gc Summary for unix ===
# of expected passes 12
# of unsupported tests 1
Running target unix/-m64
=== boehm-gc Summary for unix/-m64 ===
# of expected passes 12
# of unsupported tests 1
=== boehm-gc Summary ===
# of expected passes 24
# of unsupported tests 2
=== libatomic tests ===
Running target unix
=== libatomic Summary for unix ===
# of expected passes 44
# of unsupported tests 5
Running target unix/-m64
=== libatomic Summary for unix/-m64 ===
# of expected passes 54
=== libatomic Summary ===
# of expected passes 98
# of unsupported tests 5
=== libffi tests ===
Running target unix
=== libffi Summary for unix ===
# of expected passes 1914
# of unsupported tests 30
Running target unix/-m64
=== libffi Summary for unix/-m64 ===
# of expected passes 1914
# of unsupported tests 30
=== libffi Summary ===
# of expected passes 3828
# of unsupported tests 60
=== libgo tests ===
Running target unix
FAIL: reflect
FAIL: runtime/pprof
FAIL: sync/atomic
=== libgo Summary for unix ===
# of expected passes 121
# of unexpected failures 3
Running target unix/-m64
FAIL: runtime
=== libgo Summary for unix/-m64 ===
# of expected passes 123
# of unexpected failures 1
=== libgo Summary ===
# of expected passes 244
# of unexpected failures 4
/var/gcc/regression/gcc-5-branch/12-gcc-gas/build/./gcc/gccgo version 5.3.1 20160219 [gcc-5-branch revision 233542] (GCC)
=== libgomp tests ===
Running target unix
=== libgomp Summary for unix ===
# of expected passes 5839
# of unsupported tests 290
Running target unix/-m64
=== libgomp Summary for unix/-m64 ===
# of expected passes 5839
# of unsupported tests 290
=== libgomp Summary ===
# of expected passes 11678
# of unsupported tests 580
=== libitm tests ===
Running target unix
=== libitm Summary for unix ===
# of expected passes 26
# of expected failures 3
# of unsupported tests 1
Running target unix/-m64
=== libitm Summary for unix/-m64 ===
# of expected passes 26
# of expected failures 3
# of unsupported tests 1
=== libitm Summary ===
# of expected passes 52
# of expected failures 6
# of unsupported tests 2
=== libjava tests ===
Running target unix
=== libjava Summary for unix ===
# of expected passes 2582
# of expected failures 4
Running target unix/-m64
=== libjava Summary for unix/-m64 ===
# of expected passes 2582
# of expected failures 4
=== libjava Summary ===
# of expected passes 5164
# of expected failures 8
=== libstdc++ tests ===
Running target unix
FAIL: 26_numerics/random/binomial_distribution/operators/values.cc (test for excess errors)
WARNING: 26_numerics/random/binomial_distribution/operators/values.cc compilation failed to produce executable
FAIL: 26_numerics/random/binomial_distribution/operators/values2.cc (test for excess errors)
WARNING: 26_numerics/random/binomial_distribution/operators/values2.cc compilation failed to produce executable
FAIL: 26_numerics/random/binomial_distribution/operators/values3.cc (test for excess errors)
WARNING: 26_numerics/random/binomial_distribution/operators/values3.cc compilation failed to produce executable
FAIL: 26_numerics/random/binomial_distribution/operators/values4.cc (test for excess errors)
WARNING: 26_numerics/random/binomial_distribution/operators/values4.cc compilation failed to produce executable
FAIL: 26_numerics/random/binomial_distribution/operators/values5.cc (test for excess errors)
WARNING: 26_numerics/random/binomial_distribution/operators/values5.cc compilation failed to produce executable
FAIL: 26_numerics/random/negative_binomial_distribution/operators/values.cc (test for excess errors)
WARNING: 26_numerics/random/negative_binomial_distribution/operators/values.cc compilation failed to produce executable
FAIL: 26_numerics/random/poisson_distribution/operators/values.cc (test for excess errors)
WARNING: 26_numerics/random/poisson_distribution/operators/values.cc compilation failed to produce executable
FAIL: ext/random/hypergeometric_distribution/operators/values.cc (test for excess errors)
WARNING: ext/random/hypergeometric_distribution/operators/values.cc compilation failed to produce executable
=== libstdc++ Summary for unix ===
# of expected passes 9503
# of unexpected failures 8
# of expected failures 66
# of unsupported tests 613
Running target unix/-m64
FAIL: 26_numerics/random/binomial_distribution/operators/values.cc (test for excess errors)
WARNING: 26_numerics/random/binomial_distribution/operators/values.cc compilation failed to produce executable
FAIL: 26_numerics/random/binomial_distribution/operators/values2.cc (test for excess errors)
WARNING: 26_numerics/random/binomial_distribution/operators/values2.cc compilation failed to produce executable
FAIL: 26_numerics/random/binomial_distribution/operators/values3.cc (test for excess errors)
WARNING: 26_numerics/random/binomial_distribution/operators/values3.cc compilation failed to produce executable
FAIL: 26_numerics/random/binomial_distribution/operators/values4.cc (test for excess errors)
WARNING: 26_numerics/random/binomial_distribution/operators/values4.cc compilation failed to produce executable
FAIL: 26_numerics/random/binomial_distribution/operators/values5.cc (test for excess errors)
WARNING: 26_numerics/random/binomial_distribution/operators/values5.cc compilation failed to produce executable
FAIL: 26_numerics/random/negative_binomial_distribution/operators/values.cc (test for excess errors)
WARNING: 26_numerics/random/negative_binomial_distribution/operators/values.cc compilation failed to produce executable
FAIL: 26_numerics/random/poisson_distribution/operators/values.cc (test for excess errors)
WARNING: 26_numerics/random/poisson_distribution/operators/values.cc compilation failed to produce executable
FAIL: ext/random/hypergeometric_distribution/operators/values.cc (test for excess errors)
WARNING: ext/random/hypergeometric_distribution/operators/values.cc compilation failed to produce executable
=== libstdc++ Summary for unix/-m64 ===
# of expected passes 9503
# of unexpected failures 8
# of expected failures 66
# of unsupported tests 613
=== libstdc++ Summary ===
# of expected passes 19006
# of unexpected failures 16
# of expected failures 132
# of unsupported tests 1226
Compiler version: 5.3.1 20160219 [gcc-5-branch revision 233542] (GCC)
Platform: sparc-sun-solaris2.12
configure flags: --prefix=/vol/gcc --target=sparc-sun-solaris2.12 --enable-objc-gc --with-as=/vol/gcc/bin/gas-2.26 --with-gnu-as --with-gmp-include=/vol/gcc/include --with-gmp-lib=/vol/gcc/lib --with-mpfr-include=/vol/gcc/include --with-mpfr-lib=/vol/gcc/lib --with-mpc-include=/vol/gcc/include --with-mpc-lib=/vol/gcc/lib --enable-languages=all,ada,obj-c++,go --with-isl-include=/vol/gcc/include --with-isl-lib=/vol/gcc/lib
BOOT_CFLAGS=-g -O2
More information about the Gcc-testresults
mailing list