Results for 6.0.0 20160219 (experimental) (AVR_8_bit_GNU_Toolchain_4.0.0_19) gcc testsuite on avr-unknown-none
avr-atmega1280@f1e144454b56
avr-atmega1280@f1e144454b56
Sat Feb 20 11:34:00 GMT 2016
Target is avr-unknown-none
Host is x86_64-pc-linux-gnu
=== gcc tests ===
Running target atmeldbg-avr
FAIL: gcc.c-torture/compile/20151204.c -O0 (test for excess errors)
FAIL: gcc.c-torture/compile/20151204.c -O1 (test for excess errors)
FAIL: gcc.c-torture/compile/20151204.c -O2 (test for excess errors)
FAIL: gcc.c-torture/compile/20151204.c -O3 -g (test for excess errors)
FAIL: gcc.c-torture/compile/20151204.c -Os (test for excess errors)
FAIL: gcc.c-torture/compile/20151204.c -O2 -flto -flto-partition=none (test for excess errors)
FAIL: gcc.c-torture/compile/20151204.c -O2 -flto (test for excess errors)
FAIL: gcc.c-torture/compile/920611-2.c -O0 (internal compiler error)
FAIL: gcc.c-torture/compile/920611-2.c -O0 (test for excess errors)
FAIL: gcc.c-torture/compile/920625-1.c -O3 -fomit-frame-pointer -funroll-loops -fpeel-loops -ftracer -finline-functions (internal compiler error)
FAIL: gcc.c-torture/compile/920625-1.c -O3 -fomit-frame-pointer -funroll-loops -fpeel-loops -ftracer -finline-functions (test for excess errors)
FAIL: gcc.c-torture/compile/920625-1.c -O3 -g (internal compiler error)
FAIL: gcc.c-torture/compile/920625-1.c -O3 -g (test for excess errors)
FAIL: gcc.c-torture/compile/pr37669.c -O0 (test for excess errors)
FAIL: gcc.c-torture/compile/pr37669.c -O1 (test for excess errors)
FAIL: gcc.c-torture/compile/pr37669.c -O2 (test for excess errors)
FAIL: gcc.c-torture/compile/pr37669.c -O3 -g (test for excess errors)
FAIL: gcc.c-torture/compile/pr37669.c -Os (test for excess errors)
FAIL: gcc.c-torture/compile/pr37669.c -O2 -flto -flto-partition=none (test for excess errors)
FAIL: gcc.c-torture/compile/pr37669.c -O2 -flto (test for excess errors)
FAIL: gcc.c-torture/compile/pr46883.c -O0 (internal compiler error)
FAIL: gcc.c-torture/compile/pr46883.c -O0 (test for excess errors)
FAIL: gcc.c-torture/compile/pr46883.c -O1 (internal compiler error)
FAIL: gcc.c-torture/compile/pr46883.c -O1 (test for excess errors)
FAIL: gcc.c-torture/compile/pr46883.c -O2 (internal compiler error)
FAIL: gcc.c-torture/compile/pr46883.c -O2 (test for excess errors)
FAIL: gcc.c-torture/compile/pr46883.c -O3 -fomit-frame-pointer -funroll-loops -fpeel-loops -ftracer -finline-functions (internal compiler error)
FAIL: gcc.c-torture/compile/pr46883.c -O3 -fomit-frame-pointer -funroll-loops -fpeel-loops -ftracer -finline-functions (test for excess errors)
FAIL: gcc.c-torture/compile/pr46883.c -O3 -g (internal compiler error)
FAIL: gcc.c-torture/compile/pr46883.c -O3 -g (test for excess errors)
FAIL: gcc.c-torture/compile/pr46883.c -Os (internal compiler error)
FAIL: gcc.c-torture/compile/pr46883.c -Os (test for excess errors)
FAIL: gcc.c-torture/compile/pr46883.c -O2 -flto -flto-partition=none (internal compiler error)
FAIL: gcc.c-torture/compile/pr46883.c -O2 -flto -flto-partition=none (test for excess errors)
FAIL: gcc.c-torture/compile/pr46883.c -O2 -flto (internal compiler error)
FAIL: gcc.c-torture/compile/pr46883.c -O2 -flto (test for excess errors)
FAIL: gcc.c-torture/compile/pr63761.c -O0 (internal compiler error)
FAIL: gcc.c-torture/compile/pr63761.c -O0 (test for excess errors)
FAIL: gcc.c-torture/compile/pr63761.c -O1 (internal compiler error)
FAIL: gcc.c-torture/compile/pr63761.c -O1 (test for excess errors)
FAIL: gcc.c-torture/compile/pr63761.c -O2 (internal compiler error)
FAIL: gcc.c-torture/compile/pr63761.c -O2 (test for excess errors)
FAIL: gcc.c-torture/compile/pr63761.c -O3 -g (internal compiler error)
FAIL: gcc.c-torture/compile/pr63761.c -O3 -g (test for excess errors)
FAIL: gcc.c-torture/compile/pr63761.c -Os (internal compiler error)
FAIL: gcc.c-torture/compile/pr63761.c -Os (test for excess errors)
FAIL: gcc.c-torture/compile/pr63761.c -O2 -flto -flto-partition=none (internal compiler error)
FAIL: gcc.c-torture/compile/pr63761.c -O2 -flto -flto-partition=none (test for excess errors)
FAIL: gcc.c-torture/compile/pr63761.c -O2 -flto (internal compiler error)
FAIL: gcc.c-torture/compile/pr63761.c -O2 -flto (test for excess errors)
FAIL: gcc.c-torture/compile/pr65163.c -O0 (internal compiler error)
FAIL: gcc.c-torture/compile/pr65163.c -O0 (test for excess errors)
FAIL: gcc.c-torture/compile/pr65163.c -O1 (internal compiler error)
FAIL: gcc.c-torture/compile/pr65163.c -O1 (test for excess errors)
FAIL: gcc.c-torture/compile/pr65163.c -O2 (internal compiler error)
FAIL: gcc.c-torture/compile/pr65163.c -O2 (test for excess errors)
FAIL: gcc.c-torture/compile/pr65163.c -O3 -g (internal compiler error)
FAIL: gcc.c-torture/compile/pr65163.c -O3 -g (test for excess errors)
FAIL: gcc.c-torture/compile/pr65163.c -Os (internal compiler error)
FAIL: gcc.c-torture/compile/pr65163.c -Os (test for excess errors)
FAIL: gcc.c-torture/compile/pr65163.c -O2 -flto -flto-partition=none (internal compiler error)
FAIL: gcc.c-torture/compile/pr65163.c -O2 -flto -flto-partition=none (test for excess errors)
FAIL: gcc.c-torture/compile/pr65163.c -O2 -flto (internal compiler error)
FAIL: gcc.c-torture/compile/pr65163.c -O2 -flto (test for excess errors)
FAIL: gcc.c-torture/execute/20010122-1.c -O0 (internal compiler error)
FAIL: gcc.c-torture/execute/20010122-1.c -O0 (test for excess errors)
UNRESOLVED: gcc.c-torture/execute/20010122-1.c -O0 compilation failed to produce executable
FAIL: gcc.c-torture/execute/20010122-1.c -O1 (internal compiler error)
FAIL: gcc.c-torture/execute/20010122-1.c -O1 (test for excess errors)
UNRESOLVED: gcc.c-torture/execute/20010122-1.c -O1 compilation failed to produce executable
FAIL: gcc.c-torture/execute/20010122-1.c -O2 (internal compiler error)
FAIL: gcc.c-torture/execute/20010122-1.c -O2 (test for excess errors)
UNRESOLVED: gcc.c-torture/execute/20010122-1.c -O2 compilation failed to produce executable
FAIL: gcc.c-torture/execute/20010122-1.c -O3 -g (internal compiler error)
FAIL: gcc.c-torture/execute/20010122-1.c -O3 -g (test for excess errors)
UNRESOLVED: gcc.c-torture/execute/20010122-1.c -O3 -g compilation failed to produce executable
FAIL: gcc.c-torture/execute/20010122-1.c -Os (internal compiler error)
FAIL: gcc.c-torture/execute/20010122-1.c -Os (test for excess errors)
UNRESOLVED: gcc.c-torture/execute/20010122-1.c -Os compilation failed to produce executable
FAIL: gcc.c-torture/execute/20010122-1.c -O2 -flto -flto-partition=none (internal compiler error)
FAIL: gcc.c-torture/execute/20010122-1.c -O2 -flto -flto-partition=none (test for excess errors)
UNRESOLVED: gcc.c-torture/execute/20010122-1.c -O2 -flto -flto-partition=none compilation failed to produce executable
FAIL: gcc.c-torture/execute/20010122-1.c -O2 -flto (internal compiler error)
FAIL: gcc.c-torture/execute/20010122-1.c -O2 -flto (test for excess errors)
UNRESOLVED: gcc.c-torture/execute/20010122-1.c -O2 -flto compilation failed to produce executable
FAIL: gcc.c-torture/execute/20020226-1.c -O0 (internal compiler error)
FAIL: gcc.c-torture/execute/20020226-1.c -O0 (test for excess errors)
UNRESOLVED: gcc.c-torture/execute/20020226-1.c -O0 compilation failed to produce executable
FAIL: gcc.c-torture/execute/20020226-1.c -O1 (internal compiler error)
FAIL: gcc.c-torture/execute/20020226-1.c -O1 (test for excess errors)
UNRESOLVED: gcc.c-torture/execute/20020226-1.c -O1 compilation failed to produce executable
FAIL: gcc.c-torture/execute/20020226-1.c -O2 (internal compiler error)
FAIL: gcc.c-torture/execute/20020226-1.c -O2 (test for excess errors)
UNRESOLVED: gcc.c-torture/execute/20020226-1.c -O2 compilation failed to produce executable
FAIL: gcc.c-torture/execute/20020226-1.c -O3 -g (internal compiler error)
FAIL: gcc.c-torture/execute/20020226-1.c -O3 -g (test for excess errors)
UNRESOLVED: gcc.c-torture/execute/20020226-1.c -O3 -g compilation failed to produce executable
FAIL: gcc.c-torture/execute/20020226-1.c -Os (internal compiler error)
FAIL: gcc.c-torture/execute/20020226-1.c -Os (test for excess errors)
UNRESOLVED: gcc.c-torture/execute/20020226-1.c -Os compilation failed to produce executable
FAIL: gcc.c-torture/execute/20020226-1.c -O2 -flto -flto-partition=none (internal compiler error)
FAIL: gcc.c-torture/execute/20020226-1.c -O2 -flto -flto-partition=none (test for excess errors)
UNRESOLVED: gcc.c-torture/execute/20020226-1.c -O2 -flto -flto-partition=none compilation failed to produce executable
FAIL: gcc.c-torture/execute/20020226-1.c -O2 -flto (internal compiler error)
FAIL: gcc.c-torture/execute/20020226-1.c -O2 -flto (test for excess errors)
UNRESOLVED: gcc.c-torture/execute/20020226-1.c -O2 -flto compilation failed to produce executable
FAIL: gcc.c-torture/execute/20020508-1.c -O0 (internal compiler error)
FAIL: gcc.c-torture/execute/20020508-1.c -O0 (test for excess errors)
UNRESOLVED: gcc.c-torture/execute/20020508-1.c -O0 compilation failed to produce executable
FAIL: gcc.c-torture/execute/20020508-1.c -O1 (internal compiler error)
FAIL: gcc.c-torture/execute/20020508-1.c -O1 (test for excess errors)
UNRESOLVED: gcc.c-torture/execute/20020508-1.c -O1 compilation failed to produce executable
FAIL: gcc.c-torture/execute/20020508-1.c -O2 (internal compiler error)
FAIL: gcc.c-torture/execute/20020508-1.c -O2 (test for excess errors)
UNRESOLVED: gcc.c-torture/execute/20020508-1.c -O2 compilation failed to produce executable
FAIL: gcc.c-torture/execute/20020508-1.c -O3 -g (internal compiler error)
FAIL: gcc.c-torture/execute/20020508-1.c -O3 -g (test for excess errors)
UNRESOLVED: gcc.c-torture/execute/20020508-1.c -O3 -g compilation failed to produce executable
FAIL: gcc.c-torture/execute/20020508-1.c -Os (internal compiler error)
FAIL: gcc.c-torture/execute/20020508-1.c -Os (test for excess errors)
UNRESOLVED: gcc.c-torture/execute/20020508-1.c -Os compilation failed to produce executable
FAIL: gcc.c-torture/execute/20020508-1.c -O2 -flto -flto-partition=none (internal compiler error)
FAIL: gcc.c-torture/execute/20020508-1.c -O2 -flto -flto-partition=none (test for excess errors)
UNRESOLVED: gcc.c-torture/execute/20020508-1.c -O2 -flto -flto-partition=none compilation failed to produce executable
FAIL: gcc.c-torture/execute/20020508-1.c -O2 -flto (internal compiler error)
FAIL: gcc.c-torture/execute/20020508-1.c -O2 -flto (test for excess errors)
UNRESOLVED: gcc.c-torture/execute/20020508-1.c -O2 -flto compilation failed to produce executable
FAIL: gcc.c-torture/execute/20030811-1.c -O0 (internal compiler error)
FAIL: gcc.c-torture/execute/20030811-1.c -O0 (test for excess errors)
UNRESOLVED: gcc.c-torture/execute/20030811-1.c -O0 compilation failed to produce executable
FAIL: gcc.c-torture/execute/20030811-1.c -O1 (internal compiler error)
FAIL: gcc.c-torture/execute/20030811-1.c -O1 (test for excess errors)
UNRESOLVED: gcc.c-torture/execute/20030811-1.c -O1 compilation failed to produce executable
FAIL: gcc.c-torture/execute/20030811-1.c -O2 (internal compiler error)
FAIL: gcc.c-torture/execute/20030811-1.c -O2 (test for excess errors)
UNRESOLVED: gcc.c-torture/execute/20030811-1.c -O2 compilation failed to produce executable
FAIL: gcc.c-torture/execute/20030811-1.c -O3 -g (internal compiler error)
FAIL: gcc.c-torture/execute/20030811-1.c -O3 -g (test for excess errors)
UNRESOLVED: gcc.c-torture/execute/20030811-1.c -O3 -g compilation failed to produce executable
FAIL: gcc.c-torture/execute/20030811-1.c -Os (internal compiler error)
FAIL: gcc.c-torture/execute/20030811-1.c -Os (test for excess errors)
UNRESOLVED: gcc.c-torture/execute/20030811-1.c -Os compilation failed to produce executable
FAIL: gcc.c-torture/execute/20030811-1.c -O2 -flto -flto-partition=none (internal compiler error)
FAIL: gcc.c-torture/execute/20030811-1.c -O2 -flto -flto-partition=none (test for excess errors)
UNRESOLVED: gcc.c-torture/execute/20030811-1.c -O2 -flto -flto-partition=none compilation failed to produce executable
FAIL: gcc.c-torture/execute/20030811-1.c -O2 -flto (internal compiler error)
FAIL: gcc.c-torture/execute/20030811-1.c -O2 -flto (test for excess errors)
UNRESOLVED: gcc.c-torture/execute/20030811-1.c -O2 -flto compilation failed to produce executable
FAIL: gcc.c-torture/execute/20100805-1.c -O0 (internal compiler error)
FAIL: gcc.c-torture/execute/20100805-1.c -O0 (test for excess errors)
UNRESOLVED: gcc.c-torture/execute/20100805-1.c -O0 compilation failed to produce executable
FAIL: gcc.c-torture/execute/20100805-1.c -O1 (internal compiler error)
FAIL: gcc.c-torture/execute/20100805-1.c -O1 (test for excess errors)
UNRESOLVED: gcc.c-torture/execute/20100805-1.c -O1 compilation failed to produce executable
FAIL: gcc.c-torture/execute/20100805-1.c -O2 (internal compiler error)
FAIL: gcc.c-torture/execute/20100805-1.c -O2 (test for excess errors)
UNRESOLVED: gcc.c-torture/execute/20100805-1.c -O2 compilation failed to produce executable
FAIL: gcc.c-torture/execute/20100805-1.c -O3 -fomit-frame-pointer -funroll-loops -fpeel-loops -ftracer -finline-functions (internal compiler error)
FAIL: gcc.c-torture/execute/20100805-1.c -O3 -fomit-frame-pointer -funroll-loops -fpeel-loops -ftracer -finline-functions (test for excess errors)
UNRESOLVED: gcc.c-torture/execute/20100805-1.c -O3 -fomit-frame-pointer -funroll-loops -fpeel-loops -ftracer -finline-functions compilation failed to produce executable
FAIL: gcc.c-torture/execute/20100805-1.c -O3 -g (internal compiler error)
FAIL: gcc.c-torture/execute/20100805-1.c -O3 -g (test for excess errors)
UNRESOLVED: gcc.c-torture/execute/20100805-1.c -O3 -g compilation failed to produce executable
FAIL: gcc.c-torture/execute/20100805-1.c -Os (internal compiler error)
FAIL: gcc.c-torture/execute/20100805-1.c -Os (test for excess errors)
UNRESOLVED: gcc.c-torture/execute/20100805-1.c -Os compilation failed to produce executable
FAIL: gcc.c-torture/execute/20100805-1.c -O2 -flto -flto-partition=none (internal compiler error)
FAIL: gcc.c-torture/execute/20100805-1.c -O2 -flto -flto-partition=none (test for excess errors)
UNRESOLVED: gcc.c-torture/execute/20100805-1.c -O2 -flto -flto-partition=none compilation failed to produce executable
FAIL: gcc.c-torture/execute/20100805-1.c -O2 -flto (internal compiler error)
FAIL: gcc.c-torture/execute/20100805-1.c -O2 -flto (test for excess errors)
UNRESOLVED: gcc.c-torture/execute/20100805-1.c -O2 -flto compilation failed to produce executable
FAIL: gcc.c-torture/execute/bitfld-6.c -O0 (test for excess errors)
UNRESOLVED: gcc.c-torture/execute/bitfld-6.c -O0 compilation failed to produce executable
FAIL: gcc.c-torture/execute/bitfld-6.c -O1 (test for excess errors)
UNRESOLVED: gcc.c-torture/execute/bitfld-6.c -O1 compilation failed to produce executable
FAIL: gcc.c-torture/execute/bitfld-6.c -O2 (test for excess errors)
UNRESOLVED: gcc.c-torture/execute/bitfld-6.c -O2 compilation failed to produce executable
FAIL: gcc.c-torture/execute/bitfld-6.c -O3 -g (test for excess errors)
UNRESOLVED: gcc.c-torture/execute/bitfld-6.c -O3 -g compilation failed to produce executable
FAIL: gcc.c-torture/execute/bitfld-6.c -Os (test for excess errors)
UNRESOLVED: gcc.c-torture/execute/bitfld-6.c -Os compilation failed to produce executable
FAIL: gcc.c-torture/execute/bitfld-6.c -O2 -flto -flto-partition=none (test for excess errors)
UNRESOLVED: gcc.c-torture/execute/bitfld-6.c -O2 -flto -flto-partition=none compilation failed to produce executable
FAIL: gcc.c-torture/execute/bitfld-6.c -O2 -flto (test for excess errors)
UNRESOLVED: gcc.c-torture/execute/bitfld-6.c -O2 -flto compilation failed to produce executable
FAIL: gcc.c-torture/execute/bitfld-7.c -O0 (test for excess errors)
UNRESOLVED: gcc.c-torture/execute/bitfld-7.c -O0 compilation failed to produce executable
FAIL: gcc.c-torture/execute/bitfld-7.c -O1 (test for excess errors)
UNRESOLVED: gcc.c-torture/execute/bitfld-7.c -O1 compilation failed to produce executable
FAIL: gcc.c-torture/execute/bitfld-7.c -O2 (test for excess errors)
UNRESOLVED: gcc.c-torture/execute/bitfld-7.c -O2 compilation failed to produce executable
FAIL: gcc.c-torture/execute/bitfld-7.c -O3 -g (test for excess errors)
UNRESOLVED: gcc.c-torture/execute/bitfld-7.c -O3 -g compilation failed to produce executable
FAIL: gcc.c-torture/execute/bitfld-7.c -Os (test for excess errors)
UNRESOLVED: gcc.c-torture/execute/bitfld-7.c -Os compilation failed to produce executable
FAIL: gcc.c-torture/execute/bitfld-7.c -O2 -flto -flto-partition=none (test for excess errors)
UNRESOLVED: gcc.c-torture/execute/bitfld-7.c -O2 -flto -flto-partition=none compilation failed to produce executable
FAIL: gcc.c-torture/execute/bitfld-7.c -O2 -flto (test for excess errors)
UNRESOLVED: gcc.c-torture/execute/bitfld-7.c -O2 -flto compilation failed to produce executable
FAIL: gcc.c-torture/execute/bswap-2.c -O0 execution test
FAIL: gcc.c-torture/execute/bswap-2.c -O1 execution test
FAIL: gcc.c-torture/execute/bswap-2.c -O2 execution test
FAIL: gcc.c-torture/execute/bswap-2.c -O3 -g execution test
FAIL: gcc.c-torture/execute/bswap-2.c -Os execution test
FAIL: gcc.c-torture/execute/bswap-2.c -O2 -flto -flto-partition=none execution test
FAIL: gcc.c-torture/execute/bswap-2.c -O2 -flto execution test
FAIL: gcc.c-torture/execute/eeprof-1.c -O0 (internal compiler error)
FAIL: gcc.c-torture/execute/eeprof-1.c -O0 (test for excess errors)
UNRESOLVED: gcc.c-torture/execute/eeprof-1.c -O0 compilation failed to produce executable
FAIL: gcc.c-torture/execute/eeprof-1.c -O1 (internal compiler error)
FAIL: gcc.c-torture/execute/eeprof-1.c -O1 (test for excess errors)
UNRESOLVED: gcc.c-torture/execute/eeprof-1.c -O1 compilation failed to produce executable
FAIL: gcc.c-torture/execute/eeprof-1.c -O2 (internal compiler error)
FAIL: gcc.c-torture/execute/eeprof-1.c -O2 (test for excess errors)
UNRESOLVED: gcc.c-torture/execute/eeprof-1.c -O2 compilation failed to produce executable
FAIL: gcc.c-torture/execute/eeprof-1.c -O3 -g (internal compiler error)
FAIL: gcc.c-torture/execute/eeprof-1.c -O3 -g (test for excess errors)
UNRESOLVED: gcc.c-torture/execute/eeprof-1.c -O3 -g compilation failed to produce executable
FAIL: gcc.c-torture/execute/eeprof-1.c -Os (internal compiler error)
FAIL: gcc.c-torture/execute/eeprof-1.c -Os (test for excess errors)
UNRESOLVED: gcc.c-torture/execute/eeprof-1.c -Os compilation failed to produce executable
FAIL: gcc.c-torture/execute/eeprof-1.c -O2 -flto -flto-partition=none (internal compiler error)
FAIL: gcc.c-torture/execute/eeprof-1.c -O2 -flto -flto-partition=none (test for excess errors)
UNRESOLVED: gcc.c-torture/execute/eeprof-1.c -O2 -flto -flto-partition=none compilation failed to produce executable
FAIL: gcc.c-torture/execute/eeprof-1.c -O2 -flto (internal compiler error)
FAIL: gcc.c-torture/execute/eeprof-1.c -O2 -flto (test for excess errors)
UNRESOLVED: gcc.c-torture/execute/eeprof-1.c -O2 -flto compilation failed to produce executable
FAIL: gcc.c-torture/execute/pr17377.c -O0 (internal compiler error)
FAIL: gcc.c-torture/execute/pr17377.c -O0 (test for excess errors)
UNRESOLVED: gcc.c-torture/execute/pr17377.c -O0 compilation failed to produce executable
FAIL: gcc.c-torture/execute/pr17377.c -O1 (internal compiler error)
FAIL: gcc.c-torture/execute/pr17377.c -O1 (test for excess errors)
UNRESOLVED: gcc.c-torture/execute/pr17377.c -O1 compilation failed to produce executable
FAIL: gcc.c-torture/execute/pr17377.c -O2 (internal compiler error)
FAIL: gcc.c-torture/execute/pr17377.c -O2 (test for excess errors)
UNRESOLVED: gcc.c-torture/execute/pr17377.c -O2 compilation failed to produce executable
FAIL: gcc.c-torture/execute/pr17377.c -O3 -g (internal compiler error)
FAIL: gcc.c-torture/execute/pr17377.c -O3 -g (test for excess errors)
UNRESOLVED: gcc.c-torture/execute/pr17377.c -O3 -g compilation failed to produce executable
FAIL: gcc.c-torture/execute/pr17377.c -Os (internal compiler error)
FAIL: gcc.c-torture/execute/pr17377.c -Os (test for excess errors)
UNRESOLVED: gcc.c-torture/execute/pr17377.c -Os compilation failed to produce executable
FAIL: gcc.c-torture/execute/pr17377.c -O2 -flto -flto-partition=none (internal compiler error)
FAIL: gcc.c-torture/execute/pr17377.c -O2 -flto -flto-partition=none (test for excess errors)
UNRESOLVED: gcc.c-torture/execute/pr17377.c -O2 -flto -flto-partition=none compilation failed to produce executable
FAIL: gcc.c-torture/execute/pr17377.c -O2 -flto (internal compiler error)
FAIL: gcc.c-torture/execute/pr17377.c -O2 -flto (test for excess errors)
UNRESOLVED: gcc.c-torture/execute/pr17377.c -O2 -flto compilation failed to produce executable
FAIL: gcc.c-torture/execute/pr38151.c -O0 (test for excess errors)
FAIL: gcc.c-torture/execute/pr38151.c -O1 (test for excess errors)
FAIL: gcc.c-torture/execute/pr38151.c -O2 (test for excess errors)
FAIL: gcc.c-torture/execute/pr38151.c -O3 -g (test for excess errors)
FAIL: gcc.c-torture/execute/pr38151.c -Os (test for excess errors)
FAIL: gcc.c-torture/execute/pr38151.c -O2 -flto -flto-partition=none (test for excess errors)
FAIL: gcc.c-torture/execute/pr38151.c -O2 -flto (test for excess errors)
FAIL: gcc.c-torture/execute/pr52760.c -O0 (internal compiler error)
FAIL: gcc.c-torture/execute/pr52760.c -O0 (test for excess errors)
UNRESOLVED: gcc.c-torture/execute/pr52760.c -O0 compilation failed to produce executable
FAIL: gcc.c-torture/execute/pr52760.c -O1 (internal compiler error)
FAIL: gcc.c-torture/execute/pr52760.c -O1 (test for excess errors)
UNRESOLVED: gcc.c-torture/execute/pr52760.c -O1 compilation failed to produce executable
FAIL: gcc.c-torture/execute/pr52760.c -O2 (internal compiler error)
FAIL: gcc.c-torture/execute/pr52760.c -O2 (test for excess errors)
UNRESOLVED: gcc.c-torture/execute/pr52760.c -O2 compilation failed to produce executable
FAIL: gcc.c-torture/execute/pr52760.c -O3 -fomit-frame-pointer -funroll-loops -fpeel-loops -ftracer -finline-functions (internal compiler error)
FAIL: gcc.c-torture/execute/pr52760.c -O3 -fomit-frame-pointer -funroll-loops -fpeel-loops -ftracer -finline-functions (test for excess errors)
UNRESOLVED: gcc.c-torture/execute/pr52760.c -O3 -fomit-frame-pointer -funroll-loops -fpeel-loops -ftracer -finline-functions compilation failed to produce executable
FAIL: gcc.c-torture/execute/pr52760.c -O3 -g (internal compiler error)
FAIL: gcc.c-torture/execute/pr52760.c -O3 -g (test for excess errors)
UNRESOLVED: gcc.c-torture/execute/pr52760.c -O3 -g compilation failed to produce executable
FAIL: gcc.c-torture/execute/pr52760.c -Os (internal compiler error)
FAIL: gcc.c-torture/execute/pr52760.c -Os (test for excess errors)
UNRESOLVED: gcc.c-torture/execute/pr52760.c -Os compilation failed to produce executable
FAIL: gcc.c-torture/execute/pr52760.c -O2 -flto -flto-partition=none (internal compiler error)
FAIL: gcc.c-torture/execute/pr52760.c -O2 -flto -flto-partition=none (test for excess errors)
UNRESOLVED: gcc.c-torture/execute/pr52760.c -O2 -flto -flto-partition=none compilation failed to produce executable
FAIL: gcc.c-torture/execute/pr52760.c -O2 -flto (internal compiler error)
FAIL: gcc.c-torture/execute/pr52760.c -O2 -flto (test for excess errors)
UNRESOLVED: gcc.c-torture/execute/pr52760.c -O2 -flto compilation failed to produce executable
FAIL: gcc.c-torture/execute/pr63843.c -O0 (internal compiler error)
FAIL: gcc.c-torture/execute/pr63843.c -O0 (test for excess errors)
UNRESOLVED: gcc.c-torture/execute/pr63843.c -O0 compilation failed to produce executable
FAIL: gcc.c-torture/execute/pr63843.c -O1 (internal compiler error)
FAIL: gcc.c-torture/execute/pr63843.c -O1 (test for excess errors)
UNRESOLVED: gcc.c-torture/execute/pr63843.c -O1 compilation failed to produce executable
FAIL: gcc.c-torture/execute/pr63843.c -O2 (internal compiler error)
FAIL: gcc.c-torture/execute/pr63843.c -O2 (test for excess errors)
UNRESOLVED: gcc.c-torture/execute/pr63843.c -O2 compilation failed to produce executable
FAIL: gcc.c-torture/execute/pr63843.c -O3 -g (internal compiler error)
FAIL: gcc.c-torture/execute/pr63843.c -O3 -g (test for excess errors)
UNRESOLVED: gcc.c-torture/execute/pr63843.c -O3 -g compilation failed to produce executable
FAIL: gcc.c-torture/execute/pr63843.c -Os (internal compiler error)
FAIL: gcc.c-torture/execute/pr63843.c -Os (test for excess errors)
UNRESOLVED: gcc.c-torture/execute/pr63843.c -Os compilation failed to produce executable
FAIL: gcc.c-torture/execute/pr63843.c -O2 -flto -flto-partition=none (internal compiler error)
FAIL: gcc.c-torture/execute/pr63843.c -O2 -flto -flto-partition=none (test for excess errors)
UNRESOLVED: gcc.c-torture/execute/pr63843.c -O2 -flto -flto-partition=none compilation failed to produce executable
FAIL: gcc.c-torture/execute/pr63843.c -O2 -flto (internal compiler error)
FAIL: gcc.c-torture/execute/pr63843.c -O2 -flto (test for excess errors)
UNRESOLVED: gcc.c-torture/execute/pr63843.c -O2 -flto compilation failed to produce executable
FAIL: gcc.c-torture/execute/pr64718.c -O0 (internal compiler error)
FAIL: gcc.c-torture/execute/pr64718.c -O0 (test for excess errors)
UNRESOLVED: gcc.c-torture/execute/pr64718.c -O0 compilation failed to produce executable
FAIL: gcc.c-torture/execute/pr64718.c -O1 (internal compiler error)
FAIL: gcc.c-torture/execute/pr64718.c -O1 (test for excess errors)
UNRESOLVED: gcc.c-torture/execute/pr64718.c -O1 compilation failed to produce executable
FAIL: gcc.c-torture/execute/pr64718.c -O2 (internal compiler error)
FAIL: gcc.c-torture/execute/pr64718.c -O2 (test for excess errors)
UNRESOLVED: gcc.c-torture/execute/pr64718.c -O2 compilation failed to produce executable
FAIL: gcc.c-torture/execute/pr64718.c -O3 -g (internal compiler error)
FAIL: gcc.c-torture/execute/pr64718.c -O3 -g (test for excess errors)
UNRESOLVED: gcc.c-torture/execute/pr64718.c -O3 -g compilation failed to produce executable
FAIL: gcc.c-torture/execute/pr64718.c -Os (internal compiler error)
FAIL: gcc.c-torture/execute/pr64718.c -Os (test for excess errors)
UNRESOLVED: gcc.c-torture/execute/pr64718.c -Os compilation failed to produce executable
FAIL: gcc.c-torture/execute/pr64718.c -O2 -flto -flto-partition=none (internal compiler error)
FAIL: gcc.c-torture/execute/pr64718.c -O2 -flto -flto-partition=none (test for excess errors)
UNRESOLVED: gcc.c-torture/execute/pr64718.c -O2 -flto -flto-partition=none compilation failed to produce executable
FAIL: gcc.c-torture/execute/pr64718.c -O2 -flto (internal compiler error)
FAIL: gcc.c-torture/execute/pr64718.c -O2 -flto (test for excess errors)
UNRESOLVED: gcc.c-torture/execute/pr64718.c -O2 -flto compilation failed to produce executable
FAIL: gcc.c-torture/execute/pr66556.c -O0 execution test
FAIL: gcc.c-torture/execute/pr66556.c -O1 execution test
FAIL: gcc.c-torture/execute/pr66556.c -O2 execution test
FAIL: gcc.c-torture/execute/pr66556.c -O3 -g execution test
FAIL: gcc.c-torture/execute/pr66556.c -Os execution test
FAIL: gcc.c-torture/execute/pr66556.c -O2 -flto -flto-partition=none execution test
FAIL: gcc.c-torture/execute/pr66556.c -O2 -flto execution test
FAIL: gcc.c-torture/execute/pr67781.c -O0 execution test
FAIL: gcc.c-torture/execute/pr67781.c -O1 execution test
FAIL: gcc.c-torture/execute/pr67781.c -O2 execution test
FAIL: gcc.c-torture/execute/pr67781.c -O3 -g execution test
FAIL: gcc.c-torture/execute/pr67781.c -Os execution test
FAIL: gcc.c-torture/execute/pr67781.c -O2 -flto -flto-partition=none execution test
FAIL: gcc.c-torture/execute/pr67781.c -O2 -flto execution test
FAIL: gcc.c-torture/execute/pr68648.c -O0 execution test
FAIL: gcc.c-torture/execute/pr68648.c -O1 execution test
FAIL: gcc.c-torture/execute/pr68648.c -O2 execution test
FAIL: gcc.c-torture/execute/pr68648.c -O3 -g execution test
FAIL: gcc.c-torture/execute/pr68648.c -Os execution test
FAIL: gcc.c-torture/execute/pr68648.c -O2 -flto -flto-partition=none execution test
FAIL: gcc.c-torture/execute/pr68648.c -O2 -flto execution test
FAIL: gcc.dg/compat/struct-by-value-16a c_compat_x_tst.o-c_compat_y_tst.o execute "-Os -mno-interrupts -mcall-prologues","-Os -mno-interrupts -mcall-prologues"
FAIL: gcc.dg/compat/struct-by-value-17a c_compat_x_tst.o-c_compat_y_tst.o execute "-Os -mno-interrupts -mcall-prologues","-Os -mno-interrupts -mcall-prologues"
FAIL: gcc.dg/compat/struct-by-value-18a c_compat_x_tst.o-c_compat_y_tst.o execute "-Os -mno-interrupts -mcall-prologues","-Os -mno-interrupts -mcall-prologues"
FAIL: gcc.dg/compat/struct-by-value-2 c_compat_x_tst.o-c_compat_y_tst.o execute "-Os -mno-interrupts -mcall-prologues","-Os -mno-interrupts -mcall-prologues"
FAIL: gcc.dg/compat/struct-by-value-4 c_compat_x_tst.o-c_compat_y_tst.o execute "-Os -mno-interrupts -mcall-prologues","-Os -mno-interrupts -mcall-prologues"
FAIL: gcc.dg/compat/struct-by-value-8 c_compat_x_tst.o-c_compat_y_tst.o execute "-Os -mno-interrupts -mcall-prologues","-Os -mno-interrupts -mcall-prologues"
FAIL: gcc.dg/compat/struct-by-value-9 c_compat_x_tst.o-c_compat_y_tst.o execute "-Os -mno-interrupts -mcall-prologues","-Os -mno-interrupts -mcall-prologues"
FAIL: gcc.dg/compat/struct-return-2 c_compat_x_tst.o-c_compat_y_tst.o execute "-Os -mno-interrupts -mcall-prologues","-Os -mno-interrupts -mcall-prologues"
FAIL: c-c++-common/cpp/pr63831-1.c -Wc++-compat (test for excess errors)
FAIL: c-c++-common/cpp/pr63831-2.c -Wc++-compat (test for excess errors)
FAIL: gcc.dg/20001117-1.c (internal compiler error)
FAIL: gcc.dg/20001117-1.c (test for excess errors)
UNRESOLVED: gcc.dg/20001117-1.c compilation failed to produce executable
FAIL: gcc.dg/20050922-1.c (internal compiler error)
FAIL: gcc.dg/20050922-1.c (test for excess errors)
UNRESOLVED: gcc.dg/20050922-1.c compilation failed to produce executable
FAIL: gcc.dg/20141029-1.c scan-rtl-dump-times final "mem/v(/.)*:HI" 4
FAIL: gcc.dg/Warray-bounds-11.c (test for excess errors)
FAIL: gcc.dg/Wframe-address.c (internal compiler error)
FAIL: gcc.dg/Wframe-address.c (test for warnings, line 25)
FAIL: gcc.dg/Wframe-address.c (test for warnings, line 26)
FAIL: gcc.dg/Wframe-address.c (test for warnings, line 27)
FAIL: gcc.dg/Wframe-address.c (test for warnings, line 28)
FAIL: gcc.dg/Wframe-address.c (test for warnings, line 42)
FAIL: gcc.dg/Wframe-address.c (test for warnings, line 43)
FAIL: gcc.dg/Wframe-address.c (test for warnings, line 44)
FAIL: gcc.dg/Wframe-address.c (test for warnings, line 45)
FAIL: gcc.dg/Wframe-address.c (test for warnings, line 48)
FAIL: gcc.dg/Wframe-address.c (test for warnings, line 49)
FAIL: gcc.dg/Wframe-address.c (test for warnings, line 50)
FAIL: gcc.dg/Wframe-address.c (test for warnings, line 51)
FAIL: gcc.dg/Wframe-address.c (test for excess errors)
FAIL: gcc.dg/Wno-frame-address.c (internal compiler error)
FAIL: gcc.dg/Wno-frame-address.c (test for excess errors)
XPASS: gcc.dg/Wtype-limits-Wextra.c (test for excess errors)
FAIL: gcc.dg/addr_equal-1.c execution test
FAIL: gcc.dg/asr_div1.c (test for excess errors)
FAIL: gcc.dg/asr_div1.c execution test
FAIL: gcc.dg/builtin-bswap-1.c (internal compiler error)
FAIL: gcc.dg/builtin-bswap-1.c (test for excess errors)
UNRESOLVED: gcc.dg/builtin-bswap-1.c scan-assembler-not __builtin_
FAIL: gcc.dg/builtin-bswap-4.c (internal compiler error)
FAIL: gcc.dg/builtin-bswap-4.c (test for excess errors)
UNRESOLVED: gcc.dg/builtin-bswap-4.c compilation failed to produce executable
XPASS: gcc.dg/builtin-return-1.c execution test
FAIL: gcc.dg/enum-mode-1.c (test for errors, line 9)
FAIL: gcc.dg/enum-mode-1.c (test for errors, line 10)
FAIL: gcc.dg/fold-rotate-1.c (internal compiler error)
FAIL: gcc.dg/fold-rotate-1.c (test for excess errors)
FAIL: gcc.dg/ifcvt-4.c scan-rtl-dump ce1 "2 true changes made"
FAIL: gcc.dg/instrument-1.c (internal compiler error)
FAIL: gcc.dg/instrument-1.c (test for excess errors)
UNRESOLVED: gcc.dg/instrument-1.c scan-assembler __cyg_profile_func_enter
UNRESOLVED: gcc.dg/instrument-1.c scan-assembler __cyg_profile_func_exit
XPASS: gcc.dg/memcpy-1.c scan-tree-dump-times optimized "nasty_local\\\\." 0
FAIL: gcc.dg/pr33697.c (internal compiler error)
FAIL: gcc.dg/pr33697.c (test for excess errors)
FAIL: gcc.dg/pr43280.c (internal compiler error)
FAIL: gcc.dg/pr43280.c (test for excess errors)
UNRESOLVED: gcc.dg/pr43280.c compilation failed to produce executable
FAIL: gcc.dg/pr44024.c (test for excess errors)
FAIL: gcc.dg/pr48826.c (internal compiler error)
FAIL: gcc.dg/pr48826.c (test for excess errors)
FAIL: gcc.dg/pr59471.c (test for excess errors)
FAIL: gcc.dg/pr59963-2.c (test for warnings, line 35)
FAIL: gcc.dg/pr59963-2.c (test for excess errors)
FAIL: gcc.dg/pr60114.c (test for warnings, line 11)
FAIL: gcc.dg/pr60114.c (test for warnings, line 12)
FAIL: gcc.dg/pr60114.c (test for warnings, line 13)
FAIL: gcc.dg/pr60114.c (test for warnings, line 15)
FAIL: gcc.dg/pr60114.c (test for warnings, line 16)
FAIL: gcc.dg/pr60114.c (test for warnings, line 26)
FAIL: gcc.dg/pr60114.c (test for warnings, line 27)
FAIL: gcc.dg/pr60114.c (test for warnings, line 28)
FAIL: gcc.dg/pr60114.c (test for warnings, line 29)
FAIL: gcc.dg/pr60114.c (test for warnings, line 30)
FAIL: gcc.dg/pr60114.c (test for excess errors)
FAIL: gcc.dg/pr62090-2.c (test for excess errors)
FAIL: gcc.dg/pr63387-2.c scan-tree-dump-not optimized "ccc[^\\n\\r]* ord ddd"
FAIL: gcc.dg/pr63387.c scan-tree-dump-not optimized "ccc[^\\n\\r]* unord ddd"
FAIL: gcc.dg/pr63914.c (test for excess errors)
FAIL: gcc.dg/pr64252.c execution test
FAIL: gcc.dg/pr64277.c scan-tree-dump cunroll "loop with 5 iterations completely unrolled"
FAIL: gcc.dg/pr64277.c scan-tree-dump cunroll "loop with 6 iterations completely unrolled"
FAIL: gcc.dg/pr64536.c (test for excess errors)
FAIL: gcc.dg/pr65658.c (test for excess errors)
FAIL: gcc.dg/pr66299-1.c execution test
FAIL: gcc.dg/pr66299-2.c execution test
FAIL: gcc.dg/pr67271.c (test for excess errors)
FAIL: gcc.dg/pr67786.c output pattern test, is , should match 15
FAIL: gcc.dg/pr68112.c (test for excess errors)
FAIL: gcc.dg/pr69071.c (test for excess errors)
FAIL: gcc.dg/pr69247.c (internal compiler error)
FAIL: gcc.dg/pr69247.c (test for excess errors)
FAIL: gcc.dg/pr69634.c (test for excess errors)
FAIL: gcc.dg/sso-6.c (test for excess errors)
FAIL: gcc.dg/sso-6.c execution test
FAIL: gcc.dg/sso-7.c (test for excess errors)
FAIL: gcc.dg/sso-7.c execution test
FAIL: gcc.dg/sso-8.c (test for excess errors)
FAIL: gcc.dg/sso-8.c execution test
XPASS: gcc.dg/strlenopt-8.c scan-tree-dump-times strlen "strlen \\\\(" 0
FAIL: gcc.dg/strlenopt-8.c scan-tree-dump-times strlen "memcpy \\\\(" 2
FAIL: gcc.dg/uninit-19.c (test for warnings, line 13)
FAIL: gcc.dg/uninit-19.c (test for excess errors)
FAIL: gcc.dg/vrp-min-max-2.c (test for excess errors)
FAIL: gcc.dg/vrp-min-max-2.c scan-tree-dump-times vrp2 "MIN_EXPR" 1
FAIL: gcc.dg/vrp-min-max-2.c scan-tree-dump-times vrp2 "MAX_EXPR" 1
FAIL: gcc.dg/zero_sign_ext_test.c (test for excess errors)
FAIL: gcc.dg/zero_sign_ext_test.c execution test
FAIL: c-c++-common/Wduplicated-cond-1.c -Wc++-compat (test for excess errors)
FAIL: c-c++-common/Wduplicated-cond-3.c -Wc++-compat (test for excess errors)
FAIL: c-c++-common/Wlogical-op-1.c -Wc++-compat (test for excess errors)
FAIL: c-c++-common/pr60226.c -Wc++-compat (test for errors, line 6)
FAIL: c-c++-common/pr60226.c -Wc++-compat (test for errors, line 7)
FAIL: c-c++-common/pr60226.c -Wc++-compat (test for errors, line 13)
FAIL: c-c++-common/pr60226.c -Wc++-compat (test for excess errors)
FAIL: c-c++-common/pr68657-1.c -Wc++-compat (test for errors, line 24)
FAIL: c-c++-common/pr68657-1.c -Wc++-compat (test for excess errors)
FAIL: c-c++-common/pr68657-2.c -Wc++-compat (test for errors, line 5)
FAIL: c-c++-common/pr68657-2.c -Wc++-compat (test for excess errors)
FAIL: c-c++-common/pr68657-3.c -Wc++-compat (test for errors, line 5)
FAIL: c-c++-common/pr68657-3.c -Wc++-compat (test for warnings, line 11)
FAIL: c-c++-common/pr68657-3.c -Wc++-compat (test for excess errors)
FAIL: c-c++-common/pr68833-1.c -Wc++-compat (test for errors, line 5)
FAIL: c-c++-common/pr68833-1.c -Wc++-compat detect noreturn candidate (test for errors, line 17)
FAIL: c-c++-common/pr68833-1.c -Wc++-compat (test for excess errors)
FAIL: c-c++-common/rotate-1.c -Wc++-compat (internal compiler error)
FAIL: c-c++-common/rotate-1.c -Wc++-compat (test for excess errors)
FAIL: c-c++-common/rotate-1.c -Wc++-compat scan-tree-dump-times optimized "r[<>][<>]" 96
FAIL: c-c++-common/rotate-1a.c -Wc++-compat (internal compiler error)
FAIL: c-c++-common/rotate-1a.c -Wc++-compat (test for excess errors)
UNRESOLVED: c-c++-common/rotate-1a.c -Wc++-compat compilation failed to produce executable
FAIL: c-c++-common/rotate-2.c -Wc++-compat (internal compiler error)
FAIL: c-c++-common/rotate-2.c -Wc++-compat (test for excess errors)
FAIL: c-c++-common/rotate-2.c -Wc++-compat scan-tree-dump-times optimized "r[<>][<>]" 48
FAIL: c-c++-common/rotate-2a.c -Wc++-compat (internal compiler error)
FAIL: c-c++-common/rotate-2a.c -Wc++-compat (test for excess errors)
UNRESOLVED: c-c++-common/rotate-2a.c -Wc++-compat compilation failed to produce executable
FAIL: c-c++-common/rotate-3.c -Wc++-compat (internal compiler error)
FAIL: c-c++-common/rotate-3.c -Wc++-compat (test for excess errors)
FAIL: c-c++-common/rotate-3.c -Wc++-compat scan-tree-dump-times optimized "r[<>][<>]" 96
FAIL: c-c++-common/rotate-3a.c -Wc++-compat (internal compiler error)
FAIL: c-c++-common/rotate-3a.c -Wc++-compat (test for excess errors)
UNRESOLVED: c-c++-common/rotate-3a.c -Wc++-compat compilation failed to produce executable
FAIL: c-c++-common/rotate-4.c -Wc++-compat (internal compiler error)
FAIL: c-c++-common/rotate-4.c -Wc++-compat (test for excess errors)
FAIL: c-c++-common/rotate-4.c -Wc++-compat scan-tree-dump-times optimized "r[<>][<>]" 48
FAIL: c-c++-common/rotate-4a.c -Wc++-compat (internal compiler error)
FAIL: c-c++-common/rotate-4a.c -Wc++-compat (test for excess errors)
UNRESOLVED: c-c++-common/rotate-4a.c -Wc++-compat compilation failed to produce executable
FAIL: gcc.dg/ipa/pr63551.c (test for excess errors)
FAIL: gcc.dg/ipa/pr63595.c (test for excess errors)
FAIL: gcc.dg/ipa/pr64041.c (test for excess errors)
FAIL: gcc.dg/ipa/propalign-1.c scan-tree-dump-not optimized "fail_the_test"
FAIL: gcc.dg/ipa/propalign-2.c scan-tree-dump-not optimized "fail_the_test"
FAIL: gcc.dg/ipa/propalign-4.c scan-ipa-dump cp "Alignment 8, misalignment 4"
FAIL: gcc.dg/ipa/propalign-5.c scan-ipa-dump cp "Alignment 2"
FAIL: gcc.dg/lto/20081201-2 c_lto_20081201-2_0.o assemble, -O3 -flto -flto-partition=1to1 (internal compiler error)
FAIL: gcc.dg/lto/20081201-2 c_lto_20081201-2_1.o assemble, -O3 -flto -flto-partition=1to1 (internal compiler error)
UNRESOLVED: gcc.dg/lto/20081201-2 c_lto_20081201-2_0.o-c_lto_20081201-2_1.o link -O3 -flto -flto-partition=1to1
UNRESOLVED: gcc.dg/lto/20081201-2 c_lto_20081201-2_0.o-c_lto_20081201-2_1.o execute -O3 -flto -flto-partition=1to1
FAIL: gcc.dg/lto/pr60449 c_lto_pr60449_0.o-c_lto_pr60449_1.o link, -O0 -flto -flto-partition=none
UNRESOLVED: gcc.dg/lto/pr60449 c_lto_pr60449_0.o-c_lto_pr60449_1.o execute -O0 -flto -flto-partition=none
FAIL: gcc.dg/lto/pr60449 c_lto_pr60449_0.o-c_lto_pr60449_1.o link, -O2 -flto -flto-partition=none
UNRESOLVED: gcc.dg/lto/pr60449 c_lto_pr60449_0.o-c_lto_pr60449_1.o execute -O2 -flto -flto-partition=none
FAIL: gcc.dg/lto/pr60449 c_lto_pr60449_0.o-c_lto_pr60449_1.o link, -O0 -flto -flto-partition=1to1
UNRESOLVED: gcc.dg/lto/pr60449 c_lto_pr60449_0.o-c_lto_pr60449_1.o execute -O0 -flto -flto-partition=1to1
FAIL: gcc.dg/lto/pr60449 c_lto_pr60449_0.o-c_lto_pr60449_1.o link, -O2 -flto -flto-partition=1to1
UNRESOLVED: gcc.dg/lto/pr60449 c_lto_pr60449_0.o-c_lto_pr60449_1.o execute -O2 -flto -flto-partition=1to1
FAIL: gcc.dg/lto/pr60449 c_lto_pr60449_0.o-c_lto_pr60449_1.o link, -O0 -flto
UNRESOLVED: gcc.dg/lto/pr60449 c_lto_pr60449_0.o-c_lto_pr60449_1.o execute -O0 -flto
FAIL: gcc.dg/lto/pr60449 c_lto_pr60449_0.o-c_lto_pr60449_1.o link, -O2 -flto
UNRESOLVED: gcc.dg/lto/pr60449 c_lto_pr60449_0.o-c_lto_pr60449_1.o execute -O2 -flto
FAIL: gcc.dg/sso/p1.c -O0 (internal compiler error)
FAIL: gcc.dg/sso/p1.c -O0 (test for excess errors)
UNRESOLVED: gcc.dg/sso/p1.c -O0 compilation failed to produce executable
FAIL: gcc.dg/sso/p1.c -O1 -fno-inline (internal compiler error)
FAIL: gcc.dg/sso/p1.c -O1 -fno-inline (test for excess errors)
UNRESOLVED: gcc.dg/sso/p1.c -O1 -fno-inline compilation failed to produce executable
FAIL: gcc.dg/sso/p1.c -O2 (internal compiler error)
FAIL: gcc.dg/sso/p1.c -O2 (test for excess errors)
UNRESOLVED: gcc.dg/sso/p1.c -O2 compilation failed to produce executable
FAIL: gcc.dg/sso/p1.c -O3 -finline-functions (internal compiler error)
FAIL: gcc.dg/sso/p1.c -O3 -finline-functions (test for excess errors)
UNRESOLVED: gcc.dg/sso/p1.c -O3 -finline-functions compilation failed to produce executable
FAIL: gcc.dg/sso/p1.c -Os (internal compiler error)
FAIL: gcc.dg/sso/p1.c -Os (test for excess errors)
UNRESOLVED: gcc.dg/sso/p1.c -Os compilation failed to produce executable
FAIL: gcc.dg/sso/p1.c -Og -g (internal compiler error)
FAIL: gcc.dg/sso/p1.c -Og -g (test for excess errors)
UNRESOLVED: gcc.dg/sso/p1.c -Og -g compilation failed to produce executable
FAIL: gcc.dg/sso/p13.c -O0 output pattern test, is , should match My_R1 : db 0f 49 40 db 0f 49 c0.*
FAIL: gcc.dg/sso/p13.c -O1 -fno-inline output pattern test, is , should match My_R1 : db 0f 49 40 db 0f 49 c0.*
FAIL: gcc.dg/sso/p13.c -O2 output pattern test, is , should match My_R1 : db 0f 49 40 db 0f 49 c0.*
FAIL: gcc.dg/sso/p13.c -O3 -finline-functions output pattern test, is , should match My_R1 : db 0f 49 40 db 0f 49 c0.*
FAIL: gcc.dg/sso/p13.c -Os output pattern test, is , should match My_R1 : db 0f 49 40 db 0f 49 c0.*
FAIL: gcc.dg/sso/p13.c -Og -g output pattern test, is , should match My_R1 : db 0f 49 40 db 0f 49 c0.*
FAIL: gcc.dg/sso/p2.c -O0 (test for excess errors)
UNRESOLVED: gcc.dg/sso/p2.c -O0 compilation failed to produce executable
FAIL: gcc.dg/sso/p2.c -O1 -fno-inline (test for excess errors)
UNRESOLVED: gcc.dg/sso/p2.c -O1 -fno-inline compilation failed to produce executable
FAIL: gcc.dg/sso/p2.c -O2 (test for excess errors)
UNRESOLVED: gcc.dg/sso/p2.c -O2 compilation failed to produce executable
FAIL: gcc.dg/sso/p2.c -O3 -finline-functions (test for excess errors)
UNRESOLVED: gcc.dg/sso/p2.c -O3 -finline-functions compilation failed to produce executable
FAIL: gcc.dg/sso/p2.c -Os (test for excess errors)
UNRESOLVED: gcc.dg/sso/p2.c -Os compilation failed to produce executable
FAIL: gcc.dg/sso/p2.c -Og -g (test for excess errors)
UNRESOLVED: gcc.dg/sso/p2.c -Og -g compilation failed to produce executable
FAIL: gcc.dg/sso/p3.c -O0 (test for excess errors)
UNRESOLVED: gcc.dg/sso/p3.c -O0 compilation failed to produce executable
FAIL: gcc.dg/sso/p3.c -O1 -fno-inline (test for excess errors)
UNRESOLVED: gcc.dg/sso/p3.c -O1 -fno-inline compilation failed to produce executable
FAIL: gcc.dg/sso/p3.c -O2 (test for excess errors)
UNRESOLVED: gcc.dg/sso/p3.c -O2 compilation failed to produce executable
FAIL: gcc.dg/sso/p3.c -O3 -finline-functions (test for excess errors)
UNRESOLVED: gcc.dg/sso/p3.c -O3 -finline-functions compilation failed to produce executable
FAIL: gcc.dg/sso/p3.c -Os (test for excess errors)
UNRESOLVED: gcc.dg/sso/p3.c -Os compilation failed to produce executable
FAIL: gcc.dg/sso/p3.c -Og -g (test for excess errors)
UNRESOLVED: gcc.dg/sso/p3.c -Og -g compilation failed to produce executable
FAIL: gcc.dg/sso/p4.c -O0 output pattern test, is , should match My_R1 : db 0f 49 40.*
FAIL: gcc.dg/sso/p4.c -O1 -fno-inline output pattern test, is , should match My_R1 : db 0f 49 40.*
FAIL: gcc.dg/sso/p4.c -O2 output pattern test, is , should match My_R1 : db 0f 49 40.*
FAIL: gcc.dg/sso/p4.c -O3 -finline-functions output pattern test, is , should match My_R1 : db 0f 49 40.*
FAIL: gcc.dg/sso/p4.c -Os output pattern test, is , should match My_R1 : db 0f 49 40.*
FAIL: gcc.dg/sso/p4.c -Og -g output pattern test, is , should match My_R1 : db 0f 49 40.*
FAIL: gcc.dg/sso/p5.c -O0 (internal compiler error)
FAIL: gcc.dg/sso/p5.c -O0 (test for excess errors)
UNRESOLVED: gcc.dg/sso/p5.c -O0 compilation failed to produce executable
FAIL: gcc.dg/sso/p5.c -O1 -fno-inline (internal compiler error)
FAIL: gcc.dg/sso/p5.c -O1 -fno-inline (test for excess errors)
UNRESOLVED: gcc.dg/sso/p5.c -O1 -fno-inline compilation failed to produce executable
FAIL: gcc.dg/sso/p5.c -O2 (internal compiler error)
FAIL: gcc.dg/sso/p5.c -O2 (test for excess errors)
UNRESOLVED: gcc.dg/sso/p5.c -O2 compilation failed to produce executable
FAIL: gcc.dg/sso/p5.c -O3 -finline-functions (internal compiler error)
FAIL: gcc.dg/sso/p5.c -O3 -finline-functions (test for excess errors)
UNRESOLVED: gcc.dg/sso/p5.c -O3 -finline-functions compilation failed to produce executable
FAIL: gcc.dg/sso/p5.c -Os (internal compiler error)
FAIL: gcc.dg/sso/p5.c -Os (test for excess errors)
UNRESOLVED: gcc.dg/sso/p5.c -Os compilation failed to produce executable
FAIL: gcc.dg/sso/p5.c -Og -g (internal compiler error)
FAIL: gcc.dg/sso/p5.c -Og -g (test for excess errors)
UNRESOLVED: gcc.dg/sso/p5.c -Og -g compilation failed to produce executable
FAIL: gcc.dg/sso/p6.c -O0 (internal compiler error)
FAIL: gcc.dg/sso/p6.c -O0 (test for excess errors)
UNRESOLVED: gcc.dg/sso/p6.c -O0 compilation failed to produce executable
FAIL: gcc.dg/sso/p6.c -O1 -fno-inline (internal compiler error)
FAIL: gcc.dg/sso/p6.c -O1 -fno-inline (test for excess errors)
UNRESOLVED: gcc.dg/sso/p6.c -O1 -fno-inline compilation failed to produce executable
FAIL: gcc.dg/sso/p6.c -O2 (internal compiler error)
FAIL: gcc.dg/sso/p6.c -O2 (test for excess errors)
UNRESOLVED: gcc.dg/sso/p6.c -O2 compilation failed to produce executable
FAIL: gcc.dg/sso/p6.c -O3 -finline-functions (internal compiler error)
FAIL: gcc.dg/sso/p6.c -O3 -finline-functions (test for excess errors)
UNRESOLVED: gcc.dg/sso/p6.c -O3 -finline-functions compilation failed to produce executable
FAIL: gcc.dg/sso/p6.c -Os (internal compiler error)
FAIL: gcc.dg/sso/p6.c -Os (test for excess errors)
UNRESOLVED: gcc.dg/sso/p6.c -Os compilation failed to produce executable
FAIL: gcc.dg/sso/p6.c -Og -g (internal compiler error)
FAIL: gcc.dg/sso/p6.c -Og -g (test for excess errors)
UNRESOLVED: gcc.dg/sso/p6.c -Og -g compilation failed to produce executable
FAIL: gcc.dg/sso/p7.c -O0 (internal compiler error)
FAIL: gcc.dg/sso/p7.c -O0 (test for excess errors)
UNRESOLVED: gcc.dg/sso/p7.c -O0 compilation failed to produce executable
FAIL: gcc.dg/sso/p7.c -O1 -fno-inline (internal compiler error)
FAIL: gcc.dg/sso/p7.c -O1 -fno-inline (test for excess errors)
UNRESOLVED: gcc.dg/sso/p7.c -O1 -fno-inline compilation failed to produce executable
FAIL: gcc.dg/sso/p7.c -O2 (internal compiler error)
FAIL: gcc.dg/sso/p7.c -O2 (test for excess errors)
UNRESOLVED: gcc.dg/sso/p7.c -O2 compilation failed to produce executable
FAIL: gcc.dg/sso/p7.c -O3 -finline-functions (internal compiler error)
FAIL: gcc.dg/sso/p7.c -O3 -finline-functions (test for excess errors)
UNRESOLVED: gcc.dg/sso/p7.c -O3 -finline-functions compilation failed to produce executable
FAIL: gcc.dg/sso/p7.c -Os (internal compiler error)
FAIL: gcc.dg/sso/p7.c -Os (test for excess errors)
UNRESOLVED: gcc.dg/sso/p7.c -Os compilation failed to produce executable
FAIL: gcc.dg/sso/p7.c -Og -g (internal compiler error)
FAIL: gcc.dg/sso/p7.c -Og -g (test for excess errors)
UNRESOLVED: gcc.dg/sso/p7.c -Og -g compilation failed to produce executable
FAIL: gcc.dg/sso/p8.c -O0 (internal compiler error)
FAIL: gcc.dg/sso/p8.c -O0 (test for excess errors)
UNRESOLVED: gcc.dg/sso/p8.c -O0 compilation failed to produce executable
FAIL: gcc.dg/sso/p8.c -O1 -fno-inline (internal compiler error)
FAIL: gcc.dg/sso/p8.c -O1 -fno-inline (test for excess errors)
UNRESOLVED: gcc.dg/sso/p8.c -O1 -fno-inline compilation failed to produce executable
FAIL: gcc.dg/sso/p8.c -O2 (internal compiler error)
FAIL: gcc.dg/sso/p8.c -O2 (test for excess errors)
UNRESOLVED: gcc.dg/sso/p8.c -O2 compilation failed to produce executable
FAIL: gcc.dg/sso/p8.c -O3 -finline-functions (internal compiler error)
FAIL: gcc.dg/sso/p8.c -O3 -finline-functions (test for excess errors)
UNRESOLVED: gcc.dg/sso/p8.c -O3 -finline-functions compilation failed to produce executable
FAIL: gcc.dg/sso/p8.c -Os (internal compiler error)
FAIL: gcc.dg/sso/p8.c -Os (test for excess errors)
UNRESOLVED: gcc.dg/sso/p8.c -Os compilation failed to produce executable
FAIL: gcc.dg/sso/p8.c -Og -g (internal compiler error)
FAIL: gcc.dg/sso/p8.c -Og -g (test for excess errors)
UNRESOLVED: gcc.dg/sso/p8.c -Og -g compilation failed to produce executable
FAIL: gcc.dg/sso/p9.c -O0 output pattern test, is , should match My_R1 : 18 2d 44 54 fb 21 09 40.*
FAIL: gcc.dg/sso/p9.c -O1 -fno-inline output pattern test, is , should match My_R1 : 18 2d 44 54 fb 21 09 40.*
FAIL: gcc.dg/sso/p9.c -O2 output pattern test, is , should match My_R1 : 18 2d 44 54 fb 21 09 40.*
FAIL: gcc.dg/sso/p9.c -O3 -finline-functions output pattern test, is , should match My_R1 : 18 2d 44 54 fb 21 09 40.*
FAIL: gcc.dg/sso/p9.c -Os output pattern test, is , should match My_R1 : 18 2d 44 54 fb 21 09 40.*
FAIL: gcc.dg/sso/p9.c -Og -g output pattern test, is , should match My_R1 : 18 2d 44 54 fb 21 09 40.*
FAIL: gcc.dg/sso/q1.c -O0 (test for excess errors)
FAIL: gcc.dg/sso/q1.c -O0 execution test
FAIL: gcc.dg/sso/q1.c -O1 -fno-inline (test for excess errors)
FAIL: gcc.dg/sso/q1.c -O1 -fno-inline execution test
FAIL: gcc.dg/sso/q1.c -O2 (test for excess errors)
FAIL: gcc.dg/sso/q1.c -O2 execution test
FAIL: gcc.dg/sso/q1.c -O3 -finline-functions (test for excess errors)
FAIL: gcc.dg/sso/q1.c -O3 -finline-functions execution test
FAIL: gcc.dg/sso/q1.c -Os (test for excess errors)
FAIL: gcc.dg/sso/q1.c -Os execution test
FAIL: gcc.dg/sso/q1.c -Og -g (test for excess errors)
FAIL: gcc.dg/sso/q1.c -Og -g execution test
FAIL: gcc.dg/sso/q13.c -O0 output pattern test, is , should match A1 : db 0f 49 40 db 0f 49 c0.*
FAIL: gcc.dg/sso/q13.c -O1 -fno-inline output pattern test, is , should match A1 : db 0f 49 40 db 0f 49 c0.*
FAIL: gcc.dg/sso/q13.c -O2 output pattern test, is , should match A1 : db 0f 49 40 db 0f 49 c0.*
FAIL: gcc.dg/sso/q13.c -O3 -finline-functions output pattern test, is , should match A1 : db 0f 49 40 db 0f 49 c0.*
FAIL: gcc.dg/sso/q13.c -Os output pattern test, is , should match A1 : db 0f 49 40 db 0f 49 c0.*
FAIL: gcc.dg/sso/q13.c -Og -g output pattern test, is , should match A1 : db 0f 49 40 db 0f 49 c0.*
FAIL: gcc.dg/sso/q2.c -O0 (test for excess errors)
UNRESOLVED: gcc.dg/sso/q2.c -O0 compilation failed to produce executable
FAIL: gcc.dg/sso/q2.c -O1 -fno-inline (test for excess errors)
UNRESOLVED: gcc.dg/sso/q2.c -O1 -fno-inline compilation failed to produce executable
FAIL: gcc.dg/sso/q2.c -O2 (test for excess errors)
UNRESOLVED: gcc.dg/sso/q2.c -O2 compilation failed to produce executable
FAIL: gcc.dg/sso/q2.c -O3 -finline-functions (test for excess errors)
UNRESOLVED: gcc.dg/sso/q2.c -O3 -finline-functions compilation failed to produce executable
FAIL: gcc.dg/sso/q2.c -Os (test for excess errors)
UNRESOLVED: gcc.dg/sso/q2.c -Os compilation failed to produce executable
FAIL: gcc.dg/sso/q2.c -Og -g (test for excess errors)
UNRESOLVED: gcc.dg/sso/q2.c -Og -g compilation failed to produce executable
FAIL: gcc.dg/sso/q3.c -O0 (test for excess errors)
UNRESOLVED: gcc.dg/sso/q3.c -O0 compilation failed to produce executable
FAIL: gcc.dg/sso/q3.c -O1 -fno-inline (test for excess errors)
UNRESOLVED: gcc.dg/sso/q3.c -O1 -fno-inline compilation failed to produce executable
FAIL: gcc.dg/sso/q3.c -O2 (test for excess errors)
UNRESOLVED: gcc.dg/sso/q3.c -O2 compilation failed to produce executable
FAIL: gcc.dg/sso/q3.c -O3 -finline-functions (test for excess errors)
UNRESOLVED: gcc.dg/sso/q3.c -O3 -finline-functions compilation failed to produce executable
FAIL: gcc.dg/sso/q3.c -Os (test for excess errors)
UNRESOLVED: gcc.dg/sso/q3.c -Os compilation failed to produce executable
FAIL: gcc.dg/sso/q3.c -Og -g (test for excess errors)
UNRESOLVED: gcc.dg/sso/q3.c -Og -g compilation failed to produce executable
FAIL: gcc.dg/sso/q4.c -O0 output pattern test, is , should match A1 : db 0f 49 40.*
FAIL: gcc.dg/sso/q4.c -O1 -fno-inline output pattern test, is , should match A1 : db 0f 49 40.*
FAIL: gcc.dg/sso/q4.c -O2 output pattern test, is , should match A1 : db 0f 49 40.*
FAIL: gcc.dg/sso/q4.c -O3 -finline-functions output pattern test, is , should match A1 : db 0f 49 40.*
FAIL: gcc.dg/sso/q4.c -Os output pattern test, is , should match A1 : db 0f 49 40.*
FAIL: gcc.dg/sso/q4.c -Og -g output pattern test, is , should match A1 : db 0f 49 40.*
FAIL: gcc.dg/sso/q5.c -O0 (internal compiler error)
FAIL: gcc.dg/sso/q5.c -O0 (test for excess errors)
UNRESOLVED: gcc.dg/sso/q5.c -O0 compilation failed to produce executable
FAIL: gcc.dg/sso/q5.c -O1 -fno-inline (internal compiler error)
FAIL: gcc.dg/sso/q5.c -O1 -fno-inline (test for excess errors)
UNRESOLVED: gcc.dg/sso/q5.c -O1 -fno-inline compilation failed to produce executable
FAIL: gcc.dg/sso/q5.c -O2 (internal compiler error)
FAIL: gcc.dg/sso/q5.c -O2 (test for excess errors)
UNRESOLVED: gcc.dg/sso/q5.c -O2 compilation failed to produce executable
FAIL: gcc.dg/sso/q5.c -O3 -finline-functions (internal compiler error)
FAIL: gcc.dg/sso/q5.c -O3 -finline-functions (test for excess errors)
UNRESOLVED: gcc.dg/sso/q5.c -O3 -finline-functions compilation failed to produce executable
FAIL: gcc.dg/sso/q5.c -Os (internal compiler error)
FAIL: gcc.dg/sso/q5.c -Os (test for excess errors)
UNRESOLVED: gcc.dg/sso/q5.c -Os compilation failed to produce executable
FAIL: gcc.dg/sso/q5.c -Og -g (internal compiler error)
FAIL: gcc.dg/sso/q5.c -Og -g (test for excess errors)
UNRESOLVED: gcc.dg/sso/q5.c -Og -g compilation failed to produce executable
FAIL: gcc.dg/sso/q6.c -O0 (internal compiler error)
FAIL: gcc.dg/sso/q6.c -O0 (test for excess errors)
UNRESOLVED: gcc.dg/sso/q6.c -O0 compilation failed to produce executable
FAIL: gcc.dg/sso/q6.c -O1 -fno-inline (internal compiler error)
FAIL: gcc.dg/sso/q6.c -O1 -fno-inline (test for excess errors)
UNRESOLVED: gcc.dg/sso/q6.c -O1 -fno-inline compilation failed to produce executable
FAIL: gcc.dg/sso/q6.c -O2 (internal compiler error)
FAIL: gcc.dg/sso/q6.c -O2 (test for excess errors)
UNRESOLVED: gcc.dg/sso/q6.c -O2 compilation failed to produce executable
FAIL: gcc.dg/sso/q6.c -O3 -finline-functions (internal compiler error)
FAIL: gcc.dg/sso/q6.c -O3 -finline-functions (test for excess errors)
UNRESOLVED: gcc.dg/sso/q6.c -O3 -finline-functions compilation failed to produce executable
FAIL: gcc.dg/sso/q6.c -Os (internal compiler error)
FAIL: gcc.dg/sso/q6.c -Os (test for excess errors)
UNRESOLVED: gcc.dg/sso/q6.c -Os compilation failed to produce executable
FAIL: gcc.dg/sso/q6.c -Og -g (internal compiler error)
FAIL: gcc.dg/sso/q6.c -Og -g (test for excess errors)
UNRESOLVED: gcc.dg/sso/q6.c -Og -g compilation failed to produce executable
FAIL: gcc.dg/sso/q7.c -O0 (internal compiler error)
FAIL: gcc.dg/sso/q7.c -O0 (test for excess errors)
UNRESOLVED: gcc.dg/sso/q7.c -O0 compilation failed to produce executable
FAIL: gcc.dg/sso/q7.c -O1 -fno-inline (internal compiler error)
FAIL: gcc.dg/sso/q7.c -O1 -fno-inline (test for excess errors)
UNRESOLVED: gcc.dg/sso/q7.c -O1 -fno-inline compilation failed to produce executable
FAIL: gcc.dg/sso/q7.c -O2 (internal compiler error)
FAIL: gcc.dg/sso/q7.c -O2 (test for excess errors)
UNRESOLVED: gcc.dg/sso/q7.c -O2 compilation failed to produce executable
FAIL: gcc.dg/sso/q7.c -O3 -finline-functions (internal compiler error)
FAIL: gcc.dg/sso/q7.c -O3 -finline-functions (test for excess errors)
UNRESOLVED: gcc.dg/sso/q7.c -O3 -finline-functions compilation failed to produce executable
FAIL: gcc.dg/sso/q7.c -Os (internal compiler error)
FAIL: gcc.dg/sso/q7.c -Os (test for excess errors)
UNRESOLVED: gcc.dg/sso/q7.c -Os compilation failed to produce executable
FAIL: gcc.dg/sso/q7.c -Og -g (internal compiler error)
FAIL: gcc.dg/sso/q7.c -Og -g (test for excess errors)
UNRESOLVED: gcc.dg/sso/q7.c -Og -g compilation failed to produce executable
FAIL: gcc.dg/sso/q8.c -O0 (internal compiler error)
FAIL: gcc.dg/sso/q8.c -O0 (test for excess errors)
UNRESOLVED: gcc.dg/sso/q8.c -O0 compilation failed to produce executable
FAIL: gcc.dg/sso/q8.c -O1 -fno-inline (internal compiler error)
FAIL: gcc.dg/sso/q8.c -O1 -fno-inline (test for excess errors)
UNRESOLVED: gcc.dg/sso/q8.c -O1 -fno-inline compilation failed to produce executable
FAIL: gcc.dg/sso/q8.c -O2 (internal compiler error)
FAIL: gcc.dg/sso/q8.c -O2 (test for excess errors)
UNRESOLVED: gcc.dg/sso/q8.c -O2 compilation failed to produce executable
FAIL: gcc.dg/sso/q8.c -O3 -finline-functions (internal compiler error)
FAIL: gcc.dg/sso/q8.c -O3 -finline-functions (test for excess errors)
UNRESOLVED: gcc.dg/sso/q8.c -O3 -finline-functions compilation failed to produce executable
FAIL: gcc.dg/sso/q8.c -Os (internal compiler error)
FAIL: gcc.dg/sso/q8.c -Os (test for excess errors)
UNRESOLVED: gcc.dg/sso/q8.c -Os compilation failed to produce executable
FAIL: gcc.dg/sso/q8.c -Og -g (internal compiler error)
FAIL: gcc.dg/sso/q8.c -Og -g (test for excess errors)
UNRESOLVED: gcc.dg/sso/q8.c -Og -g compilation failed to produce executable
FAIL: gcc.dg/sso/q9.c -O0 output pattern test, is , should match A1 : 18 2d 44 54 fb 21 09 40.*
FAIL: gcc.dg/sso/q9.c -O1 -fno-inline output pattern test, is , should match A1 : 18 2d 44 54 fb 21 09 40.*
FAIL: gcc.dg/sso/q9.c -O2 output pattern test, is , should match A1 : 18 2d 44 54 fb 21 09 40.*
FAIL: gcc.dg/sso/q9.c -O3 -finline-functions output pattern test, is , should match A1 : 18 2d 44 54 fb 21 09 40.*
FAIL: gcc.dg/sso/q9.c -Os output pattern test, is , should match A1 : 18 2d 44 54 fb 21 09 40.*
FAIL: gcc.dg/sso/q9.c -Og -g output pattern test, is , should match A1 : 18 2d 44 54 fb 21 09 40.*
FAIL: gcc.dg/sso/r3.c -O0 (test for excess errors)
UNRESOLVED: gcc.dg/sso/r3.c -O0 compilation failed to produce executable
FAIL: gcc.dg/sso/r3.c -O1 -fno-inline (test for excess errors)
UNRESOLVED: gcc.dg/sso/r3.c -O1 -fno-inline compilation failed to produce executable
FAIL: gcc.dg/sso/r3.c -O2 (test for excess errors)
UNRESOLVED: gcc.dg/sso/r3.c -O2 compilation failed to produce executable
FAIL: gcc.dg/sso/r3.c -O3 -finline-functions (test for excess errors)
UNRESOLVED: gcc.dg/sso/r3.c -O3 -finline-functions compilation failed to produce executable
FAIL: gcc.dg/sso/r3.c -Os (test for excess errors)
UNRESOLVED: gcc.dg/sso/r3.c -Os compilation failed to produce executable
FAIL: gcc.dg/sso/r3.c -Og -g (test for excess errors)
UNRESOLVED: gcc.dg/sso/r3.c -Og -g compilation failed to produce executable
FAIL: gcc.dg/sso/r5.c -O0 (internal compiler error)
FAIL: gcc.dg/sso/r5.c -O0 (test for excess errors)
UNRESOLVED: gcc.dg/sso/r5.c -O0 compilation failed to produce executable
FAIL: gcc.dg/sso/r5.c -O1 -fno-inline (internal compiler error)
FAIL: gcc.dg/sso/r5.c -O1 -fno-inline (test for excess errors)
UNRESOLVED: gcc.dg/sso/r5.c -O1 -fno-inline compilation failed to produce executable
FAIL: gcc.dg/sso/r5.c -O2 (internal compiler error)
FAIL: gcc.dg/sso/r5.c -O2 (test for excess errors)
UNRESOLVED: gcc.dg/sso/r5.c -O2 compilation failed to produce executable
FAIL: gcc.dg/sso/r5.c -O3 -finline-functions (internal compiler error)
FAIL: gcc.dg/sso/r5.c -O3 -finline-functions (test for excess errors)
UNRESOLVED: gcc.dg/sso/r5.c -O3 -finline-functions compilation failed to produce executable
FAIL: gcc.dg/sso/r5.c -Os (internal compiler error)
FAIL: gcc.dg/sso/r5.c -Os (test for excess errors)
UNRESOLVED: gcc.dg/sso/r5.c -Os compilation failed to produce executable
FAIL: gcc.dg/sso/r5.c -Og -g (internal compiler error)
FAIL: gcc.dg/sso/r5.c -Og -g (test for excess errors)
UNRESOLVED: gcc.dg/sso/r5.c -Og -g compilation failed to produce executable
FAIL: gcc.dg/sso/r6.c -O0 (internal compiler error)
FAIL: gcc.dg/sso/r6.c -O0 (test for excess errors)
UNRESOLVED: gcc.dg/sso/r6.c -O0 compilation failed to produce executable
FAIL: gcc.dg/sso/r6.c -O1 -fno-inline (internal compiler error)
FAIL: gcc.dg/sso/r6.c -O1 -fno-inline (test for excess errors)
UNRESOLVED: gcc.dg/sso/r6.c -O1 -fno-inline compilation failed to produce executable
FAIL: gcc.dg/sso/r6.c -O2 (internal compiler error)
FAIL: gcc.dg/sso/r6.c -O2 (test for excess errors)
UNRESOLVED: gcc.dg/sso/r6.c -O2 compilation failed to produce executable
FAIL: gcc.dg/sso/r6.c -O3 -finline-functions (internal compiler error)
FAIL: gcc.dg/sso/r6.c -O3 -finline-functions (test for excess errors)
UNRESOLVED: gcc.dg/sso/r6.c -O3 -finline-functions compilation failed to produce executable
FAIL: gcc.dg/sso/r6.c -Os (internal compiler error)
FAIL: gcc.dg/sso/r6.c -Os (test for excess errors)
UNRESOLVED: gcc.dg/sso/r6.c -Os compilation failed to produce executable
FAIL: gcc.dg/sso/r6.c -Og -g (internal compiler error)
FAIL: gcc.dg/sso/r6.c -Og -g (test for excess errors)
UNRESOLVED: gcc.dg/sso/r6.c -Og -g compilation failed to produce executable
FAIL: gcc.dg/sso/r7.c -O0 (internal compiler error)
FAIL: gcc.dg/sso/r7.c -O0 (test for excess errors)
UNRESOLVED: gcc.dg/sso/r7.c -O0 compilation failed to produce executable
FAIL: gcc.dg/sso/r7.c -O1 -fno-inline (internal compiler error)
FAIL: gcc.dg/sso/r7.c -O1 -fno-inline (test for excess errors)
UNRESOLVED: gcc.dg/sso/r7.c -O1 -fno-inline compilation failed to produce executable
FAIL: gcc.dg/sso/r7.c -O2 (internal compiler error)
FAIL: gcc.dg/sso/r7.c -O2 (test for excess errors)
UNRESOLVED: gcc.dg/sso/r7.c -O2 compilation failed to produce executable
FAIL: gcc.dg/sso/r7.c -O3 -finline-functions (internal compiler error)
FAIL: gcc.dg/sso/r7.c -O3 -finline-functions (test for excess errors)
UNRESOLVED: gcc.dg/sso/r7.c -O3 -finline-functions compilation failed to produce executable
FAIL: gcc.dg/sso/r7.c -Os (internal compiler error)
FAIL: gcc.dg/sso/r7.c -Os (test for excess errors)
UNRESOLVED: gcc.dg/sso/r7.c -Os compilation failed to produce executable
FAIL: gcc.dg/sso/r7.c -Og -g (internal compiler error)
FAIL: gcc.dg/sso/r7.c -Og -g (test for excess errors)
UNRESOLVED: gcc.dg/sso/r7.c -Og -g compilation failed to produce executable
FAIL: gcc.dg/sso/r8.c -O0 (internal compiler error)
FAIL: gcc.dg/sso/r8.c -O0 (test for excess errors)
UNRESOLVED: gcc.dg/sso/r8.c -O0 compilation failed to produce executable
FAIL: gcc.dg/sso/r8.c -O1 -fno-inline (internal compiler error)
FAIL: gcc.dg/sso/r8.c -O1 -fno-inline (test for excess errors)
UNRESOLVED: gcc.dg/sso/r8.c -O1 -fno-inline compilation failed to produce executable
FAIL: gcc.dg/sso/r8.c -O2 (internal compiler error)
FAIL: gcc.dg/sso/r8.c -O2 (test for excess errors)
UNRESOLVED: gcc.dg/sso/r8.c -O2 compilation failed to produce executable
FAIL: gcc.dg/sso/r8.c -O3 -finline-functions (internal compiler error)
FAIL: gcc.dg/sso/r8.c -O3 -finline-functions (test for excess errors)
UNRESOLVED: gcc.dg/sso/r8.c -O3 -finline-functions compilation failed to produce executable
FAIL: gcc.dg/sso/r8.c -Os (internal compiler error)
FAIL: gcc.dg/sso/r8.c -Os (test for excess errors)
UNRESOLVED: gcc.dg/sso/r8.c -Os compilation failed to produce executable
FAIL: gcc.dg/sso/r8.c -Og -g (internal compiler error)
FAIL: gcc.dg/sso/r8.c -Og -g (test for excess errors)
UNRESOLVED: gcc.dg/sso/r8.c -Og -g compilation failed to produce executable
FAIL: gcc.dg/sso/s3.c -O0 (test for excess errors)
UNRESOLVED: gcc.dg/sso/s3.c -O0 compilation failed to produce executable
FAIL: gcc.dg/sso/s3.c -O1 -fno-inline (test for excess errors)
UNRESOLVED: gcc.dg/sso/s3.c -O1 -fno-inline compilation failed to produce executable
FAIL: gcc.dg/sso/s3.c -O2 (test for excess errors)
UNRESOLVED: gcc.dg/sso/s3.c -O2 compilation failed to produce executable
FAIL: gcc.dg/sso/s3.c -O3 -finline-functions (test for excess errors)
UNRESOLVED: gcc.dg/sso/s3.c -O3 -finline-functions compilation failed to produce executable
FAIL: gcc.dg/sso/s3.c -Os (test for excess errors)
UNRESOLVED: gcc.dg/sso/s3.c -Os compilation failed to produce executable
FAIL: gcc.dg/sso/s3.c -Og -g (test for excess errors)
UNRESOLVED: gcc.dg/sso/s3.c -Og -g compilation failed to produce executable
FAIL: gcc.dg/sso/s5.c -O0 (internal compiler error)
FAIL: gcc.dg/sso/s5.c -O0 (test for excess errors)
UNRESOLVED: gcc.dg/sso/s5.c -O0 compilation failed to produce executable
FAIL: gcc.dg/sso/s5.c -O1 -fno-inline (internal compiler error)
FAIL: gcc.dg/sso/s5.c -O1 -fno-inline (test for excess errors)
UNRESOLVED: gcc.dg/sso/s5.c -O1 -fno-inline compilation failed to produce executable
FAIL: gcc.dg/sso/s5.c -O2 (internal compiler error)
FAIL: gcc.dg/sso/s5.c -O2 (test for excess errors)
UNRESOLVED: gcc.dg/sso/s5.c -O2 compilation failed to produce executable
FAIL: gcc.dg/sso/s5.c -O3 -finline-functions (internal compiler error)
FAIL: gcc.dg/sso/s5.c -O3 -finline-functions (test for excess errors)
UNRESOLVED: gcc.dg/sso/s5.c -O3 -finline-functions compilation failed to produce executable
FAIL: gcc.dg/sso/s5.c -Os (internal compiler error)
FAIL: gcc.dg/sso/s5.c -Os (test for excess errors)
UNRESOLVED: gcc.dg/sso/s5.c -Os compilation failed to produce executable
FAIL: gcc.dg/sso/s5.c -Og -g (internal compiler error)
FAIL: gcc.dg/sso/s5.c -Og -g (test for excess errors)
UNRESOLVED: gcc.dg/sso/s5.c -Og -g compilation failed to produce executable
FAIL: gcc.dg/sso/s6.c -O0 (internal compiler error)
FAIL: gcc.dg/sso/s6.c -O0 (test for excess errors)
UNRESOLVED: gcc.dg/sso/s6.c -O0 compilation failed to produce executable
FAIL: gcc.dg/sso/s6.c -O1 -fno-inline (internal compiler error)
FAIL: gcc.dg/sso/s6.c -O1 -fno-inline (test for excess errors)
UNRESOLVED: gcc.dg/sso/s6.c -O1 -fno-inline compilation failed to produce executable
FAIL: gcc.dg/sso/s6.c -O2 (internal compiler error)
FAIL: gcc.dg/sso/s6.c -O2 (test for excess errors)
UNRESOLVED: gcc.dg/sso/s6.c -O2 compilation failed to produce executable
FAIL: gcc.dg/sso/s6.c -O3 -finline-functions (internal compiler error)
FAIL: gcc.dg/sso/s6.c -O3 -finline-functions (test for excess errors)
UNRESOLVED: gcc.dg/sso/s6.c -O3 -finline-functions compilation failed to produce executable
FAIL: gcc.dg/sso/s6.c -Os (internal compiler error)
FAIL: gcc.dg/sso/s6.c -Os (test for excess errors)
UNRESOLVED: gcc.dg/sso/s6.c -Os compilation failed to produce executable
FAIL: gcc.dg/sso/s6.c -Og -g (internal compiler error)
FAIL: gcc.dg/sso/s6.c -Og -g (test for excess errors)
UNRESOLVED: gcc.dg/sso/s6.c -Og -g compilation failed to produce executable
FAIL: gcc.dg/sso/s7.c -O0 (internal compiler error)
FAIL: gcc.dg/sso/s7.c -O0 (test for excess errors)
UNRESOLVED: gcc.dg/sso/s7.c -O0 compilation failed to produce executable
FAIL: gcc.dg/sso/s7.c -O1 -fno-inline (internal compiler error)
FAIL: gcc.dg/sso/s7.c -O1 -fno-inline (test for excess errors)
UNRESOLVED: gcc.dg/sso/s7.c -O1 -fno-inline compilation failed to produce executable
FAIL: gcc.dg/sso/s7.c -O2 (internal compiler error)
FAIL: gcc.dg/sso/s7.c -O2 (test for excess errors)
UNRESOLVED: gcc.dg/sso/s7.c -O2 compilation failed to produce executable
FAIL: gcc.dg/sso/s7.c -O3 -finline-functions (internal compiler error)
FAIL: gcc.dg/sso/s7.c -O3 -finline-functions (test for excess errors)
UNRESOLVED: gcc.dg/sso/s7.c -O3 -finline-functions compilation failed to produce executable
FAIL: gcc.dg/sso/s7.c -Os (internal compiler error)
FAIL: gcc.dg/sso/s7.c -Os (test for excess errors)
UNRESOLVED: gcc.dg/sso/s7.c -Os compilation failed to produce executable
FAIL: gcc.dg/sso/s7.c -Og -g (internal compiler error)
FAIL: gcc.dg/sso/s7.c -Og -g (test for excess errors)
UNRESOLVED: gcc.dg/sso/s7.c -Og -g compilation failed to produce executable
FAIL: gcc.dg/sso/s8.c -O0 (internal compiler error)
FAIL: gcc.dg/sso/s8.c -O0 (test for excess errors)
UNRESOLVED: gcc.dg/sso/s8.c -O0 compilation failed to produce executable
FAIL: gcc.dg/sso/s8.c -O1 -fno-inline (internal compiler error)
FAIL: gcc.dg/sso/s8.c -O1 -fno-inline (test for excess errors)
UNRESOLVED: gcc.dg/sso/s8.c -O1 -fno-inline compilation failed to produce executable
FAIL: gcc.dg/sso/s8.c -O2 (internal compiler error)
FAIL: gcc.dg/sso/s8.c -O2 (test for excess errors)
UNRESOLVED: gcc.dg/sso/s8.c -O2 compilation failed to produce executable
FAIL: gcc.dg/sso/s8.c -O3 -finline-functions (internal compiler error)
FAIL: gcc.dg/sso/s8.c -O3 -finline-functions (test for excess errors)
UNRESOLVED: gcc.dg/sso/s8.c -O3 -finline-functions compilation failed to produce executable
FAIL: gcc.dg/sso/s8.c -Os (internal compiler error)
FAIL: gcc.dg/sso/s8.c -Os (test for excess errors)
UNRESOLVED: gcc.dg/sso/s8.c -Os compilation failed to produce executable
FAIL: gcc.dg/sso/s8.c -Og -g (internal compiler error)
FAIL: gcc.dg/sso/s8.c -Og -g (test for excess errors)
UNRESOLVED: gcc.dg/sso/s8.c -Og -g compilation failed to produce executable
FAIL: gcc.dg/sso/t1.c -O0 (internal compiler error)
FAIL: gcc.dg/sso/t1.c -O0 (test for excess errors)
UNRESOLVED: gcc.dg/sso/t1.c -O0 compilation failed to produce executable
FAIL: gcc.dg/sso/t1.c -O1 -fno-inline (internal compiler error)
FAIL: gcc.dg/sso/t1.c -O1 -fno-inline (test for excess errors)
UNRESOLVED: gcc.dg/sso/t1.c -O1 -fno-inline compilation failed to produce executable
FAIL: gcc.dg/sso/t1.c -O2 (internal compiler error)
FAIL: gcc.dg/sso/t1.c -O2 (test for excess errors)
UNRESOLVED: gcc.dg/sso/t1.c -O2 compilation failed to produce executable
FAIL: gcc.dg/sso/t1.c -O3 -finline-functions (internal compiler error)
FAIL: gcc.dg/sso/t1.c -O3 -finline-functions (test for excess errors)
UNRESOLVED: gcc.dg/sso/t1.c -O3 -finline-functions compilation failed to produce executable
FAIL: gcc.dg/sso/t1.c -Os (internal compiler error)
FAIL: gcc.dg/sso/t1.c -Os (test for excess errors)
UNRESOLVED: gcc.dg/sso/t1.c -Os compilation failed to produce executable
FAIL: gcc.dg/sso/t1.c -Og -g (internal compiler error)
FAIL: gcc.dg/sso/t1.c -Og -g (test for excess errors)
UNRESOLVED: gcc.dg/sso/t1.c -Og -g compilation failed to produce executable
FAIL: gcc.dg/sso/t13.c -O0 output pattern test, is , should match Local_R1 : ee 87 84 40 db 0f 09 c0.*
FAIL: gcc.dg/sso/t13.c -O1 -fno-inline output pattern test, is , should match Local_R1 : ee 87 84 40 db 0f 09 c0.*
FAIL: gcc.dg/sso/t13.c -O2 output pattern test, is , should match Local_R1 : ee 87 84 40 db 0f 09 c0.*
FAIL: gcc.dg/sso/t13.c -O3 -finline-functions output pattern test, is , should match Local_R1 : ee 87 84 40 db 0f 09 c0.*
FAIL: gcc.dg/sso/t13.c -Os output pattern test, is , should match Local_R1 : ee 87 84 40 db 0f 09 c0.*
FAIL: gcc.dg/sso/t13.c -Og -g output pattern test, is , should match Local_R1 : ee 87 84 40 db 0f 09 c0.*
FAIL: gcc.dg/sso/t2.c -O0 (test for excess errors)
UNRESOLVED: gcc.dg/sso/t2.c -O0 compilation failed to produce executable
FAIL: gcc.dg/sso/t2.c -O1 -fno-inline (test for excess errors)
UNRESOLVED: gcc.dg/sso/t2.c -O1 -fno-inline compilation failed to produce executable
FAIL: gcc.dg/sso/t2.c -O2 (test for excess errors)
UNRESOLVED: gcc.dg/sso/t2.c -O2 compilation failed to produce executable
FAIL: gcc.dg/sso/t2.c -O3 -finline-functions (test for excess errors)
UNRESOLVED: gcc.dg/sso/t2.c -O3 -finline-functions compilation failed to produce executable
FAIL: gcc.dg/sso/t2.c -Os (test for excess errors)
UNRESOLVED: gcc.dg/sso/t2.c -Os compilation failed to produce executable
FAIL: gcc.dg/sso/t2.c -Og -g (test for excess errors)
UNRESOLVED: gcc.dg/sso/t2.c -Og -g compilation failed to produce executable
FAIL: gcc.dg/sso/t3.c -O0 (test for excess errors)
UNRESOLVED: gcc.dg/sso/t3.c -O0 compilation failed to produce executable
FAIL: gcc.dg/sso/t3.c -O1 -fno-inline (test for excess errors)
UNRESOLVED: gcc.dg/sso/t3.c -O1 -fno-inline compilation failed to produce executable
FAIL: gcc.dg/sso/t3.c -O2 (test for excess errors)
UNRESOLVED: gcc.dg/sso/t3.c -O2 compilation failed to produce executable
FAIL: gcc.dg/sso/t3.c -O3 -finline-functions (test for excess errors)
UNRESOLVED: gcc.dg/sso/t3.c -O3 -finline-functions compilation failed to produce executable
FAIL: gcc.dg/sso/t3.c -Os (test for excess errors)
UNRESOLVED: gcc.dg/sso/t3.c -Os compilation failed to produce executable
FAIL: gcc.dg/sso/t3.c -Og -g (test for excess errors)
UNRESOLVED: gcc.dg/sso/t3.c -Og -g compilation failed to produce executable
FAIL: gcc.dg/sso/t4.c -O0 output pattern test, is , should match Local_R1 : ee 87 84 40.*
FAIL: gcc.dg/sso/t4.c -O1 -fno-inline output pattern test, is , should match Local_R1 : ee 87 84 40.*
FAIL: gcc.dg/sso/t4.c -O2 output pattern test, is , should match Local_R1 : ee 87 84 40.*
FAIL: gcc.dg/sso/t4.c -O3 -finline-functions output pattern test, is , should match Local_R1 : ee 87 84 40.*
FAIL: gcc.dg/sso/t4.c -Os output pattern test, is , should match Local_R1 : ee 87 84 40.*
FAIL: gcc.dg/sso/t4.c -Og -g output pattern test, is , should match Local_R1 : ee 87 84 40.*
FAIL: gcc.dg/sso/t5.c -O0 (internal compiler error)
FAIL: gcc.dg/sso/t5.c -O0 (test for excess errors)
UNRESOLVED: gcc.dg/sso/t5.c -O0 compilation failed to produce executable
FAIL: gcc.dg/sso/t5.c -O1 -fno-inline (internal compiler error)
FAIL: gcc.dg/sso/t5.c -O1 -fno-inline (test for excess errors)
UNRESOLVED: gcc.dg/sso/t5.c -O1 -fno-inline compilation failed to produce executable
FAIL: gcc.dg/sso/t5.c -O2 (internal compiler error)
FAIL: gcc.dg/sso/t5.c -O2 (test for excess errors)
UNRESOLVED: gcc.dg/sso/t5.c -O2 compilation failed to produce executable
FAIL: gcc.dg/sso/t5.c -O3 -finline-functions (internal compiler error)
FAIL: gcc.dg/sso/t5.c -O3 -finline-functions (test for excess errors)
UNRESOLVED: gcc.dg/sso/t5.c -O3 -finline-functions compilation failed to produce executable
FAIL: gcc.dg/sso/t5.c -Os (internal compiler error)
FAIL: gcc.dg/sso/t5.c -Os (test for excess errors)
UNRESOLVED: gcc.dg/sso/t5.c -Os compilation failed to produce executable
FAIL: gcc.dg/sso/t5.c -Og -g (internal compiler error)
FAIL: gcc.dg/sso/t5.c -Og -g (test for excess errors)
UNRESOLVED: gcc.dg/sso/t5.c -Og -g compilation failed to produce executable
FAIL: gcc.dg/sso/t6.c -O0 (internal compiler error)
FAIL: gcc.dg/sso/t6.c -O0 (test for excess errors)
UNRESOLVED: gcc.dg/sso/t6.c -O0 compilation failed to produce executable
FAIL: gcc.dg/sso/t6.c -O1 -fno-inline (internal compiler error)
FAIL: gcc.dg/sso/t6.c -O1 -fno-inline (test for excess errors)
UNRESOLVED: gcc.dg/sso/t6.c -O1 -fno-inline compilation failed to produce executable
FAIL: gcc.dg/sso/t6.c -O2 (internal compiler error)
FAIL: gcc.dg/sso/t6.c -O2 (test for excess errors)
UNRESOLVED: gcc.dg/sso/t6.c -O2 compilation failed to produce executable
FAIL: gcc.dg/sso/t6.c -O3 -finline-functions (internal compiler error)
FAIL: gcc.dg/sso/t6.c -O3 -finline-functions (test for excess errors)
UNRESOLVED: gcc.dg/sso/t6.c -O3 -finline-functions compilation failed to produce executable
FAIL: gcc.dg/sso/t6.c -Os (internal compiler error)
FAIL: gcc.dg/sso/t6.c -Os (test for excess errors)
UNRESOLVED: gcc.dg/sso/t6.c -Os compilation failed to produce executable
FAIL: gcc.dg/sso/t6.c -Og -g (internal compiler error)
FAIL: gcc.dg/sso/t6.c -Og -g (test for excess errors)
UNRESOLVED: gcc.dg/sso/t6.c -Og -g compilation failed to produce executable
FAIL: gcc.dg/sso/t7.c -O0 (internal compiler error)
FAIL: gcc.dg/sso/t7.c -O0 (test for excess errors)
UNRESOLVED: gcc.dg/sso/t7.c -O0 compilation failed to produce executable
FAIL: gcc.dg/sso/t7.c -O1 -fno-inline (internal compiler error)
FAIL: gcc.dg/sso/t7.c -O1 -fno-inline (test for excess errors)
UNRESOLVED: gcc.dg/sso/t7.c -O1 -fno-inline compilation failed to produce executable
FAIL: gcc.dg/sso/t7.c -O2 (internal compiler error)
FAIL: gcc.dg/sso/t7.c -O2 (test for excess errors)
UNRESOLVED: gcc.dg/sso/t7.c -O2 compilation failed to produce executable
FAIL: gcc.dg/sso/t7.c -O3 -finline-functions (internal compiler error)
FAIL: gcc.dg/sso/t7.c -O3 -finline-functions (test for excess errors)
UNRESOLVED: gcc.dg/sso/t7.c -O3 -finline-functions compilation failed to produce executable
FAIL: gcc.dg/sso/t7.c -Os (internal compiler error)
FAIL: gcc.dg/sso/t7.c -Os (test for excess errors)
UNRESOLVED: gcc.dg/sso/t7.c -Os compilation failed to produce executable
FAIL: gcc.dg/sso/t7.c -Og -g (internal compiler error)
FAIL: gcc.dg/sso/t7.c -Og -g (test for excess errors)
UNRESOLVED: gcc.dg/sso/t7.c -Og -g compilation failed to produce executable
FAIL: gcc.dg/sso/t8.c -O0 (internal compiler error)
FAIL: gcc.dg/sso/t8.c -O0 (test for excess errors)
UNRESOLVED: gcc.dg/sso/t8.c -O0 compilation failed to produce executable
FAIL: gcc.dg/sso/t8.c -O1 -fno-inline (internal compiler error)
FAIL: gcc.dg/sso/t8.c -O1 -fno-inline (test for excess errors)
UNRESOLVED: gcc.dg/sso/t8.c -O1 -fno-inline compilation failed to produce executable
FAIL: gcc.dg/sso/t8.c -O2 (internal compiler error)
FAIL: gcc.dg/sso/t8.c -O2 (test for excess errors)
UNRESOLVED: gcc.dg/sso/t8.c -O2 compilation failed to produce executable
FAIL: gcc.dg/sso/t8.c -O3 -finline-functions (internal compiler error)
FAIL: gcc.dg/sso/t8.c -O3 -finline-functions (test for excess errors)
UNRESOLVED: gcc.dg/sso/t8.c -O3 -finline-functions compilation failed to produce executable
FAIL: gcc.dg/sso/t8.c -Os (internal compiler error)
FAIL: gcc.dg/sso/t8.c -Os (test for excess errors)
UNRESOLVED: gcc.dg/sso/t8.c -Os compilation failed to produce executable
FAIL: gcc.dg/sso/t8.c -Og -g (internal compiler error)
FAIL: gcc.dg/sso/t8.c -Og -g (test for excess errors)
UNRESOLVED: gcc.dg/sso/t8.c -Og -g compilation failed to produce executable
FAIL: gcc.dg/sso/t9.c -O0 output pattern test, is , should match Local_R1 : 8c 16 22 aa fd 90 10 40.*
FAIL: gcc.dg/sso/t9.c -O1 -fno-inline output pattern test, is , should match Local_R1 : 8c 16 22 aa fd 90 10 40.*
FAIL: gcc.dg/sso/t9.c -O2 output pattern test, is , should match Local_R1 : 8c 16 22 aa fd 90 10 40.*
FAIL: gcc.dg/sso/t9.c -O3 -finline-functions output pattern test, is , should match Local_R1 : 8c 16 22 aa fd 90 10 40.*
FAIL: gcc.dg/sso/t9.c -Os output pattern test, is , should match Local_R1 : 8c 16 22 aa fd 90 10 40.*
FAIL: gcc.dg/sso/t9.c -Og -g output pattern test, is , should match Local_R1 : 8c 16 22 aa fd 90 10 40.*
FAIL: gcc.dg/sso/u5.c -O0 (internal compiler error)
FAIL: gcc.dg/sso/u5.c -O0 (test for excess errors)
UNRESOLVED: gcc.dg/sso/u5.c -O0 compilation failed to produce executable
FAIL: gcc.dg/sso/u5.c -O1 -fno-inline (internal compiler error)
FAIL: gcc.dg/sso/u5.c -O1 -fno-inline (test for excess errors)
UNRESOLVED: gcc.dg/sso/u5.c -O1 -fno-inline compilation failed to produce executable
FAIL: gcc.dg/sso/u5.c -O2 (internal compiler error)
FAIL: gcc.dg/sso/u5.c -O2 (test for excess errors)
UNRESOLVED: gcc.dg/sso/u5.c -O2 compilation failed to produce executable
FAIL: gcc.dg/sso/u5.c -O3 -finline-functions (internal compiler error)
FAIL: gcc.dg/sso/u5.c -O3 -finline-functions (test for excess errors)
UNRESOLVED: gcc.dg/sso/u5.c -O3 -finline-functions compilation failed to produce executable
FAIL: gcc.dg/sso/u5.c -Os (internal compiler error)
FAIL: gcc.dg/sso/u5.c -Os (test for excess errors)
UNRESOLVED: gcc.dg/sso/u5.c -Os compilation failed to produce executable
FAIL: gcc.dg/sso/u5.c -Og -g (internal compiler error)
FAIL: gcc.dg/sso/u5.c -Og -g (test for excess errors)
UNRESOLVED: gcc.dg/sso/u5.c -Og -g compilation failed to produce executable
FAIL: gcc.dg/sso/u6.c -O0 (internal compiler error)
FAIL: gcc.dg/sso/u6.c -O0 (test for excess errors)
UNRESOLVED: gcc.dg/sso/u6.c -O0 compilation failed to produce executable
FAIL: gcc.dg/sso/u6.c -O1 -fno-inline (internal compiler error)
FAIL: gcc.dg/sso/u6.c -O1 -fno-inline (test for excess errors)
UNRESOLVED: gcc.dg/sso/u6.c -O1 -fno-inline compilation failed to produce executable
FAIL: gcc.dg/sso/u6.c -O2 (internal compiler error)
FAIL: gcc.dg/sso/u6.c -O2 (test for excess errors)
UNRESOLVED: gcc.dg/sso/u6.c -O2 compilation failed to produce executable
FAIL: gcc.dg/sso/u6.c -O3 -finline-functions (internal compiler error)
FAIL: gcc.dg/sso/u6.c -O3 -finline-functions (test for excess errors)
UNRESOLVED: gcc.dg/sso/u6.c -O3 -finline-functions compilation failed to produce executable
FAIL: gcc.dg/sso/u6.c -Os (internal compiler error)
FAIL: gcc.dg/sso/u6.c -Os (test for excess errors)
UNRESOLVED: gcc.dg/sso/u6.c -Os compilation failed to produce executable
FAIL: gcc.dg/sso/u6.c -Og -g (internal compiler error)
FAIL: gcc.dg/sso/u6.c -Og -g (test for excess errors)
UNRESOLVED: gcc.dg/sso/u6.c -Og -g compilation failed to produce executable
FAIL: c-c++-common/torture/builtin-arith-overflow-14.c -O0 (test for excess errors)
UNRESOLVED: c-c++-common/torture/builtin-arith-overflow-14.c -O0 compilation failed to produce executable
WARNING: program timed out.
FAIL: c-c++-common/torture/builtin-arith-overflow-14.c -O2 (test for excess errors)
UNRESOLVED: c-c++-common/torture/builtin-arith-overflow-14.c -O2 compilation failed to produce executable
WARNING: program timed out.
FAIL: c-c++-common/torture/builtin-arith-overflow-14.c -O2 -flto -flto-partition=none (test for excess errors)
UNRESOLVED: c-c++-common/torture/builtin-arith-overflow-14.c -O2 -flto -flto-partition=none compilation failed to produce executable
WARNING: program timed out.
FAIL: c-c++-common/torture/builtin-arith-overflow-14.c -O2 -flto (test for excess errors)
UNRESOLVED: c-c++-common/torture/builtin-arith-overflow-14.c -O2 -flto compilation failed to produce executable
WARNING: program timed out.
FAIL: c-c++-common/torture/builtin-arith-overflow-3.c -O0 (test for excess errors)
UNRESOLVED: c-c++-common/torture/builtin-arith-overflow-3.c -O0 compilation failed to produce executable
WARNING: program timed out.
FAIL: c-c++-common/torture/builtin-arith-overflow-3.c -O2 (test for excess errors)
UNRESOLVED: c-c++-common/torture/builtin-arith-overflow-3.c -O2 compilation failed to produce executable
WARNING: program timed out.
FAIL: c-c++-common/torture/builtin-arith-overflow-3.c -O2 -flto -flto-partition=none (test for excess errors)
UNRESOLVED: c-c++-common/torture/builtin-arith-overflow-3.c -O2 -flto -flto-partition=none compilation failed to produce executable
WARNING: program timed out.
FAIL: c-c++-common/torture/builtin-arith-overflow-3.c -O2 -flto (test for excess errors)
UNRESOLVED: c-c++-common/torture/builtin-arith-overflow-3.c -O2 -flto compilation failed to produce executable
FAIL: c-c++-common/torture/vector-compare-1.c -O0 (test for excess errors)
UNRESOLVED: c-c++-common/torture/vector-compare-1.c -O0 compilation failed to produce executable
FAIL: gcc.dg/torture/20131115-1.c -O0 execution test
FAIL: gcc.dg/torture/20131115-1.c -O1 execution test
FAIL: gcc.dg/torture/20131115-1.c -O2 execution test
FAIL: gcc.dg/torture/20131115-1.c -O3 -fomit-frame-pointer -funroll-loops -fpeel-loops -ftracer -finline-functions execution test
FAIL: gcc.dg/torture/20131115-1.c -O3 -g execution test
FAIL: gcc.dg/torture/20131115-1.c -Os execution test
FAIL: gcc.dg/torture/20131115-1.c -O2 -flto -flto-partition=none execution test
FAIL: gcc.dg/torture/20131115-1.c -O2 -flto execution test
FAIL: gcc.dg/torture/pr68067-1.c -O0 (test for excess errors)
FAIL: gcc.dg/torture/pr68067-1.c -O0 execution test
FAIL: gcc.dg/torture/pr68067-1.c -O1 (test for excess errors)
FAIL: gcc.dg/torture/pr68067-1.c -O1 execution test
FAIL: gcc.dg/torture/pr68067-1.c -O2 (test for excess errors)
FAIL: gcc.dg/torture/pr68067-1.c -O2 execution test
FAIL: gcc.dg/torture/pr68067-1.c -O3 -g (test for excess errors)
FAIL: gcc.dg/torture/pr68067-1.c -O3 -g execution test
FAIL: gcc.dg/torture/pr68067-1.c -Os (test for excess errors)
FAIL: gcc.dg/torture/pr68067-1.c -Os execution test
FAIL: gcc.dg/torture/pr68067-1.c -O2 -flto -flto-partition=none (test for excess errors)
FAIL: gcc.dg/torture/pr68067-1.c -O2 -flto -flto-partition=none execution test
FAIL: gcc.dg/torture/pr68067-1.c -O2 -flto (test for excess errors)
FAIL: gcc.dg/torture/pr68067-1.c -O2 -flto execution test
FAIL: gcc.dg/torture/pr68067-2.c -O0 (test for excess errors)
FAIL: gcc.dg/torture/pr68067-2.c -O0 execution test
FAIL: gcc.dg/torture/pr68067-2.c -O1 (test for excess errors)
FAIL: gcc.dg/torture/pr68067-2.c -O1 execution test
FAIL: gcc.dg/torture/pr68067-2.c -O2 (test for excess errors)
FAIL: gcc.dg/torture/pr68067-2.c -O2 execution test
FAIL: gcc.dg/torture/pr68067-2.c -O3 -g (test for excess errors)
FAIL: gcc.dg/torture/pr68067-2.c -O3 -g execution test
FAIL: gcc.dg/torture/pr68067-2.c -Os (test for excess errors)
FAIL: gcc.dg/torture/pr68067-2.c -Os execution test
FAIL: gcc.dg/torture/pr68067-2.c -O2 -flto -flto-partition=none (test for excess errors)
FAIL: gcc.dg/torture/pr68067-2.c -O2 -flto -flto-partition=none execution test
FAIL: gcc.dg/torture/pr68067-2.c -O2 -flto (test for excess errors)
FAIL: gcc.dg/torture/pr68067-2.c -O2 -flto execution test
FAIL: gcc.dg/torture/pr68955.c -O0 output pattern test, is , should match ONE1ONE
FAIL: gcc.dg/torture/pr68955.c -O1 output pattern test, is , should match ONE1ONE
FAIL: gcc.dg/torture/pr68955.c -O2 output pattern test, is , should match ONE1ONE
FAIL: gcc.dg/torture/pr68955.c -O3 -fomit-frame-pointer -funroll-loops -fpeel-loops -ftracer -finline-functions output pattern test, is , should match ONE1ONE
FAIL: gcc.dg/torture/pr68955.c -O3 -g output pattern test, is , should match ONE1ONE
FAIL: gcc.dg/torture/pr68955.c -Os output pattern test, is , should match ONE1ONE
FAIL: gcc.dg/torture/pr68955.c -O2 -flto -flto-partition=none output pattern test, is , should match ONE1ONE
FAIL: gcc.dg/torture/pr68955.c -O2 -flto output pattern test, is , should match ONE1ONE
FAIL: gcc.dg/torture/pr69352.c -O0 (test for excess errors)
FAIL: gcc.dg/torture/pr69352.c -O1 (test for excess errors)
FAIL: gcc.dg/torture/pr69352.c -O2 (test for excess errors)
FAIL: gcc.dg/torture/pr69352.c -O3 -fomit-frame-pointer -funroll-loops -fpeel-loops -ftracer -finline-functions (test for excess errors)
FAIL: gcc.dg/torture/pr69352.c -O3 -g (test for excess errors)
FAIL: gcc.dg/torture/pr69352.c -Os (test for excess errors)
FAIL: gcc.dg/torture/pr69352.c -O2 -flto -flto-partition=none (test for excess errors)
FAIL: gcc.dg/torture/pr69352.c -O2 -flto (test for excess errors)
FAIL: gcc.dg/torture/pr69714.c -O0 (test for excess errors)
UNRESOLVED: gcc.dg/torture/pr69714.c -O0 compilation failed to produce executable
FAIL: gcc.dg/torture/pr69714.c -O1 (test for excess errors)
UNRESOLVED: gcc.dg/torture/pr69714.c -O1 compilation failed to produce executable
FAIL: gcc.dg/torture/pr69714.c -O2 (test for excess errors)
UNRESOLVED: gcc.dg/torture/pr69714.c -O2 compilation failed to produce executable
FAIL: gcc.dg/torture/pr69714.c -O3 -fomit-frame-pointer -funroll-loops -fpeel-loops -ftracer -finline-functions (test for excess errors)
UNRESOLVED: gcc.dg/torture/pr69714.c -O3 -fomit-frame-pointer -funroll-loops -fpeel-loops -ftracer -finline-functions compilation failed to produce executable
FAIL: gcc.dg/torture/pr69714.c -O3 -g (test for excess errors)
UNRESOLVED: gcc.dg/torture/pr69714.c -O3 -g compilation failed to produce executable
FAIL: gcc.dg/torture/pr69714.c -Os (test for excess errors)
UNRESOLVED: gcc.dg/torture/pr69714.c -Os compilation failed to produce executable
FAIL: gcc.dg/torture/pr69714.c -O2 -flto -flto-partition=none (test for excess errors)
UNRESOLVED: gcc.dg/torture/pr69714.c -O2 -flto -flto-partition=none compilation failed to produce executable
FAIL: gcc.dg/torture/pr69714.c -O2 -flto (test for excess errors)
UNRESOLVED: gcc.dg/torture/pr69714.c -O2 -flto compilation failed to produce executable
FAIL: gcc.dg/torture/pr69771.c -O0 (test for warnings, line 11)
FAIL: gcc.dg/torture/pr69771.c -O0 (test for excess errors)
FAIL: gcc.dg/torture/pr69771.c -O1 (test for warnings, line 11)
FAIL: gcc.dg/torture/pr69771.c -O1 (test for excess errors)
FAIL: gcc.dg/torture/pr69771.c -O2 (test for warnings, line 11)
FAIL: gcc.dg/torture/pr69771.c -O2 (test for excess errors)
FAIL: gcc.dg/torture/pr69771.c -O3 -g (test for warnings, line 11)
FAIL: gcc.dg/torture/pr69771.c -O3 -g (test for excess errors)
FAIL: gcc.dg/torture/pr69771.c -Os (test for warnings, line 11)
FAIL: gcc.dg/torture/pr69771.c -Os (test for excess errors)
FAIL: gcc.dg/torture/pr69771.c -O2 -flto -flto-partition=none (test for warnings, line 11)
FAIL: gcc.dg/torture/pr69771.c -O2 -flto -flto-partition=none (test for excess errors)
FAIL: gcc.dg/torture/pr69771.c -O2 -flto (test for warnings, line 11)
FAIL: gcc.dg/torture/pr69771.c -O2 -flto (test for excess errors)
XPASS: gcc.dg/tree-ssa/20040204-1.c scan-tree-dump-times optimized "link_error" 0
FAIL: gcc.dg/tree-ssa/alias-32.c scan-tree-dump-times cddce1 "\\\\*[^ ]" 1
FAIL: gcc.dg/tree-ssa/pr64130.c scan-tree-dump vrp1 ": \\\\[2, 8589934591\\\\]"
FAIL: gcc.dg/tree-ssa/pr64130.c scan-tree-dump vrp1 ": \\\\[-8589934591, -2\\\\]"
FAIL: gcc.dg/tree-ssa/pr65136.c (test for excess errors)
FAIL: gcc.dg/tree-ssa/pr66449.c (test for excess errors)
FAIL: gcc.dg/tree-ssa/pr66726.c scan-tree-dump-times phiopt1 "factor conversion out" 1
FAIL: gcc.dg/tree-ssa/pr68529-3.c (test for excess errors)
UNRESOLVED: gcc.dg/tree-ssa/pr68529-3.c scan-tree-dump-times ldist "failed: evolution of offset is not affine" 3
FAIL: gcc.dg/tree-ssa/scev-8.c scan-tree-dump-not ivopts "use [0-9]\\n address"
FAIL: gcc.dg/tree-ssa/ssa-ccp-32.c (internal compiler error)
FAIL: gcc.dg/tree-ssa/ssa-ccp-32.c (test for excess errors)
UNRESOLVED: gcc.dg/tree-ssa/ssa-ccp-32.c compilation failed to produce executable
FAIL: gcc.dg/tree-ssa/ssa-dom-thread-8.c (test for excess errors)
XPASS: gcc.dg/tree-ssa/ssa-fre-26.c scan-tree-dump fre1 "Replaced u.i with 0 in"
FAIL: gcc.dg/tree-ssa/ssa-sink-11.c scan-tree-dump optimized "MEM\\\\[.* \\\\+ 252B\\\\]"
FAIL: gcc.dg/tree-ssa/ssa-sink-12.c scan-tree-dump optimized "MEM\\\\[.* \\\\+ 252B\\\\]"
FAIL: gcc.target/avr/pr58545.c (test for excess errors)
FAIL: gcc.target/avr/tiny-caller-save.c (test for excess errors)
FAIL: gcc.target/avr/tiny-memx.c (test for errors, line 4)
FAIL: gcc.target/avr/tiny-memx.c (test for excess errors)
FAIL: gcc.target/avr/torture/addr-space-1-1.c -O0 (test for excess errors)
UNRESOLVED: gcc.target/avr/torture/addr-space-1-1.c -O0 compilation failed to produce executable
FAIL: gcc.target/avr/torture/addr-space-1-1.c -O1 (test for excess errors)
UNRESOLVED: gcc.target/avr/torture/addr-space-1-1.c -O1 compilation failed to produce executable
FAIL: gcc.target/avr/torture/addr-space-1-1.c -O2 (test for excess errors)
UNRESOLVED: gcc.target/avr/torture/addr-space-1-1.c -O2 compilation failed to produce executable
FAIL: gcc.target/avr/torture/addr-space-1-1.c -Os -flto (test for excess errors)
UNRESOLVED: gcc.target/avr/torture/addr-space-1-1.c -Os -flto compilation failed to produce executable
FAIL: gcc.target/avr/torture/addr-space-1-1.c -O2 -mcall-prologues (test for excess errors)
UNRESOLVED: gcc.target/avr/torture/addr-space-1-1.c -O2 -mcall-prologues compilation failed to produce executable
FAIL: gcc.target/avr/torture/addr-space-1-1.c -O2 -fdata-sections (test for excess errors)
UNRESOLVED: gcc.target/avr/torture/addr-space-1-1.c -O2 -fdata-sections compilation failed to produce executable
FAIL: gcc.target/avr/torture/addr-space-1-1.c -O2 -fmerge-all-constants (test for excess errors)
UNRESOLVED: gcc.target/avr/torture/addr-space-1-1.c -O2 -fmerge-all-constants compilation failed to produce executable
FAIL: gcc.target/avr/torture/addr-space-1-1.c -Os -fomit-frame-pointer (test for excess errors)
UNRESOLVED: gcc.target/avr/torture/addr-space-1-1.c -Os -fomit-frame-pointer compilation failed to produce executable
FAIL: gcc.target/avr/torture/addr-space-1-1.c -Os -fomit-frame-pointer -finline-functions (test for excess errors)
UNRESOLVED: gcc.target/avr/torture/addr-space-1-1.c -Os -fomit-frame-pointer -finline-functions compilation failed to produce executable
FAIL: gcc.target/avr/torture/addr-space-1-1.c -O3 -g (test for excess errors)
UNRESOLVED: gcc.target/avr/torture/addr-space-1-1.c -O3 -g compilation failed to produce executable
FAIL: gcc.target/avr/torture/addr-space-1-1.c -Os -mcall-prologues (test for excess errors)
UNRESOLVED: gcc.target/avr/torture/addr-space-1-1.c -Os -mcall-prologues compilation failed to produce executable
FAIL: gcc.target/avr/torture/addr-space-2-1.c -O0 (test for excess errors)
UNRESOLVED: gcc.target/avr/torture/addr-space-2-1.c -O0 compilation failed to produce executable
FAIL: gcc.target/avr/torture/addr-space-2-1.c -O1 (test for excess errors)
UNRESOLVED: gcc.target/avr/torture/addr-space-2-1.c -O1 compilation failed to produce executable
FAIL: gcc.target/avr/torture/addr-space-2-1.c -O2 (test for excess errors)
UNRESOLVED: gcc.target/avr/torture/addr-space-2-1.c -O2 compilation failed to produce executable
FAIL: gcc.target/avr/torture/addr-space-2-1.c -Os -flto (test for excess errors)
UNRESOLVED: gcc.target/avr/torture/addr-space-2-1.c -Os -flto compilation failed to produce executable
FAIL: gcc.target/avr/torture/addr-space-2-1.c -O2 -mcall-prologues (test for excess errors)
UNRESOLVED: gcc.target/avr/torture/addr-space-2-1.c -O2 -mcall-prologues compilation failed to produce executable
FAIL: gcc.target/avr/torture/addr-space-2-1.c -O2 -fdata-sections (test for excess errors)
UNRESOLVED: gcc.target/avr/torture/addr-space-2-1.c -O2 -fdata-sections compilation failed to produce executable
FAIL: gcc.target/avr/torture/addr-space-2-1.c -O2 -fmerge-all-constants (test for excess errors)
UNRESOLVED: gcc.target/avr/torture/addr-space-2-1.c -O2 -fmerge-all-constants compilation failed to produce executable
FAIL: gcc.target/avr/torture/addr-space-2-1.c -Os -fomit-frame-pointer (test for excess errors)
UNRESOLVED: gcc.target/avr/torture/addr-space-2-1.c -Os -fomit-frame-pointer compilation failed to produce executable
FAIL: gcc.target/avr/torture/addr-space-2-1.c -Os -fomit-frame-pointer -finline-functions (test for excess errors)
UNRESOLVED: gcc.target/avr/torture/addr-space-2-1.c -Os -fomit-frame-pointer -finline-functions compilation failed to produce executable
FAIL: gcc.target/avr/torture/addr-space-2-1.c -O3 -g (test for excess errors)
UNRESOLVED: gcc.target/avr/torture/addr-space-2-1.c -O3 -g compilation failed to produce executable
FAIL: gcc.target/avr/torture/addr-space-2-1.c -Os -mcall-prologues (test for excess errors)
UNRESOLVED: gcc.target/avr/torture/addr-space-2-1.c -Os -mcall-prologues compilation failed to produce executable
FAIL: gcc.target/avr/torture/builtins-2.c -O0 (test for excess errors)
UNRESOLVED: gcc.target/avr/torture/builtins-2.c -O0 compilation failed to produce executable
FAIL: gcc.target/avr/torture/builtins-2.c -O1 (test for excess errors)
UNRESOLVED: gcc.target/avr/torture/builtins-2.c -O1 compilation failed to produce executable
FAIL: gcc.target/avr/torture/builtins-2.c -O2 (test for excess errors)
UNRESOLVED: gcc.target/avr/torture/builtins-2.c -O2 compilation failed to produce executable
FAIL: gcc.target/avr/torture/builtins-2.c -Os -flto (test for excess errors)
UNRESOLVED: gcc.target/avr/torture/builtins-2.c -Os -flto compilation failed to produce executable
FAIL: gcc.target/avr/torture/builtins-2.c -O2 -mcall-prologues (test for excess errors)
UNRESOLVED: gcc.target/avr/torture/builtins-2.c -O2 -mcall-prologues compilation failed to produce executable
FAIL: gcc.target/avr/torture/builtins-2.c -O2 -fdata-sections (test for excess errors)
UNRESOLVED: gcc.target/avr/torture/builtins-2.c -O2 -fdata-sections compilation failed to produce executable
FAIL: gcc.target/avr/torture/builtins-2.c -O2 -fmerge-all-constants (test for excess errors)
UNRESOLVED: gcc.target/avr/torture/builtins-2.c -O2 -fmerge-all-constants compilation failed to produce executable
FAIL: gcc.target/avr/torture/builtins-2.c -Os -fomit-frame-pointer (test for excess errors)
UNRESOLVED: gcc.target/avr/torture/builtins-2.c -Os -fomit-frame-pointer compilation failed to produce executable
FAIL: gcc.target/avr/torture/builtins-2.c -Os -fomit-frame-pointer -finline-functions (test for excess errors)
UNRESOLVED: gcc.target/avr/torture/builtins-2.c -Os -fomit-frame-pointer -finline-functions compilation failed to produce executable
FAIL: gcc.target/avr/torture/builtins-2.c -O3 -g (test for excess errors)
UNRESOLVED: gcc.target/avr/torture/builtins-2.c -O3 -g compilation failed to produce executable
FAIL: gcc.target/avr/torture/builtins-2.c -Os -mcall-prologues (test for excess errors)
UNRESOLVED: gcc.target/avr/torture/builtins-2.c -Os -mcall-prologues compilation failed to produce executable
FAIL: gcc.target/avr/torture/builtins-3-absfx.c -Os -flto (test for excess errors)
FAIL: gcc.target/avr/torture/builtins-5-countlsfx.c -Os -flto (test for excess errors)
FAIL: gcc.target/avr/torture/pr41885.c -O0 (internal compiler error)
FAIL: gcc.target/avr/torture/pr41885.c -O0 (test for excess errors)
UNRESOLVED: gcc.target/avr/torture/pr41885.c -O0 compilation failed to produce executable
FAIL: gcc.target/avr/torture/pr41885.c -O1 (internal compiler error)
FAIL: gcc.target/avr/torture/pr41885.c -O1 (test for excess errors)
UNRESOLVED: gcc.target/avr/torture/pr41885.c -O1 compilation failed to produce executable
FAIL: gcc.target/avr/torture/pr41885.c -O2 (internal compiler error)
FAIL: gcc.target/avr/torture/pr41885.c -O2 (test for excess errors)
UNRESOLVED: gcc.target/avr/torture/pr41885.c -O2 compilation failed to produce executable
FAIL: gcc.target/avr/torture/pr41885.c -Os -flto (internal compiler error)
FAIL: gcc.target/avr/torture/pr41885.c -Os -flto (test for excess errors)
UNRESOLVED: gcc.target/avr/torture/pr41885.c -Os -flto compilation failed to produce executable
FAIL: gcc.target/avr/torture/pr41885.c -O2 -mcall-prologues (internal compiler error)
FAIL: gcc.target/avr/torture/pr41885.c -O2 -mcall-prologues (test for excess errors)
UNRESOLVED: gcc.target/avr/torture/pr41885.c -O2 -mcall-prologues compilation failed to produce executable
FAIL: gcc.target/avr/torture/pr41885.c -O2 -fdata-sections (internal compiler error)
FAIL: gcc.target/avr/torture/pr41885.c -O2 -fdata-sections (test for excess errors)
UNRESOLVED: gcc.target/avr/torture/pr41885.c -O2 -fdata-sections compilation failed to produce executable
FAIL: gcc.target/avr/torture/pr41885.c -O2 -fmerge-all-constants (internal compiler error)
FAIL: gcc.target/avr/torture/pr41885.c -O2 -fmerge-all-constants (test for excess errors)
UNRESOLVED: gcc.target/avr/torture/pr41885.c -O2 -fmerge-all-constants compilation failed to produce executable
FAIL: gcc.target/avr/torture/pr41885.c -Os -fomit-frame-pointer (internal compiler error)
FAIL: gcc.target/avr/torture/pr41885.c -Os -fomit-frame-pointer (test for excess errors)
UNRESOLVED: gcc.target/avr/torture/pr41885.c -Os -fomit-frame-pointer compilation failed to produce executable
FAIL: gcc.target/avr/torture/pr41885.c -Os -fomit-frame-pointer -finline-functions (internal compiler error)
FAIL: gcc.target/avr/torture/pr41885.c -Os -fomit-frame-pointer -finline-functions (test for excess errors)
UNRESOLVED: gcc.target/avr/torture/pr41885.c -Os -fomit-frame-pointer -finline-functions compilation failed to produce executable
FAIL: gcc.target/avr/torture/pr41885.c -O3 -g (internal compiler error)
FAIL: gcc.target/avr/torture/pr41885.c -O3 -g (test for excess errors)
UNRESOLVED: gcc.target/avr/torture/pr41885.c -O3 -g compilation failed to produce executable
FAIL: gcc.target/avr/torture/pr41885.c -Os -mcall-prologues (internal compiler error)
FAIL: gcc.target/avr/torture/pr41885.c -Os -mcall-prologues (test for excess errors)
UNRESOLVED: gcc.target/avr/torture/pr41885.c -Os -mcall-prologues compilation failed to produce executable
=== gcc Summary ===
# of expected passes 77044
# of unexpected failures 967
# of unexpected successes 6
# of expected failures 104
# of unresolved testcases 360
# of untested testcases 145
# of unsupported tests 2780
/home/toolsbuild/workspace/avr8-gnu-regression-test-mega-trunk/build-linux_x86_64/avr-gcc-full/gcc/xgcc version 6.0.0 20160219 (experimental) (AVR_8_bit_GNU_Toolchain_4.0.0_19)
Compiler version: 6.0.0 20160219 (experimental) (AVR_8_bit_GNU_Toolchain_4.0.0_19) gcc
Platform: avr-unknown-none
configure flags: LDFLAGS=-L/home/toolsbuild/workspace/avr8-gnu-regression-test-mega-trunk/avr8-gnu-regression-test-mega-trunk-linux_x86_64-hostlibs/lib CPPFLAGS= --target=avr --host=x86_64-pc-linux-gnu --build=x86_64-pc-linux-gnu --prefix=/home/toolsbuild/workspace/avr8-gnu-regression-test-mega-trunk/avr8-gnu-regression-test-mega-trunk-linux_x86_64 --libdir=/home/toolsbuild/workspace/avr8-gnu-regression-test-mega-trunk/avr8-gnu-regression-test-mega-trunk-linux_x86_64/lib --enable-languages=c,c++ --with-dwarf2 --enable-doc --disable-shared --disable-libada --disable-libssp --disable-nls --with-avrlibc=yes --with-mpfr=/home/toolsbuild/workspace/avr8-gnu-regression-test-mega-trunk/avr8-gnu-regression-test-mega-trunk-linux_x86_64-hostlibs --with-gmp=/home/toolsbuild/workspace/avr8-gnu-regression-test-mega-trunk/avr8-gnu-regression-test-mega-trunk-linux_x86_64-hostlibs --with-mpc=/home/toolsbuild/workspace/avr8-gnu-regression-test-mega-trunk/avr8-gnu-regression-test-mega-trunk-linux_x86_64-hostlibs --with-pkgversion=AVR_8_bit_GNU_Toolchain_4.0.0_19 --with-bugurl=http://www.atmel.com
More information about the Gcc-testresults
mailing list