Results for 5.3.1 20160219 [gcc-5-branch revision 233542] (GCC) testsuite on i386-pc-solaris2.11
Rainer Orth
ro@CeBiTec.Uni-Bielefeld.DE
Sat Feb 20 08:42:00 GMT 2016
LAST_UPDATED: Fri Feb 19 12:00:04 UTC 2016 (revision 233542)
=== acats tests ===
=== acats Summary ===
# of expected passes 2320
# of unexpected failures 0
Native configuration is i386-pc-solaris2.11
=== g++ tests ===
Running target unix
FAIL: g++.dg/cilk-plus/CK/catch_exc.cc -O1 -fcilkplus execution test
FAIL: g++.dg/cilk-plus/CK/catch_exc.cc -O3 -fcilkplus execution test
FAIL: g++.dg/cilk-plus/CK/catch_exc.cc -g -O2 -fcilkplus execution test
FAIL: g++.dg/cilk-plus/CK/catch_exc.cc -g -fcilkplus execution test
UNRESOLVED: g++.dg/lto/pr65475b cp_lto_pr65475b_0.o-cp_lto_pr65475b_1.o execute -Wno-odr
FAIL: g++.dg/lto/pr65475b cp_lto_pr65475b_0.o-cp_lto_pr65475b_1.o link, -Wno-odr
=== g++ Summary for unix ===
# of expected passes 85315
# of unexpected failures 5
# of expected failures 291
# of unresolved testcases 1
# of unsupported tests 3403
Running target unix/-m64
UNRESOLVED: g++.dg/lto/pr65475b cp_lto_pr65475b_0.o-cp_lto_pr65475b_1.o execute -Wno-odr
FAIL: g++.dg/lto/pr65475b cp_lto_pr65475b_0.o-cp_lto_pr65475b_1.o link, -Wno-odr
=== g++ Summary for unix/-m64 ===
# of expected passes 86640
# of unexpected failures 1
# of expected failures 291
# of unresolved testcases 1
# of unsupported tests 3674
=== g++ Summary ===
# of expected passes 171955
# of unexpected failures 6
# of expected failures 582
# of unresolved testcases 2
# of unsupported tests 7077
/var/gcc/regression/gcc-5-branch/11-gcc-gas/build/gcc/testsuite/g++/../../xg++ version 5.3.1 20160219 [gcc-5-branch revision 233542] (GCC)
=== gcc tests ===
Running target unix
FAIL: gcc.dg/visibility-22.c execution test
FAIL: gcc.target/i386/chkp-hidden-def.c scan-assembler-not test.chkp
=== gcc Summary for unix ===
# of expected passes 109016
# of unexpected failures 2
# of expected failures 275
# of unsupported tests 1517
Running target unix/-m64
FAIL: gcc.dg/visibility-22.c execution test
FAIL: gcc.target/i386/chkp-hidden-def.c scan-assembler-not test.chkp
=== gcc Summary for unix/-m64 ===
# of expected passes 110023
# of unexpected failures 2
# of expected failures 274
# of unsupported tests 1700
=== gcc Summary ===
# of expected passes 219039
# of unexpected failures 4
# of expected failures 549
# of unsupported tests 3217
/var/gcc/regression/gcc-5-branch/11-gcc-gas/build/gcc/xgcc version 5.3.1 20160219 [gcc-5-branch revision 233542] (GCC)
=== gfortran tests ===
Running target unix
FAIL: gfortran.dg/coarray/event_1.f90 -fcoarray=lib -O2 -lcaf_single -latomic execution test
FAIL: gfortran.dg/coarray/event_2.f90 -fcoarray=lib -O2 -lcaf_single -latomic execution test
FAIL: gfortran.dg/derived_constructor_comps_6.f90 -O0 execution test
FAIL: gfortran.dg/derived_constructor_comps_6.f90 -O1 execution test
=== gfortran Summary for unix ===
# of expected passes 49019
# of unexpected failures 4
# of expected failures 79
# of unsupported tests 217
Running target unix/-m64
FAIL: gfortran.dg/coarray/event_1.f90 -fcoarray=lib -O2 -lcaf_single -latomic execution test
FAIL: gfortran.dg/coarray/event_2.f90 -fcoarray=lib -O2 -lcaf_single -latomic execution test
=== gfortran Summary for unix/-m64 ===
# of expected passes 49308
# of unexpected failures 2
# of expected failures 79
# of unsupported tests 79
=== gfortran Summary ===
# of expected passes 98327
# of unexpected failures 6
# of expected failures 158
# of unsupported tests 296
/var/gcc/regression/gcc-5-branch/11-gcc-gas/build/gcc/testsuite/gfortran/../../gfortran version 5.3.1 20160219 [gcc-5-branch revision 233542] (GCC)
=== gnat tests ===
Running target unix
=== gnat Summary for unix ===
# of expected passes 1333
# of expected failures 20
# of unsupported tests 7
Running target unix/-m64
=== gnat Summary for unix/-m64 ===
# of expected passes 1333
# of expected failures 20
# of unsupported tests 7
=== gnat Summary ===
# of expected passes 2666
# of expected failures 40
# of unsupported tests 14
/var/gcc/regression/gcc-5-branch/11-gcc-gas/build/gcc/gnatmake version 5.3.1 20160219 [gcc-5-branch revision 233542]
=== go tests ===
Running target unix
=== go Summary for unix ===
# of expected passes 7363
# of expected failures 1
# of untested testcases 10
# of unsupported tests 2
Running target unix/-m64
=== go Summary for unix/-m64 ===
# of expected passes 7244
# of expected failures 1
# of untested testcases 10
# of unsupported tests 1
=== go Summary ===
# of expected passes 14607
# of expected failures 2
# of untested testcases 20
# of unsupported tests 3
=== obj-c++ tests ===
Running target unix
=== obj-c++ Summary for unix ===
# of expected passes 1453
# of expected failures 2
# of unsupported tests 86
Running target unix/-m64
=== obj-c++ Summary for unix/-m64 ===
# of expected passes 1445
# of expected failures 10
# of unsupported tests 86
=== obj-c++ Summary ===
# of expected passes 2898
# of expected failures 12
# of unsupported tests 172
/var/gcc/regression/gcc-5-branch/11-gcc-gas/build/gcc/testsuite/obj-c++/../../xg++ version 5.3.1 20160219 [gcc-5-branch revision 233542] (GCC)
=== objc tests ===
Running target unix
=== objc Summary for unix ===
# of expected passes 3010
# of expected failures 6
# of unsupported tests 74
Running target unix/-m64
=== objc Summary for unix/-m64 ===
# of expected passes 3010
# of expected failures 6
# of unsupported tests 74
=== objc Summary ===
# of expected passes 6020
# of expected failures 12
# of unsupported tests 148
/var/gcc/regression/gcc-5-branch/11-gcc-gas/build/gcc/xgcc version 5.3.1 20160219 [gcc-5-branch revision 233542] (GCC)
=== boehm-gc tests ===
Running target unix
=== boehm-gc Summary for unix ===
# of expected passes 12
# of unsupported tests 1
Running target unix/-m64
=== boehm-gc Summary for unix/-m64 ===
# of expected passes 12
# of unsupported tests 1
=== boehm-gc Summary ===
# of expected passes 24
# of unsupported tests 2
=== libatomic tests ===
Running target unix
=== libatomic Summary for unix ===
# of expected passes 44
# of unsupported tests 5
Running target unix/-m64
=== libatomic Summary for unix/-m64 ===
# of expected passes 54
=== libatomic Summary ===
# of expected passes 98
# of unsupported tests 5
=== libffi tests ===
Running target unix
=== libffi Summary for unix ===
# of expected passes 2439
# of unsupported tests 30
Running target unix/-m64
=== libffi Summary for unix/-m64 ===
# of expected passes 1914
# of unsupported tests 30
=== libffi Summary ===
# of expected passes 4353
# of unsupported tests 60
=== libgo tests ===
Running target unix
=== libgo Summary for unix ===
# of expected passes 124
Running target unix/-m64
FAIL: runtime
=== libgo Summary for unix/-m64 ===
# of expected passes 123
# of unexpected failures 1
=== libgo Summary ===
# of expected passes 247
# of unexpected failures 1
/var/gcc/regression/gcc-5-branch/11-gcc-gas/build/./gcc/gccgo version 5.3.1 20160219 [gcc-5-branch revision 233542] (GCC)
=== libgomp tests ===
Running target unix
=== libgomp Summary for unix ===
# of expected passes 5905
# of unsupported tests 257
Running target unix/-m64
=== libgomp Summary for unix/-m64 ===
# of expected passes 5905
# of unsupported tests 257
=== libgomp Summary ===
# of expected passes 11810
# of unsupported tests 514
=== libitm tests ===
Running target unix
=== libitm Summary for unix ===
# of expected passes 26
# of expected failures 3
# of unsupported tests 1
Running target unix/-m64
=== libitm Summary for unix/-m64 ===
# of expected passes 26
# of expected failures 3
# of unsupported tests 1
=== libitm Summary ===
# of expected passes 52
# of expected failures 6
# of unsupported tests 2
=== libjava tests ===
Running target unix
=== libjava Summary for unix ===
# of expected passes 2582
# of expected failures 4
Running target unix/-m64
=== libjava Summary for unix/-m64 ===
# of expected passes 2582
# of expected failures 4
=== libjava Summary ===
# of expected passes 5164
# of expected failures 8
=== libstdc++ tests ===
Running target unix
=== libstdc++ Summary for unix ===
# of expected passes 9528
# of expected failures 66
# of unsupported tests 609
Running target unix/-m64
=== libstdc++ Summary for unix/-m64 ===
# of expected passes 9528
# of expected failures 66
# of unsupported tests 609
=== libstdc++ Summary ===
# of expected passes 19056
# of expected failures 132
# of unsupported tests 1218
Compiler version: 5.3.1 20160219 [gcc-5-branch revision 233542] (GCC)
Platform: i386-pc-solaris2.11
configure flags: --prefix=/vol/gcc --target=i386-pc-solaris2.11 --enable-objc-gc --enable-libmudflap --with-as=/vol/gcc/bin/gas-2.26 --with-gnu-as --with-gmp-include=/vol/gcc/include --with-gmp-lib=/vol/gcc/lib --with-mpfr-include=/vol/gcc/include --with-mpfr-lib=/vol/gcc/lib --with-mpc-include=/vol/gcc/include --with-mpc-lib=/vol/gcc/lib --enable-languages=all,ada,obj-c++,go --with-isl-include=/vol/gcc/include --with-isl-lib=/vol/gcc/lib
BOOT_CFLAGS=-g -O2
More information about the Gcc-testresults
mailing list