Results for 6.0.0 20160216 (experimental) [trunk revision 233471] (GCC) testsuite on i386-unknown-freebsd11.0
Andreas Tobler
andreast@fgznet.ch
Wed Feb 17 07:23:00 GMT 2016
LAST_UPDATED: Tue Feb 16 19:51:06 UTC 2016 (revision 233471)
Native configuration is i386-unknown-freebsd11.0
=== g++ tests ===
Running target unix
FAIL: g++.dg/asan/asan_test.C -O2 AddressSanitizer_ThreadedTest ThreadedTestSpawn() output pattern test
FAIL: g++.dg/asan/default-options-1.C -O2 -flto -fuse-linker-plugin -fno-fat-lto-objects output pattern test, is , should match WARNING: found 1 unrecognized flag\\(s\\):(
FAIL: g++.dg/asan/pr69276.C -O0 output pattern test, is =================================================================
FAIL: g++.dg/asan/pr69276.C -O1 output pattern test, is =================================================================
FAIL: g++.dg/asan/pr69276.C -O2 output pattern test, is =================================================================
FAIL: g++.dg/asan/pr69276.C -O3 -g output pattern test, is =================================================================
FAIL: g++.dg/asan/pr69276.C -Os output pattern test, is =================================================================
FAIL: g++.dg/asan/pr69276.C -O2 -flto -fno-use-linker-plugin -flto-partition=none output pattern test, is =================================================================
FAIL: g++.dg/asan/pr69276.C -O2 -flto -fuse-linker-plugin -fno-fat-lto-objects output pattern test, is =================================================================
FAIL: c-c++-common/Wconversion-real.c -std=gnu++98 (test for warnings, line 27)
FAIL: c-c++-common/Wconversion-real.c -std=gnu++98 (test for warnings, line 28)
FAIL: c-c++-common/Wconversion-real.c -std=gnu++11 (test for warnings, line 27)
FAIL: c-c++-common/Wconversion-real.c -std=gnu++11 (test for warnings, line 28)
FAIL: c-c++-common/Wconversion-real.c -std=gnu++14 (test for warnings, line 27)
FAIL: c-c++-common/Wconversion-real.c -std=gnu++14 (test for warnings, line 28)
FAIL: c-c++-common/Wfloat-conversion.c -std=gnu++98 (test for warnings, line 36)
FAIL: c-c++-common/Wfloat-conversion.c -std=gnu++98 (test for warnings, line 37)
FAIL: c-c++-common/Wfloat-conversion.c -std=gnu++11 (test for warnings, line 36)
FAIL: c-c++-common/Wfloat-conversion.c -std=gnu++11 (test for warnings, line 37)
FAIL: c-c++-common/Wfloat-conversion.c -std=gnu++14 (test for warnings, line 36)
FAIL: c-c++-common/Wfloat-conversion.c -std=gnu++14 (test for warnings, line 37)
FAIL: c-c++-common/vector-compare-4.c -std=gnu++98 (test for excess errors)
FAIL: c-c++-common/vector-compare-4.c -std=gnu++11 (test for excess errors)
FAIL: c-c++-common/vector-compare-4.c -std=gnu++14 (test for excess errors)
FAIL: g++.dg/pch/system-1.C -g -I. -Dwith_PCH (internal compiler error)
FAIL: g++.dg/pch/system-1.C -g -I. -Dwith_PCH (test for excess errors)
FAIL: g++.dg/pch/system-1.C -g assembly comparison
FAIL: g++.dg/pch/system-1.C -O2 -g -I. -Dwith_PCH (internal compiler error)
FAIL: g++.dg/pch/system-1.C -O2 -g -I. -Dwith_PCH (test for excess errors)
FAIL: g++.dg/pch/system-1.C -O2 -g assembly comparison
FAIL: g++.dg/pch/system-1.C -O2 -I. -Dwith_PCH (internal compiler error)
FAIL: g++.dg/pch/system-1.C -O2 -I. -Dwith_PCH (test for excess errors)
FAIL: g++.dg/pch/system-1.C -O2 assembly comparison
FAIL: g++.dg/pch/system-2.C -g -I. -Dwith_PCH (internal compiler error)
FAIL: g++.dg/pch/system-2.C -g -I. -Dwith_PCH (test for excess errors)
FAIL: g++.dg/pch/system-2.C -g assembly comparison
FAIL: g++.dg/pch/system-2.C -O2 -g -I. -Dwith_PCH (internal compiler error)
FAIL: g++.dg/pch/system-2.C -O2 -g -I. -Dwith_PCH (test for excess errors)
FAIL: g++.dg/pch/system-2.C -O2 -g assembly comparison
FAIL: g++.dg/pch/system-2.C -O2 -I. -Dwith_PCH (internal compiler error)
FAIL: g++.dg/pch/system-2.C -O2 -I. -Dwith_PCH (test for excess errors)
FAIL: g++.dg/pch/system-2.C -O2 assembly comparison
FAIL: c-c++-common/ubsan/float-cast-overflow-7.c -O2 execution test
FAIL: c-c++-common/ubsan/float-cast-overflow-7.c -O2 -flto -fno-use-linker-plugin -flto-partition=none execution test
FAIL: c-c++-common/ubsan/float-cast-overflow-7.c -O2 -flto -fuse-linker-plugin -fno-fat-lto-objects execution test
FAIL: g++.old-deja/g++.other/init18.C -std=c++98 execution test
FAIL: g++.old-deja/g++.other/init18.C -std=c++11 execution test
FAIL: g++.old-deja/g++.other/init18.C -std=c++14 execution test
FAIL: g++.old-deja/g++.other/init19.C -std=c++98 execution test
FAIL: g++.old-deja/g++.other/init19.C -std=c++11 execution test
FAIL: g++.old-deja/g++.other/init19.C -std=c++14 execution test
=== g++ Summary ===
# of expected passes 99591
# of unexpected failures 51
# of expected failures 272
# of unsupported tests 3681
/export/devel/build/gcc/head/objdir/gcc/testsuite/g++/../../xg++ version 6.0.0 20160216 (experimental) [trunk revision 233471] (GCC)
=== gcc tests ===
Running target unix
FAIL: gcc.c-torture/execute/20030125-1.c -O1 execution test
FAIL: gcc.c-torture/execute/20030125-1.c -Os execution test
FAIL: gcc.c-torture/execute/conversion.c -O0 execution test
FAIL: gcc.c-torture/execute/ieee/copysign2.c execution, -O0
FAIL: gcc.c-torture/execute/ieee/copysign2.c execution, -O1
FAIL: gcc.c-torture/execute/ieee/copysign2.c execution, -O2
FAIL: gcc.c-torture/execute/ieee/copysign2.c execution, -O3 -fomit-frame-pointer -funroll-loops -fpeel-loops -ftracer -finline-functions
FAIL: gcc.c-torture/execute/ieee/copysign2.c execution, -O3 -g
FAIL: gcc.c-torture/execute/ieee/copysign2.c execution, -Os
FAIL: gcc.c-torture/execute/ieee/copysign2.c execution, -Og -g
FAIL: gcc.c-torture/execute/ieee/copysign2.c execution, -O2 -flto -fno-use-linker-plugin -flto-partition=none
FAIL: gcc.c-torture/execute/ieee/copysign2.c execution, -O2 -flto -fuse-linker-plugin -fno-fat-lto-objects
XPASS: gcc.c-torture/execute/ieee/mzero2.c execution, -O0
XPASS: gcc.c-torture/execute/ieee/mzero2.c execution, -O1
XPASS: gcc.c-torture/execute/ieee/mzero2.c execution, -O2
XPASS: gcc.c-torture/execute/ieee/mzero2.c execution, -O3 -g
XPASS: gcc.c-torture/execute/ieee/mzero2.c execution, -Os
XPASS: gcc.c-torture/execute/ieee/mzero2.c execution, -Og -g
XPASS: gcc.c-torture/execute/ieee/mzero2.c execution, -O2 -flto -fno-use-linker-plugin -flto-partition=none
XPASS: gcc.c-torture/execute/ieee/mzero2.c execution, -O2 -flto -fuse-linker-plugin -fno-fat-lto-objects
FAIL: gcc.dg/cpp/trad/include.c (test for excess errors)
FAIL: c-c++-common/Wconversion-real.c -Wc++-compat (test for warnings, line 27)
FAIL: c-c++-common/Wconversion-real.c -Wc++-compat (test for warnings, line 28)
FAIL: c-c++-common/Wfloat-conversion.c -Wc++-compat (test for warnings, line 36)
FAIL: c-c++-common/Wfloat-conversion.c -Wc++-compat (test for warnings, line 37)
FAIL: c-c++-common/vector-compare-4.c -Wc++-compat (test for excess errors)
FAIL: gcc.dg/builtins-58.c scan-assembler-not pow\\\\M
FAIL: gcc.dg/builtins-59.c scan-tree-dump gimple "__builtin_cexpi"
FAIL: gcc.dg/builtins-59.c scan-tree-dump-not gimple "sincos"
FAIL: gcc.dg/builtins-61.c scan-tree-dump optimized "cexpi"
FAIL: gcc.dg/builtins-61.c scan-tree-dump optimized "sin"
FAIL: gcc.dg/builtins-61.c scan-tree-dump optimized "cos"
FAIL: gcc.dg/builtins-61.c scan-tree-dump optimized "return 0.0"
FAIL: gcc.dg/builtins-62.c scan-tree-dump-times optimized "cexpi" 3
FAIL: gcc.dg/builtins-65.c (test for excess errors)
FAIL: gcc.dg/c99-stdint-7.c (test for excess errors)
FAIL: gcc.dg/c99-tgmath-4.c (test for excess errors)
UNRESOLVED: gcc.dg/c99-tgmath-4.c scan-assembler cpowf
FAIL: gcc.dg/ifcvt-4.c scan-rtl-dump ce1 "2 true changes made"
FAIL: gcc.dg/utf-array-short-wchar.c (test for errors, line 39)
FAIL: gcc.dg/utf-array-short-wchar.c (test for errors, line 41)
FAIL: gcc.dg/utf-array-short-wchar.c (test for excess errors)
FAIL: gcc.dg/graphite/id-pr45230-1.c (internal compiler error)
FAIL: gcc.dg/graphite/id-pr45230-1.c (test for excess errors)
FAIL: gcc.dg/pch/largefile.c -O0 -g assembly comparison
FAIL: gcc.dg/pch/largefile.c -O0 assembly comparison
FAIL: gcc.dg/pch/largefile.c -O1 assembly comparison
FAIL: gcc.dg/pch/largefile.c -O2 assembly comparison
FAIL: gcc.dg/pch/largefile.c -O3 -g assembly comparison
FAIL: gcc.dg/pch/largefile.c -Os assembly comparison
FAIL: gcc.dg/torture/builtin-convert-1.c -O1 (test for excess errors)
FAIL: gcc.dg/torture/builtin-convert-1.c -O2 (test for excess errors)
FAIL: gcc.dg/torture/builtin-convert-1.c -O3 -g (test for excess errors)
FAIL: gcc.dg/torture/builtin-convert-1.c -Os (test for excess errors)
FAIL: gcc.dg/torture/builtin-convert-1.c -O2 -flto -fno-use-linker-plugin -flto-partition=none (test for excess errors)
FAIL: gcc.dg/torture/builtin-convert-2.c -O1 (test for excess errors)
FAIL: gcc.dg/torture/builtin-convert-2.c -O2 (test for excess errors)
FAIL: gcc.dg/torture/builtin-convert-2.c -O3 -g (test for excess errors)
FAIL: gcc.dg/torture/builtin-convert-2.c -Os (test for excess errors)
FAIL: gcc.dg/torture/builtin-convert-2.c -O2 -flto -fno-use-linker-plugin -flto-partition=none (test for excess errors)
FAIL: gcc.dg/torture/builtin-integral-1.c -O1 (test for excess errors)
FAIL: gcc.dg/torture/builtin-integral-1.c -O2 (test for excess errors)
FAIL: gcc.dg/torture/builtin-integral-1.c -O3 -g (test for excess errors)
FAIL: gcc.dg/torture/builtin-integral-1.c -Os (test for excess errors)
FAIL: gcc.dg/torture/builtin-integral-1.c -O2 -flto -fno-use-linker-plugin -flto-partition=none (test for excess errors)
FAIL: gcc.dg/torture/fp-int-convert-float80.c -O0 execution test
FAIL: gcc.dg/torture/fp-int-convert-float80.c -O1 execution test
FAIL: gcc.dg/torture/fp-int-convert-float80.c -O2 execution test
FAIL: gcc.dg/torture/fp-int-convert-float80.c -O3 -g execution test
FAIL: gcc.dg/torture/fp-int-convert-float80.c -Os execution test
FAIL: gcc.dg/torture/fp-int-convert-float80.c -O2 -flto -fno-use-linker-plugin -flto-partition=none execution test
FAIL: gcc.dg/torture/fp-int-convert-float80.c -O2 -flto -fuse-linker-plugin -fno-fat-lto-objects execution test
FAIL: gcc.dg/torture/fp-int-convert-long-double.c -O0 execution test
FAIL: gcc.dg/torture/fp-int-convert-long-double.c -O1 execution test
FAIL: gcc.dg/torture/fp-int-convert-long-double.c -O2 execution test
FAIL: gcc.dg/torture/fp-int-convert-long-double.c -O3 -g execution test
FAIL: gcc.dg/torture/fp-int-convert-long-double.c -Os execution test
FAIL: gcc.dg/torture/fp-int-convert-long-double.c -O2 -flto -fno-use-linker-plugin -flto-partition=none execution test
FAIL: gcc.dg/torture/fp-int-convert-long-double.c -O2 -flto -fuse-linker-plugin -fno-fat-lto-objects execution test
FAIL: gcc.dg/torture/pr68264.c -O0 execution test
FAIL: gcc.dg/torture/pr68264.c -O1 execution test
FAIL: gcc.dg/torture/pr68264.c -O2 execution test
FAIL: gcc.dg/torture/pr68264.c -O3 -g execution test
FAIL: gcc.dg/torture/pr68264.c -Os execution test
FAIL: gcc.dg/torture/pr68264.c -O2 -flto -fno-use-linker-plugin -flto-partition=none execution test
FAIL: gcc.dg/torture/pr68264.c -O2 -flto -fuse-linker-plugin -fno-fat-lto-objects execution test
FAIL: c-c++-common/ubsan/float-cast-overflow-7.c -O2 execution test
FAIL: c-c++-common/ubsan/float-cast-overflow-7.c -O2 -flto -fno-use-linker-plugin -flto-partition=none execution test
FAIL: c-c++-common/ubsan/float-cast-overflow-7.c -O2 -flto -fuse-linker-plugin -fno-fat-lto-objects execution test
FAIL: gcc.dg/vect/pr62171.c -flto -ffat-lto-objects scan-tree-dump-times vect "vectorized 1 loops" 1
FAIL: gcc.dg/vect/pr62171.c scan-tree-dump-times vect "vectorized 1 loops" 1
FAIL: gcc.target/i386/avx512f-ceil-sfix-vec-2.c scan-assembler-times vrndscalepd[^\\n]*zmm[0-9](?:\\n|[ \\\\t]+#) 2
FAIL: gcc.target/i386/avx512f-ceil-sfix-vec-2.c scan-assembler-times vcvttpd2dq[^\\n]*zmm[0-9].{7}(?:\\n|[ \\\\t]+#) 2
FAIL: gcc.target/i386/avx512f-floor-sfix-vec-2.c scan-assembler-times vrndscalepd[^\\n]*zmm[0-9](?:\\n|[ \\\\t]+#) 2
FAIL: gcc.target/i386/avx512f-floor-sfix-vec-2.c scan-assembler-times vcvttpd2dq[^\\n]*zmm[0-9].{7}(?:\\n|[ \\\\t]+#) 2
FAIL: gcc.target/i386/avx512vl-vpmovdb-1.c scan-assembler-times vpmovdb[ \\\\t]+[^{\\n]*%xmm[0-9]+[^\\n]*%xmm[0-9]+{%k[1-7]}(?:\\n|[ \\\\t]+#) 1
FAIL: gcc.target/i386/avx512vl-vpmovdb-1.c scan-assembler-times vpmovdb[ \\\\t]+[^{\\n]*%xmm[0-9]+[^\\n]*%xmm[0-9]+{%k[1-7]}{z}(?:\\n|[ \\\\t]+#) 1
FAIL: gcc.target/i386/avx512vl-vpmovdb-1.c scan-assembler-times vpmovdb[ \\\\t]+[^{\\n]*%ymm[0-9]+[^\\n]*%xmm[0-9]+{%k[1-7]}(?:\\n|[ \\\\t]+#) 1
FAIL: gcc.target/i386/avx512vl-vpmovdb-1.c scan-assembler-times vpmovdb[ \\\\t]+[^{\\n]*%ymm[0-9]+[^\\n]*%xmm[0-9]+{%k[1-7]}{z}(?:\\n|[ \\\\t]+#) 1
FAIL: gcc.target/i386/avx512vl-vpmovqb-1.c scan-assembler-times vpmovqb[ \\\\t]+[^{\\n]*%xmm[0-9]+[^\\n]*%xmm[0-9]+{%k[1-7]}(?:\\n|[ \\\\t]+#) 1
FAIL: gcc.target/i386/avx512vl-vpmovqb-1.c scan-assembler-times vpmovqb[ \\\\t]+[^{\\n]*%xmm[0-9]+[^\\n]*%xmm[0-9]+{%k[1-7]}{z}(?:\\n|[ \\\\t]+#) 1
FAIL: gcc.target/i386/avx512vl-vpmovqb-1.c scan-assembler-times vpmovqb[ \\\\t]+[^{\\n]*%ymm[0-9]+[^\\n]*%xmm[0-9]+{%k[1-7]}(?:\\n|[ \\\\t]+#) 1
FAIL: gcc.target/i386/avx512vl-vpmovqb-1.c scan-assembler-times vpmovqb[ \\\\t]+[^{\\n]*%ymm[0-9]+[^\\n]*%xmm[0-9]+{%k[1-7]}{z}(?:\\n|[ \\\\t]+#) 1
FAIL: gcc.target/i386/avx512vl-vpmovqw-1.c scan-assembler-times vpmovqw[ \\\\t]+[^{\\n]*%xmm[0-9]+[^\\n]*%xmm[0-9]+{%k[1-7]}(?:\\n|[ \\\\t]+#) 1
FAIL: gcc.target/i386/avx512vl-vpmovqw-1.c scan-assembler-times vpmovqw[ \\\\t]+[^{\\n]*%xmm[0-9]+[^\\n]*%xmm[0-9]+{%k[1-7]}{z}(?:\\n|[ \\\\t]+#) 1
FAIL: gcc.target/i386/avx512vl-vpmovqw-1.c scan-assembler-times vpmovqw[ \\\\t]+[^{\\n]*%ymm[0-9]+[^\\n]*%xmm[0-9]+{%k[1-7]}(?:\\n|[ \\\\t]+#) 1
FAIL: gcc.target/i386/avx512vl-vpmovqw-1.c scan-assembler-times vpmovqw[ \\\\t]+[^{\\n]*%ymm[0-9]+[^\\n]*%xmm[0-9]+{%k[1-7]}{z}(?:\\n|[ \\\\t]+#) 1
FAIL: gcc.target/i386/avx512vl-vpmovsdb-1.c scan-assembler-times vpmovsdb[ \\\\t]+[^{\\n]*%xmm[0-9]+[^\\n]*%xmm[0-9]+{%k[1-7]}(?:\\n|[ \\\\t]+#) 1
FAIL: gcc.target/i386/avx512vl-vpmovsdb-1.c scan-assembler-times vpmovsdb[ \\\\t]+[^{\\n]*%xmm[0-9]+[^\\n]*%xmm[0-9]+{%k[1-7]}{z}(?:\\n|[ \\\\t]+#) 1
FAIL: gcc.target/i386/avx512vl-vpmovsdb-1.c scan-assembler-times vpmovsdb[ \\\\t]+[^{\\n]*%ymm[0-9]+[^\\n]*%xmm[0-9]+{%k[1-7]}(?:\\n|[ \\\\t]+#) 1
FAIL: gcc.target/i386/avx512vl-vpmovsdb-1.c scan-assembler-times vpmovsdb[ \\\\t]+[^{\\n]*%ymm[0-9]+[^\\n]*%xmm[0-9]+{%k[1-7]}{z}(?:\\n|[ \\\\t]+#) 1
FAIL: gcc.target/i386/avx512vl-vpmovsqb-1.c scan-assembler-times vpmovsqb[ \\\\t]+[^{\\n]*%xmm[0-9]+[^\\n]*%xmm[0-9]+{%k[1-7]}(?:\\n|[ \\\\t]+#) 1
FAIL: gcc.target/i386/avx512vl-vpmovsqb-1.c scan-assembler-times vpmovsqb[ \\\\t]+[^{\\n]*%xmm[0-9]+[^\\n]*%xmm[0-9]+{%k[1-7]}{z}(?:\\n|[ \\\\t]+#) 1
FAIL: gcc.target/i386/avx512vl-vpmovsqb-1.c scan-assembler-times vpmovsqb[ \\\\t]+[^{\\n]*%ymm[0-9]+[^\\n]*%xmm[0-9]+{%k[1-7]}(?:\\n|[ \\\\t]+#) 1
FAIL: gcc.target/i386/avx512vl-vpmovsqb-1.c scan-assembler-times vpmovsqb[ \\\\t]+[^{\\n]*%ymm[0-9]+[^\\n]*%xmm[0-9]+{%k[1-7]}{z}(?:\\n|[ \\\\t]+#) 1
FAIL: gcc.target/i386/avx512vl-vpmovsqw-1.c scan-assembler-times vpmovsqw[ \\\\t]+[^{\\n]*%xmm[0-9]+[^\\n]*%xmm[0-9]+{%k[1-7]}(?:\\n|[ \\\\t]+#) 1
FAIL: gcc.target/i386/avx512vl-vpmovsqw-1.c scan-assembler-times vpmovsqw[ \\\\t]+[^{\\n]*%xmm[0-9]+[^\\n]*%xmm[0-9]+{%k[1-7]}{z}(?:\\n|[ \\\\t]+#) 1
FAIL: gcc.target/i386/avx512vl-vpmovsqw-1.c scan-assembler-times vpmovsqw[ \\\\t]+[^{\\n]*%ymm[0-9]+[^\\n]*%xmm[0-9]+{%k[1-7]}(?:\\n|[ \\\\t]+#) 1
FAIL: gcc.target/i386/avx512vl-vpmovsqw-1.c scan-assembler-times vpmovsqw[ \\\\t]+[^{\\n]*%ymm[0-9]+[^\\n]*%xmm[0-9]+{%k[1-7]}{z}(?:\\n|[ \\\\t]+#) 1
FAIL: gcc.target/i386/avx512vl-vpmovusdb-1.c scan-assembler-times vpmovusdb[ \\\\t]+[^{\\n]*%xmm[0-9]+[^\\n]*%xmm[0-9]+{%k[1-7]}(?:\\n|[ \\\\t]+#) 1
FAIL: gcc.target/i386/avx512vl-vpmovusdb-1.c scan-assembler-times vpmovusdb[ \\\\t]+[^{\\n]*%xmm[0-9]+[^\\n]*%xmm[0-9]+{%k[1-7]}{z}(?:\\n|[ \\\\t]+#) 1
FAIL: gcc.target/i386/avx512vl-vpmovusdb-1.c scan-assembler-times vpmovusdb[ \\\\t]+[^{\\n]*%ymm[0-9]+[^\\n]*%xmm[0-9]+{%k[1-7]}(?:\\n|[ \\\\t]+#) 1
FAIL: gcc.target/i386/avx512vl-vpmovusdb-1.c scan-assembler-times vpmovusdb[ \\\\t]+[^{\\n]*%ymm[0-9]+[^\\n]*%xmm[0-9]+{%k[1-7]}{z}(?:\\n|[ \\\\t]+#) 1
FAIL: gcc.target/i386/avx512vl-vpmovusqb-1.c scan-assembler-times vpmovusqb[ \\\\t]+[^{\\n]*%xmm[0-9]+[^\\n]*%xmm[0-9]+{%k[1-7]}(?:\\n|[ \\\\t]+#) 1
FAIL: gcc.target/i386/avx512vl-vpmovusqb-1.c scan-assembler-times vpmovusqb[ \\\\t]+[^{\\n]*%xmm[0-9]+[^\\n]*%xmm[0-9]+{%k[1-7]}{z}(?:\\n|[ \\\\t]+#) 1
FAIL: gcc.target/i386/avx512vl-vpmovusqb-1.c scan-assembler-times vpmovusqb[ \\\\t]+[^{\\n]*%ymm[0-9]+[^\\n]*%xmm[0-9]+{%k[1-7]}(?:\\n|[ \\\\t]+#) 1
FAIL: gcc.target/i386/avx512vl-vpmovusqb-1.c scan-assembler-times vpmovusqb[ \\\\t]+[^{\\n]*%ymm[0-9]+[^\\n]*%xmm[0-9]+{%k[1-7]}{z}(?:\\n|[ \\\\t]+#) 1
FAIL: gcc.target/i386/avx512vl-vpmovusqw-1.c scan-assembler-times vpmovusqw[ \\\\t]+[^{\\n]*%xmm[0-9]+[^\\n]*%xmm[0-9]+{%k[1-7]}(?:\\n|[ \\\\t]+#) 1
FAIL: gcc.target/i386/avx512vl-vpmovusqw-1.c scan-assembler-times vpmovusqw[ \\\\t]+[^{\\n]*%xmm[0-9]+[^\\n]*%xmm[0-9]+{%k[1-7]}{z}(?:\\n|[ \\\\t]+#) 1
FAIL: gcc.target/i386/avx512vl-vpmovusqw-1.c scan-assembler-times vpmovusqw[ \\\\t]+[^{\\n]*%ymm[0-9]+[^\\n]*%xmm[0-9]+{%k[1-7]}(?:\\n|[ \\\\t]+#) 1
FAIL: gcc.target/i386/avx512vl-vpmovusqw-1.c scan-assembler-times vpmovusqw[ \\\\t]+[^{\\n]*%ymm[0-9]+[^\\n]*%xmm[0-9]+{%k[1-7]}{z}(?:\\n|[ \\\\t]+#) 1
FAIL: gcc.target/i386/excess-precision-1.c execution test
FAIL: gcc.target/i386/excess-precision-3.c execution test
FAIL: gcc.target/i386/mcount_pic.c (test for excess errors)
UNRESOLVED: gcc.target/i386/mcount_pic.c compilation failed to produce executable
FAIL: gcc.target/i386/pr36578-1.c execution test
FAIL: gcc.target/i386/pr36578-2.c execution test
FAIL: gcc.target/i386/pr65105-2.c scan-assembler por
=== gcc Summary ===
# of expected passes 108800
# of unexpected failures 128
# of unexpected successes 8
# of expected failures 310
# of unresolved testcases 2
# of unsupported tests 1894
/export/devel/build/gcc/head/objdir/gcc/xgcc version 6.0.0 20160216 (experimental) [trunk revision 233471] (GCC)
=== gfortran tests ===
Running target unix
XPASS: gfortran.dg/large_real_kind_2.F90 -O0 (test for excess errors)
XPASS: gfortran.dg/large_real_kind_2.F90 -O1 (test for excess errors)
XPASS: gfortran.dg/large_real_kind_2.F90 -O2 (test for excess errors)
XPASS: gfortran.dg/large_real_kind_2.F90 -O3 -fomit-frame-pointer -funroll-loops -fpeel-loops -ftracer -finline-functions (test for excess errors)
XPASS: gfortran.dg/large_real_kind_2.F90 -O3 -g (test for excess errors)
XPASS: gfortran.dg/large_real_kind_2.F90 -Os (test for excess errors)
FAIL: gfortran.dg/read_bang4.f90 -O0 execution test
FAIL: gfortran.dg/read_bang4.f90 -O1 execution test
FAIL: gfortran.dg/read_bang4.f90 -O2 execution test
FAIL: gfortran.dg/read_bang4.f90 -O3 -fomit-frame-pointer -funroll-loops -fpeel-loops -ftracer -finline-functions execution test
FAIL: gfortran.dg/read_bang4.f90 -O3 -g execution test
FAIL: gfortran.dg/read_bang4.f90 -Os execution test
XPASS: gfortran.dg/ieee/ieee_4.f90 -O0 execution test
XPASS: gfortran.dg/ieee/ieee_4.f90 -O1 execution test
XPASS: gfortran.dg/ieee/ieee_4.f90 -O2 execution test
XPASS: gfortran.dg/ieee/ieee_4.f90 -O3 -fomit-frame-pointer -funroll-loops -fpeel-loops -ftracer -finline-functions execution test
XPASS: gfortran.dg/ieee/ieee_4.f90 -O3 -g execution test
XPASS: gfortran.dg/ieee/ieee_4.f90 -Os execution test
FAIL: gfortran.dg/ieee/large_4.f90 -O0 execution test
FAIL: gfortran.dg/ieee/large_4.f90 -O1 execution test
FAIL: gfortran.dg/ieee/large_4.f90 -O2 execution test
FAIL: gfortran.dg/ieee/large_4.f90 -O3 -fomit-frame-pointer -funroll-loops -fpeel-loops -ftracer -finline-functions execution test
FAIL: gfortran.dg/ieee/large_4.f90 -O3 -g execution test
FAIL: gfortran.dg/ieee/large_4.f90 -Os execution test
=== gfortran Summary ===
# of expected passes 41609
# of unexpected failures 12
# of unexpected successes 12
# of expected failures 83
# of unsupported tests 181
/export/devel/build/gcc/head/objdir/gcc/testsuite/gfortran/../../gfortran version 6.0.0 20160216 (experimental) [trunk revision 233471] (GCC)
=== objc tests ===
Running target unix
=== objc Summary ===
# of expected passes 2782
# of expected failures 6
# of unsupported tests 68
/export/devel/build/gcc/head/objdir/gcc/xgcc version 6.0.0 20160216 (experimental) [trunk revision 233471] (GCC)
=== boehm-gc tests ===
Running target unix
=== boehm-gc Summary ===
# of expected passes 12
# of unsupported tests 1
=== libatomic tests ===
Running target unix
=== libatomic Summary ===
# of expected passes 44
# of unsupported tests 5
=== libffi tests ===
Running target unix
=== libffi Summary ===
# of expected passes 2439
# of unsupported tests 30
=== libgomp tests ===
Running target unix
FAIL: libgomp.c++/member-5.C execution test
FAIL: libgomp.oacc-c/../libgomp.oacc-c-c++-common/loop-dim-default.c -DACC_DEVICE_TYPE_host=1 -DACC_MEM_SHARED=1 (test for excess errors)
UNRESOLVED: libgomp.oacc-c/../libgomp.oacc-c-c++-common/loop-dim-default.c -DACC_DEVICE_TYPE_host=1 -DACC_MEM_SHARED=1 compilation failed to produce executable
FAIL: libgomp.oacc-c++/../libgomp.oacc-c-c++-common/loop-dim-default.c -DACC_DEVICE_TYPE_host=1 -DACC_MEM_SHARED=1 (test for excess errors)
UNRESOLVED: libgomp.oacc-c++/../libgomp.oacc-c-c++-common/loop-dim-default.c -DACC_DEVICE_TYPE_host=1 -DACC_MEM_SHARED=1 compilation failed to produce executable
=== libgomp Summary ===
# of expected passes 4797
# of unexpected failures 3
# of unresolved testcases 2
# of unsupported tests 262
=== libitm tests ===
Running target unix
=== libitm Summary ===
# of expected passes 42
# of expected failures 3
# of unsupported tests 1
=== libjava tests ===
Running target unix
=== libjava Summary ===
# of expected passes 2582
# of expected failures 4
=== libstdc++ tests ===
Running target unix
FAIL: 17_intro/headers/c++1998/all.cc (test for excess errors)
FAIL: 17_intro/headers/c++1998/all_c++200x_compatibility.cc (test for excess errors)
FAIL: 17_intro/headers/c++1998/stdc++.cc (test for excess errors)
FAIL: 17_intro/headers/c++1998/stdc++_multiple_inclusion.cc (test for excess errors)
FAIL: 17_intro/headers/c++2011/stdc++.cc (test for excess errors)
FAIL: 17_intro/headers/c++2011/stdc++_multiple_inclusion.cc (test for excess errors)
FAIL: 22_locale/codecvt/in/wchar_t/3.cc execution test
FAIL: 22_locale/codecvt/max_length/wchar_t/4.cc execution test
FAIL: 22_locale/codecvt/out/wchar_t/3.cc execution test
FAIL: 22_locale/codecvt/out/wchar_t/7.cc execution test
FAIL: 22_locale/collate/transform/char/2.cc execution test
FAIL: 22_locale/collate/transform/char/3.cc execution test
FAIL: 22_locale/collate/transform/char/wrapped_env.cc execution test
FAIL: 22_locale/collate/transform/char/wrapped_locale.cc execution test
FAIL: 22_locale/collate/transform/wchar_t/2.cc execution test
FAIL: 22_locale/collate/transform/wchar_t/3.cc execution test
FAIL: 22_locale/collate/transform/wchar_t/wrapped_env.cc execution test
FAIL: 22_locale/collate/transform/wchar_t/wrapped_locale.cc execution test
FAIL: 22_locale/collate_byname/named_equivalence.cc execution test
FAIL: 22_locale/ctype/is/char/wrapped_env.cc execution test
FAIL: 22_locale/ctype/is/char/wrapped_locale.cc execution test
FAIL: 22_locale/ctype/is/wchar_t/wrapped_env.cc execution test
FAIL: 22_locale/ctype/is/wchar_t/wrapped_locale.cc execution test
FAIL: 22_locale/locale/cons/12658_thread-1.cc execution test
FAIL: 22_locale/locale/cons/12658_thread-2.cc execution test
FAIL: 22_locale/locale/cons/29217.cc execution test
FAIL: 22_locale/locale/cons/38368.cc execution test
FAIL: 22_locale/locale/cons/40184.cc execution test
FAIL: 22_locale/locale/global_locale_objects/14071.cc execution test
FAIL: 22_locale/messages/13631.cc execution test
FAIL: 22_locale/messages/members/char/1.cc execution test
FAIL: 22_locale/messages/members/char/2.cc execution test
FAIL: 22_locale/messages/members/char/wrapped_env.cc execution test
FAIL: 22_locale/messages/members/char/wrapped_locale.cc execution test
FAIL: 22_locale/messages_byname/named_equivalence.cc execution test
FAIL: 22_locale/money_get/get/char/16.cc execution test
FAIL: 22_locale/money_get/get/char/18.cc execution test
FAIL: 22_locale/money_get/get/char/2.cc execution test
FAIL: 22_locale/money_get/get/char/4.cc execution test
FAIL: 22_locale/money_get/get/char/wrapped_env.cc execution test
FAIL: 22_locale/money_get/get/char/wrapped_locale.cc execution test
FAIL: 22_locale/money_get/get/wchar_t/1.cc execution test
FAIL: 22_locale/money_get/get/wchar_t/16.cc execution test
FAIL: 22_locale/money_get/get/wchar_t/18.cc execution test
FAIL: 22_locale/money_get/get/wchar_t/2.cc execution test
FAIL: 22_locale/money_get/get/wchar_t/4.cc execution test
FAIL: 22_locale/money_get/get/wchar_t/wrapped_env.cc execution test
FAIL: 22_locale/money_get/get/wchar_t/wrapped_locale.cc execution test
FAIL: 22_locale/money_put/put/char/2.cc execution test
FAIL: 22_locale/money_put/put/char/9780-3.cc execution test
FAIL: 22_locale/money_put/put/char/wrapped_env.cc execution test
FAIL: 22_locale/money_put/put/char/wrapped_locale.cc execution test
FAIL: 22_locale/money_put/put/wchar_t/1.cc execution test
FAIL: 22_locale/money_put/put/wchar_t/2.cc execution test
FAIL: 22_locale/money_put/put/wchar_t/3.cc execution test
FAIL: 22_locale/money_put/put/wchar_t/wrapped_env.cc execution test
FAIL: 22_locale/money_put/put/wchar_t/wrapped_locale.cc execution test
FAIL: 22_locale/numpunct/members/char/3.cc execution test
FAIL: 22_locale/time_get/get_date/char/12750.cc execution test
FAIL: 22_locale/time_get/get_date/char/2.cc execution test
FAIL: 22_locale/time_get/get_date/char/wrapped_env.cc execution test
FAIL: 22_locale/time_get/get_date/char/wrapped_locale.cc execution test
FAIL: 22_locale/time_get/get_date/wchar_t/12750.cc execution test
FAIL: 22_locale/time_get/get_date/wchar_t/2.cc execution test
FAIL: 22_locale/time_get/get_date/wchar_t/4.cc execution test
FAIL: 22_locale/time_get/get_date/wchar_t/wrapped_env.cc execution test
FAIL: 22_locale/time_get/get_date/wchar_t/wrapped_locale.cc execution test
FAIL: 22_locale/time_get/get_time/char/2.cc execution test
FAIL: 22_locale/time_get/get_time/char/wrapped_env.cc execution test
FAIL: 22_locale/time_get/get_time/char/wrapped_locale.cc execution test
FAIL: 22_locale/time_get/get_time/wchar_t/2.cc execution test
FAIL: 22_locale/time_get/get_time/wchar_t/wrapped_env.cc execution test
FAIL: 22_locale/time_get/get_time/wchar_t/wrapped_locale.cc execution test
FAIL: 22_locale/time_get/get_weekday/char/38081-1.cc execution test
FAIL: 22_locale/time_get/get_weekday/char/38081-2.cc execution test
FAIL: 22_locale/time_put/put/char/2.cc execution test
FAIL: 22_locale/time_put/put/char/3.cc execution test
FAIL: 22_locale/time_put/put/char/4.cc execution test
FAIL: 22_locale/time_put/put/char/wrapped_env.cc execution test
FAIL: 22_locale/time_put/put/char/wrapped_locale.cc execution test
FAIL: 22_locale/time_put/put/wchar_t/2.cc execution test
FAIL: 22_locale/time_put/put/wchar_t/3.cc execution test
FAIL: 22_locale/time_put/put/wchar_t/4.cc execution test
FAIL: 22_locale/time_put/put/wchar_t/wrapped_env.cc execution test
FAIL: 22_locale/time_put/put/wchar_t/wrapped_locale.cc execution test
FAIL: 26_numerics/complex/13450.cc (test for excess errors)
FAIL: 27_io/basic_filebuf/overflow/wchar_t/11305-1.cc execution test
FAIL: 27_io/basic_filebuf/overflow/wchar_t/11305-2.cc execution test
FAIL: 27_io/basic_filebuf/overflow/wchar_t/11305-3.cc execution test
FAIL: 27_io/basic_filebuf/overflow/wchar_t/11305-4.cc execution test
FAIL: 27_io/manipulators/extended/get_time/char/2.cc execution test
FAIL: 28_regex/algorithms/regex_match/extended/wstring_locale.cc execution test
FAIL: 28_regex/iterators/regex_token_iterator/wchar_t/wstring_02.cc execution test
FAIL: ext/special_functions/hyperg/check_nan.cc (test for excess errors)
FAIL: special_functions/07_cyl_bessel_i/check_nan.cc (test for excess errors)
FAIL: special_functions/08_cyl_bessel_j/check_nan.cc (test for excess errors)
FAIL: special_functions/09_cyl_bessel_k/check_nan.cc (test for excess errors)
FAIL: special_functions/10_cyl_neumann/check_nan.cc (test for excess errors)
FAIL: special_functions/18_riemann_zeta/check_nan.cc (test for excess errors)
FAIL: special_functions/19_sph_bessel/check_nan.cc (test for excess errors)
FAIL: special_functions/21_sph_neumann/check_nan.cc (test for excess errors)
FAIL: tr1/5_numerical_facilities/special_functions/08_cyl_bessel_i/check_nan.cc (test for excess errors)
FAIL: tr1/5_numerical_facilities/special_functions/09_cyl_bessel_j/check_nan.cc (test for excess errors)
FAIL: tr1/5_numerical_facilities/special_functions/10_cyl_bessel_k/check_nan.cc (test for excess errors)
FAIL: tr1/5_numerical_facilities/special_functions/11_cyl_neumann/check_nan.cc (test for excess errors)
FAIL: tr1/5_numerical_facilities/special_functions/17_hyperg/check_nan.cc (test for excess errors)
FAIL: tr1/5_numerical_facilities/special_functions/20_riemann_zeta/check_nan.cc (test for excess errors)
FAIL: tr1/5_numerical_facilities/special_functions/21_sph_bessel/check_nan.cc (test for excess errors)
FAIL: tr1/5_numerical_facilities/special_functions/23_sph_neumann/check_nan.cc (test for excess errors)
FAIL: tr1/8_c_compatibility/complex/50880.cc (test for excess errors)
UNRESOLVED: tr1/8_c_compatibility/complex/50880.cc compilation failed to produce executable
FAIL: tr1/8_c_compatibility/complex/functions.cc (test for excess errors)
=== libstdc++ Summary ===
# of expected passes 10630
# of unexpected failures 111
# of expected failures 69
# of unresolved testcases 1
# of unsupported tests 270
Compiler version: 6.0.0 20160216 (experimental) [trunk revision 233471] (GCC)
Platform: i386-unknown-freebsd11.0
configure flags: --prefix=/export/devel/build/gcc/head/testbin --disable-nls --with-as=/usr/local/bin/as --with-ld=/usr/local/bin/ld
More information about the Gcc-testresults
mailing list