Results for 6.0.0 20160209 (experimental) [trunk revision 233241] (GCC) testsuite on x86_64-pc-linux-gnu
H.J. Lu Intel64 Core i7
intel64corei7@gnu-34.sc.intel.com
Tue Feb 9 16:18:00 GMT 2016
Native configuration is x86_64-pc-linux-gnu
=== gcc tests ===
Running target unix
UNRESOLVED: c-c++-common/cilk-plus/AN/dimensionless-arrays.c -O2 -fcilkplus compilation failed to produce executable
UNRESOLVED: c-c++-common/cilk-plus/AN/dimensionless-arrays.c -fcilkplus -g -O0 -std=c99 compilation failed to produce executable
UNRESOLVED: c-c++-common/cilk-plus/AN/dimensionless-arrays.c -fcilkplus -std=c99 compilation failed to produce executable
UNRESOLVED: c-c++-common/cilk-plus/AN/dimensionless-arrays.c -fcilkplus compilation failed to produce executable
UNRESOLVED: c-c++-common/cilk-plus/AN/dimensionless-arrays.c -fcilkplus compilation failed to produce executable
UNRESOLVED: c-c++-common/cilk-plus/AN/dimensionless-arrays.c -g -O2 -ftree-vectorize -fcilkplus compilation failed to produce executable
UNRESOLVED: c-c++-common/cilk-plus/AN/dimensionless-arrays.c -g -O2 -ftree-vectorize -fcilkplus compilation failed to produce executable
UNRESOLVED: c-c++-common/cilk-plus/AN/dimensionless-arrays.c -g -fcilkplus compilation failed to produce executable
UNRESOLVED: c-c++-common/cilk-plus/AN/gather-scatter-errors.c -O1 -fcilkplus compilation failed to produce executable
UNRESOLVED: c-c++-common/cilk-plus/AN/gather-scatter-errors.c -O2 -fcilkplus compilation failed to produce executable
UNRESOLVED: c-c++-common/cilk-plus/AN/gather-scatter-errors.c -fcilkplus -O2 -std=c99 compilation failed to produce executable
UNRESOLVED: c-c++-common/cilk-plus/AN/gather-scatter-errors.c -fcilkplus -g -O0 -std=c99 compilation failed to produce executable
UNRESOLVED: c-c++-common/cilk-plus/AN/gather-scatter-errors.c -fcilkplus -std=c99 compilation failed to produce executable
UNRESOLVED: c-c++-common/cilk-plus/AN/gather-scatter-errors.c -fcilkplus compilation failed to produce executable
UNRESOLVED: c-c++-common/cilk-plus/AN/gather-scatter-errors.c -fcilkplus compilation failed to produce executable
UNRESOLVED: c-c++-common/cilk-plus/AN/gather-scatter-errors.c -g -fcilkplus compilation failed to produce executable
UNRESOLVED: c-c++-common/cilk-plus/AN/rank_mismatch3.c -O1 -fcilkplus compilation failed to produce executable
UNRESOLVED: c-c++-common/cilk-plus/AN/rank_mismatch3.c -O1 -fcilkplus compilation failed to produce executable
UNRESOLVED: c-c++-common/cilk-plus/AN/rank_mismatch3.c -O2 -fcilkplus compilation failed to produce executable
UNRESOLVED: c-c++-common/cilk-plus/AN/rank_mismatch3.c -O2 -fcilkplus compilation failed to produce executable
UNRESOLVED: c-c++-common/cilk-plus/AN/rank_mismatch3.c -O3 -fcilkplus compilation failed to produce executable
UNRESOLVED: c-c++-common/cilk-plus/AN/rank_mismatch3.c -O3 -fcilkplus compilation failed to produce executable
UNRESOLVED: c-c++-common/cilk-plus/AN/rank_mismatch3.c -fcilkplus -O2 -std=c99 compilation failed to produce executable
UNRESOLVED: c-c++-common/cilk-plus/AN/rank_mismatch3.c -fcilkplus -g -O0 -std=c99 compilation failed to produce executable
UNRESOLVED: c-c++-common/cilk-plus/AN/rank_mismatch3.c -fcilkplus -std=c99 compilation failed to produce executable
UNRESOLVED: c-c++-common/cilk-plus/AN/rank_mismatch3.c -fcilkplus compilation failed to produce executable
UNRESOLVED: c-c++-common/cilk-plus/AN/rank_mismatch3.c -fcilkplus compilation failed to produce executable
UNRESOLVED: c-c++-common/cilk-plus/AN/rank_mismatch3.c -g -O2 -ftree-vectorize -fcilkplus compilation failed to produce executable
UNRESOLVED: c-c++-common/cilk-plus/CK/invalid_spawns.c -O2 -std=c99 compilation failed to produce executable
UNRESOLVED: c-c++-common/cilk-plus/CK/invalid_spawns.c -O2 -std=c99 compilation failed to produce executable
FAIL: gcc.dg/cpp/backslash.c (test for excess errors)
UNRESOLVED: gcc.dg/cpp/backslash.c compilation failed to produce executable
FAIL: gcc.dg/cpp/include3.c (test for excess errors)
UNRESOLVED: gcc.dg/cpp/include3.c compilation failed to produce executable
FAIL: gcc.dg/cpp/include4.c (test for excess errors)
UNRESOLVED: gcc.dg/cpp/include4.c compilation failed to produce executable
FAIL: gcc.dg/cpp/include5.c (test for excess errors)
UNRESOLVED: gcc.dg/cpp/include5.c compilation failed to produce executable
FAIL: gcc.dg/cpp/trad/funlike-5.c execution test
UNRESOLVED: c-c++-common/array-lit.c -Wc++-compat compilation failed to produce executable
FAIL: c-c++-common/opaque-vector.c -Wc++-compat (test for excess errors)
UNRESOLVED: c-c++-common/opaque-vector.c -Wc++-compat compilation failed to produce executable
FAIL: gcc.dg/20030331-2.c (test for excess errors)
UNRESOLVED: gcc.dg/20030331-2.c compilation failed to produce executable
UNRESOLVED: gcc.dg/20050121-1.c compilation failed to produce executable
FAIL: gcc.dg/20051207-1.c (test for excess errors)
UNRESOLVED: gcc.dg/20051207-1.c compilation failed to produce executable
FAIL: gcc.dg/20051207-2.c (test for excess errors)
UNRESOLVED: gcc.dg/20051207-2.c compilation failed to produce executable
UNRESOLVED: gcc.dg/20051207-3.c compilation failed to produce executable
FAIL: gcc.dg/20060419-1.c (test for excess errors)
UNRESOLVED: gcc.dg/20060419-1.c compilation failed to produce executable
FAIL: gcc.dg/Wcxx-compat-2.c (test for excess errors)
FAIL: gcc.dg/Wcxx-compat-2.c (test for excess errors)
UNRESOLVED: gcc.dg/Wcxx-compat-2.c compilation failed to produce executable
UNRESOLVED: gcc.dg/Wcxx-compat-2.c compilation failed to produce executable
FAIL: gcc.dg/Woverlength-strings-pedantic-c89-asm.c (test for excess errors)
UNRESOLVED: gcc.dg/Woverlength-strings-pedantic-c89-asm.c compilation failed to produce executable
FAIL: gcc.dg/Woverlength-strings-pedantic-c89-ext.c (test for excess errors)
UNRESOLVED: gcc.dg/Woverlength-strings-pedantic-c89-ext.c compilation failed to produce executable
FAIL: gcc.dg/Woverlength-strings-pedantic-c89-no.c (test for excess errors)
UNRESOLVED: gcc.dg/Woverlength-strings-pedantic-c89-no.c compilation failed to produce executable
FAIL: gcc.dg/Woverlength-strings-pedantic-c89.c (test for excess errors)
UNRESOLVED: gcc.dg/Woverlength-strings-pedantic-c89.c compilation failed to produce executable
FAIL: gcc.dg/Wpointer-sign-Wall-no.c (test for excess errors)
UNRESOLVED: gcc.dg/Wpointer-sign-Wall-no.c compilation failed to produce executable
FAIL: gcc.dg/Wpointer-sign-Wall.c (test for excess errors)
UNRESOLVED: gcc.dg/Wpointer-sign-Wall.c compilation failed to produce executable
FAIL: gcc.dg/Wpointer-sign-pedantic-no.c (test for excess errors)
UNRESOLVED: gcc.dg/Wpointer-sign-pedantic-no.c compilation failed to produce executable
FAIL: gcc.dg/Wshadow-2.c (test for excess errors)
UNRESOLVED: gcc.dg/Wshadow-2.c compilation failed to produce executable
FAIL: gcc.dg/anon-struct-1.c (test for excess errors)
UNRESOLVED: gcc.dg/anon-struct-1.c compilation failed to produce executable
UNRESOLVED: gcc.dg/asm-6.c compilation failed to produce executable
UNRESOLVED: gcc.dg/bad-dereference.c compilation failed to produce executable
FAIL: gcc.dg/bitfld-2.c (test for excess errors)
UNRESOLVED: gcc.dg/bitfld-2.c compilation failed to produce executable
FAIL: gcc.dg/bitfld-5.c (test for excess errors)
UNRESOLVED: gcc.dg/bitfld-5.c compilation failed to produce executable
FAIL: gcc.dg/bitfld-6.c (test for excess errors)
UNRESOLVED: gcc.dg/bitfld-6.c compilation failed to produce executable
FAIL: gcc.dg/builtin-apply1.c (test for excess errors)
UNRESOLVED: gcc.dg/builtin-apply1.c compilation failed to produce executable
FAIL: gcc.dg/ctor1.c execution test
UNRESOLVED: gcc.dg/ctor1.c scan-assembler-not C\\\\.0
FAIL: gcc.dg/dll-10a.c (test for excess errors)
UNRESOLVED: gcc.dg/dll-10a.c compilation failed to produce executable
FAIL: gcc.dg/dll-11a.c (test for excess errors)
UNRESOLVED: gcc.dg/dll-11a.c compilation failed to produce executable
FAIL: gcc.dg/dll-12a.c (test for excess errors)
UNRESOLVED: gcc.dg/dll-12a.c compilation failed to produce executable
FAIL: gcc.dg/dll-6a.c (test for excess errors)
UNRESOLVED: gcc.dg/dll-6a.c compilation failed to produce executable
FAIL: gcc.dg/dll-7a.c (test for excess errors)
UNRESOLVED: gcc.dg/dll-7a.c compilation failed to produce executable
FAIL: gcc.dg/funcdef-attr-1.c (test for excess errors)
FAIL: gcc.dg/funcdef-attr-1.c (test for excess errors)
UNRESOLVED: gcc.dg/funcdef-attr-1.c compilation failed to produce executable
UNRESOLVED: gcc.dg/funcdef-attr-1.c compilation failed to produce executable
FAIL: gcc.dg/h8300-bit-insn-ice2.c execution test
FAIL: gcc.dg/h8300-div-delay-slot.c (test for excess errors)
UNRESOLVED: gcc.dg/h8300-div-delay-slot.c compilation failed to produce executable
UNRESOLVED: gcc.dg/h8300-div-delay-slot.c scan-assembler-not \\tbra/s\\t.*\\n\\tdiv*
FAIL: gcc.dg/hoist-register-pressure-1.c (test for excess errors)
UNRESOLVED: gcc.dg/hoist-register-pressure-1.c compilation failed to produce executable
FAIL: gcc.dg/hoist-register-pressure-2.c (test for excess errors)
UNRESOLVED: gcc.dg/hoist-register-pressure-2.c compilation failed to produce executable
FAIL: gcc.dg/hoist-register-pressure-3.c (test for excess errors)
FAIL: gcc.dg/hoist-register-pressure-3.c (test for excess errors)
UNRESOLVED: gcc.dg/hoist-register-pressure-3.c compilation failed to produce executable
UNRESOLVED: gcc.dg/hoist-register-pressure-3.c compilation failed to produce executable
FAIL: gcc.dg/loop-5.c (test for excess errors)
FAIL: gcc.dg/loop-5.c (test for excess errors)
UNRESOLVED: gcc.dg/loop-5.c compilation failed to produce executable
UNRESOLVED: gcc.dg/loop-5.c compilation failed to produce executable
UNRESOLVED: gcc.dg/pr22458-1.c compilation failed to produce executable
FAIL: gcc.dg/pr25376.c (test for excess errors)
UNRESOLVED: gcc.dg/pr25376.c compilation failed to produce executable
UNRESOLVED: gcc.dg/pr25376.c scan-assembler my_named_section
FAIL: gcc.dg/pr26004.c (test for excess errors)
UNRESOLVED: gcc.dg/pr26004.c compilation failed to produce executable
UNRESOLVED: gcc.dg/pr29736.c compilation failed to produce executable
FAIL: gcc.dg/pr32069.c (test for excess errors)
UNRESOLVED: gcc.dg/pr32069.c compilation failed to produce executable
FAIL: gcc.dg/pr34457-2.c (test for excess errors)
UNRESOLVED: gcc.dg/pr34457-2.c compilation failed to produce executable
UNRESOLVED: gcc.dg/pr35442.c compilation failed to produce executable
UNRESOLVED: gcc.dg/pr35443.c compilation failed to produce executable
UNRESOLVED: gcc.dg/pr40172-3.c compilation failed to produce executable
FAIL: gcc.dg/pr49696.c (test for excess errors)
UNRESOLVED: gcc.dg/pr49696.c compilation failed to produce executable
FAIL: gcc.dg/pr50193-1.c (test for excess errors)
UNRESOLVED: gcc.dg/pr50193-1.c compilation failed to produce executable
FAIL: gcc.dg/pr50717-1.c (test for excess errors)
UNRESOLVED: gcc.dg/pr50717-1.c compilation failed to produce executable
FAIL: gcc.dg/pr54669.c (test for excess errors)
UNRESOLVED: gcc.dg/pr54669.c compilation failed to produce executable
UNRESOLVED: gcc.dg/pragma-message.c compilation failed to produce executable
FAIL: gcc.dg/typedef-redecl.c (test for excess errors)
UNRESOLVED: gcc.dg/typedef-redecl.c compilation failed to produce executable
FAIL: gcc.dg/vla-5.c (test for excess errors)
UNRESOLVED: gcc.dg/vla-5.c compilation failed to produce executable
FAIL: gcc.dg/volatile1.c (test for excess errors)
UNRESOLVED: gcc.dg/volatile1.c compilation failed to produce executable
FAIL: c-c++-common/goacc-gomp/nesting-1.c (test for excess errors)
UNRESOLVED: c-c++-common/goacc-gomp/nesting-1.c compilation failed to produce executable
UNRESOLVED: c-c++-common/goacc-gomp/nesting-fail-1.c compilation failed to produce executable
UNRESOLVED: c-c++-common/goacc/asyncwait-1.c compilation failed to produce executable
UNRESOLVED: c-c++-common/goacc/cache-1.c compilation failed to produce executable
UNRESOLVED: c-c++-common/goacc/clauses-fail.c compilation failed to produce executable
UNRESOLVED: c-c++-common/goacc/collapse-1.c compilation failed to produce executable
UNRESOLVED: c-c++-common/goacc/if-clause-1.c compilation failed to produce executable
FAIL: c-c++-common/goacc/if-clause-2.c (test for excess errors)
UNRESOLVED: c-c++-common/goacc/if-clause-2.c compilation failed to produce executable
FAIL: c-c++-common/goacc/kernels-1.c (test for excess errors)
UNRESOLVED: c-c++-common/goacc/kernels-1.c compilation failed to produce executable
FAIL: c-c++-common/goacc/kernels-alias-2.c (test for excess errors)
UNRESOLVED: c-c++-common/goacc/kernels-alias-2.c compilation failed to produce executable
FAIL: c-c++-common/goacc/kernels-alias-3.c (test for excess errors)
UNRESOLVED: c-c++-common/goacc/kernels-alias-3.c compilation failed to produce executable
FAIL: c-c++-common/goacc/kernels-alias-4.c (test for excess errors)
UNRESOLVED: c-c++-common/goacc/kernels-alias-4.c compilation failed to produce executable
FAIL: c-c++-common/goacc/kernels-alias-5.c (test for excess errors)
UNRESOLVED: c-c++-common/goacc/kernels-alias-5.c compilation failed to produce executable
FAIL: c-c++-common/goacc/kernels-alias-6.c (test for excess errors)
UNRESOLVED: c-c++-common/goacc/kernels-alias-6.c compilation failed to produce executable
FAIL: c-c++-common/goacc/kernels-alias-7.c (test for excess errors)
UNRESOLVED: c-c++-common/goacc/kernels-alias-7.c compilation failed to produce executable
FAIL: c-c++-common/goacc/reduction-2.c (test for excess errors)
UNRESOLVED: c-c++-common/goacc/reduction-2.c compilation failed to produce executable
FAIL: c-c++-common/goacc/reduction-3.c (test for excess errors)
FAIL: c-c++-common/goacc/reduction-3.c (test for excess errors)
UNRESOLVED: c-c++-common/goacc/reduction-3.c compilation failed to produce executable
UNRESOLVED: c-c++-common/goacc/reduction-3.c compilation failed to produce executable
FAIL: c-c++-common/goacc/reduction-4.c (test for excess errors)
FAIL: c-c++-common/goacc/reduction-4.c (test for excess errors)
UNRESOLVED: c-c++-common/goacc/reduction-4.c compilation failed to produce executable
UNRESOLVED: c-c++-common/goacc/reduction-4.c compilation failed to produce executable
FAIL: c-c++-common/goacc/routine-1.c (test for excess errors)
FAIL: c-c++-common/goacc/routine-1.c (test for excess errors)
UNRESOLVED: c-c++-common/goacc/routine-1.c compilation failed to produce executable
UNRESOLVED: c-c++-common/goacc/routine-1.c compilation failed to produce executable
UNRESOLVED: c-c++-common/goacc/routine-2.c compilation failed to produce executable
UNRESOLVED: c-c++-common/goacc/routine-2.c compilation failed to produce executable
UNRESOLVED: c-c++-common/goacc/routine-3.c compilation failed to produce executable
UNRESOLVED: c-c++-common/goacc/routine-3.c compilation failed to produce executable
UNRESOLVED: c-c++-common/goacc/routine-4.c compilation failed to produce executable
UNRESOLVED: c-c++-common/goacc/routine-4.c compilation failed to produce executable
UNRESOLVED: c-c++-common/goacc/sb-1.c compilation failed to produce executable
UNRESOLVED: c-c++-common/goacc/sb-1.c compilation failed to produce executable
UNRESOLVED: c-c++-common/goacc/sb-2.c compilation failed to produce executable
UNRESOLVED: c-c++-common/goacc/sb-2.c compilation failed to produce executable
UNRESOLVED: c-c++-common/goacc/sb-3.c compilation failed to produce executable
UNRESOLVED: c-c++-common/gomp/clauses-2.c compilation failed to produce executable
FAIL: c-c++-common/gomp/clauses-3.c (test for excess errors)
UNRESOLVED: c-c++-common/gomp/clauses-3.c compilation failed to produce executable
UNRESOLVED: c-c++-common/gomp/clauses-4.c compilation failed to produce executable
UNRESOLVED: c-c++-common/gomp/distribute-1.c compilation failed to produce executable
UNRESOLVED: c-c++-common/gomp/map-3.c compilation failed to produce executable
FAIL: c-c++-common/gomp/nesting-1.c (test for excess errors)
UNRESOLVED: c-c++-common/gomp/nesting-1.c compilation failed to produce executable
FAIL: gcc.dg/gomp/declare-simd-3.c (test for excess errors)
UNRESOLVED: gcc.dg/gomp/declare-simd-3.c compilation failed to produce executable
UNRESOLVED: gcc.dg/gomp/declare-simd-3.c scan-assembler-times _ZGVbM4l4ln4ln6_f1: 1
UNRESOLVED: gcc.dg/gomp/declare-simd-3.c scan-assembler-times _ZGVbN4l4ln4ln6_f1: 1
UNRESOLVED: gcc.dg/gomp/declare-simd-3.c scan-assembler-times _ZGVbN8ls2ls4uls2u_f2: 1
UNRESOLVED: gcc.dg/gomp/declare-simd-3.c scan-assembler-times _ZGVcM4l4ln4ln6_f1: 1
UNRESOLVED: gcc.dg/gomp/declare-simd-3.c scan-assembler-times _ZGVcN4l4ln4ln6_f1: 1
UNRESOLVED: gcc.dg/gomp/declare-simd-3.c scan-assembler-times _ZGVcN8ls2ls4uls2u_f2: 1
UNRESOLVED: gcc.dg/gomp/declare-simd-3.c scan-assembler-times _ZGVdM8l4ln4ln6_f1: 1
UNRESOLVED: gcc.dg/gomp/declare-simd-3.c scan-assembler-times _ZGVdN8l4ln4ln6_f1: 1
UNRESOLVED: gcc.dg/gomp/declare-simd-3.c scan-assembler-times _ZGVdN8ls2ls4uls2u_f2: 1
UNRESOLVED: gcc.dg/gomp/loop-1.c compilation failed to produce executable
FAIL: gcc.dg/gomp/simd-clones-3.c (test for excess errors)
UNRESOLVED: gcc.dg/gomp/simd-clones-3.c compilation failed to produce executable
FAIL: gcc.dg/gomp/static.c (test for excess errors)
FAIL: gcc.dg/gomp/static.c (test for excess errors)
UNRESOLVED: gcc.dg/gomp/static.c compilation failed to produce executable
UNRESOLVED: gcc.dg/gomp/static.c compilation failed to produce executable
XPASS: gcc.dg/guality/example.c -O0 execution test
XPASS: gcc.dg/guality/example.c -O1 execution test
XPASS: gcc.dg/guality/example.c -O2 execution test
XPASS: gcc.dg/guality/example.c -O2 -flto -fno-use-linker-plugin -flto-partition=none execution test
XPASS: gcc.dg/guality/guality.c -O0 execution test
XPASS: gcc.dg/guality/guality.c -O1 execution test
XPASS: gcc.dg/guality/guality.c -O2 execution test
XPASS: gcc.dg/guality/guality.c -O2 -flto -fno-use-linker-plugin -flto-partition=none execution test
XPASS: gcc.dg/guality/guality.c -O2 -flto -fuse-linker-plugin -fno-fat-lto-objects execution test
XPASS: gcc.dg/guality/guality.c -O3 -g execution test
XPASS: gcc.dg/guality/guality.c -Os execution test
XPASS: gcc.dg/guality/inline-params.c -O2 execution test
XPASS: gcc.dg/guality/inline-params.c -O2 -flto -fno-use-linker-plugin -flto-partition=none execution test
XPASS: gcc.dg/guality/inline-params.c -O3 -g execution test
XPASS: gcc.dg/guality/inline-params.c -Os execution test
XPASS: gcc.dg/guality/pr41353-1.c -O0 line 28 j == 28 + 37
XPASS: gcc.dg/guality/pr41353-1.c -O1 line 28 j == 28 + 37
XPASS: gcc.dg/guality/pr41353-1.c -O2 line 28 j == 28 + 37
XPASS: gcc.dg/guality/pr41353-1.c -O2 -flto -fno-use-linker-plugin -flto-partition=none line 28 j == 28 + 37
XPASS: gcc.dg/guality/pr41353-1.c -O2 -flto -fuse-linker-plugin -fno-fat-lto-objects line 28 j == 28 + 37
XPASS: gcc.dg/guality/pr41353-1.c -O3 -g line 28 j == 28 + 37
XPASS: gcc.dg/guality/pr41353-1.c -Os line 28 j == 28 + 37
FAIL: gcc.dg/guality/pr41616-1.c -O2 -flto -fuse-linker-plugin -fno-fat-lto-objects execution test
FAIL: gcc.dg/guality/pr45882.c -O2 -flto -fuse-linker-plugin -fno-fat-lto-objects line 16 d == 112
FAIL: gcc.dg/guality/pr45882.c -O2 -flto -fuse-linker-plugin -fno-fat-lto-objects line 16 d == 112
FAIL: gcc.dg/guality/pr45882.c -O2 -flto -fuse-linker-plugin -fno-fat-lto-objects line 16 e == 142
FAIL: gcc.dg/guality/pr45882.c -O2 -flto -fuse-linker-plugin -fno-fat-lto-objects line 16 e == 142
FAIL: gcc.dg/guality/pr54200.c -Os line 20 z == 3
FAIL: gcc.dg/guality/pr54519-1.c -O2 -flto -fno-use-linker-plugin -flto-partition=none line 20 y == 25
FAIL: gcc.dg/guality/pr54519-1.c -O2 -flto -fno-use-linker-plugin -flto-partition=none line 20 z == 6
FAIL: gcc.dg/guality/pr54519-1.c -O2 -flto -fno-use-linker-plugin -flto-partition=none line 23 y == 117
FAIL: gcc.dg/guality/pr54519-1.c -O2 -flto -fno-use-linker-plugin -flto-partition=none line 23 z == 8
FAIL: gcc.dg/guality/pr54519-2.c -O2 -flto -fno-use-linker-plugin -flto-partition=none line 17 y == 25
FAIL: gcc.dg/guality/pr54519-2.c -O2 -flto -fuse-linker-plugin -fno-fat-lto-objects line 17 y == 25
FAIL: gcc.dg/guality/pr54519-3.c -O2 -flto -fno-use-linker-plugin -flto-partition=none line 20 y == 25
FAIL: gcc.dg/guality/pr54519-3.c -O2 -flto -fno-use-linker-plugin -flto-partition=none line 20 z == 6
FAIL: gcc.dg/guality/pr54519-3.c -O2 -flto -fno-use-linker-plugin -flto-partition=none line 23 y == 117
FAIL: gcc.dg/guality/pr54519-3.c -O2 -flto -fno-use-linker-plugin -flto-partition=none line 23 z == 8
FAIL: gcc.dg/guality/pr54519-3.c -O2 -flto -fuse-linker-plugin -fno-fat-lto-objects line 20 y == 25
FAIL: gcc.dg/guality/pr54519-3.c -O2 -flto -fuse-linker-plugin -fno-fat-lto-objects line 20 z == 6
FAIL: gcc.dg/guality/pr54519-3.c -O2 -flto -fuse-linker-plugin -fno-fat-lto-objects line 23 y == 117
FAIL: gcc.dg/guality/pr54519-3.c -O2 -flto -fuse-linker-plugin -fno-fat-lto-objects line 23 z == 8
FAIL: gcc.dg/guality/pr68860-1.c -O2 -flto -fno-use-linker-plugin -flto-partition=none line 14 arg1 == 1
FAIL: gcc.dg/guality/pr68860-1.c -O2 -flto -fno-use-linker-plugin -flto-partition=none line 14 arg1 == 1
FAIL: gcc.dg/guality/pr68860-1.c -O2 -flto -fno-use-linker-plugin -flto-partition=none line 14 arg2 == 2
FAIL: gcc.dg/guality/pr68860-1.c -O2 -flto -fno-use-linker-plugin -flto-partition=none line 14 arg2 == 2
FAIL: gcc.dg/guality/pr68860-1.c -O2 -flto -fno-use-linker-plugin -flto-partition=none line 14 arg3 == 3
FAIL: gcc.dg/guality/pr68860-1.c -O2 -flto -fno-use-linker-plugin -flto-partition=none line 14 arg3 == 3
FAIL: gcc.dg/guality/pr68860-1.c -O2 -flto -fno-use-linker-plugin -flto-partition=none line 14 arg4 == 4
FAIL: gcc.dg/guality/pr68860-1.c -O2 -flto -fno-use-linker-plugin -flto-partition=none line 14 arg4 == 4
FAIL: gcc.dg/guality/pr68860-1.c -O2 -flto -fno-use-linker-plugin -flto-partition=none line 14 arg5 == 5
FAIL: gcc.dg/guality/pr68860-1.c -O2 -flto -fno-use-linker-plugin -flto-partition=none line 14 arg5 == 5
FAIL: gcc.dg/guality/pr68860-1.c -O2 -flto -fno-use-linker-plugin -flto-partition=none line 14 arg6 == 6
FAIL: gcc.dg/guality/pr68860-1.c -O2 -flto -fno-use-linker-plugin -flto-partition=none line 14 arg6 == 6
FAIL: gcc.dg/guality/pr68860-1.c -O2 -flto -fno-use-linker-plugin -flto-partition=none line 16 arg1 == 1
FAIL: gcc.dg/guality/pr68860-1.c -O2 -flto -fno-use-linker-plugin -flto-partition=none line 16 arg1 == 1
FAIL: gcc.dg/guality/pr68860-1.c -O2 -flto -fno-use-linker-plugin -flto-partition=none line 16 arg2 == 2
FAIL: gcc.dg/guality/pr68860-1.c -O2 -flto -fno-use-linker-plugin -flto-partition=none line 16 arg2 == 2
FAIL: gcc.dg/guality/pr68860-1.c -O2 -flto -fno-use-linker-plugin -flto-partition=none line 16 arg3 == 3
FAIL: gcc.dg/guality/pr68860-1.c -O2 -flto -fno-use-linker-plugin -flto-partition=none line 16 arg3 == 3
FAIL: gcc.dg/guality/pr68860-1.c -O2 -flto -fno-use-linker-plugin -flto-partition=none line 16 arg4 == 4
FAIL: gcc.dg/guality/pr68860-1.c -O2 -flto -fno-use-linker-plugin -flto-partition=none line 16 arg4 == 4
FAIL: gcc.dg/guality/pr68860-1.c -O2 -flto -fno-use-linker-plugin -flto-partition=none line 16 arg5 == 5
FAIL: gcc.dg/guality/pr68860-1.c -O2 -flto -fno-use-linker-plugin -flto-partition=none line 16 arg5 == 5
FAIL: gcc.dg/guality/pr68860-1.c -O2 -flto -fno-use-linker-plugin -flto-partition=none line 16 arg6 == 6
FAIL: gcc.dg/guality/pr68860-1.c -O2 -flto -fno-use-linker-plugin -flto-partition=none line 16 arg6 == 6
FAIL: gcc.dg/guality/pr68860-1.c -O2 -flto -fuse-linker-plugin -fno-fat-lto-objects line 14 arg1 == 1
FAIL: gcc.dg/guality/pr68860-1.c -O2 -flto -fuse-linker-plugin -fno-fat-lto-objects line 14 arg1 == 1
FAIL: gcc.dg/guality/pr68860-1.c -O2 -flto -fuse-linker-plugin -fno-fat-lto-objects line 14 arg2 == 2
FAIL: gcc.dg/guality/pr68860-1.c -O2 -flto -fuse-linker-plugin -fno-fat-lto-objects line 14 arg2 == 2
FAIL: gcc.dg/guality/pr68860-1.c -O2 -flto -fuse-linker-plugin -fno-fat-lto-objects line 14 arg3 == 3
FAIL: gcc.dg/guality/pr68860-1.c -O2 -flto -fuse-linker-plugin -fno-fat-lto-objects line 14 arg3 == 3
FAIL: gcc.dg/guality/pr68860-1.c -O2 -flto -fuse-linker-plugin -fno-fat-lto-objects line 14 arg4 == 4
FAIL: gcc.dg/guality/pr68860-1.c -O2 -flto -fuse-linker-plugin -fno-fat-lto-objects line 14 arg4 == 4
FAIL: gcc.dg/guality/pr68860-1.c -O2 -flto -fuse-linker-plugin -fno-fat-lto-objects line 14 arg5 == 5
FAIL: gcc.dg/guality/pr68860-1.c -O2 -flto -fuse-linker-plugin -fno-fat-lto-objects line 14 arg5 == 5
FAIL: gcc.dg/guality/pr68860-1.c -O2 -flto -fuse-linker-plugin -fno-fat-lto-objects line 14 arg6 == 6
FAIL: gcc.dg/guality/pr68860-1.c -O2 -flto -fuse-linker-plugin -fno-fat-lto-objects line 14 arg6 == 6
FAIL: gcc.dg/guality/pr68860-1.c -O2 -flto -fuse-linker-plugin -fno-fat-lto-objects line 16 arg1 == 1
FAIL: gcc.dg/guality/pr68860-1.c -O2 -flto -fuse-linker-plugin -fno-fat-lto-objects line 16 arg1 == 1
FAIL: gcc.dg/guality/pr68860-1.c -O2 -flto -fuse-linker-plugin -fno-fat-lto-objects line 16 arg2 == 2
FAIL: gcc.dg/guality/pr68860-1.c -O2 -flto -fuse-linker-plugin -fno-fat-lto-objects line 16 arg2 == 2
FAIL: gcc.dg/guality/pr68860-1.c -O2 -flto -fuse-linker-plugin -fno-fat-lto-objects line 16 arg3 == 3
FAIL: gcc.dg/guality/pr68860-1.c -O2 -flto -fuse-linker-plugin -fno-fat-lto-objects line 16 arg3 == 3
FAIL: gcc.dg/guality/pr68860-1.c -O2 -flto -fuse-linker-plugin -fno-fat-lto-objects line 16 arg4 == 4
FAIL: gcc.dg/guality/pr68860-1.c -O2 -flto -fuse-linker-plugin -fno-fat-lto-objects line 16 arg4 == 4
FAIL: gcc.dg/guality/pr68860-1.c -O2 -flto -fuse-linker-plugin -fno-fat-lto-objects line 16 arg5 == 5
FAIL: gcc.dg/guality/pr68860-1.c -O2 -flto -fuse-linker-plugin -fno-fat-lto-objects line 16 arg5 == 5
FAIL: gcc.dg/guality/pr68860-1.c -O2 -flto -fuse-linker-plugin -fno-fat-lto-objects line 16 arg6 == 6
FAIL: gcc.dg/guality/pr68860-1.c -O2 -flto -fuse-linker-plugin -fno-fat-lto-objects line 16 arg6 == 6
FAIL: gcc.dg/guality/vla-1.c -O1 line 17 sizeof (a) == 6
FAIL: gcc.dg/guality/vla-1.c -O2 line 17 sizeof (a) == 6
FAIL: gcc.dg/guality/vla-1.c -O2 -flto -fno-use-linker-plugin -flto-partition=none line 17 sizeof (a) == 6
FAIL: gcc.dg/guality/vla-1.c -O2 -flto -fuse-linker-plugin -fno-fat-lto-objects line 17 sizeof (a) == 6
FAIL: gcc.dg/guality/vla-1.c -O3 -g line 17 sizeof (a) == 6
FAIL: gcc.dg/guality/vla-1.c -Os line 17 sizeof (a) == 6
UNRESOLVED: gcc.dg/tls/asm-1.c compilation failed to produce executable
FAIL: gcc.dg/tls/diag-1.c (test for excess errors)
UNRESOLVED: gcc.dg/tls/diag-1.c compilation failed to produce executable
UNRESOLVED: gcc.dg/tls/diag-2.c compilation failed to produce executable
UNRESOLVED: gcc.dg/tls/diag-3.c compilation failed to produce executable
UNRESOLVED: gcc.dg/tls/diag-4.c compilation failed to produce executable
FAIL: gcc.dg/tls/diag-5.c (test for excess errors)
UNRESOLVED: gcc.dg/tls/diag-5.c compilation failed to produce executable
UNRESOLVED: gcc.dg/tls/diag-6.c compilation failed to produce executable
UNRESOLVED: gcc.dg/tls/init-1.c compilation failed to produce executable
FAIL: gcc.dg/tls/opt-9.c (test for excess errors)
UNRESOLVED: gcc.dg/tls/opt-9.c compilation failed to produce executable
UNRESOLVED: c-c++-common/tm/volatile-1.c compilation failed to produce executable
FAIL: gcc.dg/tm/pr46567.c (test for excess errors)
UNRESOLVED: gcc.dg/tm/pr46567.c compilation failed to produce executable
FAIL: gcc.dg/torture/stackalign/builtin-apply-1.c -O0 (test for excess errors)
UNRESOLVED: gcc.dg/torture/stackalign/builtin-apply-1.c -O0 compilation failed to produce executable
FAIL: gcc.dg/torture/stackalign/builtin-apply-1.c -O0 -fpic (test for excess errors)
UNRESOLVED: gcc.dg/torture/stackalign/builtin-apply-1.c -O0 -fpic compilation failed to produce executable
FAIL: gcc.dg/torture/stackalign/builtin-apply-1.c -O0 -mforce-drap (test for excess errors)
FAIL: gcc.dg/torture/stackalign/builtin-apply-1.c -O0 -mforce-drap -fpic (test for excess errors)
UNRESOLVED: gcc.dg/torture/stackalign/builtin-apply-1.c -O0 -mforce-drap -fpic compilation failed to produce executable
UNRESOLVED: gcc.dg/torture/stackalign/builtin-apply-1.c -O0 -mforce-drap compilation failed to produce executable
FAIL: gcc.dg/torture/stackalign/builtin-apply-1.c -O1 (test for excess errors)
UNRESOLVED: gcc.dg/torture/stackalign/builtin-apply-1.c -O1 compilation failed to produce executable
FAIL: gcc.dg/torture/stackalign/builtin-apply-1.c -O1 -fpic (test for excess errors)
UNRESOLVED: gcc.dg/torture/stackalign/builtin-apply-1.c -O1 -fpic compilation failed to produce executable
FAIL: gcc.dg/torture/stackalign/builtin-apply-1.c -O1 -mforce-drap (test for excess errors)
FAIL: gcc.dg/torture/stackalign/builtin-apply-1.c -O1 -mforce-drap -fpic (test for excess errors)
UNRESOLVED: gcc.dg/torture/stackalign/builtin-apply-1.c -O1 -mforce-drap -fpic compilation failed to produce executable
UNRESOLVED: gcc.dg/torture/stackalign/builtin-apply-1.c -O1 -mforce-drap compilation failed to produce executable
FAIL: gcc.dg/torture/stackalign/builtin-apply-1.c -O2 (test for excess errors)
UNRESOLVED: gcc.dg/torture/stackalign/builtin-apply-1.c -O2 compilation failed to produce executable
FAIL: gcc.dg/torture/stackalign/builtin-apply-1.c -O2 -flto -fno-use-linker-plugin -flto-partition=none (test for excess errors)
UNRESOLVED: gcc.dg/torture/stackalign/builtin-apply-1.c -O2 -flto -fno-use-linker-plugin -flto-partition=none compilation failed to produce executable
FAIL: gcc.dg/torture/stackalign/builtin-apply-1.c -O2 -flto -fno-use-linker-plugin -flto-partition=none -fpic (test for excess errors)
UNRESOLVED: gcc.dg/torture/stackalign/builtin-apply-1.c -O2 -flto -fno-use-linker-plugin -flto-partition=none -fpic compilation failed to produce executable
FAIL: gcc.dg/torture/stackalign/builtin-apply-1.c -O2 -flto -fno-use-linker-plugin -flto-partition=none -mforce-drap (test for excess errors)
FAIL: gcc.dg/torture/stackalign/builtin-apply-1.c -O2 -flto -fno-use-linker-plugin -flto-partition=none -mforce-drap -fpic (test for excess errors)
UNRESOLVED: gcc.dg/torture/stackalign/builtin-apply-1.c -O2 -flto -fno-use-linker-plugin -flto-partition=none -mforce-drap -fpic compilation failed to produce executable
UNRESOLVED: gcc.dg/torture/stackalign/builtin-apply-1.c -O2 -flto -fno-use-linker-plugin -flto-partition=none -mforce-drap compilation failed to produce executable
FAIL: gcc.dg/torture/stackalign/builtin-apply-1.c -O2 -flto -fuse-linker-plugin -fno-fat-lto-objects (test for excess errors)
UNRESOLVED: gcc.dg/torture/stackalign/builtin-apply-1.c -O2 -flto -fuse-linker-plugin -fno-fat-lto-objects compilation failed to produce executable
FAIL: gcc.dg/torture/stackalign/builtin-apply-1.c -O2 -flto -fuse-linker-plugin -fno-fat-lto-objects -fpic (test for excess errors)
UNRESOLVED: gcc.dg/torture/stackalign/builtin-apply-1.c -O2 -flto -fuse-linker-plugin -fno-fat-lto-objects -fpic compilation failed to produce executable
FAIL: gcc.dg/torture/stackalign/builtin-apply-1.c -O2 -flto -fuse-linker-plugin -fno-fat-lto-objects -mforce-drap (test for excess errors)
FAIL: gcc.dg/torture/stackalign/builtin-apply-1.c -O2 -flto -fuse-linker-plugin -fno-fat-lto-objects -mforce-drap -fpic (test for excess errors)
UNRESOLVED: gcc.dg/torture/stackalign/builtin-apply-1.c -O2 -flto -fuse-linker-plugin -fno-fat-lto-objects -mforce-drap -fpic compilation failed to produce executable
UNRESOLVED: gcc.dg/torture/stackalign/builtin-apply-1.c -O2 -flto -fuse-linker-plugin -fno-fat-lto-objects -mforce-drap compilation failed to produce executable
FAIL: gcc.dg/torture/stackalign/builtin-apply-1.c -O2 -fpic (test for excess errors)
UNRESOLVED: gcc.dg/torture/stackalign/builtin-apply-1.c -O2 -fpic compilation failed to produce executable
FAIL: gcc.dg/torture/stackalign/builtin-apply-1.c -O2 -mforce-drap (test for excess errors)
FAIL: gcc.dg/torture/stackalign/builtin-apply-1.c -O2 -mforce-drap -fpic (test for excess errors)
UNRESOLVED: gcc.dg/torture/stackalign/builtin-apply-1.c -O2 -mforce-drap -fpic compilation failed to produce executable
UNRESOLVED: gcc.dg/torture/stackalign/builtin-apply-1.c -O2 -mforce-drap compilation failed to produce executable
FAIL: gcc.dg/torture/stackalign/builtin-apply-1.c -O3 -g (test for excess errors)
UNRESOLVED: gcc.dg/torture/stackalign/builtin-apply-1.c -O3 -g compilation failed to produce executable
FAIL: gcc.dg/torture/stackalign/builtin-apply-1.c -O3 -g -fpic (test for excess errors)
UNRESOLVED: gcc.dg/torture/stackalign/builtin-apply-1.c -O3 -g -fpic compilation failed to produce executable
FAIL: gcc.dg/torture/stackalign/builtin-apply-1.c -O3 -g -mforce-drap (test for excess errors)
FAIL: gcc.dg/torture/stackalign/builtin-apply-1.c -O3 -g -mforce-drap -fpic (test for excess errors)
UNRESOLVED: gcc.dg/torture/stackalign/builtin-apply-1.c -O3 -g -mforce-drap -fpic compilation failed to produce executable
UNRESOLVED: gcc.dg/torture/stackalign/builtin-apply-1.c -O3 -g -mforce-drap compilation failed to produce executable
FAIL: gcc.dg/torture/stackalign/builtin-apply-1.c -Os (test for excess errors)
UNRESOLVED: gcc.dg/torture/stackalign/builtin-apply-1.c -Os compilation failed to produce executable
FAIL: gcc.dg/torture/stackalign/builtin-apply-1.c -Os -fpic (test for excess errors)
UNRESOLVED: gcc.dg/torture/stackalign/builtin-apply-1.c -Os -fpic compilation failed to produce executable
FAIL: gcc.dg/torture/stackalign/builtin-apply-1.c -Os -mforce-drap (test for excess errors)
FAIL: gcc.dg/torture/stackalign/builtin-apply-1.c -Os -mforce-drap -fpic (test for excess errors)
UNRESOLVED: gcc.dg/torture/stackalign/builtin-apply-1.c -Os -mforce-drap -fpic compilation failed to produce executable
UNRESOLVED: gcc.dg/torture/stackalign/builtin-apply-1.c -Os -mforce-drap compilation failed to produce executable
FAIL: gcc.dg/tree-ssa/20030920-1.c (test for excess errors)
UNRESOLVED: gcc.dg/tree-ssa/20030920-1.c compilation failed to produce executable
UNRESOLVED: gcc.dg/tree-ssa/forwprop-29.c compilation failed to produce executable
UNRESOLVED: gcc.dg/tree-ssa/forwprop-29.c compilation failed to produce executable
FAIL: gcc.dg/tree-ssa/ivopt_5.c (test for excess errors)
FAIL: gcc.dg/tree-ssa/ivopt_5.c (test for excess errors)
UNRESOLVED: gcc.dg/tree-ssa/ivopt_5.c compilation failed to produce executable
UNRESOLVED: gcc.dg/tree-ssa/ivopt_5.c compilation failed to produce executable
FAIL: gcc.dg/tree-ssa/loop-14.c (test for excess errors)
UNRESOLVED: gcc.dg/tree-ssa/loop-14.c compilation failed to produce executable
FAIL: gcc.dg/tree-ssa/loop-15.c (test for excess errors)
UNRESOLVED: gcc.dg/tree-ssa/loop-15.c compilation failed to produce executable
FAIL: gcc.dg/tree-ssa/loop-22.c (test for excess errors)
FAIL: gcc.dg/tree-ssa/loop-22.c (test for excess errors)
UNRESOLVED: gcc.dg/tree-ssa/loop-22.c compilation failed to produce executable
UNRESOLVED: gcc.dg/tree-ssa/loop-22.c compilation failed to produce executable
FAIL: gcc.dg/tree-ssa/pr20739.c (test for excess errors)
FAIL: gcc.dg/tree-ssa/pr20739.c (test for excess errors)
UNRESOLVED: gcc.dg/tree-ssa/pr20739.c compilation failed to produce executable
UNRESOLVED: gcc.dg/tree-ssa/pr20739.c compilation failed to produce executable
FAIL: gcc.dg/tree-ssa/pr25485.c (test for excess errors)
UNRESOLVED: gcc.dg/tree-ssa/pr25485.c compilation failed to produce executable
FAIL: gcc.dg/tree-ssa/pr25501.c (test for excess errors)
UNRESOLVED: gcc.dg/tree-ssa/pr25501.c compilation failed to produce executable
FAIL: gcc.dg/tree-ssa/pr26899.c (test for excess errors)
UNRESOLVED: gcc.dg/tree-ssa/pr26899.c compilation failed to produce executable
FAIL: gcc.dg/tree-ssa/vrp72.c execution test
FAIL: gcc.dg/tree-ssa/vrp73.c execution test
FAIL: gcc.dg/tree-ssa/vrp75.c execution test
FAIL: gcc.dg/vect/O3-pr36098.c scan-tree-dump-times vect "vectorizing stmts using SLP" 0
ERROR: list element in quotes followed by "{" instead of space
ERROR: list element in quotes followed by "{" instead of space
ERROR: list element in quotes followed by "{" instead of space
ERROR: tcl error sourcing /export/gnu/import/git/gcc-test-intel64corei7/src-trunk/gcc/testsuite/gcc.dg/vect/vect.exp.
ERROR: tcl error sourcing /export/gnu/import/git/gcc-test-intel64corei7/src-trunk/gcc/testsuite/gcc.dg/vect/vect.exp.
ERROR: tcl error sourcing /export/gnu/import/git/gcc-test-intel64corei7/src-trunk/gcc/testsuite/gcc.dg/vect/vect.exp.
FAIL: gcc.target/i386/addr-space-1.c (test for excess errors)
UNRESOLVED: gcc.target/i386/addr-space-1.c compilation failed to produce executable
UNRESOLVED: gcc.target/i386/addr-space-1.c scan-assembler movl[ \\t]%gs:\\\\((%eax|%rax)\\\\), %eax
FAIL: gcc.target/i386/avx512vl-vpmovdb-1.c scan-assembler-times vpmovdb[ \\\\t]+[^{\\n]*%xmm[0-9]+[^\\n]*%xmm[0-9]+{%k[1-7]}(?:\\n|[ \\\\t]+#) 1
FAIL: gcc.target/i386/avx512vl-vpmovdb-1.c scan-assembler-times vpmovdb[ \\\\t]+[^{\\n]*%xmm[0-9]+[^\\n]*%xmm[0-9]+{%k[1-7]}{z}(?:\\n|[ \\\\t]+#) 1
FAIL: gcc.target/i386/avx512vl-vpmovdb-1.c scan-assembler-times vpmovdb[ \\\\t]+[^{\\n]*%ymm[0-9]+[^\\n]*%xmm[0-9]+{%k[1-7]}(?:\\n|[ \\\\t]+#) 1
FAIL: gcc.target/i386/avx512vl-vpmovdb-1.c scan-assembler-times vpmovdb[ \\\\t]+[^{\\n]*%ymm[0-9]+[^\\n]*%xmm[0-9]+{%k[1-7]}{z}(?:\\n|[ \\\\t]+#) 1
FAIL: gcc.target/i386/avx512vl-vpmovqb-1.c scan-assembler-times vpmovqb[ \\\\t]+[^{\\n]*%xmm[0-9]+[^\\n]*%xmm[0-9]+{%k[1-7]}(?:\\n|[ \\\\t]+#) 1
FAIL: gcc.target/i386/avx512vl-vpmovqb-1.c scan-assembler-times vpmovqb[ \\\\t]+[^{\\n]*%xmm[0-9]+[^\\n]*%xmm[0-9]+{%k[1-7]}{z}(?:\\n|[ \\\\t]+#) 1
FAIL: gcc.target/i386/avx512vl-vpmovqb-1.c scan-assembler-times vpmovqb[ \\\\t]+[^{\\n]*%ymm[0-9]+[^\\n]*%xmm[0-9]+{%k[1-7]}(?:\\n|[ \\\\t]+#) 1
FAIL: gcc.target/i386/avx512vl-vpmovqb-1.c scan-assembler-times vpmovqb[ \\\\t]+[^{\\n]*%ymm[0-9]+[^\\n]*%xmm[0-9]+{%k[1-7]}{z}(?:\\n|[ \\\\t]+#) 1
FAIL: gcc.target/i386/avx512vl-vpmovqw-1.c scan-assembler-times vpmovqw[ \\\\t]+[^{\\n]*%xmm[0-9]+[^\\n]*%xmm[0-9]+{%k[1-7]}(?:\\n|[ \\\\t]+#) 1
FAIL: gcc.target/i386/avx512vl-vpmovqw-1.c scan-assembler-times vpmovqw[ \\\\t]+[^{\\n]*%xmm[0-9]+[^\\n]*%xmm[0-9]+{%k[1-7]}(?:\\n|[ \\\\t]+#) 1
FAIL: gcc.target/i386/avx512vl-vpmovqw-1.c scan-assembler-times vpmovqw[ \\\\t]+[^{\\n]*%xmm[0-9]+[^\\n]*%xmm[0-9]+{%k[1-7]}{z}(?:\\n|[ \\\\t]+#) 1
FAIL: gcc.target/i386/avx512vl-vpmovqw-1.c scan-assembler-times vpmovqw[ \\\\t]+[^{\\n]*%xmm[0-9]+[^\\n]*%xmm[0-9]+{%k[1-7]}{z}(?:\\n|[ \\\\t]+#) 1
FAIL: gcc.target/i386/avx512vl-vpmovqw-1.c scan-assembler-times vpmovqw[ \\\\t]+[^{\\n]*%ymm[0-9]+[^\\n]*%xmm[0-9]+{%k[1-7]}(?:\\n|[ \\\\t]+#) 1
FAIL: gcc.target/i386/avx512vl-vpmovqw-1.c scan-assembler-times vpmovqw[ \\\\t]+[^{\\n]*%ymm[0-9]+[^\\n]*%xmm[0-9]+{%k[1-7]}(?:\\n|[ \\\\t]+#) 1
FAIL: gcc.target/i386/avx512vl-vpmovqw-1.c scan-assembler-times vpmovqw[ \\\\t]+[^{\\n]*%ymm[0-9]+[^\\n]*%xmm[0-9]+{%k[1-7]}{z}(?:\\n|[ \\\\t]+#) 1
FAIL: gcc.target/i386/avx512vl-vpmovqw-1.c scan-assembler-times vpmovqw[ \\\\t]+[^{\\n]*%ymm[0-9]+[^\\n]*%xmm[0-9]+{%k[1-7]}{z}(?:\\n|[ \\\\t]+#) 1
FAIL: gcc.target/i386/avx512vl-vpmovsdb-1.c scan-assembler-times vpmovsdb[ \\\\t]+[^{\\n]*%xmm[0-9]+[^\\n]*%xmm[0-9]+{%k[1-7]}(?:\\n|[ \\\\t]+#) 1
FAIL: gcc.target/i386/avx512vl-vpmovsdb-1.c scan-assembler-times vpmovsdb[ \\\\t]+[^{\\n]*%xmm[0-9]+[^\\n]*%xmm[0-9]+{%k[1-7]}{z}(?:\\n|[ \\\\t]+#) 1
FAIL: gcc.target/i386/avx512vl-vpmovsdb-1.c scan-assembler-times vpmovsdb[ \\\\t]+[^{\\n]*%ymm[0-9]+[^\\n]*%xmm[0-9]+{%k[1-7]}(?:\\n|[ \\\\t]+#) 1
FAIL: gcc.target/i386/avx512vl-vpmovsdb-1.c scan-assembler-times vpmovsdb[ \\\\t]+[^{\\n]*%ymm[0-9]+[^\\n]*%xmm[0-9]+{%k[1-7]}{z}(?:\\n|[ \\\\t]+#) 1
FAIL: gcc.target/i386/avx512vl-vpmovsqb-1.c scan-assembler-times vpmovsqb[ \\\\t]+[^{\\n]*%xmm[0-9]+[^\\n]*%xmm[0-9]+{%k[1-7]}(?:\\n|[ \\\\t]+#) 1
FAIL: gcc.target/i386/avx512vl-vpmovsqb-1.c scan-assembler-times vpmovsqb[ \\\\t]+[^{\\n]*%xmm[0-9]+[^\\n]*%xmm[0-9]+{%k[1-7]}{z}(?:\\n|[ \\\\t]+#) 1
FAIL: gcc.target/i386/avx512vl-vpmovsqb-1.c scan-assembler-times vpmovsqb[ \\\\t]+[^{\\n]*%ymm[0-9]+[^\\n]*%xmm[0-9]+{%k[1-7]}(?:\\n|[ \\\\t]+#) 1
FAIL: gcc.target/i386/avx512vl-vpmovsqb-1.c scan-assembler-times vpmovsqb[ \\\\t]+[^{\\n]*%ymm[0-9]+[^\\n]*%xmm[0-9]+{%k[1-7]}{z}(?:\\n|[ \\\\t]+#) 1
FAIL: gcc.target/i386/pr69225-1.c (test for excess errors)
FAIL: gcc.target/i386/pr69225-1.c (test for excess errors)
FAIL: gcc.target/i386/pr69225-1.c (test for excess errors)
UNRESOLVED: gcc.target/i386/pr69225-1.c compilation failed to produce executable
UNRESOLVED: gcc.target/i386/pr69225-1.c compilation failed to produce executable
UNRESOLVED: gcc.target/i386/pr69225-1.c compilation failed to produce executable
FAIL: gcc.target/i386/pr69225-2.c (test for excess errors)
FAIL: gcc.target/i386/pr69225-2.c (test for excess errors)
FAIL: gcc.target/i386/pr69225-2.c (test for excess errors)
UNRESOLVED: gcc.target/i386/pr69225-2.c compilation failed to produce executable
UNRESOLVED: gcc.target/i386/pr69225-2.c compilation failed to produce executable
UNRESOLVED: gcc.target/i386/pr69225-2.c compilation failed to produce executable
FAIL: gcc.target/i386/pr69225-3.c (test for excess errors)
FAIL: gcc.target/i386/pr69225-3.c (test for excess errors)
FAIL: gcc.target/i386/pr69225-3.c (test for excess errors)
UNRESOLVED: gcc.target/i386/pr69225-3.c compilation failed to produce executable
UNRESOLVED: gcc.target/i386/pr69225-3.c compilation failed to produce executable
UNRESOLVED: gcc.target/i386/pr69225-3.c compilation failed to produce executable
FAIL: gcc.target/i386/pr69225-4.c (test for excess errors)
FAIL: gcc.target/i386/pr69225-4.c (test for excess errors)
FAIL: gcc.target/i386/pr69225-4.c (test for excess errors)
UNRESOLVED: gcc.target/i386/pr69225-4.c compilation failed to produce executable
UNRESOLVED: gcc.target/i386/pr69225-4.c compilation failed to produce executable
UNRESOLVED: gcc.target/i386/pr69225-4.c compilation failed to produce executable
FAIL: gcc.target/i386/pr69225-5.c (test for excess errors)
FAIL: gcc.target/i386/pr69225-5.c (test for excess errors)
FAIL: gcc.target/i386/pr69225-5.c (test for excess errors)
UNRESOLVED: gcc.target/i386/pr69225-5.c compilation failed to produce executable
UNRESOLVED: gcc.target/i386/pr69225-5.c compilation failed to produce executable
UNRESOLVED: gcc.target/i386/pr69225-5.c compilation failed to produce executable
FAIL: gcc.target/i386/pr69225-6.c (test for excess errors)
FAIL: gcc.target/i386/pr69225-6.c (test for excess errors)
FAIL: gcc.target/i386/pr69225-6.c (test for excess errors)
UNRESOLVED: gcc.target/i386/pr69225-6.c compilation failed to produce executable
UNRESOLVED: gcc.target/i386/pr69225-6.c compilation failed to produce executable
UNRESOLVED: gcc.target/i386/pr69225-6.c compilation failed to produce executable
FAIL: gcc.target/i386/pr69225-7.c (test for excess errors)
FAIL: gcc.target/i386/pr69225-7.c (test for excess errors)
FAIL: gcc.target/i386/pr69225-7.c (test for excess errors)
UNRESOLVED: gcc.target/i386/pr69225-7.c compilation failed to produce executable
UNRESOLVED: gcc.target/i386/pr69225-7.c compilation failed to produce executable
UNRESOLVED: gcc.target/i386/pr69225-7.c compilation failed to produce executable
=== gcc Summary for unix ===
# of expected passes 101470
# of unexpected failures 242
# of unexpected successes 22
# of expected failures 308
# of unresolved testcases 222
# of unsupported tests 1500
Running target unix/-m32
FAIL: gcc.dg/graphite/id-pr45230-1.c (internal compiler error)
FAIL: gcc.dg/graphite/id-pr45230-1.c (test for excess errors)
XPASS: gcc.dg/guality/example.c -O0 execution test
XPASS: gcc.dg/guality/example.c -O1 execution test
XPASS: gcc.dg/guality/guality.c -O0 execution test
XPASS: gcc.dg/guality/guality.c -O1 execution test
XPASS: gcc.dg/guality/guality.c -O2 execution test
XPASS: gcc.dg/guality/guality.c -O2 -flto -fno-use-linker-plugin -flto-partition=none execution test
XPASS: gcc.dg/guality/guality.c -O2 -flto -fuse-linker-plugin -fno-fat-lto-objects execution test
XPASS: gcc.dg/guality/guality.c -O3 -g execution test
XPASS: gcc.dg/guality/guality.c -Os execution test
XPASS: gcc.dg/guality/inline-params.c -O2 execution test
XPASS: gcc.dg/guality/inline-params.c -O2 -flto -fno-use-linker-plugin -flto-partition=none execution test
XPASS: gcc.dg/guality/inline-params.c -O3 -g execution test
XPASS: gcc.dg/guality/inline-params.c -Os execution test
XPASS: gcc.dg/guality/pr41353-1.c -O0 line 28 j == 28 + 37
XPASS: gcc.dg/guality/pr41353-1.c -O1 line 28 j == 28 + 37
XPASS: gcc.dg/guality/pr41353-1.c -O2 line 28 j == 28 + 37
XPASS: gcc.dg/guality/pr41353-1.c -O2 -flto -fno-use-linker-plugin -flto-partition=none line 28 j == 28 + 37
XPASS: gcc.dg/guality/pr41353-1.c -O2 -flto -fuse-linker-plugin -fno-fat-lto-objects line 28 j == 28 + 37
XPASS: gcc.dg/guality/pr41353-1.c -O3 -g line 28 j == 28 + 37
XPASS: gcc.dg/guality/pr41353-1.c -Os line 28 j == 28 + 37
FAIL: gcc.dg/guality/pr41447-1.c -O2 execution test
FAIL: gcc.dg/guality/pr41447-1.c -O2 -flto -fno-use-linker-plugin -flto-partition=none execution test
FAIL: gcc.dg/guality/pr41447-1.c -O3 -g execution test
FAIL: gcc.dg/guality/pr41616-1.c -O2 -flto -fuse-linker-plugin -fno-fat-lto-objects execution test
FAIL: gcc.dg/guality/pr45882.c -O2 -flto -fuse-linker-plugin -fno-fat-lto-objects line 16 d == 112
FAIL: gcc.dg/guality/pr45882.c -O2 -flto -fuse-linker-plugin -fno-fat-lto-objects line 16 e == 142
FAIL: gcc.dg/guality/pr54519-1.c -O2 -flto -fno-use-linker-plugin -flto-partition=none line 20 y == 25
FAIL: gcc.dg/guality/pr54519-1.c -O2 -flto -fno-use-linker-plugin -flto-partition=none line 20 z == 6
FAIL: gcc.dg/guality/pr54519-1.c -O2 -flto -fno-use-linker-plugin -flto-partition=none line 23 y == 117
FAIL: gcc.dg/guality/pr54519-1.c -O2 -flto -fno-use-linker-plugin -flto-partition=none line 23 z == 8
FAIL: gcc.dg/guality/pr54519-2.c -O2 -flto -fno-use-linker-plugin -flto-partition=none line 17 y == 25
FAIL: gcc.dg/guality/pr54519-2.c -O2 -flto -fuse-linker-plugin -fno-fat-lto-objects line 17 y == 25
FAIL: gcc.dg/guality/pr54519-3.c -O2 -flto -fno-use-linker-plugin -flto-partition=none line 20 y == 25
FAIL: gcc.dg/guality/pr54519-3.c -O2 -flto -fno-use-linker-plugin -flto-partition=none line 20 z == 6
FAIL: gcc.dg/guality/pr54519-3.c -O2 -flto -fno-use-linker-plugin -flto-partition=none line 23 y == 117
FAIL: gcc.dg/guality/pr54519-3.c -O2 -flto -fno-use-linker-plugin -flto-partition=none line 23 z == 8
FAIL: gcc.dg/guality/pr54519-3.c -O2 -flto -fuse-linker-plugin -fno-fat-lto-objects line 20 y == 25
FAIL: gcc.dg/guality/pr54519-3.c -O2 -flto -fuse-linker-plugin -fno-fat-lto-objects line 20 z == 6
FAIL: gcc.dg/guality/pr54519-3.c -O2 -flto -fuse-linker-plugin -fno-fat-lto-objects line 23 y == 117
FAIL: gcc.dg/guality/pr54519-3.c -O2 -flto -fuse-linker-plugin -fno-fat-lto-objects line 23 z == 8
FAIL: gcc.dg/guality/pr54519-4.c -O2 -flto -fno-use-linker-plugin -flto-partition=none line 17 y == 25
FAIL: gcc.dg/guality/pr54519-4.c -O2 -flto -fuse-linker-plugin -fno-fat-lto-objects line 17 y == 25
FAIL: gcc.dg/guality/pr54519-5.c -O2 -flto -fno-use-linker-plugin -flto-partition=none line 17 y == 25
FAIL: gcc.dg/guality/pr54519-5.c -O2 -flto -fuse-linker-plugin -fno-fat-lto-objects line 17 y == 25
FAIL: gcc.dg/guality/pr68860-1.c -O2 -flto -fno-use-linker-plugin -flto-partition=none line 14 arg1 == 1
FAIL: gcc.dg/guality/pr68860-1.c -O2 -flto -fno-use-linker-plugin -flto-partition=none line 14 arg2 == 2
FAIL: gcc.dg/guality/pr68860-1.c -O2 -flto -fno-use-linker-plugin -flto-partition=none line 14 arg3 == 3
FAIL: gcc.dg/guality/pr68860-1.c -O2 -flto -fno-use-linker-plugin -flto-partition=none line 14 arg4 == 4
FAIL: gcc.dg/guality/pr68860-1.c -O2 -flto -fno-use-linker-plugin -flto-partition=none line 14 arg5 == 5
FAIL: gcc.dg/guality/pr68860-1.c -O2 -flto -fno-use-linker-plugin -flto-partition=none line 14 arg6 == 6
FAIL: gcc.dg/guality/pr68860-1.c -O2 -flto -fno-use-linker-plugin -flto-partition=none line 16 arg1 == 1
FAIL: gcc.dg/guality/pr68860-1.c -O2 -flto -fno-use-linker-plugin -flto-partition=none line 16 arg2 == 2
FAIL: gcc.dg/guality/pr68860-1.c -O2 -flto -fno-use-linker-plugin -flto-partition=none line 16 arg3 == 3
FAIL: gcc.dg/guality/pr68860-1.c -O2 -flto -fno-use-linker-plugin -flto-partition=none line 16 arg4 == 4
FAIL: gcc.dg/guality/pr68860-1.c -O2 -flto -fno-use-linker-plugin -flto-partition=none line 16 arg5 == 5
FAIL: gcc.dg/guality/pr68860-1.c -O2 -flto -fno-use-linker-plugin -flto-partition=none line 16 arg6 == 6
FAIL: gcc.dg/guality/pr68860-1.c -O2 -flto -fuse-linker-plugin -fno-fat-lto-objects line 14 arg1 == 1
FAIL: gcc.dg/guality/pr68860-1.c -O2 -flto -fuse-linker-plugin -fno-fat-lto-objects line 14 arg2 == 2
FAIL: gcc.dg/guality/pr68860-1.c -O2 -flto -fuse-linker-plugin -fno-fat-lto-objects line 14 arg3 == 3
FAIL: gcc.dg/guality/pr68860-1.c -O2 -flto -fuse-linker-plugin -fno-fat-lto-objects line 14 arg4 == 4
FAIL: gcc.dg/guality/pr68860-1.c -O2 -flto -fuse-linker-plugin -fno-fat-lto-objects line 14 arg5 == 5
FAIL: gcc.dg/guality/pr68860-1.c -O2 -flto -fuse-linker-plugin -fno-fat-lto-objects line 14 arg6 == 6
FAIL: gcc.dg/guality/pr68860-1.c -O2 -flto -fuse-linker-plugin -fno-fat-lto-objects line 16 arg1 == 1
FAIL: gcc.dg/guality/pr68860-1.c -O2 -flto -fuse-linker-plugin -fno-fat-lto-objects line 16 arg2 == 2
FAIL: gcc.dg/guality/pr68860-1.c -O2 -flto -fuse-linker-plugin -fno-fat-lto-objects line 16 arg3 == 3
FAIL: gcc.dg/guality/pr68860-1.c -O2 -flto -fuse-linker-plugin -fno-fat-lto-objects line 16 arg4 == 4
FAIL: gcc.dg/guality/pr68860-1.c -O2 -flto -fuse-linker-plugin -fno-fat-lto-objects line 16 arg5 == 5
FAIL: gcc.dg/guality/pr68860-1.c -O2 -flto -fuse-linker-plugin -fno-fat-lto-objects line 16 arg6 == 6
FAIL: gcc.dg/guality/vla-1.c -O1 line 17 sizeof (a) == 6
FAIL: gcc.dg/guality/vla-1.c -O2 line 17 sizeof (a) == 6
FAIL: gcc.dg/guality/vla-1.c -O2 -flto -fno-use-linker-plugin -flto-partition=none line 17 sizeof (a) == 6
FAIL: gcc.dg/guality/vla-1.c -O2 -flto -fuse-linker-plugin -fno-fat-lto-objects line 17 sizeof (a) == 6
FAIL: gcc.dg/guality/vla-1.c -O3 -g line 17 sizeof (a) == 6
FAIL: gcc.dg/guality/vla-1.c -Os line 17 sizeof (a) == 6
FAIL: gcc.dg/vect/O3-pr36098.c scan-tree-dump-times vect "vectorizing stmts using SLP" 0
ERROR: list element in quotes followed by "{" instead of space
ERROR: list element in quotes followed by "{" instead of space
ERROR: tcl error sourcing /export/gnu/import/git/gcc-test-intel64corei7/src-trunk/gcc/testsuite/gcc.dg/vect/vect.exp.
ERROR: tcl error sourcing /export/gnu/import/git/gcc-test-intel64corei7/src-trunk/gcc/testsuite/gcc.dg/vect/vect.exp.
FAIL: gcc.target/i386/avx512vl-vpmovsdb-1.c scan-assembler-times vpmovsdb[ \\\\t]+[^{\\n]*%xmm[0-9]+[^\\n]*%xmm[0-9]+{%k[1-7]}(?:\\n|[ \\\\t]+#) 1
FAIL: gcc.target/i386/avx512vl-vpmovsdb-1.c scan-assembler-times vpmovsdb[ \\\\t]+[^{\\n]*%xmm[0-9]+[^\\n]*%xmm[0-9]+{%k[1-7]}{z}(?:\\n|[ \\\\t]+#) 1
FAIL: gcc.target/i386/avx512vl-vpmovsdb-1.c scan-assembler-times vpmovsdb[ \\\\t]+[^{\\n]*%ymm[0-9]+[^\\n]*%xmm[0-9]+{%k[1-7]}(?:\\n|[ \\\\t]+#) 1
FAIL: gcc.target/i386/avx512vl-vpmovsdb-1.c scan-assembler-times vpmovsdb[ \\\\t]+[^{\\n]*%ymm[0-9]+[^\\n]*%xmm[0-9]+{%k[1-7]}{z}(?:\\n|[ \\\\t]+#) 1
FAIL: gcc.target/i386/avx512vl-vpmovsqb-1.c scan-assembler-times vpmovsqb[ \\\\t]+[^{\\n]*%xmm[0-9]+[^\\n]*%xmm[0-9]+{%k[1-7]}(?:\\n|[ \\\\t]+#) 1
FAIL: gcc.target/i386/avx512vl-vpmovsqb-1.c scan-assembler-times vpmovsqb[ \\\\t]+[^{\\n]*%xmm[0-9]+[^\\n]*%xmm[0-9]+{%k[1-7]}(?:\\n|[ \\\\t]+#) 1
FAIL: gcc.target/i386/avx512vl-vpmovsqb-1.c scan-assembler-times vpmovsqb[ \\\\t]+[^{\\n]*%xmm[0-9]+[^\\n]*%xmm[0-9]+{%k[1-7]}{z}(?:\\n|[ \\\\t]+#) 1
FAIL: gcc.target/i386/avx512vl-vpmovsqb-1.c scan-assembler-times vpmovsqb[ \\\\t]+[^{\\n]*%xmm[0-9]+[^\\n]*%xmm[0-9]+{%k[1-7]}{z}(?:\\n|[ \\\\t]+#) 1
FAIL: gcc.target/i386/avx512vl-vpmovsqb-1.c scan-assembler-times vpmovsqb[ \\\\t]+[^{\\n]*%ymm[0-9]+[^\\n]*%xmm[0-9]+{%k[1-7]}(?:\\n|[ \\\\t]+#) 1
FAIL: gcc.target/i386/avx512vl-vpmovsqb-1.c scan-assembler-times vpmovsqb[ \\\\t]+[^{\\n]*%ymm[0-9]+[^\\n]*%xmm[0-9]+{%k[1-7]}(?:\\n|[ \\\\t]+#) 1
FAIL: gcc.target/i386/avx512vl-vpmovsqb-1.c scan-assembler-times vpmovsqb[ \\\\t]+[^{\\n]*%ymm[0-9]+[^\\n]*%xmm[0-9]+{%k[1-7]}{z}(?:\\n|[ \\\\t]+#) 1
FAIL: gcc.target/i386/avx512vl-vpmovsqb-1.c scan-assembler-times vpmovsqb[ \\\\t]+[^{\\n]*%ymm[0-9]+[^\\n]*%xmm[0-9]+{%k[1-7]}{z}(?:\\n|[ \\\\t]+#) 1
FAIL: gcc.target/i386/avx512vl-vpmovsqw-1.c scan-assembler-times vpmovsqw[ \\\\t]+[^{\\n]*%xmm[0-9]+[^\\n]*%xmm[0-9]+{%k[1-7]}(?:\\n|[ \\\\t]+#) 1
FAIL: gcc.target/i386/avx512vl-vpmovsqw-1.c scan-assembler-times vpmovsqw[ \\\\t]+[^{\\n]*%xmm[0-9]+[^\\n]*%xmm[0-9]+{%k[1-7]}(?:\\n|[ \\\\t]+#) 1
FAIL: gcc.target/i386/avx512vl-vpmovsqw-1.c scan-assembler-times vpmovsqw[ \\\\t]+[^{\\n]*%xmm[0-9]+[^\\n]*%xmm[0-9]+{%k[1-7]}{z}(?:\\n|[ \\\\t]+#) 1
FAIL: gcc.target/i386/avx512vl-vpmovsqw-1.c scan-assembler-times vpmovsqw[ \\\\t]+[^{\\n]*%xmm[0-9]+[^\\n]*%xmm[0-9]+{%k[1-7]}{z}(?:\\n|[ \\\\t]+#) 1
FAIL: gcc.target/i386/avx512vl-vpmovsqw-1.c scan-assembler-times vpmovsqw[ \\\\t]+[^{\\n]*%ymm[0-9]+[^\\n]*%xmm[0-9]+{%k[1-7]}(?:\\n|[ \\\\t]+#) 1
FAIL: gcc.target/i386/avx512vl-vpmovsqw-1.c scan-assembler-times vpmovsqw[ \\\\t]+[^{\\n]*%ymm[0-9]+[^\\n]*%xmm[0-9]+{%k[1-7]}(?:\\n|[ \\\\t]+#) 1
FAIL: gcc.target/i386/avx512vl-vpmovsqw-1.c scan-assembler-times vpmovsqw[ \\\\t]+[^{\\n]*%ymm[0-9]+[^\\n]*%xmm[0-9]+{%k[1-7]}{z}(?:\\n|[ \\\\t]+#) 1
FAIL: gcc.target/i386/avx512vl-vpmovsqw-1.c scan-assembler-times vpmovsqw[ \\\\t]+[^{\\n]*%ymm[0-9]+[^\\n]*%xmm[0-9]+{%k[1-7]}{z}(?:\\n|[ \\\\t]+#) 1
FAIL: gcc.target/i386/avx512vl-vpmovusqw-1.c scan-assembler-times vpmovusqw[ \\\\t]+[^{\\n]*%xmm[0-9]+[^\\n]*%xmm[0-9]+{%k[1-7]}(?:\\n|[ \\\\t]+#) 1
FAIL: gcc.target/i386/avx512vl-vpmovusqw-1.c scan-assembler-times vpmovusqw[ \\\\t]+[^{\\n]*%xmm[0-9]+[^\\n]*%xmm[0-9]+{%k[1-7]}{z}(?:\\n|[ \\\\t]+#) 1
FAIL: gcc.target/i386/avx512vl-vpmovusqw-1.c scan-assembler-times vpmovusqw[ \\\\t]+[^{\\n]*%ymm[0-9]+[^\\n]*%xmm[0-9]+{%k[1-7]}(?:\\n|[ \\\\t]+#) 1
FAIL: gcc.target/i386/avx512vl-vpmovusqw-1.c scan-assembler-times vpmovusqw[ \\\\t]+[^{\\n]*%ymm[0-9]+[^\\n]*%xmm[0-9]+{%k[1-7]}{z}(?:\\n|[ \\\\t]+#) 1
FAIL: gcc.target/i386/pr69225-2.c (test for excess errors)
UNRESOLVED: gcc.target/i386/pr69225-2.c compilation failed to produce executable
FAIL: gcc.target/i386/pr69225-3.c (test for excess errors)
UNRESOLVED: gcc.target/i386/pr69225-3.c compilation failed to produce executable
FAIL: gcc.target/i386/pr69225-4.c (test for excess errors)
UNRESOLVED: gcc.target/i386/pr69225-4.c compilation failed to produce executable
FAIL: gcc.target/i386/pr69225-5.c (test for excess errors)
UNRESOLVED: gcc.target/i386/pr69225-5.c compilation failed to produce executable
FAIL: gcc.target/i386/pr69225-6.c (test for excess errors)
UNRESOLVED: gcc.target/i386/pr69225-6.c compilation failed to produce executable
FAIL: gcc.target/i386/pr69225-7.c (test for excess errors)
UNRESOLVED: gcc.target/i386/pr69225-7.c compilation failed to produce executable
=== gcc Summary for unix/-m32 ===
# of expected passes 113546
# of unexpected failures 87
# of unexpected successes 20
# of expected failures 294
# of unresolved testcases 6
# of unsupported tests 1686
=== gcc Summary ===
# of expected passes 215016
# of unexpected failures 329
# of unexpected successes 42
# of expected failures 602
# of unresolved testcases 228
# of unsupported tests 3186
/export/gnu/import/git/gcc-test-intel64corei7/bld/gcc/xgcc version 6.0.0 20160209 (experimental) [trunk revision 233241] (GCC)
=== gfortran tests ===
Running target unix
=== gfortran Summary for unix ===
# of expected passes 41805
# of expected failures 71
# of unsupported tests 64
Running target unix/-m32
FAIL: gfortran.dg/bessel_6.f90 -O0 execution test
FAIL: gfortran.dg/bessel_6.f90 -O1 execution test
FAIL: gfortran.dg/bessel_6.f90 -O2 execution test
FAIL: gfortran.dg/bessel_6.f90 -O3 -fomit-frame-pointer -funroll-loops -fpeel-loops -ftracer -finline-functions execution test
FAIL: gfortran.dg/bessel_6.f90 -O3 -g execution test
FAIL: gfortran.dg/bessel_6.f90 -Os execution test
=== gfortran Summary for unix/-m32 ===
# of expected passes 41582
# of unexpected failures 6
# of expected failures 71
# of unsupported tests 167
=== gfortran Summary ===
# of expected passes 83387
# of unexpected failures 6
# of expected failures 142
# of unsupported tests 231
/export/gnu/import/git/gcc-test-intel64corei7/bld/gcc/testsuite/gfortran/../../gfortran version 6.0.0 20160209 (experimental) [trunk revision 233241] (GCC)
=== g++ tests ===
Running target unix
FAIL: g++.dg/guality/pr55665.C -O2 line 23 p == 40
FAIL: g++.dg/guality/pr55665.C -O3 -g line 23 p == 40
XPASS: g++.dg/tls/thread_local-order2.C -std=c++11 execution test
XPASS: g++.dg/tls/thread_local-order2.C -std=c++14 execution test
=== g++ Summary for unix ===
# of expected passes 102838
# of unexpected failures 2
# of unexpected successes 2
# of expected failures 270
# of unsupported tests 3576
Running target unix/-m32
FAIL: g++.dg/guality/pr55665.C -O2 line 23 p == 40
FAIL: g++.dg/guality/pr55665.C -O3 -g line 23 p == 40
XPASS: g++.dg/tls/thread_local-order2.C -std=c++11 execution test
XPASS: g++.dg/tls/thread_local-order2.C -std=c++14 execution test
=== g++ Summary for unix/-m32 ===
# of expected passes 101261
# of unexpected failures 2
# of unexpected successes 2
# of expected failures 270
# of unsupported tests 3334
=== g++ Summary ===
# of expected passes 204099
# of unexpected failures 4
# of unexpected successes 4
# of expected failures 540
# of unsupported tests 6910
/export/gnu/import/git/gcc-test-intel64corei7/bld/gcc/testsuite/g++/../../xg++ version 6.0.0 20160209 (experimental) [trunk revision 233241] (GCC)
=== objc tests ===
Running target unix
=== objc Summary for unix ===
# of expected passes 2782
# of expected failures 6
# of unsupported tests 68
Running target unix/-m32
=== objc Summary for unix/-m32 ===
# of expected passes 2782
# of expected failures 6
# of unsupported tests 68
=== objc Summary ===
# of expected passes 5564
# of expected failures 12
# of unsupported tests 136
/export/gnu/import/git/gcc-test-intel64corei7/bld/gcc/xgcc version 6.0.0 20160209 (experimental) [trunk revision 233241] (GCC)
=== boehm-gc tests ===
Running target unix/-m32
=== boehm-gc Summary for unix/-m32 ===
# of expected passes 12
# of unsupported tests 1
Running target unix
=== boehm-gc Summary for unix ===
# of expected passes 12
# of unsupported tests 1
=== boehm-gc Summary ===
# of expected passes 24
# of unsupported tests 2
=== libatomic tests ===
Running target unix/-m32
=== libatomic Summary for unix/-m32 ===
# of expected passes 44
# of unsupported tests 5
Running target unix
=== libatomic Summary for unix ===
# of expected passes 54
=== libatomic Summary ===
# of expected passes 98
# of unsupported tests 5
=== libffi tests ===
Running target unix/-m32
=== libffi Summary for unix/-m32 ===
# of expected passes 2439
# of unsupported tests 30
Running target unix
=== libffi Summary for unix ===
# of expected passes 1914
# of unsupported tests 30
=== libffi Summary ===
# of expected passes 4353
# of unsupported tests 60
=== libgomp tests ===
Running target unix/-m32
=== libgomp Summary for unix/-m32 ===
# of expected passes 4792
# of unsupported tests 261
Running target unix
=== libgomp Summary for unix ===
# of expected passes 4792
# of unsupported tests 261
=== libgomp Summary ===
# of expected passes 9584
# of unsupported tests 522
=== libitm tests ===
Running target unix/-m32
=== libitm Summary for unix/-m32 ===
# of expected passes 42
# of expected failures 3
# of unsupported tests 1
Running target unix
=== libitm Summary for unix ===
# of expected passes 42
# of expected failures 3
# of unsupported tests 1
=== libitm Summary ===
# of expected passes 84
# of expected failures 6
# of unsupported tests 2
=== libjava tests ===
Running target unix/-m32
=== libjava Summary for unix/-m32 ===
# of expected passes 2582
# of expected failures 4
Running target unix
=== libjava Summary for unix ===
# of expected passes 2582
# of expected failures 4
=== libjava Summary ===
# of expected passes 5164
# of expected failures 8
=== libstdc++ tests ===
Running target unix
=== libstdc++ Summary for unix ===
# of expected passes 4973
# of expected failures 63
# of unsupported tests 233
Running target unix/-m32
=== libstdc++ Summary for unix/-m32 ===
# of expected passes 11256
# of expected failures 67
# of unsupported tests 229
=== libstdc++ Summary ===
# of expected passes 16229
# of expected failures 130
# of unsupported tests 462
Compiler version: 6.0.0 20160209 (experimental) [trunk revision 233241] (GCC)
Platform: x86_64-pc-linux-gnu
configure flags: --with-arch=corei7 --with-cpu=corei7 --prefix=/usr/6.0.0 --enable-clocale=gnu --with-system-zlib --enable-shared --with-demangler-in-ld --enable-libmpx --with-fpmath=sse --enable-languages=c,c++,fortran,java,lto,objc
More information about the Gcc-testresults
mailing list