Results for 6.0.0 20160205 (experimental) [trunk revision 233172] (GCC) testsuite on sparcv9-sun-solaris2.11
Rainer Orth
ro@CeBiTec.Uni-Bielefeld.DE
Mon Feb 8 16:55:00 GMT 2016
LAST_UPDATED: Fri Feb 5 10:50:52 UTC 2016 (revision 233172)
=== acats tests ===
=== acats Summary ===
# of expected passes 2320
# of unexpected failures 0
Native configuration is sparcv9-sun-solaris2.11
=== g++ tests ===
Running target unix
FAIL: g++.dg/ext/attr-constructor1.C -std=c++11 (test for errors, line 5)
FAIL: g++.dg/ext/attr-constructor1.C -std=c++11 (test for excess errors)
FAIL: g++.dg/ext/attr-constructor1.C -std=c++14 (test for errors, line 5)
FAIL: g++.dg/ext/attr-constructor1.C -std=c++14 (test for excess errors)
FAIL: g++.dg/lto/pr54625-2 cp_lto_pr54625-2_0.o assemble, -O0 -flto -flto-partition=none (internal compiler error)
UNRESOLVED: g++.dg/lto/pr54625-2 cp_lto_pr54625-2_0.o-cp_lto_pr54625-2_1.o execute -O0 -flto -flto-partition=none
UNRESOLVED: g++.dg/lto/pr54625-2 cp_lto_pr54625-2_0.o-cp_lto_pr54625-2_1.o link -O0 -flto -flto-partition=none
=== g++ Summary for unix ===
# of expected passes 92110
# of unexpected failures 5
# of expected failures 266
# of unresolved testcases 2
# of unsupported tests 3748
Running target unix/-m32
FAIL: g++.dg/ext/attr-constructor1.C -std=c++11 (test for errors, line 5)
FAIL: g++.dg/ext/attr-constructor1.C -std=c++11 (test for excess errors)
FAIL: g++.dg/ext/attr-constructor1.C -std=c++14 (test for errors, line 5)
FAIL: g++.dg/ext/attr-constructor1.C -std=c++14 (test for excess errors)
=== g++ Summary for unix/-m32 ===
# of expected passes 90240
# of unexpected failures 4
# of expected failures 266
# of unsupported tests 3771
=== g++ Summary ===
# of expected passes 182350
# of unexpected failures 9
# of expected failures 532
# of unresolved testcases 2
# of unsupported tests 7519
/var/gcc/regression/trunk/11-gcc-gas-64/build/gcc/testsuite/g++/../../xg++ version 6.0.0 20160205 (experimental) [trunk revision 233172] (GCC)
=== gcc tests ===
Running target unix
FAIL: gcc.dg/ifcvt-4.c scan-rtl-dump ce1 "2 true changes made"
FAIL: gcc.dg/ifcvt-5.c scan-rtl-dump ce1 "0 true changes made"
FAIL: gcc.dg/unroll-2.c (test for warnings, line 28)
FAIL: gcc.dg/visibility-22.c execution test
FAIL: gcc.dg/lto/20100227-1 c_lto_20100227-1_0.o assemble, -O2 -flto (internal compiler error)
UNRESOLVED: gcc.dg/lto/20100227-1 c_lto_20100227-1_0.o-c_lto_20100227-1_1.o execute -O2 -flto
UNRESOLVED: gcc.dg/lto/20100227-1 c_lto_20100227-1_0.o-c_lto_20100227-1_1.o link -O2 -flto
FAIL: gcc.dg/lto/20100423-1 c_lto_20100423-1_0.o assemble, -O2 -flto (internal compiler error)
UNRESOLVED: gcc.dg/lto/20100423-1 c_lto_20100423-1_0.o-c_lto_20100423-1_1.o execute -O2 -flto
UNRESOLVED: gcc.dg/lto/20100423-1 c_lto_20100423-1_0.o-c_lto_20100423-1_1.o link -O2 -flto
UNRESOLVED: gcc.dg/lto/20100720-1 c_lto_20100720-1_0.o-c_lto_20100720-1_1.o execute -O2 -flto -flto-partition=none
UNRESOLVED: gcc.dg/lto/20100720-1 c_lto_20100720-1_0.o-c_lto_20100720-1_1.o link -O2 -flto -flto-partition=none
FAIL: gcc.dg/lto/20100720-1 c_lto_20100720-1_1.o assemble, -O2 -flto -flto-partition=none (internal compiler error)
UNRESOLVED: gcc.dg/lto/20100720-2 c_lto_20100720-2_0.o-c_lto_20100720-2_1.o execute -O0 -flto
UNRESOLVED: gcc.dg/lto/20100720-2 c_lto_20100720-2_0.o-c_lto_20100720-2_1.o execute -O2 -flto -flto-partition=1to1
UNRESOLVED: gcc.dg/lto/20100720-2 c_lto_20100720-2_0.o-c_lto_20100720-2_1.o link -O0 -flto
UNRESOLVED: gcc.dg/lto/20100720-2 c_lto_20100720-2_0.o-c_lto_20100720-2_1.o link -O2 -flto -flto-partition=1to1
FAIL: gcc.dg/lto/20100720-2 c_lto_20100720-2_1.o assemble, -O0 -flto (internal compiler error)
FAIL: gcc.dg/lto/20100720-2 c_lto_20100720-2_1.o assemble, -O2 -flto -flto-partition=1to1 (internal compiler error)
FAIL: gcc.dg/lto/20100720-3 c_lto_20100720-3_0.o assemble, -O2 -flto (internal compiler error)
UNRESOLVED: gcc.dg/lto/20100720-3 c_lto_20100720-3_0.o-c_lto_20100720-3_1.o execute -O2 -flto
UNRESOLVED: gcc.dg/lto/20100720-3 c_lto_20100720-3_0.o-c_lto_20100720-3_1.o link -O2 -flto
FAIL: gcc.dg/lto/20100720-4 c_lto_20100720-4_0.o assemble, -flto -funsigned-char (internal compiler error)
UNRESOLVED: gcc.dg/lto/20100720-4 c_lto_20100720-4_0.o-c_lto_20100720-4_0.o execute -flto -funsigned-char
UNRESOLVED: gcc.dg/lto/20100720-4 c_lto_20100720-4_0.o-c_lto_20100720-4_0.o link -flto -funsigned-char
FAIL: gcc.dg/lto/20100724-1 c_lto_20100724-1_0.o assemble, -O0 -flto (internal compiler error)
FAIL: gcc.dg/lto/20100724-1 c_lto_20100724-1_0.o assemble, -O0 -flto -flto-partition=1to1 (internal compiler error)
UNRESOLVED: gcc.dg/lto/20100724-1 c_lto_20100724-1_0.o-c_lto_20100724-1_1.o execute -O0 -flto
UNRESOLVED: gcc.dg/lto/20100724-1 c_lto_20100724-1_0.o-c_lto_20100724-1_1.o execute -O0 -flto -flto-partition=1to1
UNRESOLVED: gcc.dg/lto/20100724-1 c_lto_20100724-1_0.o-c_lto_20100724-1_1.o link -O0 -flto
UNRESOLVED: gcc.dg/lto/20100724-1 c_lto_20100724-1_0.o-c_lto_20100724-1_1.o link -O0 -flto -flto-partition=1to1
UNRESOLVED: gcc.dg/lto/20101009-2 c_lto_20101009-2_0.o-c_lto_20101009-2_2.o execute -O0 -flto -flto-partition=1to1
UNRESOLVED: gcc.dg/lto/20101009-2 c_lto_20101009-2_0.o-c_lto_20101009-2_2.o execute -O2 -flto -flto-partition=none
UNRESOLVED: gcc.dg/lto/20101009-2 c_lto_20101009-2_0.o-c_lto_20101009-2_2.o link -O0 -flto -flto-partition=1to1
UNRESOLVED: gcc.dg/lto/20101009-2 c_lto_20101009-2_0.o-c_lto_20101009-2_2.o link -O2 -flto -flto-partition=none
FAIL: gcc.dg/lto/20101009-2 c_lto_20101009-2_2.o assemble, -O0 -flto -flto-partition=1to1 (internal compiler error)
FAIL: gcc.dg/lto/20101009-2 c_lto_20101009-2_2.o assemble, -O2 -flto -flto-partition=none (internal compiler error)
FAIL: gcc.dg/lto/20101125-1 c_lto_20101125-1_0.o assemble, -O2 -flto (internal compiler error)
FAIL: gcc.dg/lto/20101125-1 c_lto_20101125-1_0.o assemble, -O2 -flto -flto-partition=1to1 (internal compiler error)
FAIL: gcc.dg/lto/20101125-1 c_lto_20101125-1_0.o assemble, -O2 -flto -flto-partition=none (internal compiler error)
UNRESOLVED: gcc.dg/lto/20101125-1 c_lto_20101125-1_0.o-c_lto_20101125-1_1.o execute -O2 -flto
UNRESOLVED: gcc.dg/lto/20101125-1 c_lto_20101125-1_0.o-c_lto_20101125-1_1.o execute -O2 -flto -flto-partition=1to1
UNRESOLVED: gcc.dg/lto/20101125-1 c_lto_20101125-1_0.o-c_lto_20101125-1_1.o execute -O2 -flto -flto-partition=none
UNRESOLVED: gcc.dg/lto/20101125-1 c_lto_20101125-1_0.o-c_lto_20101125-1_1.o link -O2 -flto
UNRESOLVED: gcc.dg/lto/20101125-1 c_lto_20101125-1_0.o-c_lto_20101125-1_1.o link -O2 -flto -flto-partition=1to1
UNRESOLVED: gcc.dg/lto/20101125-1 c_lto_20101125-1_0.o-c_lto_20101125-1_1.o link -O2 -flto -flto-partition=none
FAIL: gcc.dg/lto/attr-weakref-1 c_lto_attr-weakref-1_0.o assemble, -O0 -flto -flto-partition=none (internal compiler error)
FAIL: gcc.dg/lto/attr-weakref-1 c_lto_attr-weakref-1_0.o assemble, -O2 -flto -flto-partition=1to1 (internal compiler error)
UNRESOLVED: gcc.dg/lto/attr-weakref-1 c_lto_attr-weakref-1_0.o-c_lto_attr-weakref-1_2.o execute -O0 -flto -flto-partition=none
UNRESOLVED: gcc.dg/lto/attr-weakref-1 c_lto_attr-weakref-1_0.o-c_lto_attr-weakref-1_2.o execute -O2 -flto -flto-partition=1to1
UNRESOLVED: gcc.dg/lto/attr-weakref-1 c_lto_attr-weakref-1_0.o-c_lto_attr-weakref-1_2.o link -O0 -flto -flto-partition=none
UNRESOLVED: gcc.dg/lto/attr-weakref-1 c_lto_attr-weakref-1_0.o-c_lto_attr-weakref-1_2.o link -O2 -flto -flto-partition=1to1
UNRESOLVED: gcc.dg/lto/ipareference c_lto_ipareference_0.o-c_lto_ipareference_1.o execute -O1 -flto -flto-partition=1to1
UNRESOLVED: gcc.dg/lto/ipareference c_lto_ipareference_0.o-c_lto_ipareference_1.o link -O1 -flto -flto-partition=1to1
FAIL: gcc.dg/lto/ipareference c_lto_ipareference_1.o assemble, -O1 -flto -flto-partition=1to1 (internal compiler error)
UNRESOLVED: gcc.dg/lto/materialize-1 c_lto_materialize-1_0.o-c_lto_materialize-1_1.o execute -O3 -flto -flto-partition=1to1 -fgnu89-inline
UNRESOLVED: gcc.dg/lto/materialize-1 c_lto_materialize-1_0.o-c_lto_materialize-1_1.o link -O3 -flto -flto-partition=1to1 -fgnu89-inline
FAIL: gcc.dg/lto/materialize-1 c_lto_materialize-1_1.o assemble, -O3 -flto -flto-partition=1to1 -fgnu89-inline (internal compiler error)
FAIL: gcc.dg/lto/pr27898 c_lto_pr27898_0.o assemble, -O0 -flto (internal compiler error)
FAIL: gcc.dg/lto/pr27898 c_lto_pr27898_0.o assemble, -O0 -flto -flto-partition=1to1 (internal compiler error)
UNRESOLVED: gcc.dg/lto/pr27898 c_lto_pr27898_0.o-c_lto_pr27898_1.o execute -O0 -flto
UNRESOLVED: gcc.dg/lto/pr27898 c_lto_pr27898_0.o-c_lto_pr27898_1.o execute -O0 -flto -flto-partition=1to1
UNRESOLVED: gcc.dg/lto/pr27898 c_lto_pr27898_0.o-c_lto_pr27898_1.o link -O0 -flto
UNRESOLVED: gcc.dg/lto/pr27898 c_lto_pr27898_0.o-c_lto_pr27898_1.o link -O0 -flto -flto-partition=1to1
FAIL: gcc.dg/lto/pr28712 c_lto_pr28712_0.o assemble, -O0 -flto (internal compiler error)
UNRESOLVED: gcc.dg/lto/pr28712 c_lto_pr28712_0.o-c_lto_pr28712_2.o execute -O0 -flto
UNRESOLVED: gcc.dg/lto/pr28712 c_lto_pr28712_0.o-c_lto_pr28712_2.o link -O0 -flto
FAIL: gcc.dg/lto/pr34989-1 c_lto_pr34989-1_0.o assemble, -O0 -flto -flto-partition=none (internal compiler error)
UNRESOLVED: gcc.dg/lto/pr34989-1 c_lto_pr34989-1_0.o-c_lto_pr34989-1_1.o execute -O0 -flto -flto-partition=none
UNRESOLVED: gcc.dg/lto/pr34989-1 c_lto_pr34989-1_0.o-c_lto_pr34989-1_1.o link -O0 -flto -flto-partition=none
FAIL: gcc.dg/lto/pr52634 c_lto_pr52634_0.o assemble, -O0 -flto (internal compiler error)
UNRESOLVED: gcc.dg/lto/pr52634 c_lto_pr52634_0.o-c_lto_pr52634_1.o execute -O0 -flto
UNRESOLVED: gcc.dg/lto/pr52634 c_lto_pr52634_0.o-c_lto_pr52634_1.o link -O0 -flto
UNRESOLVED: gcc.dg/lto/pr59626 c_lto_pr59626_0.o-c_lto_pr59626_1.o execute -O2 -flto
UNRESOLVED: gcc.dg/lto/pr59626 c_lto_pr59626_0.o-c_lto_pr59626_1.o link -O2 -flto
FAIL: gcc.dg/lto/pr59626 c_lto_pr59626_1.o assemble, -O2 -flto (internal compiler error)
UNRESOLVED: gcc.dg/lto/pr60449 c_lto_pr60449_0.o-c_lto_pr60449_1.o execute -O2 -flto
UNRESOLVED: gcc.dg/lto/pr60449 c_lto_pr60449_0.o-c_lto_pr60449_1.o execute -O2 -flto -flto-partition=1to1
UNRESOLVED: gcc.dg/lto/pr60449 c_lto_pr60449_0.o-c_lto_pr60449_1.o link -O2 -flto
UNRESOLVED: gcc.dg/lto/pr60449 c_lto_pr60449_0.o-c_lto_pr60449_1.o link -O2 -flto -flto-partition=1to1
FAIL: gcc.dg/lto/pr60449 c_lto_pr60449_1.o assemble, -O2 -flto (internal compiler error)
FAIL: gcc.dg/lto/pr60449 c_lto_pr60449_1.o assemble, -O2 -flto -flto-partition=1to1 (internal compiler error)
FAIL: gcc.dg/lto/pr60461 c_lto_pr60461_0.o assemble, -Os -flto (internal compiler error)
UNRESOLVED: gcc.dg/lto/pr60461 c_lto_pr60461_0.o-c_lto_pr60461_0.o execute -Os -flto
UNRESOLVED: gcc.dg/lto/pr60461 c_lto_pr60461_0.o-c_lto_pr60461_0.o link -Os -flto
FAIL: gcc.dg/lto/pr60720 c_lto_pr60720_0.o assemble, -O2 -flto (internal compiler error)
UNRESOLVED: gcc.dg/lto/pr60720 c_lto_pr60720_0.o-c_lto_pr60720_1.o execute -O2 -flto
UNRESOLVED: gcc.dg/lto/pr60720 c_lto_pr60720_0.o-c_lto_pr60720_1.o execute -O2 -flto -flto-partition=none
UNRESOLVED: gcc.dg/lto/pr60720 c_lto_pr60720_0.o-c_lto_pr60720_1.o link -O2 -flto
UNRESOLVED: gcc.dg/lto/pr60720 c_lto_pr60720_0.o-c_lto_pr60720_1.o link -O2 -flto -flto-partition=none
FAIL: gcc.dg/lto/pr60720 c_lto_pr60720_1.o assemble, -O2 -flto -flto-partition=none (internal compiler error)
FAIL: gcc.dg/lto/pr60911 c_lto_pr60911_0.o assemble, -O2 -flto -fipa-pta (internal compiler error)
UNRESOLVED: gcc.dg/lto/pr60911 c_lto_pr60911_0.o-c_lto_pr60911_0.o execute -O2 -flto -fipa-pta
UNRESOLVED: gcc.dg/lto/pr60911 c_lto_pr60911_0.o-c_lto_pr60911_0.o link -O2 -flto -fipa-pta
FAIL: gcc.dg/noncompile/20040203-3.c -O3 -g (internal compiler error)
FAIL: gcc.dg/noncompile/20040203-3.c -O3 -g (test for excess errors)
FAIL: gcc.dg/noncompile/20041207.c -O3 -g (internal compiler error)
FAIL: gcc.dg/noncompile/20041207.c -O3 -g (test for excess errors)
FAIL: ./inline-2.h -O1 (internal compiler error)
FAIL: ./inline-2.h -O1 (test for excess errors)
WARNING: counter-3.s doesn't exist
WARNING: except-1.s doesn't exist
WARNING: except-1.s doesn't exist
FAIL: gcc.dg/pch/counter-1.c -O1 -I. -Dwith_PCH (internal compiler error)
FAIL: gcc.dg/pch/counter-1.c -O1 -I. -Dwith_PCH (test for excess errors)
FAIL: gcc.dg/pch/counter-1.c -O1 assembly comparison
FAIL: gcc.dg/pch/counter-3.c -O0 -I. -Dwithout_PCH (internal compiler error)
FAIL: gcc.dg/pch/counter-3.c -O0 -I. -Dwithout_PCH (test for excess errors)
FAIL: gcc.dg/pch/counter-3.c -O0 assembly comparison
FAIL: gcc.dg/pch/cpp-3.c -Os -I. -Dwith_PCH (internal compiler error)
FAIL: gcc.dg/pch/cpp-3.c -Os -I. -Dwith_PCH (test for excess errors)
FAIL: gcc.dg/pch/cpp-3.c -Os assembly comparison
FAIL: gcc.dg/pch/decl-1.c -O0 -g -I. -Dwith_PCH (internal compiler error)
FAIL: gcc.dg/pch/decl-1.c -O0 -g -I. -Dwith_PCH (test for excess errors)
FAIL: gcc.dg/pch/decl-1.c -O0 -g assembly comparison
FAIL: gcc.dg/pch/decl-3.c -O1 -I. -Dwith_PCH (internal compiler error)
FAIL: gcc.dg/pch/decl-3.c -O1 -I. -Dwith_PCH (test for excess errors)
FAIL: gcc.dg/pch/decl-3.c -O1 assembly comparison
FAIL: gcc.dg/pch/empty.c -O1 -I. -Dwith_PCH (internal compiler error)
FAIL: gcc.dg/pch/empty.c -O1 -I. -Dwith_PCH (test for excess errors)
FAIL: gcc.dg/pch/empty.c -O1 assembly comparison
FAIL: gcc.dg/pch/except-1.c -O1 -I. -Dwithout_PCH (internal compiler error)
FAIL: gcc.dg/pch/except-1.c -O1 -I. -Dwithout_PCH (test for excess errors)
FAIL: gcc.dg/pch/except-1.c -O1 assembly comparison
FAIL: gcc.dg/pch/except-1.c -O0 -g -I. -Dwithout_PCH (internal compiler error)
FAIL: gcc.dg/pch/except-1.c -O0 -g -I. -Dwithout_PCH (test for excess errors)
FAIL: gcc.dg/pch/except-1.c -O0 -g assembly comparison
FAIL: gcc.dg/pch/import-2.c -O2 -I. -Dwith_PCH (internal compiler error)
FAIL: gcc.dg/pch/import-2.c -O2 -I. -Dwith_PCH (test for excess errors)
FAIL: gcc.dg/pch/import-2.c -O2 assembly comparison
FAIL: gcc.dg/pch/inline-1.c -O0 -g -I. -Dwithout_PCH (internal compiler error)
FAIL: gcc.dg/pch/inline-1.c -O0 -g -I. -Dwithout_PCH (test for excess errors)
FAIL: gcc.dg/pch/inline-1.c -O0 -g assembly comparison
FAIL: gcc.dg/pch/inline-2.c -O3 -g -I. -Dwith_PCH (internal compiler error)
FAIL: gcc.dg/pch/inline-2.c -O3 -g -I. -Dwith_PCH (test for excess errors)
FAIL: gcc.dg/pch/inline-2.c -Os -I. -Dwith_PCH (internal compiler error)
FAIL: gcc.dg/pch/inline-2.c -Os -I. -Dwith_PCH (test for excess errors)
FAIL: gcc.dg/pch/inline-2.c -O1
FAIL: gcc.dg/pch/inline-2.c -O1 assembly comparison
FAIL: gcc.dg/pch/inline-2.c -O3 -g assembly comparison
FAIL: gcc.dg/pch/inline-2.c -Os assembly comparison
FAIL: gcc.dg/pch/inline-3.c -O0 -I. -Dwith_PCH (internal compiler error)
FAIL: gcc.dg/pch/inline-3.c -O0 -I. -Dwith_PCH (test for excess errors)
FAIL: gcc.dg/pch/inline-3.c -O1 -I. -Dwithout_PCH (internal compiler error)
FAIL: gcc.dg/pch/inline-3.c -O1 -I. -Dwithout_PCH (test for excess errors)
FAIL: gcc.dg/pch/inline-3.c -O1 assembly comparison
FAIL: gcc.dg/pch/inline-3.c -O3 -g -I. -Dwith_PCH (internal compiler error)
FAIL: gcc.dg/pch/inline-3.c -O3 -g -I. -Dwith_PCH (test for excess errors)
FAIL: gcc.dg/pch/inline-3.c -O0 assembly comparison
FAIL: gcc.dg/pch/inline-3.c -O3 -g assembly comparison
FAIL: gcc.dg/pch/macro-1.c -O1 -I. -Dwithout_PCH (internal compiler error)
FAIL: gcc.dg/pch/macro-1.c -O1 -I. -Dwithout_PCH (test for excess errors)
FAIL: gcc.dg/pch/macro-1.c -O1 assembly comparison
FAIL: gcc.dg/pch/macro-1.c -O3 -g -I. -Dwith_PCH (internal compiler error)
FAIL: gcc.dg/pch/macro-1.c -O3 -g -I. -Dwith_PCH (test for excess errors)
FAIL: gcc.dg/pch/macro-1.c -O3 -g assembly comparison
FAIL: gcc.dg/pch/macro-2.c -O1 -I. -Dwith_PCH (internal compiler error)
FAIL: gcc.dg/pch/macro-2.c -O1 -I. -Dwith_PCH (test for excess errors)
FAIL: gcc.dg/pch/macro-2.c -O2 -I. -Dwith_PCH (internal compiler error)
FAIL: gcc.dg/pch/macro-2.c -O2 -I. -Dwith_PCH (test for excess errors)
FAIL: gcc.dg/pch/macro-2.c -Os -I. -Dwith_PCH (internal compiler error)
FAIL: gcc.dg/pch/macro-2.c -Os -I. -Dwith_PCH (test for excess errors)
FAIL: gcc.dg/pch/macro-2.c -O1 assembly comparison
FAIL: gcc.dg/pch/macro-2.c -O2 assembly comparison
FAIL: gcc.dg/pch/macro-2.c -Os assembly comparison
FAIL: gcc.dg/pch/macro-3.c -O2 -I. -Dwithout_PCH (internal compiler error)
FAIL: gcc.dg/pch/macro-3.c -O2 -I. -Dwithout_PCH (test for excess errors)
FAIL: gcc.dg/pch/macro-3.c -O2 assembly comparison
FAIL: gcc.dg/pch/macro-4.c -O1 -I. -Dwithout_PCH (internal compiler error)
FAIL: gcc.dg/pch/macro-4.c -O1 -I. -Dwithout_PCH (test for excess errors)
FAIL: gcc.dg/pch/macro-4.c -O1 assembly comparison
FAIL: gcc.dg/pch/save-temps-1.c -O1 -I. -Dwithout_PCH (internal compiler error)
FAIL: gcc.dg/pch/save-temps-1.c -O1 -I. -Dwithout_PCH (test for excess errors)
FAIL: gcc.dg/pch/save-temps-1.c -O1 assembly comparison
FAIL: gcc.dg/pch/static-3.c -Os -I. -Dwithout_PCH (internal compiler error)
FAIL: gcc.dg/pch/static-3.c -Os -I. -Dwithout_PCH (test for excess errors)
FAIL: gcc.dg/pch/static-3.c -Os assembly comparison
FAIL: gcc.dg/pch/system-1.c -Os -I. -Dwith_PCH (internal compiler error)
FAIL: gcc.dg/pch/system-1.c -Os -I. -Dwith_PCH (test for excess errors)
FAIL: gcc.dg/pch/system-1.c -Os assembly comparison
WARNING: inline-1.s doesn't exist
WARNING: inline-3.s doesn't exist
WARNING: macro-1.s doesn't exist
WARNING: macro-3.s doesn't exist
WARNING: macro-4.s doesn't exist
WARNING: save-temps-1.s doesn't exist
WARNING: static-3.s doesn't exist
FAIL: gcc.dg/plugin/diagnostic-test-show-locus-bw.c -fplugin=./diagnostic_plugin_test_show_locus.so (internal compiler error)
FAIL: gcc.dg/plugin/diagnostic-test-show-locus-bw.c -fplugin=./diagnostic_plugin_test_show_locus.so (test for excess errors)
FAIL: gcc.dg/plugin/self-assign-test-1.c -fplugin=./selfassign.so (internal compiler error)
FAIL: gcc.dg/plugin/self-assign-test-1.c -fplugin=./selfassign.so (test for excess errors)
FAIL: gcc.dg/plugin/start_unit-test-1.c -fplugin=./start_unit_plugin.so (internal compiler error)
FAIL: gcc.dg/plugin/start_unit-test-1.c -fplugin=./start_unit_plugin.so (test for excess errors)
FAIL: gcc.dg/sancov/asan.c -O0 scan-tree-dump-times optimized "__builtin___asan_report_load4 \\\\(" 1
FAIL: gcc.dg/sancov/asan.c -O0 scan-tree-dump-times optimized "__builtin___asan_report_store4 \\\\(" 1
FAIL: gcc.dg/sancov/asan.c -O0 scan-tree-dump-times optimized "__builtin___sanitizer_cov_trace_pc \\\\(\\\\)" 4
FAIL: gcc.dg/sancov/asan.c -O0 (test for excess errors)
UNRESOLVED: gcc.dg/sancov/asan.c -O0 -g scan-tree-dump-times optimized "__builtin___asan_report_load4 \\\\(" 1
UNRESOLVED: gcc.dg/sancov/asan.c -O0 -g scan-tree-dump-times optimized "__builtin___asan_report_store4 \\\\(" 1
UNRESOLVED: gcc.dg/sancov/asan.c -O0 -g scan-tree-dump-times optimized "__builtin___sanitizer_cov_trace_pc \\\\(\\\\)" 4
FAIL: gcc.dg/sancov/asan.c -O0 -g (internal compiler error)
FAIL: gcc.dg/sancov/asan.c -O0 -g (test for excess errors)
FAIL: gcc.dg/sancov/asan.c -O1 scan-tree-dump-times optimized "__builtin___asan_report_load4 \\\\(" 1
FAIL: gcc.dg/sancov/asan.c -O1 scan-tree-dump-times optimized "__builtin___asan_report_store4 \\\\(" 1
FAIL: gcc.dg/sancov/asan.c -O1 scan-tree-dump-times optimized "__builtin___sanitizer_cov_trace_pc \\\\(\\\\)" 4
FAIL: gcc.dg/sancov/asan.c -O1 (test for excess errors)
FAIL: gcc.dg/sancov/asan.c -O1 -g scan-tree-dump-times optimized "__builtin___asan_report_load4 \\\\(" 1
FAIL: gcc.dg/sancov/asan.c -O1 -g scan-tree-dump-times optimized "__builtin___asan_report_store4 \\\\(" 1
FAIL: gcc.dg/sancov/asan.c -O1 -g scan-tree-dump-times optimized "__builtin___sanitizer_cov_trace_pc \\\\(\\\\)" 4
FAIL: gcc.dg/sancov/asan.c -O1 -g (test for excess errors)
UNRESOLVED: gcc.dg/sancov/asan.c -O2 scan-tree-dump-times optimized "__builtin___asan_report_load4 \\\\(" 1
UNRESOLVED: gcc.dg/sancov/asan.c -O2 scan-tree-dump-times optimized "__builtin___asan_report_store4 \\\\(" 1
UNRESOLVED: gcc.dg/sancov/asan.c -O2 scan-tree-dump-times optimized "__builtin___sanitizer_cov_trace_pc \\\\(\\\\)" 4
FAIL: gcc.dg/sancov/asan.c -O2 (internal compiler error)
FAIL: gcc.dg/sancov/asan.c -O2 (test for excess errors)
FAIL: gcc.dg/sancov/asan.c -O2 -g scan-tree-dump-times optimized "__builtin___asan_report_load4 \\\\(" 1
FAIL: gcc.dg/sancov/asan.c -O2 -g scan-tree-dump-times optimized "__builtin___asan_report_store4 \\\\(" 1
FAIL: gcc.dg/sancov/asan.c -O2 -g scan-tree-dump-times optimized "__builtin___sanitizer_cov_trace_pc \\\\(\\\\)" 4
FAIL: gcc.dg/sancov/asan.c -O2 -g (test for excess errors)
FAIL: gcc.dg/sancov/asan.c -O3 scan-tree-dump-times optimized "__builtin___asan_report_load4 \\\\(" 1
FAIL: gcc.dg/sancov/asan.c -O3 scan-tree-dump-times optimized "__builtin___asan_report_store4 \\\\(" 1
FAIL: gcc.dg/sancov/asan.c -O3 scan-tree-dump-times optimized "__builtin___sanitizer_cov_trace_pc \\\\(\\\\)" 4
FAIL: gcc.dg/sancov/asan.c -O3 (test for excess errors)
FAIL: gcc.dg/sancov/asan.c -O3 -g scan-tree-dump-times optimized "__builtin___asan_report_load4 \\\\(" 1
FAIL: gcc.dg/sancov/asan.c -O3 -g scan-tree-dump-times optimized "__builtin___asan_report_store4 \\\\(" 1
FAIL: gcc.dg/sancov/asan.c -O3 -g scan-tree-dump-times optimized "__builtin___sanitizer_cov_trace_pc \\\\(\\\\)" 4
FAIL: gcc.dg/sancov/asan.c -O3 -g (test for excess errors)
UNRESOLVED: gcc.dg/sancov/basic0.c -O1 -g scan-tree-dump-times optimized "__builtin___sanitizer_cov_trace_pc \\\\(\\\\)" 1
FAIL: gcc.dg/sancov/basic0.c -O1 -g (internal compiler error)
FAIL: gcc.dg/sancov/basic0.c -O1 -g (test for excess errors)
FAIL: c-c++-common/simulate-thread/bitfields-1.c -O0 -g (internal compiler error)
FAIL: c-c++-common/simulate-thread/bitfields-1.c -O0 -g (test for excess errors)
FAIL: c-c++-common/simulate-thread/bitfields-1.c -O3 -g (internal compiler error)
FAIL: c-c++-common/simulate-thread/bitfields-1.c -O3 -g (test for excess errors)
FAIL: c-c++-common/simulate-thread/bitfields-3.c -O2 -g (internal compiler error)
FAIL: c-c++-common/simulate-thread/bitfields-3.c -O2 -g (test for excess errors)
FAIL: c-c++-common/simulate-thread/bitfields-3.c -O3 -g (internal compiler error)
FAIL: c-c++-common/simulate-thread/bitfields-3.c -O3 -g (test for excess errors)
FAIL: gcc.dg/simulate-thread/atomic-load-int.c -O2 -g (internal compiler error)
FAIL: gcc.dg/simulate-thread/atomic-load-int.c -O2 -g (test for excess errors)
FAIL: gcc.dg/simulate-thread/atomic-load-int.c -O3 -g (internal compiler error)
FAIL: gcc.dg/simulate-thread/atomic-load-int.c -O3 -g (test for excess errors)
FAIL: gcc.dg/simulate-thread/atomic-load-short.c -O0 -g (internal compiler error)
FAIL: gcc.dg/simulate-thread/atomic-load-short.c -O0 -g (test for excess errors)
FAIL: gcc.dg/simulate-thread/atomic-load-short.c -O3 -g (internal compiler error)
FAIL: gcc.dg/simulate-thread/atomic-load-short.c -O3 -g (test for excess errors)
FAIL: gcc.dg/simulate-thread/atomic-other-int.c -O0 -g (internal compiler error)
FAIL: gcc.dg/simulate-thread/atomic-other-int.c -O0 -g (test for excess errors)
FAIL: gcc.dg/simulate-thread/atomic-other-int.c -O2 -g (internal compiler error)
FAIL: gcc.dg/simulate-thread/atomic-other-int.c -O2 -g (test for excess errors)
FAIL: gcc.dg/simulate-thread/atomic-other-int.c -O3 -g (internal compiler error)
FAIL: gcc.dg/simulate-thread/atomic-other-int.c -O3 -g (test for excess errors)
FAIL: gcc.dg/simulate-thread/atomic-other-longlong.c -O3 -g (internal compiler error)
FAIL: gcc.dg/simulate-thread/atomic-other-longlong.c -O3 -g (test for excess errors)
FAIL: gcc.dg/simulate-thread/atomic-other-short.c -O0 -g (internal compiler error)
FAIL: gcc.dg/simulate-thread/atomic-other-short.c -O0 -g (test for excess errors)
FAIL: gcc.dg/simulate-thread/atomic-other-short.c -O2 -g (internal compiler error)
FAIL: gcc.dg/simulate-thread/atomic-other-short.c -O2 -g (test for excess errors)
FAIL: gcc.dg/simulate-thread/atomic-other-short.c -O3 -g (internal compiler error)
FAIL: gcc.dg/simulate-thread/atomic-other-short.c -O3 -g (test for excess errors)
FAIL: gcc.dg/simulate-thread/speculative-store-2.c -O2 -g (internal compiler error)
FAIL: gcc.dg/simulate-thread/speculative-store-2.c -O2 -g (test for excess errors)
FAIL: gcc.dg/simulate-thread/speculative-store-2.c -O3 -g (internal compiler error)
FAIL: gcc.dg/simulate-thread/speculative-store-2.c -O3 -g (test for excess errors)
FAIL: gcc.dg/simulate-thread/speculative-store-3.c -O0 -g (internal compiler error)
FAIL: gcc.dg/simulate-thread/speculative-store-3.c -O0 -g (test for excess errors)
FAIL: gcc.dg/simulate-thread/speculative-store-4.c -O0 -g (internal compiler error)
FAIL: gcc.dg/simulate-thread/speculative-store-4.c -O0 -g (test for excess errors)
FAIL: gcc.dg/simulate-thread/speculative-store.c -O3 -g (internal compiler error)
FAIL: gcc.dg/simulate-thread/speculative-store.c -O3 -g (test for excess errors)
FAIL: gcc.dg/simulate-thread/strict-align-global.c -O3 -g (internal compiler error)
FAIL: gcc.dg/simulate-thread/strict-align-global.c -O3 -g (test for excess errors)
FAIL: gcc.dg/simulate-thread/subfields.c -O0 -g (internal compiler error)
FAIL: gcc.dg/simulate-thread/subfields.c -O0 -g (test for excess errors)
FAIL: gcc.dg/simulate-thread/subfields.c -O3 -g (internal compiler error)
FAIL: gcc.dg/simulate-thread/subfields.c -O3 -g (test for excess errors)
FAIL: gcc.dg/special/alias-2.c (internal compiler error)
FAIL: gcc.dg/special/alias-2.c (test for excess errors)
WARNING: gcc.dg/special/alias-2.c compilation failed to produce executable
FAIL: gcc.dg/sso/p1.c -O1 -fno-inline (internal compiler error)
FAIL: gcc.dg/sso/p1.c -O1 -fno-inline (test for excess errors)
WARNING: gcc.dg/sso/p1.c -O1 -fno-inline compilation failed to produce executable
FAIL: gcc.dg/sso/p1.c -O3 -finline-functions (internal compiler error)
FAIL: gcc.dg/sso/p1.c -O3 -finline-functions (test for excess errors)
WARNING: gcc.dg/sso/p1.c -O3 -finline-functions compilation failed to produce executable
FAIL: gcc.dg/sso/p13.c -Os (internal compiler error)
FAIL: gcc.dg/sso/p13.c -Os (test for excess errors)
WARNING: gcc.dg/sso/p13.c -Os compilation failed to produce executable
FAIL: gcc.dg/sso/p2.c -O1 -fno-inline (internal compiler error)
FAIL: gcc.dg/sso/p2.c -O1 -fno-inline (test for excess errors)
WARNING: gcc.dg/sso/p2.c -O1 -fno-inline compilation failed to produce executable
FAIL: gcc.dg/sso/p2.c -Os (internal compiler error)
FAIL: gcc.dg/sso/p2.c -Os (test for excess errors)
WARNING: gcc.dg/sso/p2.c -Os compilation failed to produce executable
FAIL: gcc.dg/sso/p3.c -O0 (internal compiler error)
FAIL: gcc.dg/sso/p3.c -O0 (test for excess errors)
WARNING: gcc.dg/sso/p3.c -O0 compilation failed to produce executable
FAIL: gcc.dg/sso/p3.c -O2 (internal compiler error)
FAIL: gcc.dg/sso/p3.c -O2 (test for excess errors)
WARNING: gcc.dg/sso/p3.c -O2 compilation failed to produce executable
FAIL: gcc.dg/sso/p3.c -O3 -finline-functions (internal compiler error)
FAIL: gcc.dg/sso/p3.c -O3 -finline-functions (test for excess errors)
WARNING: gcc.dg/sso/p3.c -O3 -finline-functions compilation failed to produce executable
FAIL: gcc.dg/sso/p4.c -O0 (internal compiler error)
FAIL: gcc.dg/sso/p4.c -O0 (test for excess errors)
WARNING: gcc.dg/sso/p4.c -O0 compilation failed to produce executable
FAIL: gcc.dg/sso/p4.c -O2 (internal compiler error)
FAIL: gcc.dg/sso/p4.c -O2 (test for excess errors)
WARNING: gcc.dg/sso/p4.c -O2 compilation failed to produce executable
FAIL: gcc.dg/sso/p5.c -Os (internal compiler error)
FAIL: gcc.dg/sso/p5.c -Os (test for excess errors)
WARNING: gcc.dg/sso/p5.c -Os compilation failed to produce executable
FAIL: gcc.dg/sso/p6.c -O3 -finline-functions (internal compiler error)
FAIL: gcc.dg/sso/p6.c -O3 -finline-functions (test for excess errors)
WARNING: gcc.dg/sso/p6.c -O3 -finline-functions compilation failed to produce executable
FAIL: gcc.dg/sso/p7.c -O0 (internal compiler error)
FAIL: gcc.dg/sso/p7.c -O0 (test for excess errors)
WARNING: gcc.dg/sso/p7.c -O0 compilation failed to produce executable
FAIL: gcc.dg/sso/p7.c -Os (internal compiler error)
FAIL: gcc.dg/sso/p7.c -Os (test for excess errors)
WARNING: gcc.dg/sso/p7.c -Os compilation failed to produce executable
FAIL: gcc.dg/sso/p8.c -O2 (internal compiler error)
FAIL: gcc.dg/sso/p8.c -O2 (test for excess errors)
WARNING: gcc.dg/sso/p8.c -O2 compilation failed to produce executable
FAIL: gcc.dg/sso/p8.c -O3 -finline-functions (internal compiler error)
FAIL: gcc.dg/sso/p8.c -O3 -finline-functions (test for excess errors)
WARNING: gcc.dg/sso/p8.c -O3 -finline-functions compilation failed to produce executable
FAIL: gcc.dg/sso/p9.c -O1 -fno-inline (internal compiler error)
FAIL: gcc.dg/sso/p9.c -O1 -fno-inline (test for excess errors)
WARNING: gcc.dg/sso/p9.c -O1 -fno-inline compilation failed to produce executable
FAIL: gcc.dg/sso/p9.c -O2 (internal compiler error)
FAIL: gcc.dg/sso/p9.c -O2 (test for excess errors)
WARNING: gcc.dg/sso/p9.c -O2 compilation failed to produce executable
FAIL: gcc.dg/sso/q1.c -O1 -fno-inline (internal compiler error)
FAIL: gcc.dg/sso/q1.c -O1 -fno-inline (test for excess errors)
WARNING: gcc.dg/sso/q1.c -O1 -fno-inline compilation failed to produce executable
FAIL: gcc.dg/sso/q1.c -O2 (internal compiler error)
FAIL: gcc.dg/sso/q1.c -O2 (test for excess errors)
WARNING: gcc.dg/sso/q1.c -O2 compilation failed to produce executable
FAIL: gcc.dg/sso/q1.c -O3 -finline-functions (internal compiler error)
FAIL: gcc.dg/sso/q1.c -O3 -finline-functions (test for excess errors)
WARNING: gcc.dg/sso/q1.c -O3 -finline-functions compilation failed to produce executable
FAIL: gcc.dg/sso/q13.c -O2 (internal compiler error)
FAIL: gcc.dg/sso/q13.c -O2 (test for excess errors)
WARNING: gcc.dg/sso/q13.c -O2 compilation failed to produce executable
FAIL: gcc.dg/sso/q2.c -O3 -finline-functions (internal compiler error)
FAIL: gcc.dg/sso/q2.c -O3 -finline-functions (test for excess errors)
WARNING: gcc.dg/sso/q2.c -O3 -finline-functions compilation failed to produce executable
FAIL: gcc.dg/sso/q3.c -O2 (internal compiler error)
FAIL: gcc.dg/sso/q3.c -O2 (test for excess errors)
WARNING: gcc.dg/sso/q3.c -O2 compilation failed to produce executable
FAIL: gcc.dg/sso/q4.c -O1 -fno-inline (internal compiler error)
FAIL: gcc.dg/sso/q4.c -O1 -fno-inline (test for excess errors)
WARNING: gcc.dg/sso/q4.c -O1 -fno-inline compilation failed to produce executable
FAIL: gcc.dg/sso/q4.c -O3 -finline-functions (internal compiler error)
FAIL: gcc.dg/sso/q4.c -O3 -finline-functions (test for excess errors)
WARNING: gcc.dg/sso/q4.c -O3 -finline-functions compilation failed to produce executable
FAIL: gcc.dg/sso/q4.c -Og -g (internal compiler error)
FAIL: gcc.dg/sso/q4.c -Og -g (test for excess errors)
WARNING: gcc.dg/sso/q4.c -Og -g compilation failed to produce executable
FAIL: gcc.dg/sso/q4.c -Os (internal compiler error)
FAIL: gcc.dg/sso/q4.c -Os (test for excess errors)
WARNING: gcc.dg/sso/q4.c -Os compilation failed to produce executable
FAIL: gcc.dg/sso/q5.c -O2 (internal compiler error)
FAIL: gcc.dg/sso/q5.c -O2 (test for excess errors)
WARNING: gcc.dg/sso/q5.c -O2 compilation failed to produce executable
FAIL: gcc.dg/sso/q6.c -O0 (internal compiler error)
FAIL: gcc.dg/sso/q6.c -O0 (test for excess errors)
WARNING: gcc.dg/sso/q6.c -O0 compilation failed to produce executable
FAIL: gcc.dg/sso/q6.c -O2 (internal compiler error)
FAIL: gcc.dg/sso/q6.c -O2 (test for excess errors)
WARNING: gcc.dg/sso/q6.c -O2 compilation failed to produce executable
FAIL: gcc.dg/sso/q6.c -Os (internal compiler error)
FAIL: gcc.dg/sso/q6.c -Os (test for excess errors)
WARNING: gcc.dg/sso/q6.c -Os compilation failed to produce executable
FAIL: gcc.dg/sso/q8.c -O3 -finline-functions (internal compiler error)
FAIL: gcc.dg/sso/q8.c -O3 -finline-functions (test for excess errors)
WARNING: gcc.dg/sso/q8.c -O3 -finline-functions compilation failed to produce executable
FAIL: gcc.dg/sso/q9.c -Os (internal compiler error)
FAIL: gcc.dg/sso/q9.c -Os (test for excess errors)
WARNING: gcc.dg/sso/q9.c -Os compilation failed to produce executable
FAIL: gcc.dg/sso/r3.c -O0 (internal compiler error)
FAIL: gcc.dg/sso/r3.c -O0 (test for excess errors)
WARNING: gcc.dg/sso/r3.c -O0 compilation failed to produce executable
FAIL: gcc.dg/sso/r3.c -O2 (internal compiler error)
FAIL: gcc.dg/sso/r3.c -O2 (test for excess errors)
WARNING: gcc.dg/sso/r3.c -O2 compilation failed to produce executable
FAIL: gcc.dg/sso/r3.c -O3 -finline-functions (internal compiler error)
FAIL: gcc.dg/sso/r3.c -O3 -finline-functions (test for excess errors)
WARNING: gcc.dg/sso/r3.c -O3 -finline-functions compilation failed to produce executable
FAIL: gcc.dg/sso/r3.c -Og -g (internal compiler error)
FAIL: gcc.dg/sso/r3.c -Og -g (test for excess errors)
WARNING: gcc.dg/sso/r3.c -Og -g compilation failed to produce executable
FAIL: gcc.dg/sso/r3.c -Os (internal compiler error)
FAIL: gcc.dg/sso/r3.c -Os (test for excess errors)
WARNING: gcc.dg/sso/r3.c -Os compilation failed to produce executable
FAIL: gcc.dg/sso/r5.c -Os (internal compiler error)
FAIL: gcc.dg/sso/r5.c -Os (test for excess errors)
WARNING: gcc.dg/sso/r5.c -Os compilation failed to produce executable
FAIL: gcc.dg/sso/r6.c -O3 -finline-functions (internal compiler error)
FAIL: gcc.dg/sso/r6.c -O3 -finline-functions (test for excess errors)
WARNING: gcc.dg/sso/r6.c -O3 -finline-functions compilation failed to produce executable
FAIL: gcc.dg/sso/r7.c -O2 (internal compiler error)
FAIL: gcc.dg/sso/r7.c -O2 (test for excess errors)
WARNING: gcc.dg/sso/r7.c -O2 compilation failed to produce executable
FAIL: gcc.dg/sso/r7.c -O3 -finline-functions (internal compiler error)
FAIL: gcc.dg/sso/r7.c -O3 -finline-functions (test for excess errors)
WARNING: gcc.dg/sso/r7.c -O3 -finline-functions compilation failed to produce executable
FAIL: gcc.dg/sso/r8.c -O1 -fno-inline (internal compiler error)
FAIL: gcc.dg/sso/r8.c -O1 -fno-inline (test for excess errors)
WARNING: gcc.dg/sso/r8.c -O1 -fno-inline compilation failed to produce executable
FAIL: gcc.dg/sso/r8.c -O3 -finline-functions (internal compiler error)
FAIL: gcc.dg/sso/r8.c -O3 -finline-functions (test for excess errors)
WARNING: gcc.dg/sso/r8.c -O3 -finline-functions compilation failed to produce executable
FAIL: gcc.dg/sso/r8.c -Os (internal compiler error)
FAIL: gcc.dg/sso/r8.c -Os (test for excess errors)
WARNING: gcc.dg/sso/r8.c -Os compilation failed to produce executable
FAIL: gcc.dg/sso/s3.c -O2 (internal compiler error)
FAIL: gcc.dg/sso/s3.c -O2 (test for excess errors)
WARNING: gcc.dg/sso/s3.c -O2 compilation failed to produce executable
FAIL: gcc.dg/sso/s3.c -O3 -finline-functions (internal compiler error)
FAIL: gcc.dg/sso/s3.c -O3 -finline-functions (test for excess errors)
WARNING: gcc.dg/sso/s3.c -O3 -finline-functions compilation failed to produce executable
FAIL: gcc.dg/sso/s5.c -O1 -fno-inline (internal compiler error)
FAIL: gcc.dg/sso/s5.c -O1 -fno-inline (test for excess errors)
WARNING: gcc.dg/sso/s5.c -O1 -fno-inline compilation failed to produce executable
FAIL: gcc.dg/sso/s5.c -O3 -finline-functions (internal compiler error)
FAIL: gcc.dg/sso/s5.c -O3 -finline-functions (test for excess errors)
WARNING: gcc.dg/sso/s5.c -O3 -finline-functions compilation failed to produce executable
FAIL: gcc.dg/sso/s5.c -Os (internal compiler error)
FAIL: gcc.dg/sso/s5.c -Os (test for excess errors)
WARNING: gcc.dg/sso/s5.c -Os compilation failed to produce executable
FAIL: gcc.dg/sso/s6.c -O1 -fno-inline (internal compiler error)
FAIL: gcc.dg/sso/s6.c -O1 -fno-inline (test for excess errors)
WARNING: gcc.dg/sso/s6.c -O1 -fno-inline compilation failed to produce executable
FAIL: gcc.dg/sso/s7.c -O3 -finline-functions (internal compiler error)
FAIL: gcc.dg/sso/s7.c -O3 -finline-functions (test for excess errors)
WARNING: gcc.dg/sso/s7.c -O3 -finline-functions compilation failed to produce executable
FAIL: gcc.dg/sso/s8.c -O2 (internal compiler error)
FAIL: gcc.dg/sso/s8.c -O2 (test for excess errors)
WARNING: gcc.dg/sso/s8.c -O2 compilation failed to produce executable
FAIL: gcc.dg/sso/s8.c -O3 -finline-functions (internal compiler error)
FAIL: gcc.dg/sso/s8.c -O3 -finline-functions (test for excess errors)
WARNING: gcc.dg/sso/s8.c -O3 -finline-functions compilation failed to produce executable
FAIL: gcc.dg/sso/s8.c -Og -g (internal compiler error)
FAIL: gcc.dg/sso/s8.c -Og -g (test for excess errors)
WARNING: gcc.dg/sso/s8.c -Og -g compilation failed to produce executable
FAIL: gcc.dg/sso/s8.c -Os (internal compiler error)
FAIL: gcc.dg/sso/s8.c -Os (test for excess errors)
WARNING: gcc.dg/sso/s8.c -Os compilation failed to produce executable
FAIL: gcc.dg/sso/t1.c -O2 (internal compiler error)
FAIL: gcc.dg/sso/t1.c -O2 (test for excess errors)
WARNING: gcc.dg/sso/t1.c -O2 compilation failed to produce executable
FAIL: gcc.dg/sso/t1.c -O3 -finline-functions (internal compiler error)
FAIL: gcc.dg/sso/t1.c -O3 -finline-functions (test for excess errors)
WARNING: gcc.dg/sso/t1.c -O3 -finline-functions compilation failed to produce executable
FAIL: gcc.dg/sso/t13.c -O2 (internal compiler error)
FAIL: gcc.dg/sso/t13.c -O2 (test for excess errors)
WARNING: gcc.dg/sso/t13.c -O2 compilation failed to produce executable
FAIL: gcc.dg/sso/t13.c -Og -g (internal compiler error)
FAIL: gcc.dg/sso/t13.c -Og -g (test for excess errors)
WARNING: gcc.dg/sso/t13.c -Og -g compilation failed to produce executable
FAIL: gcc.dg/sso/t13.c -Os (internal compiler error)
FAIL: gcc.dg/sso/t13.c -Os (test for excess errors)
WARNING: gcc.dg/sso/t13.c -Os compilation failed to produce executable
FAIL: gcc.dg/sso/t2.c -O3 -finline-functions (internal compiler error)
FAIL: gcc.dg/sso/t2.c -O3 -finline-functions (test for excess errors)
WARNING: gcc.dg/sso/t2.c -O3 -finline-functions compilation failed to produce executable
FAIL: gcc.dg/sso/t3.c -O3 -finline-functions (internal compiler error)
FAIL: gcc.dg/sso/t3.c -O3 -finline-functions (test for excess errors)
WARNING: gcc.dg/sso/t3.c -O3 -finline-functions compilation failed to produce executable
FAIL: gcc.dg/sso/t4.c -O3 -finline-functions (internal compiler error)
FAIL: gcc.dg/sso/t4.c -O3 -finline-functions (test for excess errors)
WARNING: gcc.dg/sso/t4.c -O3 -finline-functions compilation failed to produce executable
FAIL: gcc.dg/sso/t4.c -Os (internal compiler error)
FAIL: gcc.dg/sso/t4.c -Os (test for excess errors)
WARNING: gcc.dg/sso/t4.c -Os compilation failed to produce executable
FAIL: gcc.dg/sso/t5.c -O0 (internal compiler error)
FAIL: gcc.dg/sso/t5.c -O0 (test for excess errors)
WARNING: gcc.dg/sso/t5.c -O0 compilation failed to produce executable
FAIL: gcc.dg/sso/t5.c -O1 -fno-inline (internal compiler error)
FAIL: gcc.dg/sso/t5.c -O1 -fno-inline (test for excess errors)
WARNING: gcc.dg/sso/t5.c -O1 -fno-inline compilation failed to produce executable
FAIL: gcc.dg/sso/t5.c -O2 (internal compiler error)
FAIL: gcc.dg/sso/t5.c -O2 (test for excess errors)
WARNING: gcc.dg/sso/t5.c -O2 compilation failed to produce executable
FAIL: gcc.dg/sso/t5.c -O3 -finline-functions (internal compiler error)
FAIL: gcc.dg/sso/t5.c -O3 -finline-functions (test for excess errors)
WARNING: gcc.dg/sso/t5.c -O3 -finline-functions compilation failed to produce executable
FAIL: gcc.dg/sso/t6.c -O0 (internal compiler error)
FAIL: gcc.dg/sso/t6.c -O0 (test for excess errors)
WARNING: gcc.dg/sso/t6.c -O0 compilation failed to produce executable
FAIL: gcc.dg/sso/t6.c -O2 (internal compiler error)
FAIL: gcc.dg/sso/t6.c -O2 (test for excess errors)
WARNING: gcc.dg/sso/t6.c -O2 compilation failed to produce executable
FAIL: gcc.dg/sso/t7.c -O2 (internal compiler error)
FAIL: gcc.dg/sso/t7.c -O2 (test for excess errors)
WARNING: gcc.dg/sso/t7.c -O2 compilation failed to produce executable
FAIL: gcc.dg/sso/t7.c -Og -g (internal compiler error)
FAIL: gcc.dg/sso/t7.c -Og -g (test for excess errors)
WARNING: gcc.dg/sso/t7.c -Og -g compilation failed to produce executable
FAIL: gcc.dg/sso/t8.c -O2 (internal compiler error)
FAIL: gcc.dg/sso/t8.c -O2 (test for excess errors)
WARNING: gcc.dg/sso/t8.c -O2 compilation failed to produce executable
FAIL: gcc.dg/sso/t8.c -Os (internal compiler error)
FAIL: gcc.dg/sso/t8.c -Os (test for excess errors)
WARNING: gcc.dg/sso/t8.c -Os compilation failed to produce executable
FAIL: gcc.dg/sso/t9.c -O3 -finline-functions (internal compiler error)
FAIL: gcc.dg/sso/t9.c -O3 -finline-functions (test for excess errors)
WARNING: gcc.dg/sso/t9.c -O3 -finline-functions compilation failed to produce executable
FAIL: gcc.dg/sso/t9.c -Og -g (internal compiler error)
FAIL: gcc.dg/sso/t9.c -Og -g (test for excess errors)
WARNING: gcc.dg/sso/t9.c -Og -g compilation failed to produce executable
FAIL: gcc.dg/sso/t9.c -Os (internal compiler error)
FAIL: gcc.dg/sso/t9.c -Os (test for excess errors)
WARNING: gcc.dg/sso/t9.c -Os compilation failed to produce executable
FAIL: gcc.dg/sso/u5.c -O0 (internal compiler error)
FAIL: gcc.dg/sso/u5.c -O0 (test for excess errors)
WARNING: gcc.dg/sso/u5.c -O0 compilation failed to produce executable
FAIL: gcc.dg/sso/u6.c -O2 (internal compiler error)
FAIL: gcc.dg/sso/u6.c -O2 (test for excess errors)
WARNING: gcc.dg/sso/u6.c -O2 compilation failed to produce executable
FAIL: gcc.dg/tls/nonpic-1.c (internal compiler error)
FAIL: gcc.dg/tls/nonpic-1.c (test for excess errors)
FAIL: gcc.dg/tls/pic-1.c (internal compiler error)
FAIL: gcc.dg/tls/pic-1.c (test for excess errors)
FAIL: gcc.dg/tls/pr24428-2.c (internal compiler error)
FAIL: gcc.dg/tls/pr24428-2.c (test for excess errors)
WARNING: gcc.dg/tls/pr24428-2.c compilation failed to produce executable
FAIL: gcc.dg/tls/pr24428.c (internal compiler error)
FAIL: gcc.dg/tls/pr24428.c (test for excess errors)
WARNING: gcc.dg/tls/pr24428.c compilation failed to produce executable
FAIL: c-c++-common/tm/20100127.c (internal compiler error)
FAIL: c-c++-common/tm/20100127.c (test for excess errors)
UNRESOLVED: c-c++-common/tm/20100127.c scan-tree-dump-times tmmark "_ITM_W.*nontrxn" 0
FAIL: gcc.dg/tm/20091013.c (internal compiler error)
FAIL: gcc.dg/tm/20091013.c (test for excess errors)
FAIL: gcc.dg/tm/20100609.c (internal compiler error)
FAIL: gcc.dg/tm/20100609.c (test for excess errors)
FAIL: gcc.dg/tm/20100610.c (internal compiler error)
FAIL: gcc.dg/tm/20100610.c (test for excess errors)
UNRESOLVED: gcc.dg/tm/20100610.c scan-assembler-not ZGTt21calculateCircumCircle
FAIL: gcc.dg/tm/alias-2.c (internal compiler error)
FAIL: gcc.dg/tm/alias-2.c (test for excess errors)
FAIL: gcc.dg/tm/pub-safety-1.c (internal compiler error)
FAIL: gcc.dg/tm/pub-safety-1.c (test for excess errors)
UNRESOLVED: gcc.dg/tm/pub-safety-1.c scan-tree-dump-times lim2 "Cannot hoist.*DATA_DATA because it is in a transaction" 1
FAIL: c-c++-common/torture/builtin-arith-overflow-1.c -O0 (internal compiler error)
FAIL: c-c++-common/torture/builtin-arith-overflow-1.c -O0 (test for excess errors)
WARNING: c-c++-common/torture/builtin-arith-overflow-1.c -O0 compilation failed to produce executable
FAIL: c-c++-common/torture/builtin-arith-overflow-1.c -O2 (internal compiler error)
FAIL: c-c++-common/torture/builtin-arith-overflow-1.c -O2 (test for excess errors)
WARNING: c-c++-common/torture/builtin-arith-overflow-1.c -O2 compilation failed to produce executable
FAIL: c-c++-common/torture/builtin-arith-overflow-1.c -O2 -flto (internal compiler error)
FAIL: c-c++-common/torture/builtin-arith-overflow-1.c -O2 -flto (test for excess errors)
WARNING: c-c++-common/torture/builtin-arith-overflow-1.c -O2 -flto compilation failed to produce executable
FAIL: c-c++-common/torture/builtin-arith-overflow-1.c -O2 -flto -flto-partition=none (internal compiler error)
FAIL: c-c++-common/torture/builtin-arith-overflow-1.c -O2 -flto -flto-partition=none (test for excess errors)
WARNING: c-c++-common/torture/builtin-arith-overflow-1.c -O2 -flto -flto-partition=none compilation failed to produce executable
FAIL: c-c++-common/torture/builtin-arith-overflow-10.c -O2 (internal compiler error)
FAIL: c-c++-common/torture/builtin-arith-overflow-10.c -O2 (test for excess errors)
WARNING: c-c++-common/torture/builtin-arith-overflow-10.c -O2 compilation failed to produce executable
FAIL: c-c++-common/torture/builtin-arith-overflow-10.c -O2 -flto (internal compiler error)
FAIL: c-c++-common/torture/builtin-arith-overflow-10.c -O2 -flto (test for excess errors)
WARNING: c-c++-common/torture/builtin-arith-overflow-10.c -O2 -flto compilation failed to produce executable
FAIL: c-c++-common/torture/builtin-arith-overflow-10.c -O2 -flto -flto-partition=none (internal compiler error)
FAIL: c-c++-common/torture/builtin-arith-overflow-10.c -O2 -flto -flto-partition=none (test for excess errors)
WARNING: c-c++-common/torture/builtin-arith-overflow-10.c -O2 -flto -flto-partition=none compilation failed to produce executable
FAIL: c-c++-common/torture/builtin-arith-overflow-11.c -O0 (internal compiler error)
FAIL: c-c++-common/torture/builtin-arith-overflow-11.c -O0 (test for excess errors)
WARNING: c-c++-common/torture/builtin-arith-overflow-11.c -O0 compilation failed to produce executable
FAIL: c-c++-common/torture/builtin-arith-overflow-11.c -O2 (internal compiler error)
FAIL: c-c++-common/torture/builtin-arith-overflow-11.c -O2 (test for excess errors)
WARNING: c-c++-common/torture/builtin-arith-overflow-11.c -O2 compilation failed to produce executable
FAIL: c-c++-common/torture/builtin-arith-overflow-11.c -O2 -flto (internal compiler error)
FAIL: c-c++-common/torture/builtin-arith-overflow-11.c -O2 -flto (test for excess errors)
WARNING: c-c++-common/torture/builtin-arith-overflow-11.c -O2 -flto compilation failed to produce executable
FAIL: c-c++-common/torture/builtin-arith-overflow-11.c -O2 -flto -flto-partition=none (internal compiler error)
FAIL: c-c++-common/torture/builtin-arith-overflow-11.c -O2 -flto -flto-partition=none (test for excess errors)
WARNING: c-c++-common/torture/builtin-arith-overflow-11.c -O2 -flto -flto-partition=none compilation failed to produce executable
FAIL: c-c++-common/torture/builtin-arith-overflow-12.c -O0 (internal compiler error)
FAIL: c-c++-common/torture/builtin-arith-overflow-12.c -O0 (test for excess errors)
WARNING: c-c++-common/torture/builtin-arith-overflow-12.c -O0 compilation failed to produce executable
FAIL: c-c++-common/torture/builtin-arith-overflow-12.c -O2 (internal compiler error)
FAIL: c-c++-common/torture/builtin-arith-overflow-12.c -O2 (test for excess errors)
WARNING: c-c++-common/torture/builtin-arith-overflow-12.c -O2 compilation failed to produce executable
FAIL: c-c++-common/torture/builtin-arith-overflow-12.c -O2 -flto (internal compiler error)
FAIL: c-c++-common/torture/builtin-arith-overflow-12.c -O2 -flto (test for excess errors)
WARNING: c-c++-common/torture/builtin-arith-overflow-12.c -O2 -flto compilation failed to produce executable
FAIL: c-c++-common/torture/builtin-arith-overflow-12.c -O2 -flto -flto-partition=none (internal compiler error)
FAIL: c-c++-common/torture/builtin-arith-overflow-12.c -O2 -flto -flto-partition=none (test for excess errors)
WARNING: c-c++-common/torture/builtin-arith-overflow-12.c -O2 -flto -flto-partition=none compilation failed to produce executable
FAIL: c-c++-common/torture/builtin-arith-overflow-13.c -O0 (internal compiler error)
FAIL: c-c++-common/torture/builtin-arith-overflow-13.c -O0 (test for excess errors)
WARNING: c-c++-common/torture/builtin-arith-overflow-13.c -O0 compilation failed to produce executable
FAIL: c-c++-common/torture/builtin-arith-overflow-13.c -O2 (internal compiler error)
FAIL: c-c++-common/torture/builtin-arith-overflow-13.c -O2 (test for excess errors)
WARNING: c-c++-common/torture/builtin-arith-overflow-13.c -O2 compilation failed to produce executable
FAIL: c-c++-common/torture/builtin-arith-overflow-13.c -O2 -flto (internal compiler error)
FAIL: c-c++-common/torture/builtin-arith-overflow-13.c -O2 -flto (test for excess errors)
WARNING: c-c++-common/torture/builtin-arith-overflow-13.c -O2 -flto compilation failed to produce executable
FAIL: c-c++-common/torture/builtin-arith-overflow-13.c -O2 -flto -flto-partition=none (internal compiler error)
FAIL: c-c++-common/torture/builtin-arith-overflow-13.c -O2 -flto -flto-partition=none (test for excess errors)
WARNING: c-c++-common/torture/builtin-arith-overflow-13.c -O2 -flto -flto-partition=none compilation failed to produce executable
FAIL: c-c++-common/torture/builtin-arith-overflow-14.c -O0 (internal compiler error)
FAIL: c-c++-common/torture/builtin-arith-overflow-14.c -O0 (test for excess errors)
WARNING: c-c++-common/torture/builtin-arith-overflow-14.c -O0 compilation failed to produce executable
FAIL: c-c++-common/torture/builtin-arith-overflow-14.c -O2 (internal compiler error)
FAIL: c-c++-common/torture/builtin-arith-overflow-14.c -O2 (test for excess errors)
WARNING: c-c++-common/torture/builtin-arith-overflow-14.c -O2 compilation failed to produce executable
FAIL: c-c++-common/torture/builtin-arith-overflow-14.c -O2 -flto (internal compiler error)
FAIL: c-c++-common/torture/builtin-arith-overflow-14.c -O2 -flto (test for excess errors)
WARNING: c-c++-common/torture/builtin-arith-overflow-14.c -O2 -flto compilation failed to produce executable
FAIL: c-c++-common/torture/builtin-arith-overflow-14.c -O2 -flto -flto-partition=none (internal compiler error)
FAIL: c-c++-common/torture/builtin-arith-overflow-14.c -O2 -flto -flto-partition=none (test for excess errors)
WARNING: c-c++-common/torture/builtin-arith-overflow-14.c -O2 -flto -flto-partition=none compilation failed to produce executable
FAIL: c-c++-common/torture/builtin-arith-overflow-15.c -O0 (internal compiler error)
FAIL: c-c++-common/torture/builtin-arith-overflow-15.c -O0 (test for excess errors)
WARNING: c-c++-common/torture/builtin-arith-overflow-15.c -O0 compilation failed to produce executable
FAIL: c-c++-common/torture/builtin-arith-overflow-15.c -O2 (internal compiler error)
FAIL: c-c++-common/torture/builtin-arith-overflow-15.c -O2 (test for excess errors)
WARNING: c-c++-common/torture/builtin-arith-overflow-15.c -O2 compilation failed to produce executable
FAIL: c-c++-common/torture/builtin-arith-overflow-15.c -O2 -flto (internal compiler error)
FAIL: c-c++-common/torture/builtin-arith-overflow-15.c -O2 -flto (test for excess errors)
WARNING: c-c++-common/torture/builtin-arith-overflow-15.c -O2 -flto compilation failed to produce executable
FAIL: c-c++-common/torture/builtin-arith-overflow-15.c -O2 -flto -flto-partition=none (internal compiler error)
FAIL: c-c++-common/torture/builtin-arith-overflow-15.c -O2 -flto -flto-partition=none (test for excess errors)
WARNING: c-c++-common/torture/builtin-arith-overflow-15.c -O2 -flto -flto-partition=none compilation failed to produce executable
FAIL: c-c++-common/torture/builtin-arith-overflow-6.c -O0 (internal compiler error)
FAIL: c-c++-common/torture/builtin-arith-overflow-6.c -O0 (test for excess errors)
WARNING: c-c++-common/torture/builtin-arith-overflow-6.c -O0 compilation failed to produce executable
FAIL: c-c++-common/torture/builtin-arith-overflow-6.c -O2 (internal compiler error)
FAIL: c-c++-common/torture/builtin-arith-overflow-6.c -O2 (test for excess errors)
WARNING: c-c++-common/torture/builtin-arith-overflow-6.c -O2 compilation failed to produce executable
FAIL: c-c++-common/torture/builtin-arith-overflow-6.c -O2 -flto (internal compiler error)
FAIL: c-c++-common/torture/builtin-arith-overflow-6.c -O2 -flto (test for excess errors)
WARNING: c-c++-common/torture/builtin-arith-overflow-6.c -O2 -flto compilation failed to produce executable
FAIL: c-c++-common/torture/builtin-arith-overflow-6.c -O2 -flto -flto-partition=none (internal compiler error)
FAIL: c-c++-common/torture/builtin-arith-overflow-6.c -O2 -flto -flto-partition=none (test for excess errors)
WARNING: c-c++-common/torture/builtin-arith-overflow-6.c -O2 -flto -flto-partition=none compilation failed to produce executable
FAIL: c-c++-common/torture/builtin-arith-overflow-7.c -O2 -flto (internal compiler error)
FAIL: c-c++-common/torture/builtin-arith-overflow-7.c -O2 -flto (test for excess errors)
WARNING: c-c++-common/torture/builtin-arith-overflow-7.c -O2 -flto compilation failed to produce executable
FAIL: c-c++-common/torture/builtin-arith-overflow-7.c -O2 -flto -flto-partition=none (internal compiler error)
FAIL: c-c++-common/torture/builtin-arith-overflow-7.c -O2 -flto -flto-partition=none (test for excess errors)
WARNING: c-c++-common/torture/builtin-arith-overflow-7.c -O2 -flto -flto-partition=none compilation failed to produce executable
FAIL: c-c++-common/torture/builtin-arith-overflow-8.c -O2 (internal compiler error)
FAIL: c-c++-common/torture/builtin-arith-overflow-8.c -O2 (test for excess errors)
WARNING: c-c++-common/torture/builtin-arith-overflow-8.c -O2 compilation failed to produce executable
FAIL: c-c++-common/torture/builtin-arith-overflow-8.c -O2 -flto (internal compiler error)
FAIL: c-c++-common/torture/builtin-arith-overflow-8.c -O2 -flto (test for excess errors)
WARNING: c-c++-common/torture/builtin-arith-overflow-8.c -O2 -flto compilation failed to produce executable
FAIL: c-c++-common/torture/builtin-arith-overflow-8.c -O2 -flto -flto-partition=none (internal compiler error)
FAIL: c-c++-common/torture/builtin-arith-overflow-8.c -O2 -flto -flto-partition=none (test for excess errors)
WARNING: c-c++-common/torture/builtin-arith-overflow-8.c -O2 -flto -flto-partition=none compilation failed to produce executable
FAIL: c-c++-common/torture/builtin-arith-overflow-9.c -O2 (internal compiler error)
FAIL: c-c++-common/torture/builtin-arith-overflow-9.c -O2 (test for excess errors)
WARNING: c-c++-common/torture/builtin-arith-overflow-9.c -O2 compilation failed to produce executable
FAIL: c-c++-common/torture/builtin-arith-overflow-9.c -O2 -flto (internal compiler error)
FAIL: c-c++-common/torture/builtin-arith-overflow-9.c -O2 -flto (test for excess errors)
WARNING: c-c++-common/torture/builtin-arith-overflow-9.c -O2 -flto compilation failed to produce executable
FAIL: c-c++-common/torture/builtin-arith-overflow-9.c -O2 -flto -flto-partition=none (internal compiler error)
FAIL: c-c++-common/torture/builtin-arith-overflow-9.c -O2 -flto -flto-partition=none (test for excess errors)
WARNING: c-c++-common/torture/builtin-arith-overflow-9.c -O2 -flto -flto-partition=none compilation failed to produce executable
FAIL: c-c++-common/torture/complex-alias-1.c -O2 -flto -flto-partition=none (internal compiler error)
FAIL: c-c++-common/torture/complex-alias-1.c -O2 -flto -flto-partition=none (test for excess errors)
WARNING: c-c++-common/torture/complex-alias-1.c -O2 -flto -flto-partition=none compilation failed to produce executable
FAIL: c-c++-common/torture/complex-sign-mul-minus-one.c -O0 (internal compiler error)
FAIL: c-c++-common/torture/complex-sign-mul-minus-one.c -O0 (test for excess errors)
WARNING: c-c++-common/torture/complex-sign-mul-minus-one.c -O0 compilation failed to produce executable
FAIL: c-c++-common/torture/complex-sign-mul-minus-one.c -O1 (internal compiler error)
FAIL: c-c++-common/torture/complex-sign-mul-minus-one.c -O1 (test for excess errors)
WARNING: c-c++-common/torture/complex-sign-mul-minus-one.c -O1 compilation failed to produce executable
FAIL: c-c++-common/torture/pr60971.c -O0 (internal compiler error)
FAIL: c-c++-common/torture/pr60971.c -O0 (test for excess errors)
WARNING: c-c++-common/torture/pr60971.c -O0 compilation failed to produce executable
FAIL: c-c++-common/torture/pr60971.c -O2 (internal compiler error)
FAIL: c-c++-common/torture/pr60971.c -O2 (test for excess errors)
WARNING: c-c++-common/torture/pr60971.c -O2 compilation failed to produce executable
FAIL: c-c++-common/torture/pr60971.c -O2 -flto (internal compiler error)
FAIL: c-c++-common/torture/pr60971.c -O2 -flto (test for excess errors)
WARNING: c-c++-common/torture/pr60971.c -O2 -flto compilation failed to produce executable
FAIL: c-c++-common/torture/pr60971.c -O2 -flto -flto-partition=none (internal compiler error)
FAIL: c-c++-common/torture/pr60971.c -O2 -flto -flto-partition=none (test for excess errors)
WARNING: c-c++-common/torture/pr60971.c -O2 -flto -flto-partition=none compilation failed to produce executable
FAIL: c-c++-common/torture/pr60971.c -Os (internal compiler error)
FAIL: c-c++-common/torture/pr60971.c -Os (test for excess errors)
WARNING: c-c++-common/torture/pr60971.c -Os compilation failed to produce executable
FAIL: c-c++-common/torture/pr61184.c -O2 -flto -flto-partition=none (internal compiler error)
FAIL: c-c++-common/torture/pr61184.c -O2 -flto -flto-partition=none (test for excess errors)
WARNING: c-c++-common/torture/pr61184.c -O2 -flto -flto-partition=none compilation failed to produce executable
FAIL: c-c++-common/torture/pr61741.c -O0 (internal compiler error)
FAIL: c-c++-common/torture/pr61741.c -O0 (test for excess errors)
WARNING: c-c++-common/torture/pr61741.c -O0 compilation failed to produce executable
FAIL: c-c++-common/torture/pr61741.c -O2 (internal compiler error)
FAIL: c-c++-common/torture/pr61741.c -O2 (test for excess errors)
WARNING: c-c++-common/torture/pr61741.c -O2 compilation failed to produce executable
FAIL: c-c++-common/torture/pr61741.c -O2 -flto (internal compiler error)
FAIL: c-c++-common/torture/pr61741.c -O2 -flto (test for excess errors)
WARNING: c-c++-common/torture/pr61741.c -O2 -flto compilation failed to produce executable
FAIL: c-c++-common/torture/vector-subscript-2.c -O2 (internal compiler error)
FAIL: c-c++-common/torture/vector-subscript-2.c -O2 (test for excess errors)
WARNING: c-c++-common/torture/vector-subscript-2.c -O2 compilation failed to produce executable
FAIL: c-c++-common/torture/vector-subscript-2.c -O2 -flto (internal compiler error)
FAIL: c-c++-common/torture/vector-subscript-2.c -O2 -flto (test for excess errors)
WARNING: c-c++-common/torture/vector-subscript-2.c -O2 -flto compilation failed to produce executable
FAIL: c-c++-common/torture/vector-subscript-2.c -O2 -flto -flto-partition=none (internal compiler error)
FAIL: c-c++-common/torture/vector-subscript-2.c -O2 -flto -flto-partition=none (test for excess errors)
WARNING: c-c++-common/torture/vector-subscript-2.c -O2 -flto -flto-partition=none compilation failed to produce executable
FAIL: c-c++-common/torture/vector-subscript-2.c -O3 -g (internal compiler error)
FAIL: c-c++-common/torture/vector-subscript-2.c -O3 -g (test for excess errors)
WARNING: c-c++-common/torture/vector-subscript-2.c -O3 -g compilation failed to produce executable
FAIL: c-c++-common/torture/vector-subscript-2.c -Os (internal compiler error)
FAIL: c-c++-common/torture/vector-subscript-2.c -Os (test for excess errors)
WARNING: c-c++-common/torture/vector-subscript-2.c -Os compilation failed to produce executable
FAIL: c-c++-common/torture/vector-subscript-3.c -O1 (internal compiler error)
FAIL: c-c++-common/torture/vector-subscript-3.c -O1 (test for excess errors)
WARNING: c-c++-common/torture/vector-subscript-3.c -O1 compilation failed to produce executable
FAIL: c-c++-common/torture/vector-subscript-3.c -O2 (internal compiler error)
FAIL: c-c++-common/torture/vector-subscript-3.c -O2 (test for excess errors)
WARNING: c-c++-common/torture/vector-subscript-3.c -O2 compilation failed to produce executable
FAIL: c-c++-common/torture/vshuf-v16hi.c -O2 (internal compiler error)
FAIL: c-c++-common/torture/vshuf-v16hi.c -O2 (test for excess errors)
FAIL: c-c++-common/torture/vshuf-v4hi.c -O3 -g (internal compiler error)
FAIL: c-c++-common/torture/vshuf-v4hi.c -O3 -g (test for excess errors)
FAIL: gcc.dg/vect/pr46032.c -flto -ffat-lto-objects scan-tree-dump-times vect "note: vectorized 1 loop" 1
FAIL: gcc.dg/vect/pr46032.c scan-tree-dump-times vect "note: vectorized 1 loop" 1
UNRESOLVED: gcc.dg/vect/vect-mask-store-move-1.c -flto -ffat-lto-objects scan-tree-dump-times vect "Move stmt to created bb" 6
UNRESOLVED: gcc.dg/vect/vect-mask-store-move-1.c scan-tree-dump-times vect "Move stmt to created bb" 6
=== gcc Summary for unix ===
# of expected passes 86920
# of unexpected failures 505
# of expected failures 333
# of unresolved testcases 72
# of unsupported tests 1975
Running target unix/-m32
FAIL: gcc.dg/c11-atomic-2.c (test for excess errors)
FAIL: gcc.dg/unroll-2.c (test for warnings, line 28)
FAIL: gcc.dg/visibility-22.c execution test
WARNING: program timed out.
FAIL: gcc.dg/graphite/id-pr45230-1.c (internal compiler error)
FAIL: gcc.dg/graphite/id-pr45230-1.c (test for excess errors)
FAIL: gcc.dg/sancov/asan.c -O0 scan-tree-dump-times optimized "__builtin___asan_report_load4 \\\\(" 1
FAIL: gcc.dg/sancov/asan.c -O0 scan-tree-dump-times optimized "__builtin___asan_report_store4 \\\\(" 1
FAIL: gcc.dg/sancov/asan.c -O0 scan-tree-dump-times optimized "__builtin___sanitizer_cov_trace_pc \\\\(\\\\)" 4
FAIL: gcc.dg/sancov/asan.c -O0 (test for excess errors)
FAIL: gcc.dg/sancov/asan.c -O0 -g scan-tree-dump-times optimized "__builtin___asan_report_load4 \\\\(" 1
FAIL: gcc.dg/sancov/asan.c -O0 -g scan-tree-dump-times optimized "__builtin___asan_report_store4 \\\\(" 1
FAIL: gcc.dg/sancov/asan.c -O0 -g scan-tree-dump-times optimized "__builtin___sanitizer_cov_trace_pc \\\\(\\\\)" 4
FAIL: gcc.dg/sancov/asan.c -O0 -g (test for excess errors)
FAIL: gcc.dg/sancov/asan.c -O1 scan-tree-dump-times optimized "__builtin___asan_report_load4 \\\\(" 1
FAIL: gcc.dg/sancov/asan.c -O1 scan-tree-dump-times optimized "__builtin___asan_report_store4 \\\\(" 1
FAIL: gcc.dg/sancov/asan.c -O1 scan-tree-dump-times optimized "__builtin___sanitizer_cov_trace_pc \\\\(\\\\)" 4
FAIL: gcc.dg/sancov/asan.c -O1 (test for excess errors)
FAIL: gcc.dg/sancov/asan.c -O1 -g scan-tree-dump-times optimized "__builtin___asan_report_load4 \\\\(" 1
FAIL: gcc.dg/sancov/asan.c -O1 -g scan-tree-dump-times optimized "__builtin___asan_report_store4 \\\\(" 1
FAIL: gcc.dg/sancov/asan.c -O1 -g scan-tree-dump-times optimized "__builtin___sanitizer_cov_trace_pc \\\\(\\\\)" 4
FAIL: gcc.dg/sancov/asan.c -O1 -g (test for excess errors)
FAIL: gcc.dg/sancov/asan.c -O2 scan-tree-dump-times optimized "__builtin___asan_report_load4 \\\\(" 1
FAIL: gcc.dg/sancov/asan.c -O2 scan-tree-dump-times optimized "__builtin___asan_report_store4 \\\\(" 1
FAIL: gcc.dg/sancov/asan.c -O2 scan-tree-dump-times optimized "__builtin___sanitizer_cov_trace_pc \\\\(\\\\)" 4
FAIL: gcc.dg/sancov/asan.c -O2 (test for excess errors)
FAIL: gcc.dg/sancov/asan.c -O2 -g scan-tree-dump-times optimized "__builtin___asan_report_load4 \\\\(" 1
FAIL: gcc.dg/sancov/asan.c -O2 -g scan-tree-dump-times optimized "__builtin___asan_report_store4 \\\\(" 1
FAIL: gcc.dg/sancov/asan.c -O2 -g scan-tree-dump-times optimized "__builtin___sanitizer_cov_trace_pc \\\\(\\\\)" 4
FAIL: gcc.dg/sancov/asan.c -O2 -g (test for excess errors)
FAIL: gcc.dg/sancov/asan.c -O3 scan-tree-dump-times optimized "__builtin___asan_report_load4 \\\\(" 1
FAIL: gcc.dg/sancov/asan.c -O3 scan-tree-dump-times optimized "__builtin___asan_report_store4 \\\\(" 1
FAIL: gcc.dg/sancov/asan.c -O3 scan-tree-dump-times optimized "__builtin___sanitizer_cov_trace_pc \\\\(\\\\)" 4
FAIL: gcc.dg/sancov/asan.c -O3 (test for excess errors)
FAIL: gcc.dg/sancov/asan.c -O3 -g scan-tree-dump-times optimized "__builtin___asan_report_load4 \\\\(" 1
FAIL: gcc.dg/sancov/asan.c -O3 -g scan-tree-dump-times optimized "__builtin___asan_report_store4 \\\\(" 1
FAIL: gcc.dg/sancov/asan.c -O3 -g scan-tree-dump-times optimized "__builtin___sanitizer_cov_trace_pc \\\\(\\\\)" 4
FAIL: gcc.dg/sancov/asan.c -O3 -g (test for excess errors)
FAIL: gcc.dg/simulate-thread/atomic-other-int.c -O2 -g thread simulation test
FAIL: gcc.dg/simulate-thread/atomic-other-int.c -O3 -g thread simulation test
FAIL: gcc.dg/simulate-thread/speculative-store-4.c -O0 -g thread simulation test
FAIL: gcc.dg/simulate-thread/speculative-store-4.c -O2 -g thread simulation test
FAIL: gcc.dg/simulate-thread/speculative-store-4.c -O3 -g thread simulation test
FAIL: gcc.dg/simulate-thread/speculative-store.c -O0 -g thread simulation test
FAIL: gcc.dg/vect/pr46032.c -flto -ffat-lto-objects scan-tree-dump-times vect "note: vectorized 1 loop" 1
FAIL: gcc.dg/vect/pr46032.c scan-tree-dump-times vect "note: vectorized 1 loop" 1
UNRESOLVED: gcc.dg/vect/vect-mask-store-move-1.c -flto -ffat-lto-objects scan-tree-dump-times vect "Move stmt to created bb" 6
UNRESOLVED: gcc.dg/vect/vect-mask-store-move-1.c scan-tree-dump-times vect "Move stmt to created bb" 6
=== gcc Summary for unix/-m32 ===
# of expected passes 86640
# of unexpected failures 45
# of expected failures 338
# of unresolved testcases 2
# of unsupported tests 2078
=== gcc Summary ===
# of expected passes 173560
# of unexpected failures 550
# of expected failures 671
# of unresolved testcases 74
# of unsupported tests 4053
/var/gcc/regression/trunk/11-gcc-gas-64/build/gcc/xgcc version 6.0.0 20160205 (experimental) [trunk revision 233172] (GCC)
=== gfortran tests ===
Running target unix
FAIL: gfortran.dg/coarray/event_1.f90 -fcoarray=lib -O2 -lcaf_single -latomic execution test
FAIL: gfortran.dg/coarray/event_2.f90 -fcoarray=lib -O2 -lcaf_single -latomic execution test
FAIL: gfortran.dg/assumed_rank_1.f90 -O2 (internal compiler error)
FAIL: gfortran.dg/assumed_rank_1.f90 -O2 (test for excess errors)
WARNING: gfortran.dg/assumed_rank_1.f90 -O2 compilation failed to produce executable
FAIL: gfortran.dg/assumed_rank_8.f90 -O1 (internal compiler error)
FAIL: gfortran.dg/assumed_rank_8.f90 -O1 (test for excess errors)
WARNING: gfortran.dg/assumed_rank_8.f90 -O1 compilation failed to produce executable
FAIL: gfortran.dg/assumed_rank_8.f90 -Os (internal compiler error)
FAIL: gfortran.dg/assumed_rank_8.f90 -Os (test for excess errors)
WARNING: gfortran.dg/assumed_rank_8.f90 -Os compilation failed to produce executable
FAIL: gfortran.dg/assumed_rank_9.f90 -O3 -g (internal compiler error)
FAIL: gfortran.dg/assumed_rank_9.f90 -O3 -g (test for excess errors)
WARNING: gfortran.dg/assumed_rank_9.f90 -O3 -g compilation failed to produce executable
FAIL: gfortran.dg/bind_c_dts.f90 -O0 (internal compiler error)
FAIL: gfortran.dg/bind_c_dts.f90 -O0 (test for excess errors)
WARNING: gfortran.dg/bind_c_dts.f90 -O0 compilation failed to produce executable
FAIL: gfortran.dg/bind_c_usage_10.f03 -O3 -g (internal compiler error)
FAIL: gfortran.dg/bind_c_usage_10.f03 -O3 -g (test for excess errors)
WARNING: gfortran.dg/bind_c_usage_10.f03 -O3 -g compilation failed to produce executable
FAIL: gfortran.dg/bind_c_usage_16.f03 -O1 (internal compiler error)
FAIL: gfortran.dg/bind_c_usage_16.f03 -O1 (test for excess errors)
WARNING: gfortran.dg/bind_c_usage_16.f03 -O1 compilation failed to produce executable
FAIL: gfortran.dg/bind_c_usage_16.f03 -Os (internal compiler error)
FAIL: gfortran.dg/bind_c_usage_16.f03 -Os (test for excess errors)
WARNING: gfortran.dg/bind_c_usage_16.f03 -Os compilation failed to produce executable
FAIL: gfortran.dg/bind_c_usage_17.f90 -O3 -g (internal compiler error)
FAIL: gfortran.dg/bind_c_usage_17.f90 -O3 -g (test for excess errors)
WARNING: gfortran.dg/bind_c_usage_17.f90 -O3 -g compilation failed to produce executable
FAIL: gfortran.dg/bind_c_usage_24.f90 -O1 (internal compiler error)
FAIL: gfortran.dg/bind_c_usage_24.f90 -O1 (test for excess errors)
WARNING: gfortran.dg/bind_c_usage_24.f90 -O1 compilation failed to produce executable
FAIL: gfortran.dg/bind_c_vars.f90 -O3 -g (internal compiler error)
FAIL: gfortran.dg/bind_c_vars.f90 -O3 -g (test for excess errors)
WARNING: gfortran.dg/bind_c_vars.f90 -O3 -g compilation failed to produce executable
FAIL: gfortran.dg/c_f_pointer_complex.f03 -O3 -g (internal compiler error)
FAIL: gfortran.dg/c_f_pointer_complex.f03 -O3 -g (test for excess errors)
WARNING: gfortran.dg/c_f_pointer_complex.f03 -O3 -g compilation failed to produce executable
FAIL: gfortran.dg/c_funloc_tests_3.f03 -O2 (internal compiler error)
FAIL: gfortran.dg/c_funloc_tests_3.f03 -O2 (test for excess errors)
WARNING: gfortran.dg/c_funloc_tests_3.f03 -O2 compilation failed to produce executable
FAIL: gfortran.dg/c_funloc_tests_3.f03 -Os (internal compiler error)
FAIL: gfortran.dg/c_funloc_tests_3.f03 -Os (test for excess errors)
WARNING: gfortran.dg/c_funloc_tests_3.f03 -Os compilation failed to produce executable
FAIL: gfortran.dg/c_funloc_tests_4.f03 -O0 (internal compiler error)
FAIL: gfortran.dg/c_funloc_tests_4.f03 -O0 (test for excess errors)
WARNING: gfortran.dg/c_funloc_tests_4.f03 -O0 compilation failed to produce executable
FAIL: gfortran.dg/c_funloc_tests_4.f03 -O1 (internal compiler error)
FAIL: gfortran.dg/c_funloc_tests_4.f03 -O1 (test for excess errors)
WARNING: gfortran.dg/c_funloc_tests_4.f03 -O1 compilation failed to produce executable
FAIL: gfortran.dg/c_loc_tests_2.f03 -O1 (internal compiler error)
FAIL: gfortran.dg/c_loc_tests_2.f03 -O1 (test for excess errors)
WARNING: gfortran.dg/c_loc_tests_2.f03 -O1 compilation failed to produce executable
FAIL: gfortran.dg/c_ptr_tests_8.f03 -O2 (internal compiler error)
FAIL: gfortran.dg/c_ptr_tests_8.f03 -O2 (test for excess errors)
WARNING: gfortran.dg/c_ptr_tests_8.f03 -O2 compilation failed to produce executable
FAIL: gfortran.dg/c_ptr_tests_8.f03 -O3 -g (internal compiler error)
FAIL: gfortran.dg/c_ptr_tests_8.f03 -O3 -g (test for excess errors)
WARNING: gfortran.dg/c_ptr_tests_8.f03 -O3 -g compilation failed to produce executable
FAIL: gfortran.dg/do_iterator.f90 -O changing do-iterator 3 (test for errors, line 10)
FAIL: gfortran.dg/do_iterator.f90 -O changing do-iterator 3 (test for errors, line 9)
FAIL: gfortran.dg/f2c_4.f90 -O2 (internal compiler error)
FAIL: gfortran.dg/f2c_4.f90 -O2 (test for excess errors)
WARNING: gfortran.dg/f2c_4.f90 -O2 compilation failed to produce executable
FAIL: gfortran.dg/f2c_4.f90 -O3 -fomit-frame-pointer -funroll-loops -fpeel-loops -ftracer -finline-functions (internal compiler error)
FAIL: gfortran.dg/f2c_4.f90 -O3 -fomit-frame-pointer -funroll-loops -fpeel-loops -ftracer -finline-functions (test for excess errors)
WARNING: gfortran.dg/f2c_4.f90 -O3 -fomit-frame-pointer -funroll-loops -fpeel-loops -ftracer -finline-functions compilation failed to produce executable
FAIL: gfortran.dg/f2c_4.f90 -O3 -g (internal compiler error)
FAIL: gfortran.dg/f2c_4.f90 -O3 -g (test for excess errors)
WARNING: gfortran.dg/f2c_4.f90 -O3 -g compilation failed to produce executable
FAIL: gfortran.dg/mixed_io_1.f90 -O3 -g (internal compiler error)
FAIL: gfortran.dg/mixed_io_1.f90 -O3 -g (test for excess errors)
WARNING: gfortran.dg/mixed_io_1.f90 -O3 -g compilation failed to produce executable
FAIL: gfortran.dg/mixed_io_1.f90 -Os (internal compiler error)
FAIL: gfortran.dg/mixed_io_1.f90 -Os (test for excess errors)
WARNING: gfortran.dg/mixed_io_1.f90 -Os compilation failed to produce executable
FAIL: gfortran.dg/proc_ptr_8.f90 -Os (internal compiler error)
FAIL: gfortran.dg/proc_ptr_8.f90 -Os (test for excess errors)
WARNING: gfortran.dg/proc_ptr_8.f90 -Os compilation failed to produce executable
FAIL: gfortran.dg/test_only_clause.f90 -O3 -fomit-frame-pointer -funroll-loops -fpeel-loops -ftracer -finline-functions (internal compiler error)
FAIL: gfortran.dg/test_only_clause.f90 -O3 -fomit-frame-pointer -funroll-loops -fpeel-loops -ftracer -finline-functions (test for excess errors)
WARNING: gfortran.dg/test_only_clause.f90 -O3 -fomit-frame-pointer -funroll-loops -fpeel-loops -ftracer -finline-functions compilation failed to produce executable
FAIL: gfortran.dg/goacc/declare-2.f95 -O (test for errors, line 33)
FAIL: gfortran.dg/goacc/declare-2.f95 -O (test for errors, line 34)
FAIL: gfortran.dg/goacc/declare-2.f95 -O (test for errors, line 36)
FAIL: gfortran.dg/goacc/declare-2.f95 -O (test for errors, line 46)
FAIL: gfortran.dg/goacc/declare-2.f95 -O (test for errors, line 47)
FAIL: gfortran.dg/goacc/declare-2.f95 -O (test for errors, line 54)
FAIL: gfortran.dg/goacc/declare-2.f95 -O (test for errors, line 62)
FAIL: gfortran.dg/goacc/declare-2.f95 -O (test for errors, line 69)
=== gfortran Summary for unix ===
# of expected passes 41595
# of unexpected failures 64
# of expected failures 73
# of unsupported tests 107
Running target unix/-m32
FAIL: gfortran.dg/coarray/event_1.f90 -fcoarray=lib -O2 -lcaf_single -latomic execution test
FAIL: gfortran.dg/coarray/event_2.f90 -fcoarray=lib -O2 -lcaf_single -latomic execution test
FAIL: gfortran.dg/do_iterator.f90 -O changing do-iterator 3 (test for errors, line 10)
FAIL: gfortran.dg/do_iterator.f90 -O changing do-iterator 3 (test for errors, line 9)
FAIL: gfortran.dg/value_4.f90 -Os (internal compiler error)
FAIL: gfortran.dg/value_4.f90 -Os (test for excess errors)
WARNING: gfortran.dg/value_4.f90 -Os compilation failed to produce executable
FAIL: gfortran.dg/goacc/declare-2.f95 -O (test for errors, line 33)
FAIL: gfortran.dg/goacc/declare-2.f95 -O (test for errors, line 34)
FAIL: gfortran.dg/goacc/declare-2.f95 -O (test for errors, line 36)
FAIL: gfortran.dg/goacc/declare-2.f95 -O (test for errors, line 46)
FAIL: gfortran.dg/goacc/declare-2.f95 -O (test for errors, line 47)
FAIL: gfortran.dg/goacc/declare-2.f95 -O (test for errors, line 54)
FAIL: gfortran.dg/goacc/declare-2.f95 -O (test for errors, line 62)
FAIL: gfortran.dg/goacc/declare-2.f95 -O (test for errors, line 69)
UNRESOLVED: gfortran.dg/lto/20091028-2 f_lto_20091028-2_0.o-f_lto_20091028-2_1.o execute -O2 -flto
UNRESOLVED: gfortran.dg/lto/20091028-2 f_lto_20091028-2_0.o-f_lto_20091028-2_1.o link -O2 -flto
FAIL: gfortran.dg/lto/20091028-2 f_lto_20091028-2_1.o assemble, -O2 -flto (internal compiler error)
UNRESOLVED: gfortran.dg/lto/20100222-1 f_lto_20100222-1_0.o-f_lto_20100222-1_1.o execute -O2 -flto -flto-partition=1to1
UNRESOLVED: gfortran.dg/lto/20100222-1 f_lto_20100222-1_0.o-f_lto_20100222-1_1.o link -O2 -flto -flto-partition=1to1
FAIL: gfortran.dg/lto/20100222-1 f_lto_20100222-1_1.o assemble, -O2 -flto -flto-partition=1to1 (internal compiler error)
UNRESOLVED: gfortran.dg/lto/pr40725 f_lto_pr40725_0.o-f_lto_pr40725_1.o execute -O0 -flto -flto-partition=1to1
UNRESOLVED: gfortran.dg/lto/pr40725 f_lto_pr40725_0.o-f_lto_pr40725_1.o link -O0 -flto -flto-partition=1to1
FAIL: gfortran.dg/lto/pr40725 f_lto_pr40725_1.o assemble, -O0 -flto -flto-partition=1to1 (internal compiler error)
=== gfortran Summary for unix/-m32 ===
# of expected passes 41101
# of unexpected failures 17
# of expected failures 73
# of unresolved testcases 6
# of unsupported tests 230
=== gfortran Summary ===
# of expected passes 82696
# of unexpected failures 81
# of expected failures 146
# of unresolved testcases 6
# of unsupported tests 337
/var/gcc/regression/trunk/11-gcc-gas-64/build/gcc/testsuite/gfortran/../../gfortran version 6.0.0 20160205 (experimental) [trunk revision 233172] (GCC)
=== gnat tests ===
Running target unix/-m32
=== gnat Summary for unix/-m32 ===
# of expected passes 2452
# of expected failures 22
# of unsupported tests 21
Running target unix
=== gnat Summary for unix ===
# of expected passes 2452
# of expected failures 22
# of unsupported tests 21
=== gnat Summary ===
# of expected passes 4904
# of expected failures 44
# of unsupported tests 42
/var/gcc/regression/trunk/11-gcc-gas-64/build/gcc/gnatmake version 6.0.0 20160205 (experimental) [trunk revision 233172]
=== go tests ===
Running target unix
=== go Summary for unix ===
# of expected passes 7243
# of expected failures 1
# of untested testcases 11
# of unsupported tests 3
Running target unix/-m32
FAIL: ./index0-out.go compilation, -O0 -g -fno-var-tracking-assignments
WARNING: program timed out.
=== go Summary for unix/-m32 ===
# of expected passes 7361
# of unexpected failures 1
# of expected failures 1
# of untested testcases 12
# of unsupported tests 3
=== go Summary ===
# of expected passes 14604
# of unexpected failures 1
# of expected failures 2
# of untested testcases 23
# of unsupported tests 6
=== obj-c++ tests ===
Running target unix/-m32
=== obj-c++ Summary for unix/-m32 ===
# of expected passes 1454
# of expected failures 2
# of unsupported tests 77
Running target unix
=== obj-c++ Summary for unix ===
# of expected passes 1446
# of expected failures 10
# of unsupported tests 77
=== obj-c++ Summary ===
# of expected passes 2900
# of expected failures 12
# of unsupported tests 154
/var/gcc/regression/trunk/11-gcc-gas-64/build/gcc/testsuite/obj-c++/../../xg++ version 6.0.0 20160205 (experimental) [trunk revision 233172] (GCC)
=== objc tests ===
Running target unix
=== objc Summary for unix ===
# of expected passes 2788
# of unsupported tests 68
Running target unix/-m32
=== objc Summary for unix/-m32 ===
# of expected passes 2788
# of unsupported tests 68
=== objc Summary ===
# of expected passes 5576
# of unsupported tests 136
/var/gcc/regression/trunk/11-gcc-gas-64/build/gcc/xgcc version 6.0.0 20160205 (experimental) [trunk revision 233172] (GCC)
=== boehm-gc tests ===
Running target unix/-m32
=== boehm-gc Summary for unix/-m32 ===
# of expected passes 12
# of unsupported tests 1
Running target unix
=== boehm-gc Summary for unix ===
# of expected passes 12
# of unsupported tests 1
=== boehm-gc Summary ===
# of expected passes 24
# of unsupported tests 2
=== libatomic tests ===
Running target unix/-m32
=== libatomic Summary for unix/-m32 ===
# of expected passes 44
# of unsupported tests 5
Running target unix
=== libatomic Summary for unix ===
# of expected passes 54
=== libatomic Summary ===
# of expected passes 98
# of unsupported tests 5
=== libffi tests ===
Running target unix/-m32
=== libffi Summary for unix/-m32 ===
# of expected passes 1914
# of unsupported tests 30
Running target unix
=== libffi Summary for unix ===
# of expected passes 1914
# of unsupported tests 30
=== libffi Summary ===
# of expected passes 3828
# of unsupported tests 60
=== libgo tests ===
Running target unix
FAIL: go/build
FAIL: net/http
=== libgo Summary for unix ===
# of expected passes 132
# of unexpected failures 2
Running target unix/-m32
FAIL: reflect
FAIL: go/build
FAIL: net/http
=== libgo Summary for unix/-m32 ===
# of expected passes 131
# of unexpected failures 3
=== libgo Summary ===
# of expected passes 263
# of unexpected failures 5
/var/gcc/regression/trunk/11-gcc-gas-64/build/./gcc/gccgo version 6.0.0 20160205 (experimental) [trunk revision 233172] (GCC)
=== libgomp tests ===
Running target unix/-m32
=== libgomp Summary for unix/-m32 ===
# of expected passes 4690
# of unsupported tests 304
Running target unix
=== libgomp Summary for unix ===
# of expected passes 4690
# of unsupported tests 304
=== libgomp Summary ===
# of expected passes 9380
# of unsupported tests 608
=== libitm tests ===
Running target unix/-m32
=== libitm Summary for unix/-m32 ===
# of expected passes 42
# of expected failures 3
# of unsupported tests 1
Running target unix
=== libitm Summary for unix ===
# of expected passes 42
# of expected failures 3
# of unsupported tests 1
=== libitm Summary ===
# of expected passes 84
# of expected failures 6
# of unsupported tests 2
=== libjava tests ===
Running target unix/-m32
=== libjava Summary for unix/-m32 ===
# of expected passes 2582
# of expected failures 4
Running target unix
=== libjava Summary for unix ===
# of expected passes 2582
# of expected failures 4
=== libjava Summary ===
# of expected passes 5164
# of expected failures 8
=== libstdc++ tests ===
Running target unix
=== libstdc++ Summary for unix ===
# of expected passes 10037
# of expected failures 68
# of unsupported tests 623
Running target unix/-m32
=== libstdc++ Summary for unix/-m32 ===
# of expected passes 10037
# of expected failures 68
# of unsupported tests 623
=== libstdc++ Summary ===
# of expected passes 20074
# of expected failures 136
# of unsupported tests 1246
Compiler version: 6.0.0 20160205 (experimental) [trunk revision 233172] (GCC)
Platform: sparcv9-sun-solaris2.11
configure flags: --prefix=/vol/gcc --target=sparcv9-sun-solaris2.11 --enable-objc-gc --enable-libmudflap --with-as=/vol/gcc/bin/sparcv9/gas-2.26 --with-gnu-as --with-gmp-include=/vol/gcc/include --with-gmp-lib=/vol/gcc/lib/sparcv9 --with-mpfr-include=/vol/gcc/include --with-mpfr-lib=/vol/gcc/lib/sparcv9 --with-mpc-include=/vol/gcc/include --with-mpc-lib=/vol/gcc/lib/sparcv9 --enable-languages=all,ada,obj-c++,go --with-isl-include=/vol/gcc/include --with-isl-lib=/vol/gcc/lib/sparcv9 --build=sparcv9-sun-solaris2.11 --host=sparcv9-sun-solaris2.11
BOOT_CFLAGS=-g -O2
More information about the Gcc-testresults
mailing list